Results for 4.8.0 20130215 (experimental) [trunk revision 196077] (GCC) testsuite on sparcv9-sun-solaris2.11
Rainer Orth
ro@CeBiTec.Uni-Bielefeld.DE
Mon Feb 18 11:06:00 GMT 2013
LAST_UPDATED: Fri Feb 15 14:38:33 UTC 2013 (revision 196077)
=== acats tests ===
=== acats Summary ===
# of expected passes 2320
# of unexpected failures 0
Native configuration is sparcv9-sun-solaris2.11
=== g++ tests ===
Running target unix
=== g++ Summary for unix ===
# of expected passes 51028
# of expected failures 291
# of unsupported tests 920
Running target unix/-m32
=== g++ Summary for unix/-m32 ===
# of expected passes 49788
# of expected failures 291
# of unsupported tests 930
=== g++ Summary ===
# of expected passes 100816
# of expected failures 582
# of unsupported tests 1850
/var/gcc/regression/trunk/11-gcc-gas-64/build/gcc/testsuite/g++/../../xg++ version 4.8.0 20130215 (experimental) [trunk revision 196077] (GCC)
=== gcc tests ===
Running target unix
=== gcc Summary for unix ===
# of expected passes 82603
# of expected failures 308
# of unsupported tests 1599
Running target unix/-m32
FAIL: gcc.dg/simulate-thread/atomic-other-int.c -O2 -g thread simulation test
FAIL: gcc.dg/simulate-thread/atomic-other-int.c -O3 -g thread simulation test
FAIL: gcc.dg/simulate-thread/speculative-store-4.c -O0 -g thread simulation test
FAIL: gcc.dg/simulate-thread/speculative-store-4.c -O2 -g thread simulation test
FAIL: gcc.dg/simulate-thread/speculative-store-4.c -O3 -g thread simulation test
FAIL: gcc.dg/simulate-thread/speculative-store.c -O0 -g thread simulation test
=== gcc Summary for unix/-m32 ===
# of expected passes 81851
# of unexpected failures 6
# of expected failures 319
# of unsupported tests 1656
=== gcc Summary ===
# of expected passes 164454
# of unexpected failures 6
# of expected failures 627
# of unsupported tests 3255
/var/gcc/regression/trunk/11-gcc-gas-64/build/gcc/xgcc version 4.8.0 20130215 (experimental) [trunk revision 196077] (GCC)
=== gfortran tests ===
Running target unix
XPASS: gfortran.dg/do_1.f90 -O0 execution test
XPASS: gfortran.dg/do_1.f90 -O1 execution test
FAIL: gfortran.dg/lto/pr45586-2 f_lto_pr45586-2_0.o-f_lto_pr45586-2_0.o link, -O0 -flto -flto-partition=none (internal compiler error)
UNRESOLVED: gfortran.dg/lto/pr45586-2 f_lto_pr45586-2_0.o-f_lto_pr45586-2_0.o execute -O0 -flto -flto-partition=none
FAIL: gfortran.dg/lto/pr45586-2 f_lto_pr45586-2_0.o-f_lto_pr45586-2_0.o link, -O0 -flto -flto-partition=1to1 (internal compiler error)
UNRESOLVED: gfortran.dg/lto/pr45586-2 f_lto_pr45586-2_0.o-f_lto_pr45586-2_0.o execute -O0 -flto -flto-partition=1to1
FAIL: gfortran.dg/lto/pr45586-2 f_lto_pr45586-2_0.o-f_lto_pr45586-2_0.o link, -O0 -flto (internal compiler error)
UNRESOLVED: gfortran.dg/lto/pr45586-2 f_lto_pr45586-2_0.o-f_lto_pr45586-2_0.o execute -O0 -flto
FAIL: gfortran.dg/lto/pr45586 f_lto_pr45586_0.o-f_lto_pr45586_0.o link, -O0 -flto -flto-partition=none (internal compiler error)
UNRESOLVED: gfortran.dg/lto/pr45586 f_lto_pr45586_0.o-f_lto_pr45586_0.o execute -O0 -flto -flto-partition=none
FAIL: gfortran.dg/lto/pr45586 f_lto_pr45586_0.o-f_lto_pr45586_0.o link, -O0 -flto -flto-partition=1to1 (internal compiler error)
UNRESOLVED: gfortran.dg/lto/pr45586 f_lto_pr45586_0.o-f_lto_pr45586_0.o execute -O0 -flto -flto-partition=1to1
FAIL: gfortran.dg/lto/pr45586 f_lto_pr45586_0.o-f_lto_pr45586_0.o link, -O0 -flto (internal compiler error)
UNRESOLVED: gfortran.dg/lto/pr45586 f_lto_pr45586_0.o-f_lto_pr45586_0.o execute -O0 -flto
=== gfortran Summary for unix ===
# of expected passes 43192
# of unexpected failures 6
# of unexpected successes 2
# of expected failures 50
# of unresolved testcases 6
# of unsupported tests 99
Running target unix/-m32
XPASS: gfortran.dg/do_1.f90 -O0 execution test
XPASS: gfortran.dg/do_1.f90 -O1 execution test
FAIL: gfortran.dg/lto/pr45586-2 f_lto_pr45586-2_0.o-f_lto_pr45586-2_0.o link, -O0 -flto -flto-partition=none (internal compiler error)
UNRESOLVED: gfortran.dg/lto/pr45586-2 f_lto_pr45586-2_0.o-f_lto_pr45586-2_0.o execute -O0 -flto -flto-partition=none
FAIL: gfortran.dg/lto/pr45586-2 f_lto_pr45586-2_0.o-f_lto_pr45586-2_0.o link, -O0 -flto -flto-partition=1to1 (internal compiler error)
UNRESOLVED: gfortran.dg/lto/pr45586-2 f_lto_pr45586-2_0.o-f_lto_pr45586-2_0.o execute -O0 -flto -flto-partition=1to1
FAIL: gfortran.dg/lto/pr45586-2 f_lto_pr45586-2_0.o-f_lto_pr45586-2_0.o link, -O0 -flto (internal compiler error)
UNRESOLVED: gfortran.dg/lto/pr45586-2 f_lto_pr45586-2_0.o-f_lto_pr45586-2_0.o execute -O0 -flto
FAIL: gfortran.dg/lto/pr45586 f_lto_pr45586_0.o-f_lto_pr45586_0.o link, -O0 -flto -flto-partition=none (internal compiler error)
UNRESOLVED: gfortran.dg/lto/pr45586 f_lto_pr45586_0.o-f_lto_pr45586_0.o execute -O0 -flto -flto-partition=none
FAIL: gfortran.dg/lto/pr45586 f_lto_pr45586_0.o-f_lto_pr45586_0.o link, -O0 -flto -flto-partition=1to1 (internal compiler error)
UNRESOLVED: gfortran.dg/lto/pr45586 f_lto_pr45586_0.o-f_lto_pr45586_0.o execute -O0 -flto -flto-partition=1to1
FAIL: gfortran.dg/lto/pr45586 f_lto_pr45586_0.o-f_lto_pr45586_0.o link, -O0 -flto (internal compiler error)
UNRESOLVED: gfortran.dg/lto/pr45586 f_lto_pr45586_0.o-f_lto_pr45586_0.o execute -O0 -flto
=== gfortran Summary for unix/-m32 ===
# of expected passes 42866
# of unexpected failures 6
# of unexpected successes 2
# of expected failures 50
# of unresolved testcases 6
# of unsupported tests 259
=== gfortran Summary ===
# of expected passes 86058
# of unexpected failures 12
# of unexpected successes 4
# of expected failures 100
# of unresolved testcases 12
# of unsupported tests 358
/var/gcc/regression/trunk/11-gcc-gas-64/build/gcc/testsuite/gfortran/../../gfortran version 4.8.0 20130215 (experimental) [trunk revision 196077] (GCC)
=== gnat tests ===
Running target unix/-m32
=== gnat Summary for unix/-m32 ===
# of expected passes 1142
# of expected failures 17
# of unsupported tests 13
Running target unix
=== gnat Summary for unix ===
# of expected passes 1142
# of expected failures 17
# of unsupported tests 13
=== gnat Summary ===
# of expected passes 2284
# of expected failures 34
# of unsupported tests 26
/var/gcc/regression/trunk/11-gcc-gas-64/build/gcc/gnatmake version 4.8.0 20130215 (experimental) [trunk revision 196077]
=== go tests ===
Running target unix
=== go Summary for unix ===
# of expected passes 4961
# of expected failures 1
# of untested testcases 6
Running target unix/-m32
=== go Summary for unix/-m32 ===
# of expected passes 5081
# of expected failures 1
# of untested testcases 6
=== go Summary ===
# of expected passes 10042
# of expected failures 2
# of untested testcases 12
/var/gcc/regression/trunk/11-gcc-gas-64/build/gcc/testsuite/go/../../gccgo version 4.8.0 20130215 (experimental) [trunk revision 196077] (GCC)
=== obj-c++ tests ===
Running target unix/-m32
=== obj-c++ Summary for unix/-m32 ===
# of expected passes 1450
# of expected failures 2
# of unsupported tests 86
Running target unix
=== obj-c++ Summary for unix ===
# of expected passes 1442
# of expected failures 10
# of unsupported tests 86
=== obj-c++ Summary ===
# of expected passes 2892
# of expected failures 12
# of unsupported tests 172
/var/gcc/regression/trunk/11-gcc-gas-64/build/gcc/testsuite/obj-c++/../../xg++ version 4.8.0 20130215 (experimental) [trunk revision 196077] (GCC)
=== objc tests ===
Running target unix
=== objc Summary for unix ===
# of expected passes 2994
# of unsupported tests 74
Running target unix/-m32
=== objc Summary for unix/-m32 ===
# of expected passes 2994
# of unsupported tests 74
=== objc Summary ===
# of expected passes 5988
# of unsupported tests 148
/var/gcc/regression/trunk/11-gcc-gas-64/build/gcc/xgcc version 4.8.0 20130215 (experimental) [trunk revision 196077] (GCC)
=== boehm-gc tests ===
Running target unix/-m32
=== boehm-gc Summary for unix/-m32 ===
# of expected passes 12
# of unsupported tests 1
Running target unix
=== boehm-gc Summary for unix ===
# of expected passes 12
# of unsupported tests 1
=== boehm-gc Summary ===
# of expected passes 24
# of unsupported tests 2
=== libatomic tests ===
Running target unix/-m32
=== libatomic Summary for unix/-m32 ===
# of expected passes 34
# of unsupported tests 10
Running target unix
=== libatomic Summary for unix ===
# of expected passes 44
# of unsupported tests 5
=== libatomic Summary ===
# of expected passes 78
# of unsupported tests 15
=== libffi tests ===
Running target unix/-m32
=== libffi Summary for unix/-m32 ===
# of expected passes 1819
# of unsupported tests 55
Running target unix
FAIL: libffi.call/cls_struct_va1.c -O0 -W -Wall output pattern test, is 4 5 6 10 11 12 13 14 20 21
FAIL: libffi.call/cls_uint_va.c -O0 -W -Wall output pattern test, is 67: 67 4
FAIL: libffi.call/va_1.c -O0 -W -Wall output pattern test, is 5 6 10 11 12 13 14 7 8 uc=9 sc=10 11 12 13 14 15 16 2.120000 3.130000
FAIL: libffi.call/va_struct1.c -O0 -W -Wall output pattern test, is 5 6 10 11 12 13 14 7 8
FAIL: libffi.call/cls_struct_va1.c -O2 output pattern test, is 4 5 6 10 11 12 13 14 20 21
FAIL: libffi.call/cls_uint_va.c -O2 output pattern test, is 67: 67 4
FAIL: libffi.call/va_1.c -O2 execution test
FAIL: libffi.call/va_struct1.c -O2 output pattern test, is 5 6 10 11 12 13 14 7 8
FAIL: libffi.call/cls_struct_va1.c -O3 output pattern test, is 4 5 6 10 11 12 13 14 20 21
FAIL: libffi.call/cls_uint_va.c -O3 output pattern test, is 67: 67 4
FAIL: libffi.call/va_1.c -O3 execution test
FAIL: libffi.call/va_struct1.c -O3 execution test
FAIL: libffi.call/cls_struct_va1.c -Os output pattern test, is 4 5 6 10 11 12 13 14 20 21
FAIL: libffi.call/cls_uint_va.c -Os output pattern test, is 67: 67 4
FAIL: libffi.call/va_1.c -Os execution test
FAIL: libffi.call/va_struct1.c -Os output pattern test, is 5 6 10 11 12 13 14 7 8
FAIL: libffi.call/cls_struct_va1.c -O2 -fomit-frame-pointer output pattern test, is 4 5 6 10 11 12 13 14 20 21
FAIL: libffi.call/cls_uint_va.c -O2 -fomit-frame-pointer output pattern test, is 67: 67 4
FAIL: libffi.call/va_1.c -O2 -fomit-frame-pointer execution test
FAIL: libffi.call/va_struct1.c -O2 -fomit-frame-pointer output pattern test, is 5 6 10 11 12 13 14 7 8
=== libffi Summary for unix ===
# of expected passes 1794
# of unexpected failures 20
# of unsupported tests 55
=== libffi Summary ===
# of expected passes 3613
# of unexpected failures 20
# of unsupported tests 110
=== libgo tests ===
Running target unix
FAIL: exp/locale/collate/build
FAIL: exp/norm
=== libgo Summary for unix ===
# of expected passes 129
# of unexpected failures 2
Running target unix/-m32
FAIL: text/template
FAIL: testing/quick
=== libgo Summary for unix/-m32 ===
# of expected passes 129
# of unexpected failures 2
=== libgo Summary ===
# of expected passes 258
# of unexpected failures 4
/var/gcc/regression/trunk/11-gcc-gas-64/build/./gcc/gccgo version 4.8.0 20130215 (experimental) [trunk revision 196077] (GCC)
=== libgomp tests ===
Running target unix/-m32
=== libgomp Summary for unix/-m32 ===
# of expected passes 2943
# of unsupported tests 3
Running target unix
=== libgomp Summary for unix ===
# of expected passes 2943
# of unsupported tests 3
=== libgomp Summary ===
# of expected passes 5886
# of unsupported tests 6
=== libitm tests ===
Running target unix/-m32
=== libitm Summary for unix/-m32 ===
# of expected passes 26
# of expected failures 3
# of unsupported tests 1
Running target unix
=== libitm Summary for unix ===
# of expected passes 26
# of expected failures 3
# of unsupported tests 1
=== libitm Summary ===
# of expected passes 52
# of expected failures 6
# of unsupported tests 2
=== libjava tests ===
Running target unix/-m32
FAIL: sourcelocation output - source compiled test
FAIL: sourcelocation -findirect-dispatch output - source compiled test
FAIL: sourcelocation -O3 output - source compiled test
FAIL: sourcelocation -O3 -findirect-dispatch output - source compiled test
=== libjava Summary for unix/-m32 ===
# of expected passes 2582
# of unexpected failures 4
Running target unix
FAIL: sourcelocation output - source compiled test
FAIL: sourcelocation -findirect-dispatch output - source compiled test
FAIL: sourcelocation -O3 output - source compiled test
FAIL: sourcelocation -O3 -findirect-dispatch output - source compiled test
=== libjava Summary for unix ===
# of expected passes 2582
# of unexpected failures 4
=== libjava Summary ===
# of expected passes 5164
# of unexpected failures 8
=== libmudflap tests ===
Running target unix/-m32
FAIL: libmudflap.c/fail37-frag.c (-O2) crash test
FAIL: libmudflap.c/fail37-frag.c (-O2) output pattern test
FAIL: libmudflap.c/fail37-frag.c (-O3) crash test
FAIL: libmudflap.c/fail37-frag.c (-O3) output pattern test
FAIL: libmudflap.c++/pass41-frag.cxx ( -O) execution test
FAIL: libmudflap.c++/pass41-frag.cxx (-O2) execution test
FAIL: libmudflap.c++/pass41-frag.cxx (-O3) execution test
=== libmudflap Summary for unix/-m32 ===
# of expected passes 1435
# of unexpected failures 7
Running target unix
FAIL: libmudflap.c/fail37-frag.c (-O2) crash test
FAIL: libmudflap.c/fail37-frag.c (-O2) output pattern test
FAIL: libmudflap.c/fail37-frag.c (-O3) crash test
FAIL: libmudflap.c/fail37-frag.c (-O3) output pattern test
FAIL: libmudflap.c++/pass41-frag.cxx ( -O) execution test
FAIL: libmudflap.c++/pass41-frag.cxx (-O2) execution test
FAIL: libmudflap.c++/pass41-frag.cxx (-O3) execution test
=== libmudflap Summary for unix ===
# of expected passes 1435
# of unexpected failures 7
=== libmudflap Summary ===
# of expected passes 2870
# of unexpected failures 14
=== libstdc++ tests ===
Running target unix
=== libstdc++ Summary for unix ===
# of expected passes 8253
# of expected failures 45
# of unsupported tests 584
Running target unix/-m32
=== libstdc++ Summary for unix/-m32 ===
# of expected passes 8253
# of expected failures 45
# of unsupported tests 584
=== libstdc++ Summary ===
# of expected passes 16506
# of expected failures 90
# of unsupported tests 1168
Compiler version: 4.8.0 20130215 (experimental) [trunk revision 196077] (GCC)
Platform: sparcv9-sun-solaris2.11
configure flags: --prefix=/vol/gcc --target=sparcv9-sun-solaris2.11 --enable-objc-gc --enable-libmudflap --with-as=/vol/gcc/bin/gas-2.23.1 --with-gnu-as --with-gmp-include=/vol/gcc/include --with-gmp-lib=/vol/gcc/lib/sparcv9 --with-mpfr-include=/vol/gcc/include --with-mpfr-lib=/vol/gcc/lib/sparcv9 --with-mpc-include=/vol/gcc/include --with-mpc-lib=/vol/gcc/lib/sparcv9 --enable-languages=all,ada,obj-c++,go --without-isl --without-cloog --build=sparcv9-sun-solaris2.11 --host=sparcv9-sun-solaris2.11
BOOT_CFLAGS=-g -O2
More information about the Gcc-testresults
mailing list