Results for 4.8.0 20130212 (experimental) [trunk revision 195976] (GCC) testsuite on hppa2.0w-hp-hpux11.11
John David Anglin
dave@hiauly3.hia.nrc.ca
Wed Feb 13 22:55:00 GMT 2013
=== acats tests ===
FAIL: c974013
=== acats Summary ===
# of expected passes 2319
# of unexpected failures 1
Native configuration is hppa2.0w-hp-hpux11.11
=== g++ tests ===
Running target unix
UNRESOLVED: g++.dg/ext/label13.C -std=gnu++98 compilation failed to produce executable
UNRESOLVED: g++.dg/ext/label13.C -std=gnu++11 compilation failed to produce executable
FAIL: g++.dg/ext/mv12-aux.C -std=c++98 (test for excess errors)
FAIL: g++.dg/ext/mv12-aux.C -std=c++11 (test for excess errors)
WARNING: program timed out.
FAIL: g++.dg/pch/array-1.C -g assembly comparison
FAIL: g++.dg/pch/array-1.C -O2 -g assembly comparison
FAIL: g++.dg/pch/externc-1.C -g assembly comparison
FAIL: g++.dg/pch/externc-1.C -O2 -g assembly comparison
FAIL: g++.dg/pch/static-1.C -g assembly comparison
FAIL: g++.dg/pch/static-1.C -O2 -g assembly comparison
FAIL: g++.dg/pch/system-1.C -g assembly comparison
FAIL: g++.dg/pch/system-1.C -O2 -g assembly comparison
FAIL: g++.dg/pch/system-2.C -g assembly comparison
FAIL: g++.dg/pch/system-2.C -O2 -g assembly comparison
FAIL: g++.dg/pch/uninst.C -g assembly comparison
FAIL: g++.dg/pch/uninst.C -O2 -g assembly comparison
FAIL: g++.dg/pch/wchar-1.C -g assembly comparison
FAIL: g++.dg/pch/wchar-1.C -O2 -g assembly comparison
FAIL: c-c++-common/simulate-thread/bitfields-2.c -Os -g thread simulation test
FAIL: g++.dg/tls/thread_local3.C -std=gnu++11 (test for excess errors)
FAIL: g++.dg/tls/thread_local3.C -std=gnu++11 execution test
FAIL: g++.dg/tls/thread_local4.C -std=gnu++11 (test for excess errors)
FAIL: g++.dg/tls/thread_local4.C -std=gnu++11 execution test
FAIL: g++.dg/tls/thread_local5.C -std=gnu++11 (test for excess errors)
FAIL: g++.dg/tls/thread_local5.C -std=gnu++11 execution test
FAIL: g++.dg/tls/thread_local6.C (test for excess errors)
FAIL: g++.dg/tls/thread_local6.C execution test
=== g++ Summary ===
# of expected passes 45368
# of unexpected failures 25
# of expected failures 293
# of unresolved testcases 2
# of unsupported tests 1151
/test/gnu/gcc/objdir/gcc/testsuite/g++/../../xg++ version 4.8.0 20130212 (experimental) [trunk revision 195976] (GCC)
=== gcc tests ===
Running target unix
WARNING: program timed out.
FAIL: gcc.dg/pch/decl-3.c -O0 -g assembly comparison
FAIL: gcc.dg/pch/decl-3.c -O3 -g assembly comparison
FAIL: gcc.dg/pch/decl-4.c -O0 -g assembly comparison
FAIL: gcc.dg/pch/decl-4.c -O3 -g assembly comparison
FAIL: gcc.dg/pch/struct-1.c -O0 -g assembly comparison
FAIL: gcc.dg/pch/struct-1.c -O3 -g assembly comparison
FAIL: gcc.dg/pch/system-1.c -O0 -g assembly comparison
FAIL: gcc.dg/pch/system-1.c -O3 -g assembly comparison
FAIL: gcc.dg/tree-ssa/pr55579.c scan-tree-dump esra "Created a debug-only replacement for s"
FAIL: gcc.dg/tree-ssa/vector-4.c scan-tree-dump-times gimple "VEC_PERM_EXPR <a, b, { 0, 4, 1, 5 }>;" 1
=== gcc Summary ===
# of expected passes 65124
# of unexpected failures 10
# of expected failures 117
# of unsupported tests 1427
/test/gnu/gcc/objdir/gcc/xgcc version 4.8.0 20130212 (experimental) [trunk revision 195976] (GCC)
=== gfortran tests ===
Running target unix
XPASS: gfortran.dg/do_1.f90 -O0 execution test
XPASS: gfortran.dg/do_1.f90 -O1 execution test
FAIL: gfortran.dg/integer_exponentiation_2.f90 -O2 execution test
FAIL: gfortran.dg/integer_exponentiation_2.f90 -O3 -fomit-frame-pointer execution test
FAIL: gfortran.dg/integer_exponentiation_2.f90 -O3 -g execution test
FAIL: gfortran.dg/pr45636.f90 -O scan-tree-dump-times forwprop2 "memset" 0
=== gfortran Summary ===
# of expected passes 41673
# of unexpected failures 4
# of unexpected successes 2
# of expected failures 48
# of unsupported tests 398
/test/gnu/gcc/objdir/gcc/testsuite/gfortran/../../gfortran version 4.8.0 20130212 (experimental) [trunk revision 195976] (GCC)
=== gnat tests ===
Running target unix
=== gnat Summary ===
# of expected passes 1144
# of expected failures 17
# of unsupported tests 12
/test/gnu/gcc/objdir/gcc/gnatmake version 4.8.0 20130212 (experimental) [trunk revision 195976]
=== obj-c++ tests ===
Running target unix
=== obj-c++ Summary ===
# of expected passes 1408
# of expected failures 2
# of unsupported tests 69
/test/gnu/gcc/objdir/gcc/testsuite/obj-c++/../../xg++ version 4.8.0 20130212 (experimental) [trunk revision 195976] (GCC)
=== objc tests ===
Running target unix
FAIL: objc.dg/pch/interface-1.m -fgnu-runtime -O0 -g assembly comparison
FAIL: objc.dg/pch/interface-1.m -fgnu-runtime -O3 -g assembly comparison
=== objc Summary ===
# of expected passes 2918
# of unexpected failures 2
# of unsupported tests 65
/test/gnu/gcc/objdir/gcc/xgcc version 4.8.0 20130212 (experimental) [trunk revision 195976] (GCC)
=== libatomic tests ===
Running target unix
=== libatomic Summary ===
# of expected passes 4
# of unsupported tests 25
=== libgomp tests ===
Running target unix
=== libgomp Summary ===
# of expected passes 2929
# of unsupported tests 10
=== libstdc++ tests ===
Running target unix
FAIL: 18_support/quick_exit/quick_exit.cc (test for excess errors)
UNRESOLVED: 18_support/quick_exit/quick_exit.cc compilation failed to produce executable
=== libstdc++ Summary ===
# of expected passes 7599
# of unexpected failures 1
# of expected failures 45
# of unresolved testcases 1
# of unsupported tests 886
Compiler version: 4.8.0 20130212 (experimental) [trunk revision 195976] (GCC)
Platform: hppa2.0w-hp-hpux11.11
configure flags:Test Run By dave on Tue Feb 12 21:23:15 EST 2013
More information about the Gcc-testresults
mailing list