Results for 4.8.0 20130204 (experimental) [trunk revision 195706] (GCC) testsuite on powerpc64-unknown-linux-gnu
Pat Haugen
pthaugen@us.ibm.com
Mon Feb 4 15:47:00 GMT 2013
Linux 2.6.16.60-0.83.2-ppc64 ppc64
GNU C Library stable release version 2.4 (20110922)
GNU ld (GNU Binutils) 2.21.1
GNU assembler (GNU Binutils) 2.21.1
GNU Make 3.80
DejaGnu:
Expect version is 5.43.0
Tcl version is 8.4
Framework version is 1.4.4
32-bit biarch default32
LAST_UPDATED: Mon Feb 4 01:33:15 UTC 2013 (revision 195706)
Native configuration is powerpc64-unknown-linux-gnu
=== gcc tests ===
Running target unix/-m32
FAIL: c-c++-common/asan/null-deref-1.c -O0 output pattern test, is ASAN:SIGSEGV
FAIL: c-c++-common/asan/null-deref-1.c -O1 output pattern test, is ASAN:SIGSEGV
FAIL: c-c++-common/asan/null-deref-1.c -O2 output pattern test, is ASAN:SIGSEGV
FAIL: c-c++-common/asan/null-deref-1.c -O3 -fomit-frame-pointer output pattern test, is ASAN:SIGSEGV
FAIL: c-c++-common/asan/null-deref-1.c -O3 -g output pattern test, is ASAN:SIGSEGV
FAIL: c-c++-common/asan/null-deref-1.c -Os output pattern test, is ASAN:SIGSEGV
FAIL: c-c++-common/asan/null-deref-1.c -O2 -flto -fno-use-linker-plugin -flto-partition=none output pattern test, is ASAN:SIGSEGV
FAIL: c-c++-common/asan/null-deref-1.c -O2 -flto -fuse-linker-plugin -fno-fat-lto-objects output pattern test, is ASAN:SIGSEGV
FAIL: c-c++-common/asan/sleep-before-dying-1.c -O2 output pattern test, is =================================================================
FAIL: c-c++-common/asan/sleep-before-dying-1.c -O2 -flto -fno-use-linker-plugin -flto-partition=none output pattern test, is =================================================================
FAIL: c-c++-common/asan/sleep-before-dying-1.c -O2 -flto -fuse-linker-plugin -fno-fat-lto-objects output pattern test, is =================================================================
FAIL: c-c++-common/asan/strip-path-prefix-1.c -O2 output pattern test, is =================================================================
FAIL: c-c++-common/asan/strip-path-prefix-1.c -O2 -flto -fno-use-linker-plugin -flto-partition=none output pattern test, is =================================================================
FAIL: c-c++-common/asan/strip-path-prefix-1.c -O2 -flto -fuse-linker-plugin -fno-fat-lto-objects output pattern test, is =================================================================
FAIL: gcc.dg/and-1.c scan-assembler-not nand
FAIL: gcc.dg/cproj-fails-with-broken-glibc.c execution test
FAIL: gcc.dg/ipa/ipa-pta-10.c scan-ipa-dump pta "ESCAPED = { (ESCAPED )?(NONLOCAL )?}"
FAIL: gcc.dg/tree-ssa/sra-12.c scan-tree-dump-times release_ssa "l;" 0
FAIL: gcc.dg/tree-ssa/ssa-dom-thread-4.c scan-tree-dump-times dom1 "Threaded" 3
FAIL: gcc.dg/tree-ssa/vrp47.c scan-tree-dump-times vrp1 "[xy][^ ]* !=" 0
FAIL: gcc.dg/tree-ssa/vrp47.c scan-tree-dump-times dom2 "x[^ ]* & y" 1
FAIL: gcc.target/powerpc/405-dlmzb-strlen-1.c scan-assembler dlmzb\\\\.
FAIL: gcc.target/powerpc/440-dlmzb-strlen-1.c scan-assembler dlmzb\\\\.
FAIL: gcc.target/powerpc/ppc-vector-memcpy.c scan-assembler lvx
=== gcc Summary for unix/-m32 ===
# of expected passes 85499
# of unexpected failures 24
# of expected failures 223
# of unsupported tests 1335
Running target unix/-m64
FAIL: c-c++-common/asan/heap-overflow-1.c -O0 output pattern test, is ==22761== AddressSanitizer CHECK failed: /home/gccbuild/gcc_trunk_anonsvn/gcc/libsanitizer/sanitizer_common/sanitizer_allocator.h:215 "((kSpaceBeg)) == ((reinterpret_cast<uptr>(Mprotect(kSpaceBeg, kSpaceSize))))" (0x600000000000, 0xffffffffffffffff)
FAIL: c-c++-common/asan/heap-overflow-1.c -O1 output pattern test, is ==22796== AddressSanitizer CHECK failed: /home/gccbuild/gcc_trunk_anonsvn/gcc/libsanitizer/sanitizer_common/sanitizer_allocator.h:215 "((kSpaceBeg)) == ((reinterpret_cast<uptr>(Mprotect(kSpaceBeg, kSpaceSize))))" (0x600000000000, 0xffffffffffffffff)
FAIL: c-c++-common/asan/heap-overflow-1.c -O2 output pattern test, is ==22825== AddressSanitizer CHECK failed: /home/gccbuild/gcc_trunk_anonsvn/gcc/libsanitizer/sanitizer_common/sanitizer_allocator.h:215 "((kSpaceBeg)) == ((reinterpret_cast<uptr>(Mprotect(kSpaceBeg, kSpaceSize))))" (0x600000000000, 0xffffffffffffffff)
FAIL: c-c++-common/asan/heap-overflow-1.c -O3 -fomit-frame-pointer output pattern test, is ==22854== AddressSanitizer CHECK failed: /home/gccbuild/gcc_trunk_anonsvn/gcc/libsanitizer/sanitizer_common/sanitizer_allocator.h:215 "((kSpaceBeg)) == ((reinterpret_cast<uptr>(Mprotect(kSpaceBeg, kSpaceSize))))" (0x600000000000, 0xffffffffffffffff)
FAIL: c-c++-common/asan/heap-overflow-1.c -O3 -g output pattern test, is ==22883== AddressSanitizer CHECK failed: /home/gccbuild/gcc_trunk_anonsvn/gcc/libsanitizer/sanitizer_common/sanitizer_allocator.h:215 "((kSpaceBeg)) == ((reinterpret_cast<uptr>(Mprotect(kSpaceBeg, kSpaceSize))))" (0x600000000000, 0xffffffffffffffff)
FAIL: c-c++-common/asan/heap-overflow-1.c -Os output pattern test, is ==22909== AddressSanitizer CHECK failed: /home/gccbuild/gcc_trunk_anonsvn/gcc/libsanitizer/sanitizer_common/sanitizer_allocator.h:215 "((kSpaceBeg)) == ((reinterpret_cast<uptr>(Mprotect(kSpaceBeg, kSpaceSize))))" (0x600000000000, 0xffffffffffffffff)
FAIL: c-c++-common/asan/heap-overflow-1.c -O2 -flto -fno-use-linker-plugin -flto-partition=none output pattern test, is ==22968== AddressSanitizer CHECK failed: /home/gccbuild/gcc_trunk_anonsvn/gcc/libsanitizer/sanitizer_common/sanitizer_allocator.h:215 "((kSpaceBeg)) == ((reinterpret_cast<uptr>(Mprotect(kSpaceBeg, kSpaceSize))))" (0x600000000000, 0xffffffffffffffff)
FAIL: c-c++-common/asan/heap-overflow-1.c -O2 -flto -fuse-linker-plugin -fno-fat-lto-objects output pattern test, is ==23004== AddressSanitizer CHECK failed: /home/gccbuild/gcc_trunk_anonsvn/gcc/libsanitizer/sanitizer_common/sanitizer_allocator.h:215 "((kSpaceBeg)) == ((reinterpret_cast<uptr>(Mprotect(kSpaceBeg, kSpaceSize))))" (0x600000000000, 0xffffffffffffffff)
FAIL: c-c++-common/asan/memcmp-1.c -O0 output pattern test, is =================================================================
FAIL: c-c++-common/asan/memcmp-1.c -O1 output pattern test, is =================================================================
FAIL: c-c++-common/asan/memcmp-1.c -O2 output pattern test, is =================================================================
FAIL: c-c++-common/asan/memcmp-1.c -O3 -fomit-frame-pointer output pattern test, is =================================================================
FAIL: c-c++-common/asan/memcmp-1.c -O3 -g output pattern test, is =================================================================
FAIL: c-c++-common/asan/memcmp-1.c -Os output pattern test, is =================================================================
FAIL: c-c++-common/asan/memcmp-1.c -O2 -flto -fno-use-linker-plugin -flto-partition=none output pattern test, is =================================================================
FAIL: c-c++-common/asan/memcmp-1.c -O2 -flto -fuse-linker-plugin -fno-fat-lto-objects output pattern test, is =================================================================
FAIL: c-c++-common/asan/null-deref-1.c -O0 output pattern test, is ASAN:SIGSEGV
FAIL: c-c++-common/asan/null-deref-1.c -O1 output pattern test, is ASAN:SIGSEGV
FAIL: c-c++-common/asan/null-deref-1.c -O2 output pattern test, is ASAN:SIGSEGV
FAIL: c-c++-common/asan/null-deref-1.c -O3 -fomit-frame-pointer output pattern test, is ASAN:SIGSEGV
FAIL: c-c++-common/asan/null-deref-1.c -O3 -g output pattern test, is ASAN:SIGSEGV
FAIL: c-c++-common/asan/null-deref-1.c -Os output pattern test, is ASAN:SIGSEGV
FAIL: c-c++-common/asan/null-deref-1.c -O2 -flto -fno-use-linker-plugin -flto-partition=none output pattern test, is ASAN:SIGSEGV
FAIL: c-c++-common/asan/null-deref-1.c -O2 -flto -fuse-linker-plugin -fno-fat-lto-objects output pattern test, is ASAN:SIGSEGV
FAIL: c-c++-common/asan/sanity-check-pure-c-1.c -O0 output pattern test, is ==23630== AddressSanitizer CHECK failed: /home/gccbuild/gcc_trunk_anonsvn/gcc/libsanitizer/sanitizer_common/sanitizer_allocator.h:215 "((kSpaceBeg)) == ((reinterpret_cast<uptr>(Mprotect(kSpaceBeg, kSpaceSize))))" (0x600000000000, 0xffffffffffffffff)
FAIL: c-c++-common/asan/sanity-check-pure-c-1.c -O1 output pattern test, is ==23661== AddressSanitizer CHECK failed: /home/gccbuild/gcc_trunk_anonsvn/gcc/libsanitizer/sanitizer_common/sanitizer_allocator.h:215 "((kSpaceBeg)) == ((reinterpret_cast<uptr>(Mprotect(kSpaceBeg, kSpaceSize))))" (0x600000000000, 0xffffffffffffffff)
FAIL: c-c++-common/asan/sanity-check-pure-c-1.c -O2 output pattern test, is ==23685== AddressSanitizer CHECK failed: /home/gccbuild/gcc_trunk_anonsvn/gcc/libsanitizer/sanitizer_common/sanitizer_allocator.h:215 "((kSpaceBeg)) == ((reinterpret_cast<uptr>(Mprotect(kSpaceBeg, kSpaceSize))))" (0x600000000000, 0xffffffffffffffff)
FAIL: c-c++-common/asan/sanity-check-pure-c-1.c -O3 -fomit-frame-pointer output pattern test, is ==23716== AddressSanitizer CHECK failed: /home/gccbuild/gcc_trunk_anonsvn/gcc/libsanitizer/sanitizer_common/sanitizer_allocator.h:215 "((kSpaceBeg)) == ((reinterpret_cast<uptr>(Mprotect(kSpaceBeg, kSpaceSize))))" (0x600000000000, 0xffffffffffffffff)
FAIL: c-c++-common/asan/sanity-check-pure-c-1.c -O3 -g output pattern test, is ==23747== AddressSanitizer CHECK failed: /home/gccbuild/gcc_trunk_anonsvn/gcc/libsanitizer/sanitizer_common/sanitizer_allocator.h:215 "((kSpaceBeg)) == ((reinterpret_cast<uptr>(Mprotect(kSpaceBeg, kSpaceSize))))" (0x600000000000, 0xffffffffffffffff)
FAIL: c-c++-common/asan/sanity-check-pure-c-1.c -Os output pattern test, is ==23776== AddressSanitizer CHECK failed: /home/gccbuild/gcc_trunk_anonsvn/gcc/libsanitizer/sanitizer_common/sanitizer_allocator.h:215 "((kSpaceBeg)) == ((reinterpret_cast<uptr>(Mprotect(kSpaceBeg, kSpaceSize))))" (0x600000000000, 0xffffffffffffffff)
FAIL: c-c++-common/asan/sanity-check-pure-c-1.c -O2 -flto -fno-use-linker-plugin -flto-partition=none output pattern test, is ==23835== AddressSanitizer CHECK failed: /home/gccbuild/gcc_trunk_anonsvn/gcc/libsanitizer/sanitizer_common/sanitizer_allocator.h:215 "((kSpaceBeg)) == ((reinterpret_cast<uptr>(Mprotect(kSpaceBeg, kSpaceSize))))" (0x600000000000, 0xffffffffffffffff)
FAIL: c-c++-common/asan/sanity-check-pure-c-1.c -O2 -flto -fuse-linker-plugin -fno-fat-lto-objects output pattern test, is ==23876== AddressSanitizer CHECK failed: /home/gccbuild/gcc_trunk_anonsvn/gcc/libsanitizer/sanitizer_common/sanitizer_allocator.h:215 "((kSpaceBeg)) == ((reinterpret_cast<uptr>(Mprotect(kSpaceBeg, kSpaceSize))))" (0x600000000000, 0xffffffffffffffff)
FAIL: c-c++-common/asan/sleep-before-dying-1.c -O2 output pattern test, is ==23910== AddressSanitizer CHECK failed: /home/gccbuild/gcc_trunk_anonsvn/gcc/libsanitizer/sanitizer_common/sanitizer_allocator.h:215 "((kSpaceBeg)) == ((reinterpret_cast<uptr>(Mprotect(kSpaceBeg, kSpaceSize))))" (0x600000000000, 0xffffffffffffffff)
FAIL: c-c++-common/asan/sleep-before-dying-1.c -O2 -flto -fno-use-linker-plugin -flto-partition=none output pattern test, is ==23968== AddressSanitizer CHECK failed: /home/gccbuild/gcc_trunk_anonsvn/gcc/libsanitizer/sanitizer_common/sanitizer_allocator.h:215 "((kSpaceBeg)) == ((reinterpret_cast<uptr>(Mprotect(kSpaceBeg, kSpaceSize))))" (0x600000000000, 0xffffffffffffffff)
FAIL: c-c++-common/asan/sleep-before-dying-1.c -O2 -flto -fuse-linker-plugin -fno-fat-lto-objects output pattern test, is ==24011== AddressSanitizer CHECK failed: /home/gccbuild/gcc_trunk_anonsvn/gcc/libsanitizer/sanitizer_common/sanitizer_allocator.h:215 "((kSpaceBeg)) == ((reinterpret_cast<uptr>(Mprotect(kSpaceBeg, kSpaceSize))))" (0x600000000000, 0xffffffffffffffff)
FAIL: c-c++-common/asan/strip-path-prefix-1.c -O2 output pattern test, is ==24298== AddressSanitizer CHECK failed: /home/gccbuild/gcc_trunk_anonsvn/gcc/libsanitizer/sanitizer_common/sanitizer_allocator.h:215 "((kSpaceBeg)) == ((reinterpret_cast<uptr>(Mprotect(kSpaceBeg, kSpaceSize))))" (0x600000000000, 0xffffffffffffffff)
FAIL: c-c++-common/asan/strip-path-prefix-1.c -O2 -flto -fno-use-linker-plugin -flto-partition=none output pattern test, is ==24357== AddressSanitizer CHECK failed: /home/gccbuild/gcc_trunk_anonsvn/gcc/libsanitizer/sanitizer_common/sanitizer_allocator.h:215 "((kSpaceBeg)) == ((reinterpret_cast<uptr>(Mprotect(kSpaceBeg, kSpaceSize))))" (0x600000000000, 0xffffffffffffffff)
FAIL: c-c++-common/asan/strip-path-prefix-1.c -O2 -flto -fuse-linker-plugin -fno-fat-lto-objects output pattern test, is ==24403== AddressSanitizer CHECK failed: /home/gccbuild/gcc_trunk_anonsvn/gcc/libsanitizer/sanitizer_common/sanitizer_allocator.h:215 "((kSpaceBeg)) == ((reinterpret_cast<uptr>(Mprotect(kSpaceBeg, kSpaceSize))))" (0x600000000000, 0xffffffffffffffff)
FAIL: c-c++-common/asan/strncpy-overflow-1.c -O0 output pattern test, is ==24435== AddressSanitizer CHECK failed: /home/gccbuild/gcc_trunk_anonsvn/gcc/libsanitizer/sanitizer_common/sanitizer_allocator.h:215 "((kSpaceBeg)) == ((reinterpret_cast<uptr>(Mprotect(kSpaceBeg, kSpaceSize))))" (0x600000000000, 0xffffffffffffffff)
FAIL: c-c++-common/asan/strncpy-overflow-1.c -O1 output pattern test, is ==24466== AddressSanitizer CHECK failed: /home/gccbuild/gcc_trunk_anonsvn/gcc/libsanitizer/sanitizer_common/sanitizer_allocator.h:215 "((kSpaceBeg)) == ((reinterpret_cast<uptr>(Mprotect(kSpaceBeg, kSpaceSize))))" (0x600000000000, 0xffffffffffffffff)
FAIL: c-c++-common/asan/strncpy-overflow-1.c -O2 output pattern test, is ==24500== AddressSanitizer CHECK failed: /home/gccbuild/gcc_trunk_anonsvn/gcc/libsanitizer/sanitizer_common/sanitizer_allocator.h:215 "((kSpaceBeg)) == ((reinterpret_cast<uptr>(Mprotect(kSpaceBeg, kSpaceSize))))" (0x600000000000, 0xffffffffffffffff)
FAIL: c-c++-common/asan/strncpy-overflow-1.c -O3 -fomit-frame-pointer output pattern test, is ==24531== AddressSanitizer CHECK failed: /home/gccbuild/gcc_trunk_anonsvn/gcc/libsanitizer/sanitizer_common/sanitizer_allocator.h:215 "((kSpaceBeg)) == ((reinterpret_cast<uptr>(Mprotect(kSpaceBeg, kSpaceSize))))" (0x600000000000, 0xffffffffffffffff)
FAIL: c-c++-common/asan/strncpy-overflow-1.c -O3 -g output pattern test, is ==24562== AddressSanitizer CHECK failed: /home/gccbuild/gcc_trunk_anonsvn/gcc/libsanitizer/sanitizer_common/sanitizer_allocator.h:215 "((kSpaceBeg)) == ((reinterpret_cast<uptr>(Mprotect(kSpaceBeg, kSpaceSize))))" (0x600000000000, 0xffffffffffffffff)
FAIL: c-c++-common/asan/strncpy-overflow-1.c -Os output pattern test, is ==24591== AddressSanitizer CHECK failed: /home/gccbuild/gcc_trunk_anonsvn/gcc/libsanitizer/sanitizer_common/sanitizer_allocator.h:215 "((kSpaceBeg)) == ((reinterpret_cast<uptr>(Mprotect(kSpaceBeg, kSpaceSize))))" (0x600000000000, 0xffffffffffffffff)
FAIL: c-c++-common/asan/strncpy-overflow-1.c -O2 -flto -fno-use-linker-plugin -flto-partition=none output pattern test, is ==24663== AddressSanitizer CHECK failed: /home/gccbuild/gcc_trunk_anonsvn/gcc/libsanitizer/sanitizer_common/sanitizer_allocator.h:215 "((kSpaceBeg)) == ((reinterpret_cast<uptr>(Mprotect(kSpaceBeg, kSpaceSize))))" (0x600000000000, 0xffffffffffffffff)
FAIL: c-c++-common/asan/strncpy-overflow-1.c -O2 -flto -fuse-linker-plugin -fno-fat-lto-objects output pattern test, is ==24705== AddressSanitizer CHECK failed: /home/gccbuild/gcc_trunk_anonsvn/gcc/libsanitizer/sanitizer_common/sanitizer_allocator.h:215 "((kSpaceBeg)) == ((reinterpret_cast<uptr>(Mprotect(kSpaceBeg, kSpaceSize))))" (0x600000000000, 0xffffffffffffffff)
FAIL: c-c++-common/asan/use-after-free-1.c -O0 output pattern test, is ==25081== AddressSanitizer CHECK failed: /home/gccbuild/gcc_trunk_anonsvn/gcc/libsanitizer/sanitizer_common/sanitizer_allocator.h:215 "((kSpaceBeg)) == ((reinterpret_cast<uptr>(Mprotect(kSpaceBeg, kSpaceSize))))" (0x600000000000, 0xffffffffffffffff)
FAIL: c-c++-common/asan/use-after-free-1.c -O1 output pattern test, is ==25109== AddressSanitizer CHECK failed: /home/gccbuild/gcc_trunk_anonsvn/gcc/libsanitizer/sanitizer_common/sanitizer_allocator.h:215 "((kSpaceBeg)) == ((reinterpret_cast<uptr>(Mprotect(kSpaceBeg, kSpaceSize))))" (0x600000000000, 0xffffffffffffffff)
FAIL: c-c++-common/asan/use-after-free-1.c -O2 output pattern test, is ==25135== AddressSanitizer CHECK failed: /home/gccbuild/gcc_trunk_anonsvn/gcc/libsanitizer/sanitizer_common/sanitizer_allocator.h:215 "((kSpaceBeg)) == ((reinterpret_cast<uptr>(Mprotect(kSpaceBeg, kSpaceSize))))" (0x600000000000, 0xffffffffffffffff)
FAIL: c-c++-common/asan/use-after-free-1.c -O3 -fomit-frame-pointer output pattern test, is ==25156== AddressSanitizer CHECK failed: /home/gccbuild/gcc_trunk_anonsvn/gcc/libsanitizer/sanitizer_common/sanitizer_allocator.h:215 "((kSpaceBeg)) == ((reinterpret_cast<uptr>(Mprotect(kSpaceBeg, kSpaceSize))))" (0x600000000000, 0xffffffffffffffff)
FAIL: c-c++-common/asan/use-after-free-1.c -O3 -g output pattern test, is ==25177== AddressSanitizer CHECK failed: /home/gccbuild/gcc_trunk_anonsvn/gcc/libsanitizer/sanitizer_common/sanitizer_allocator.h:215 "((kSpaceBeg)) == ((reinterpret_cast<uptr>(Mprotect(kSpaceBeg, kSpaceSize))))" (0x600000000000, 0xffffffffffffffff)
FAIL: c-c++-common/asan/use-after-free-1.c -Os output pattern test, is ==25203== AddressSanitizer CHECK failed: /home/gccbuild/gcc_trunk_anonsvn/gcc/libsanitizer/sanitizer_common/sanitizer_allocator.h:215 "((kSpaceBeg)) == ((reinterpret_cast<uptr>(Mprotect(kSpaceBeg, kSpaceSize))))" (0x600000000000, 0xffffffffffffffff)
FAIL: c-c++-common/asan/use-after-free-1.c -O2 -flto -fno-use-linker-plugin -flto-partition=none output pattern test, is ==25246== AddressSanitizer CHECK failed: /home/gccbuild/gcc_trunk_anonsvn/gcc/libsanitizer/sanitizer_common/sanitizer_allocator.h:215 "((kSpaceBeg)) == ((reinterpret_cast<uptr>(Mprotect(kSpaceBeg, kSpaceSize))))" (0x600000000000, 0xffffffffffffffff)
FAIL: c-c++-common/asan/use-after-free-1.c -O2 -flto -fuse-linker-plugin -fno-fat-lto-objects output pattern test, is ==25278== AddressSanitizer CHECK failed: /home/gccbuild/gcc_trunk_anonsvn/gcc/libsanitizer/sanitizer_common/sanitizer_allocator.h:215 "((kSpaceBeg)) == ((reinterpret_cast<uptr>(Mprotect(kSpaceBeg, kSpaceSize))))" (0x600000000000, 0xffffffffffffffff)
FAIL: gcc.dg/and-1.c scan-assembler-not nand
FAIL: gcc.dg/cproj-fails-with-broken-glibc.c execution test
FAIL: gcc.dg/pr44194-1.c scan-rtl-dump dse1 "global deletions = (2|3)"
FAIL: gcc.dg/tree-ssa/ssa-dom-thread-4.c scan-tree-dump-times dom1 "Threaded" 3
FAIL: gcc.dg/tree-ssa/vrp47.c scan-tree-dump-times vrp1 "[xy][^ ]* !=" 0
FAIL: gcc.dg/tree-ssa/vrp47.c scan-tree-dump-times dom2 "x[^ ]* & y" 1
FAIL: gcc.target/powerpc/ppc-vector-memcpy.c scan-assembler lvx
=== gcc Summary for unix/-m64 ===
# of expected passes 86113
# of unexpected failures 61
# of expected failures 236
# of unsupported tests 1380
=== gcc Summary ===
# of expected passes 171612
# of unexpected failures 85
# of expected failures 459
# of unsupported tests 2715
/home/gccbuild/build/nightly/build-gcc-trunk/gcc/xgcc version 4.8.0 20130204 (experimental) [trunk revision 195706] (GCC)
=== gfortran tests ===
Running target unix/-m32
XPASS: gfortran.dg/default_format_denormal_2.f90 -O0 execution test
XPASS: gfortran.dg/default_format_denormal_2.f90 -O1 execution test
XPASS: gfortran.dg/default_format_denormal_2.f90 -O2 execution test
XPASS: gfortran.dg/default_format_denormal_2.f90 -O3 -fomit-frame-pointer execution test
XPASS: gfortran.dg/default_format_denormal_2.f90 -O3 -fomit-frame-pointer -funroll-loops execution test
XPASS: gfortran.dg/default_format_denormal_2.f90 -O3 -fomit-frame-pointer -funroll-all-loops -finline-functions execution test
XPASS: gfortran.dg/default_format_denormal_2.f90 -O3 -g execution test
XPASS: gfortran.dg/default_format_denormal_2.f90 -Os execution test
XPASS: gfortran.dg/do_1.f90 -O0 execution test
XPASS: gfortran.dg/do_1.f90 -O1 execution test
FAIL: gfortran.dg/lto/pr45586-2 f_lto_pr45586-2_0.o-f_lto_pr45586-2_0.o link, -O0 -flto -flto-partition=none -fuse-linker-plugin (internal compiler error)
UNRESOLVED: gfortran.dg/lto/pr45586-2 f_lto_pr45586-2_0.o-f_lto_pr45586-2_0.o execute -O0 -flto -flto-partition=none -fuse-linker-plugin
FAIL: gfortran.dg/lto/pr45586-2 f_lto_pr45586-2_0.o-f_lto_pr45586-2_0.o link, -O0 -flto -flto-partition=1to1 -fno-use-linker-plugin (internal compiler error)
UNRESOLVED: gfortran.dg/lto/pr45586-2 f_lto_pr45586-2_0.o-f_lto_pr45586-2_0.o execute -O0 -flto -flto-partition=1to1 -fno-use-linker-plugin
FAIL: gfortran.dg/lto/pr45586-2 f_lto_pr45586-2_0.o-f_lto_pr45586-2_0.o link, -O0 -flto -fuse-linker-plugin -fno-fat-lto-objects (internal compiler error)
UNRESOLVED: gfortran.dg/lto/pr45586-2 f_lto_pr45586-2_0.o-f_lto_pr45586-2_0.o execute -O0 -flto -fuse-linker-plugin -fno-fat-lto-objects
FAIL: gfortran.dg/lto/pr45586 f_lto_pr45586_0.o-f_lto_pr45586_0.o link, -O0 -flto -flto-partition=none -fuse-linker-plugin (internal compiler error)
UNRESOLVED: gfortran.dg/lto/pr45586 f_lto_pr45586_0.o-f_lto_pr45586_0.o execute -O0 -flto -flto-partition=none -fuse-linker-plugin
FAIL: gfortran.dg/lto/pr45586 f_lto_pr45586_0.o-f_lto_pr45586_0.o link, -O0 -flto -flto-partition=1to1 -fno-use-linker-plugin (internal compiler error)
UNRESOLVED: gfortran.dg/lto/pr45586 f_lto_pr45586_0.o-f_lto_pr45586_0.o execute -O0 -flto -flto-partition=1to1 -fno-use-linker-plugin
FAIL: gfortran.dg/lto/pr45586 f_lto_pr45586_0.o-f_lto_pr45586_0.o link, -O0 -flto -fuse-linker-plugin -fno-fat-lto-objects (internal compiler error)
UNRESOLVED: gfortran.dg/lto/pr45586 f_lto_pr45586_0.o-f_lto_pr45586_0.o execute -O0 -flto -fuse-linker-plugin -fno-fat-lto-objects
=== gfortran Summary for unix/-m32 ===
# of expected passes 42285
# of unexpected failures 6
# of unexpected successes 10
# of expected failures 66
# of unresolved testcases 6
# of unsupported tests 244
Running target unix/-m64
XPASS: gfortran.dg/default_format_denormal_2.f90 -O0 execution test
XPASS: gfortran.dg/default_format_denormal_2.f90 -O1 execution test
XPASS: gfortran.dg/default_format_denormal_2.f90 -O2 execution test
XPASS: gfortran.dg/default_format_denormal_2.f90 -O3 -fomit-frame-pointer execution test
XPASS: gfortran.dg/default_format_denormal_2.f90 -O3 -fomit-frame-pointer -funroll-loops execution test
XPASS: gfortran.dg/default_format_denormal_2.f90 -O3 -fomit-frame-pointer -funroll-all-loops -finline-functions execution test
XPASS: gfortran.dg/default_format_denormal_2.f90 -O3 -g execution test
XPASS: gfortran.dg/default_format_denormal_2.f90 -Os execution test
XPASS: gfortran.dg/do_1.f90 -O0 execution test
XPASS: gfortran.dg/do_1.f90 -O1 execution test
FAIL: gfortran.dg/lto/pr45586-2 f_lto_pr45586-2_0.o-f_lto_pr45586-2_0.o link, -O0 -flto -flto-partition=none -fuse-linker-plugin (internal compiler error)
UNRESOLVED: gfortran.dg/lto/pr45586-2 f_lto_pr45586-2_0.o-f_lto_pr45586-2_0.o execute -O0 -flto -flto-partition=none -fuse-linker-plugin
FAIL: gfortran.dg/lto/pr45586-2 f_lto_pr45586-2_0.o-f_lto_pr45586-2_0.o link, -O0 -flto -flto-partition=1to1 -fno-use-linker-plugin (internal compiler error)
UNRESOLVED: gfortran.dg/lto/pr45586-2 f_lto_pr45586-2_0.o-f_lto_pr45586-2_0.o execute -O0 -flto -flto-partition=1to1 -fno-use-linker-plugin
FAIL: gfortran.dg/lto/pr45586-2 f_lto_pr45586-2_0.o-f_lto_pr45586-2_0.o link, -O0 -flto -fuse-linker-plugin -fno-fat-lto-objects (internal compiler error)
UNRESOLVED: gfortran.dg/lto/pr45586-2 f_lto_pr45586-2_0.o-f_lto_pr45586-2_0.o execute -O0 -flto -fuse-linker-plugin -fno-fat-lto-objects
FAIL: gfortran.dg/lto/pr45586 f_lto_pr45586_0.o-f_lto_pr45586_0.o link, -O0 -flto -flto-partition=none -fuse-linker-plugin (internal compiler error)
UNRESOLVED: gfortran.dg/lto/pr45586 f_lto_pr45586_0.o-f_lto_pr45586_0.o execute -O0 -flto -flto-partition=none -fuse-linker-plugin
FAIL: gfortran.dg/lto/pr45586 f_lto_pr45586_0.o-f_lto_pr45586_0.o link, -O0 -flto -flto-partition=1to1 -fno-use-linker-plugin (internal compiler error)
UNRESOLVED: gfortran.dg/lto/pr45586 f_lto_pr45586_0.o-f_lto_pr45586_0.o execute -O0 -flto -flto-partition=1to1 -fno-use-linker-plugin
FAIL: gfortran.dg/lto/pr45586 f_lto_pr45586_0.o-f_lto_pr45586_0.o link, -O0 -flto -fuse-linker-plugin -fno-fat-lto-objects (internal compiler error)
UNRESOLVED: gfortran.dg/lto/pr45586 f_lto_pr45586_0.o-f_lto_pr45586_0.o execute -O0 -flto -fuse-linker-plugin -fno-fat-lto-objects
=== gfortran Summary for unix/-m64 ===
# of expected passes 42612
# of unexpected failures 6
# of unexpected successes 10
# of expected failures 66
# of unresolved testcases 6
# of unsupported tests 83
=== gfortran Summary ===
# of expected passes 84897
# of unexpected failures 12
# of unexpected successes 20
# of expected failures 132
# of unresolved testcases 12
# of unsupported tests 327
/home/gccbuild/build/nightly/build-gcc-trunk/gcc/testsuite/gfortran/../../gfortran version 4.8.0 20130204 (experimental) [trunk revision 195706] (GCC)
=== g++ tests ===
Running target unix/-m32
FAIL: c-c++-common/asan/null-deref-1.c -O0 output pattern test, is ASAN:SIGSEGV
FAIL: c-c++-common/asan/null-deref-1.c -O1 output pattern test, is ASAN:SIGSEGV
FAIL: c-c++-common/asan/null-deref-1.c -O2 output pattern test, is ASAN:SIGSEGV
FAIL: c-c++-common/asan/null-deref-1.c -O3 -fomit-frame-pointer output pattern test, is ASAN:SIGSEGV
FAIL: c-c++-common/asan/null-deref-1.c -O3 -g output pattern test, is ASAN:SIGSEGV
FAIL: c-c++-common/asan/null-deref-1.c -Os output pattern test, is ASAN:SIGSEGV
FAIL: c-c++-common/asan/null-deref-1.c -O2 -flto -fno-use-linker-plugin -flto-partition=none output pattern test, is ASAN:SIGSEGV
FAIL: c-c++-common/asan/null-deref-1.c -O2 -flto -fuse-linker-plugin -fno-fat-lto-objects output pattern test, is ASAN:SIGSEGV
FAIL: c-c++-common/asan/sleep-before-dying-1.c -O2 output pattern test, is =================================================================
FAIL: c-c++-common/asan/sleep-before-dying-1.c -O2 -flto -fno-use-linker-plugin -flto-partition=none output pattern test, is =================================================================
FAIL: c-c++-common/asan/sleep-before-dying-1.c -O2 -flto -fuse-linker-plugin -fno-fat-lto-objects output pattern test, is =================================================================
FAIL: c-c++-common/asan/strip-path-prefix-1.c -O2 output pattern test, is =================================================================
FAIL: c-c++-common/asan/strip-path-prefix-1.c -O2 -flto -fno-use-linker-plugin -flto-partition=none output pattern test, is =================================================================
FAIL: c-c++-common/asan/strip-path-prefix-1.c -O2 -flto -fuse-linker-plugin -fno-fat-lto-objects output pattern test, is =================================================================
FAIL: g++.dg/asan/deep-stack-uaf-1.C -O0 output pattern test, is =================================================================
FAIL: g++.dg/asan/deep-stack-uaf-1.C -O1 output pattern test, is =================================================================
FAIL: g++.dg/asan/deep-stack-uaf-1.C -O2 output pattern test, is =================================================================
FAIL: g++.dg/asan/deep-stack-uaf-1.C -O3 -fomit-frame-pointer output pattern test, is =================================================================
FAIL: g++.dg/asan/deep-stack-uaf-1.C -O3 -g output pattern test, is =================================================================
FAIL: g++.dg/asan/deep-stack-uaf-1.C -Os output pattern test, is =================================================================
FAIL: g++.dg/asan/deep-tail-call-1.C -O0 output pattern test, is =================================================================
FAIL: g++.dg/asan/deep-tail-call-1.C -O1 output pattern test, is =================================================================
FAIL: g++.dg/asan/deep-tail-call-1.C -O2 output pattern test, is =================================================================
FAIL: g++.dg/asan/deep-tail-call-1.C -O3 -fomit-frame-pointer output pattern test, is =================================================================
FAIL: g++.dg/asan/deep-tail-call-1.C -O3 -g output pattern test, is =================================================================
FAIL: g++.dg/asan/deep-tail-call-1.C -Os output pattern test, is =================================================================
FAIL: g++.dg/asan/deep-tail-call-1.C -O2 -flto -fno-use-linker-plugin -flto-partition=none output pattern test, is =================================================================
FAIL: g++.dg/asan/deep-tail-call-1.C -O2 -flto -fuse-linker-plugin -fno-fat-lto-objects output pattern test, is =================================================================
FAIL: g++.dg/asan/interception-failure-test-1.C -O1 (test for excess errors)
WARNING: g++.dg/asan/interception-failure-test-1.C -O1 compilation failed to produce executable
FAIL: g++.dg/asan/interception-failure-test-1.C -O2 (test for excess errors)
WARNING: g++.dg/asan/interception-failure-test-1.C -O2 compilation failed to produce executable
FAIL: g++.dg/asan/interception-failure-test-1.C -O3 -fomit-frame-pointer (test for excess errors)
WARNING: g++.dg/asan/interception-failure-test-1.C -O3 -fomit-frame-pointer compilation failed to produce executable
FAIL: g++.dg/asan/interception-failure-test-1.C -O3 -g (test for excess errors)
WARNING: g++.dg/asan/interception-failure-test-1.C -O3 -g compilation failed to produce executable
FAIL: g++.dg/asan/interception-failure-test-1.C -O2 -flto -fno-use-linker-plugin -flto-partition=none (test for excess errors)
WARNING: g++.dg/asan/interception-failure-test-1.C -O2 -flto -fno-use-linker-plugin -flto-partition=none compilation failed to produce executable
FAIL: g++.dg/asan/interception-failure-test-1.C -O2 -flto -fuse-linker-plugin -fno-fat-lto-objects (test for excess errors)
WARNING: g++.dg/asan/interception-failure-test-1.C -O2 -flto -fuse-linker-plugin -fno-fat-lto-objects compilation failed to produce executable
FAIL: g++.dg/asan/interception-malloc-test-1.C -O1 execution test
FAIL: g++.dg/asan/interception-malloc-test-1.C -O2 execution test
FAIL: g++.dg/asan/interception-malloc-test-1.C -O3 -fomit-frame-pointer execution test
FAIL: g++.dg/asan/interception-malloc-test-1.C -O3 -g execution test
FAIL: g++.dg/asan/interception-malloc-test-1.C -O2 -flto -fno-use-linker-plugin -flto-partition=none execution test
FAIL: g++.dg/asan/interception-malloc-test-1.C -O2 -flto -fuse-linker-plugin -fno-fat-lto-objects execution test
FAIL: g++.dg/asan/interception-test-1.C -O1 (test for excess errors)
WARNING: g++.dg/asan/interception-test-1.C -O1 compilation failed to produce executable
FAIL: g++.dg/asan/interception-test-1.C -O2 (test for excess errors)
WARNING: g++.dg/asan/interception-test-1.C -O2 compilation failed to produce executable
FAIL: g++.dg/asan/interception-test-1.C -O3 -fomit-frame-pointer (test for excess errors)
WARNING: g++.dg/asan/interception-test-1.C -O3 -fomit-frame-pointer compilation failed to produce executable
FAIL: g++.dg/asan/interception-test-1.C -O3 -g (test for excess errors)
WARNING: g++.dg/asan/interception-test-1.C -O3 -g compilation failed to produce executable
FAIL: g++.dg/asan/interception-test-1.C -O2 -flto -fno-use-linker-plugin -flto-partition=none (test for excess errors)
WARNING: g++.dg/asan/interception-test-1.C -O2 -flto -fno-use-linker-plugin -flto-partition=none compilation failed to produce executable
FAIL: g++.dg/asan/interception-test-1.C -O2 -flto -fuse-linker-plugin -fno-fat-lto-objects (test for excess errors)
WARNING: g++.dg/asan/interception-test-1.C -O2 -flto -fuse-linker-plugin -fno-fat-lto-objects compilation failed to produce executable
=== g++ Summary for unix/-m32 ===
# of expected passes 50953
# of unexpected failures 46
# of expected failures 289
# of unsupported tests 816
Running target unix/-m64
FAIL: c-c++-common/asan/heap-overflow-1.c -O0 output pattern test, is ==23116== AddressSanitizer CHECK failed: /home/gccbuild/gcc_trunk_anonsvn/gcc/libsanitizer/sanitizer_common/sanitizer_allocator.h:215 "((kSpaceBeg)) == ((reinterpret_cast<uptr>(Mprotect(kSpaceBeg, kSpaceSize))))" (0x600000000000, 0xffffffffffffffff)
FAIL: c-c++-common/asan/heap-overflow-1.c -O1 output pattern test, is ==23148== AddressSanitizer CHECK failed: /home/gccbuild/gcc_trunk_anonsvn/gcc/libsanitizer/sanitizer_common/sanitizer_allocator.h:215 "((kSpaceBeg)) == ((reinterpret_cast<uptr>(Mprotect(kSpaceBeg, kSpaceSize))))" (0x600000000000, 0xffffffffffffffff)
FAIL: c-c++-common/asan/heap-overflow-1.c -O2 output pattern test, is ==23171== AddressSanitizer CHECK failed: /home/gccbuild/gcc_trunk_anonsvn/gcc/libsanitizer/sanitizer_common/sanitizer_allocator.h:215 "((kSpaceBeg)) == ((reinterpret_cast<uptr>(Mprotect(kSpaceBeg, kSpaceSize))))" (0x600000000000, 0xffffffffffffffff)
FAIL: c-c++-common/asan/heap-overflow-1.c -O3 -fomit-frame-pointer output pattern test, is ==23199== AddressSanitizer CHECK failed: /home/gccbuild/gcc_trunk_anonsvn/gcc/libsanitizer/sanitizer_common/sanitizer_allocator.h:215 "((kSpaceBeg)) == ((reinterpret_cast<uptr>(Mprotect(kSpaceBeg, kSpaceSize))))" (0x600000000000, 0xffffffffffffffff)
FAIL: c-c++-common/asan/heap-overflow-1.c -O3 -g output pattern test, is ==23231== AddressSanitizer CHECK failed: /home/gccbuild/gcc_trunk_anonsvn/gcc/libsanitizer/sanitizer_common/sanitizer_allocator.h:215 "((kSpaceBeg)) == ((reinterpret_cast<uptr>(Mprotect(kSpaceBeg, kSpaceSize))))" (0x600000000000, 0xffffffffffffffff)
FAIL: c-c++-common/asan/heap-overflow-1.c -Os output pattern test, is ==23262== AddressSanitizer CHECK failed: /home/gccbuild/gcc_trunk_anonsvn/gcc/libsanitizer/sanitizer_common/sanitizer_allocator.h:215 "((kSpaceBeg)) == ((reinterpret_cast<uptr>(Mprotect(kSpaceBeg, kSpaceSize))))" (0x600000000000, 0xffffffffffffffff)
FAIL: c-c++-common/asan/heap-overflow-1.c -O2 -flto -fno-use-linker-plugin -flto-partition=none output pattern test, is ==23320== AddressSanitizer CHECK failed: /home/gccbuild/gcc_trunk_anonsvn/gcc/libsanitizer/sanitizer_common/sanitizer_allocator.h:215 "((kSpaceBeg)) == ((reinterpret_cast<uptr>(Mprotect(kSpaceBeg, kSpaceSize))))" (0x600000000000, 0xffffffffffffffff)
FAIL: c-c++-common/asan/heap-overflow-1.c -O2 -flto -fuse-linker-plugin -fno-fat-lto-objects output pattern test, is ==23369== AddressSanitizer CHECK failed: /home/gccbuild/gcc_trunk_anonsvn/gcc/libsanitizer/sanitizer_common/sanitizer_allocator.h:215 "((kSpaceBeg)) == ((reinterpret_cast<uptr>(Mprotect(kSpaceBeg, kSpaceSize))))" (0x600000000000, 0xffffffffffffffff)
FAIL: c-c++-common/asan/memcmp-1.c -O0 output pattern test, is =================================================================
FAIL: c-c++-common/asan/memcmp-1.c -O1 output pattern test, is =================================================================
FAIL: c-c++-common/asan/memcmp-1.c -O2 output pattern test, is =================================================================
FAIL: c-c++-common/asan/memcmp-1.c -O3 -fomit-frame-pointer output pattern test, is =================================================================
FAIL: c-c++-common/asan/memcmp-1.c -O3 -g output pattern test, is =================================================================
FAIL: c-c++-common/asan/memcmp-1.c -Os output pattern test, is =================================================================
FAIL: c-c++-common/asan/memcmp-1.c -O2 -flto -fno-use-linker-plugin -flto-partition=none output pattern test, is =================================================================
FAIL: c-c++-common/asan/memcmp-1.c -O2 -flto -fuse-linker-plugin -fno-fat-lto-objects output pattern test, is =================================================================
FAIL: c-c++-common/asan/null-deref-1.c -O0 output pattern test, is ASAN:SIGSEGV
FAIL: c-c++-common/asan/null-deref-1.c -O1 output pattern test, is ASAN:SIGSEGV
FAIL: c-c++-common/asan/null-deref-1.c -O2 output pattern test, is ASAN:SIGSEGV
FAIL: c-c++-common/asan/null-deref-1.c -O3 -fomit-frame-pointer output pattern test, is ASAN:SIGSEGV
FAIL: c-c++-common/asan/null-deref-1.c -O3 -g output pattern test, is ASAN:SIGSEGV
FAIL: c-c++-common/asan/null-deref-1.c -Os output pattern test, is ASAN:SIGSEGV
FAIL: c-c++-common/asan/null-deref-1.c -O2 -flto -fno-use-linker-plugin -flto-partition=none output pattern test, is ASAN:SIGSEGV
FAIL: c-c++-common/asan/null-deref-1.c -O2 -flto -fuse-linker-plugin -fno-fat-lto-objects output pattern test, is ASAN:SIGSEGV
FAIL: c-c++-common/asan/sanity-check-pure-c-1.c -O0 output pattern test, is ==24047== AddressSanitizer CHECK failed: /home/gccbuild/gcc_trunk_anonsvn/gcc/libsanitizer/sanitizer_common/sanitizer_allocator.h:215 "((kSpaceBeg)) == ((reinterpret_cast<uptr>(Mprotect(kSpaceBeg, kSpaceSize))))" (0x600000000000, 0xffffffffffffffff)
FAIL: c-c++-common/asan/sanity-check-pure-c-1.c -O1 output pattern test, is ==24079== AddressSanitizer CHECK failed: /home/gccbuild/gcc_trunk_anonsvn/gcc/libsanitizer/sanitizer_common/sanitizer_allocator.h:215 "((kSpaceBeg)) == ((reinterpret_cast<uptr>(Mprotect(kSpaceBeg, kSpaceSize))))" (0x600000000000, 0xffffffffffffffff)
FAIL: c-c++-common/asan/sanity-check-pure-c-1.c -O2 output pattern test, is ==24108== AddressSanitizer CHECK failed: /home/gccbuild/gcc_trunk_anonsvn/gcc/libsanitizer/sanitizer_common/sanitizer_allocator.h:215 "((kSpaceBeg)) == ((reinterpret_cast<uptr>(Mprotect(kSpaceBeg, kSpaceSize))))" (0x600000000000, 0xffffffffffffffff)
FAIL: c-c++-common/asan/sanity-check-pure-c-1.c -O3 -fomit-frame-pointer output pattern test, is ==24137== AddressSanitizer CHECK failed: /home/gccbuild/gcc_trunk_anonsvn/gcc/libsanitizer/sanitizer_common/sanitizer_allocator.h:215 "((kSpaceBeg)) == ((reinterpret_cast<uptr>(Mprotect(kSpaceBeg, kSpaceSize))))" (0x600000000000, 0xffffffffffffffff)
FAIL: c-c++-common/asan/sanity-check-pure-c-1.c -O3 -g output pattern test, is ==24168== AddressSanitizer CHECK failed: /home/gccbuild/gcc_trunk_anonsvn/gcc/libsanitizer/sanitizer_common/sanitizer_allocator.h:215 "((kSpaceBeg)) == ((reinterpret_cast<uptr>(Mprotect(kSpaceBeg, kSpaceSize))))" (0x600000000000, 0xffffffffffffffff)
FAIL: c-c++-common/asan/sanity-check-pure-c-1.c -Os output pattern test, is ==24205== AddressSanitizer CHECK failed: /home/gccbuild/gcc_trunk_anonsvn/gcc/libsanitizer/sanitizer_common/sanitizer_allocator.h:215 "((kSpaceBeg)) == ((reinterpret_cast<uptr>(Mprotect(kSpaceBeg, kSpaceSize))))" (0x600000000000, 0xffffffffffffffff)
FAIL: c-c++-common/asan/sanity-check-pure-c-1.c -O2 -flto -fno-use-linker-plugin -flto-partition=none output pattern test, is ==24264== AddressSanitizer CHECK failed: /home/gccbuild/gcc_trunk_anonsvn/gcc/libsanitizer/sanitizer_common/sanitizer_allocator.h:215 "((kSpaceBeg)) == ((reinterpret_cast<uptr>(Mprotect(kSpaceBeg, kSpaceSize))))" (0x600000000000, 0xffffffffffffffff)
FAIL: c-c++-common/asan/sanity-check-pure-c-1.c -O2 -flto -fuse-linker-plugin -fno-fat-lto-objects output pattern test, is ==24312== AddressSanitizer CHECK failed: /home/gccbuild/gcc_trunk_anonsvn/gcc/libsanitizer/sanitizer_common/sanitizer_allocator.h:215 "((kSpaceBeg)) == ((reinterpret_cast<uptr>(Mprotect(kSpaceBeg, kSpaceSize))))" (0x600000000000, 0xffffffffffffffff)
FAIL: c-c++-common/asan/sleep-before-dying-1.c -O2 output pattern test, is ==24348== AddressSanitizer CHECK failed: /home/gccbuild/gcc_trunk_anonsvn/gcc/libsanitizer/sanitizer_common/sanitizer_allocator.h:215 "((kSpaceBeg)) == ((reinterpret_cast<uptr>(Mprotect(kSpaceBeg, kSpaceSize))))" (0x600000000000, 0xffffffffffffffff)
FAIL: c-c++-common/asan/sleep-before-dying-1.c -O2 -flto -fno-use-linker-plugin -flto-partition=none output pattern test, is ==24415== AddressSanitizer CHECK failed: /home/gccbuild/gcc_trunk_anonsvn/gcc/libsanitizer/sanitizer_common/sanitizer_allocator.h:215 "((kSpaceBeg)) == ((reinterpret_cast<uptr>(Mprotect(kSpaceBeg, kSpaceSize))))" (0x600000000000, 0xffffffffffffffff)
FAIL: c-c++-common/asan/sleep-before-dying-1.c -O2 -flto -fuse-linker-plugin -fno-fat-lto-objects output pattern test, is ==24457== AddressSanitizer CHECK failed: /home/gccbuild/gcc_trunk_anonsvn/gcc/libsanitizer/sanitizer_common/sanitizer_allocator.h:215 "((kSpaceBeg)) == ((reinterpret_cast<uptr>(Mprotect(kSpaceBeg, kSpaceSize))))" (0x600000000000, 0xffffffffffffffff)
FAIL: c-c++-common/asan/strip-path-prefix-1.c -O2 output pattern test, is ==24743== AddressSanitizer CHECK failed: /home/gccbuild/gcc_trunk_anonsvn/gcc/libsanitizer/sanitizer_common/sanitizer_allocator.h:215 "((kSpaceBeg)) == ((reinterpret_cast<uptr>(Mprotect(kSpaceBeg, kSpaceSize))))" (0x600000000000, 0xffffffffffffffff)
FAIL: c-c++-common/asan/strip-path-prefix-1.c -O2 -flto -fno-use-linker-plugin -flto-partition=none output pattern test, is ==24793== AddressSanitizer CHECK failed: /home/gccbuild/gcc_trunk_anonsvn/gcc/libsanitizer/sanitizer_common/sanitizer_allocator.h:215 "((kSpaceBeg)) == ((reinterpret_cast<uptr>(Mprotect(kSpaceBeg, kSpaceSize))))" (0x600000000000, 0xffffffffffffffff)
FAIL: c-c++-common/asan/strip-path-prefix-1.c -O2 -flto -fuse-linker-plugin -fno-fat-lto-objects output pattern test, is ==24825== AddressSanitizer CHECK failed: /home/gccbuild/gcc_trunk_anonsvn/gcc/libsanitizer/sanitizer_common/sanitizer_allocator.h:215 "((kSpaceBeg)) == ((reinterpret_cast<uptr>(Mprotect(kSpaceBeg, kSpaceSize))))" (0x600000000000, 0xffffffffffffffff)
FAIL: c-c++-common/asan/strncpy-overflow-1.c -O0 output pattern test, is ==24851== AddressSanitizer CHECK failed: /home/gccbuild/gcc_trunk_anonsvn/gcc/libsanitizer/sanitizer_common/sanitizer_allocator.h:215 "((kSpaceBeg)) == ((reinterpret_cast<uptr>(Mprotect(kSpaceBeg, kSpaceSize))))" (0x600000000000, 0xffffffffffffffff)
FAIL: c-c++-common/asan/strncpy-overflow-1.c -O1 output pattern test, is ==24876== AddressSanitizer CHECK failed: /home/gccbuild/gcc_trunk_anonsvn/gcc/libsanitizer/sanitizer_common/sanitizer_allocator.h:215 "((kSpaceBeg)) == ((reinterpret_cast<uptr>(Mprotect(kSpaceBeg, kSpaceSize))))" (0x600000000000, 0xffffffffffffffff)
FAIL: c-c++-common/asan/strncpy-overflow-1.c -O2 output pattern test, is ==24898== AddressSanitizer CHECK failed: /home/gccbuild/gcc_trunk_anonsvn/gcc/libsanitizer/sanitizer_common/sanitizer_allocator.h:215 "((kSpaceBeg)) == ((reinterpret_cast<uptr>(Mprotect(kSpaceBeg, kSpaceSize))))" (0x600000000000, 0xffffffffffffffff)
FAIL: c-c++-common/asan/strncpy-overflow-1.c -O3 -fomit-frame-pointer output pattern test, is ==24922== AddressSanitizer CHECK failed: /home/gccbuild/gcc_trunk_anonsvn/gcc/libsanitizer/sanitizer_common/sanitizer_allocator.h:215 "((kSpaceBeg)) == ((reinterpret_cast<uptr>(Mprotect(kSpaceBeg, kSpaceSize))))" (0x600000000000, 0xffffffffffffffff)
FAIL: c-c++-common/asan/strncpy-overflow-1.c -O3 -g output pattern test, is ==24948== AddressSanitizer CHECK failed: /home/gccbuild/gcc_trunk_anonsvn/gcc/libsanitizer/sanitizer_common/sanitizer_allocator.h:215 "((kSpaceBeg)) == ((reinterpret_cast<uptr>(Mprotect(kSpaceBeg, kSpaceSize))))" (0x600000000000, 0xffffffffffffffff)
FAIL: c-c++-common/asan/strncpy-overflow-1.c -Os output pattern test, is ==24973== AddressSanitizer CHECK failed: /home/gccbuild/gcc_trunk_anonsvn/gcc/libsanitizer/sanitizer_common/sanitizer_allocator.h:215 "((kSpaceBeg)) == ((reinterpret_cast<uptr>(Mprotect(kSpaceBeg, kSpaceSize))))" (0x600000000000, 0xffffffffffffffff)
FAIL: c-c++-common/asan/strncpy-overflow-1.c -O2 -flto -fno-use-linker-plugin -flto-partition=none output pattern test, is ==25034== AddressSanitizer CHECK failed: /home/gccbuild/gcc_trunk_anonsvn/gcc/libsanitizer/sanitizer_common/sanitizer_allocator.h:215 "((kSpaceBeg)) == ((reinterpret_cast<uptr>(Mprotect(kSpaceBeg, kSpaceSize))))" (0x600000000000, 0xffffffffffffffff)
FAIL: c-c++-common/asan/strncpy-overflow-1.c -O2 -flto -fuse-linker-plugin -fno-fat-lto-objects output pattern test, is ==25072== AddressSanitizer CHECK failed: /home/gccbuild/gcc_trunk_anonsvn/gcc/libsanitizer/sanitizer_common/sanitizer_allocator.h:215 "((kSpaceBeg)) == ((reinterpret_cast<uptr>(Mprotect(kSpaceBeg, kSpaceSize))))" (0x600000000000, 0xffffffffffffffff)
FAIL: c-c++-common/asan/use-after-free-1.c -O0 output pattern test, is ==25470== AddressSanitizer CHECK failed: /home/gccbuild/gcc_trunk_anonsvn/gcc/libsanitizer/sanitizer_common/sanitizer_allocator.h:215 "((kSpaceBeg)) == ((reinterpret_cast<uptr>(Mprotect(kSpaceBeg, kSpaceSize))))" (0x600000000000, 0xffffffffffffffff)
FAIL: c-c++-common/asan/use-after-free-1.c -O1 output pattern test, is ==25486== AddressSanitizer CHECK failed: /home/gccbuild/gcc_trunk_anonsvn/gcc/libsanitizer/sanitizer_common/sanitizer_allocator.h:215 "((kSpaceBeg)) == ((reinterpret_cast<uptr>(Mprotect(kSpaceBeg, kSpaceSize))))" (0x600000000000, 0xffffffffffffffff)
FAIL: c-c++-common/asan/use-after-free-1.c -O2 output pattern test, is ==25503== AddressSanitizer CHECK failed: /home/gccbuild/gcc_trunk_anonsvn/gcc/libsanitizer/sanitizer_common/sanitizer_allocator.h:215 "((kSpaceBeg)) == ((reinterpret_cast<uptr>(Mprotect(kSpaceBeg, kSpaceSize))))" (0x600000000000, 0xffffffffffffffff)
FAIL: c-c++-common/asan/use-after-free-1.c -O3 -fomit-frame-pointer output pattern test, is ==25519== AddressSanitizer CHECK failed: /home/gccbuild/gcc_trunk_anonsvn/gcc/libsanitizer/sanitizer_common/sanitizer_allocator.h:215 "((kSpaceBeg)) == ((reinterpret_cast<uptr>(Mprotect(kSpaceBeg, kSpaceSize))))" (0x600000000000, 0xffffffffffffffff)
FAIL: c-c++-common/asan/use-after-free-1.c -O3 -g output pattern test, is ==25540== AddressSanitizer CHECK failed: /home/gccbuild/gcc_trunk_anonsvn/gcc/libsanitizer/sanitizer_common/sanitizer_allocator.h:215 "((kSpaceBeg)) == ((reinterpret_cast<uptr>(Mprotect(kSpaceBeg, kSpaceSize))))" (0x600000000000, 0xffffffffffffffff)
FAIL: c-c++-common/asan/use-after-free-1.c -Os output pattern test, is ==25567== AddressSanitizer CHECK failed: /home/gccbuild/gcc_trunk_anonsvn/gcc/libsanitizer/sanitizer_common/sanitizer_allocator.h:215 "((kSpaceBeg)) == ((reinterpret_cast<uptr>(Mprotect(kSpaceBeg, kSpaceSize))))" (0x600000000000, 0xffffffffffffffff)
FAIL: c-c++-common/asan/use-after-free-1.c -O2 -flto -fno-use-linker-plugin -flto-partition=none output pattern test, is ==25621== AddressSanitizer CHECK failed: /home/gccbuild/gcc_trunk_anonsvn/gcc/libsanitizer/sanitizer_common/sanitizer_allocator.h:215 "((kSpaceBeg)) == ((reinterpret_cast<uptr>(Mprotect(kSpaceBeg, kSpaceSize))))" (0x600000000000, 0xffffffffffffffff)
FAIL: c-c++-common/asan/use-after-free-1.c -O2 -flto -fuse-linker-plugin -fno-fat-lto-objects output pattern test, is ==25650== AddressSanitizer CHECK failed: /home/gccbuild/gcc_trunk_anonsvn/gcc/libsanitizer/sanitizer_common/sanitizer_allocator.h:215 "((kSpaceBeg)) == ((reinterpret_cast<uptr>(Mprotect(kSpaceBeg, kSpaceSize))))" (0x600000000000, 0xffffffffffffffff)
FAIL: g++.dg/asan/deep-stack-uaf-1.C -O0 output pattern test, is ==25683== AddressSanitizer CHECK failed: /home/gccbuild/gcc_trunk_anonsvn/gcc/libsanitizer/sanitizer_common/sanitizer_allocator.h:215 "((kSpaceBeg)) == ((reinterpret_cast<uptr>(Mprotect(kSpaceBeg, kSpaceSize))))" (0x600000000000, 0xffffffffffffffff)
FAIL: g++.dg/asan/deep-stack-uaf-1.C -O1 output pattern test, is ==25741== AddressSanitizer CHECK failed: /home/gccbuild/gcc_trunk_anonsvn/gcc/libsanitizer/sanitizer_common/sanitizer_allocator.h:215 "((kSpaceBeg)) == ((reinterpret_cast<uptr>(Mprotect(kSpaceBeg, kSpaceSize))))" (0x600000000000, 0xffffffffffffffff)
FAIL: g++.dg/asan/deep-stack-uaf-1.C -O2 output pattern test, is ==25880== AddressSanitizer CHECK failed: /home/gccbuild/gcc_trunk_anonsvn/gcc/libsanitizer/sanitizer_common/sanitizer_allocator.h:215 "((kSpaceBeg)) == ((reinterpret_cast<uptr>(Mprotect(kSpaceBeg, kSpaceSize))))" (0x600000000000, 0xffffffffffffffff)
FAIL: g++.dg/asan/deep-stack-uaf-1.C -O3 -fomit-frame-pointer output pattern test, is ==26016== AddressSanitizer CHECK failed: /home/gccbuild/gcc_trunk_anonsvn/gcc/libsanitizer/sanitizer_common/sanitizer_allocator.h:215 "((kSpaceBeg)) == ((reinterpret_cast<uptr>(Mprotect(kSpaceBeg, kSpaceSize))))" (0x600000000000, 0xffffffffffffffff)
FAIL: g++.dg/asan/deep-stack-uaf-1.C -O3 -g output pattern test, is ==26084== AddressSanitizer CHECK failed: /home/gccbuild/gcc_trunk_anonsvn/gcc/libsanitizer/sanitizer_common/sanitizer_allocator.h:215 "((kSpaceBeg)) == ((reinterpret_cast<uptr>(Mprotect(kSpaceBeg, kSpaceSize))))" (0x600000000000, 0xffffffffffffffff)
FAIL: g++.dg/asan/deep-stack-uaf-1.C -Os output pattern test, is ==26152== AddressSanitizer CHECK failed: /home/gccbuild/gcc_trunk_anonsvn/gcc/libsanitizer/sanitizer_common/sanitizer_allocator.h:215 "((kSpaceBeg)) == ((reinterpret_cast<uptr>(Mprotect(kSpaceBeg, kSpaceSize))))" (0x600000000000, 0xffffffffffffffff)
FAIL: g++.dg/asan/deep-tail-call-1.C -O0 output pattern test, is =================================================================
FAIL: g++.dg/asan/deep-tail-call-1.C -O1 output pattern test, is =================================================================
FAIL: g++.dg/asan/deep-tail-call-1.C -O2 output pattern test, is =================================================================
FAIL: g++.dg/asan/deep-tail-call-1.C -O3 -fomit-frame-pointer output pattern test, is =================================================================
FAIL: g++.dg/asan/deep-tail-call-1.C -O3 -g output pattern test, is =================================================================
FAIL: g++.dg/asan/deep-tail-call-1.C -Os output pattern test, is =================================================================
FAIL: g++.dg/asan/deep-tail-call-1.C -O2 -flto -fno-use-linker-plugin -flto-partition=none output pattern test, is =================================================================
FAIL: g++.dg/asan/deep-tail-call-1.C -O2 -flto -fuse-linker-plugin -fno-fat-lto-objects output pattern test, is =================================================================
FAIL: g++.dg/asan/deep-thread-stack-1.C -O0 output pattern test, is ==26411== AddressSanitizer CHECK failed: /home/gccbuild/gcc_trunk_anonsvn/gcc/libsanitizer/sanitizer_common/sanitizer_allocator.h:215 "((kSpaceBeg)) == ((reinterpret_cast<uptr>(Mprotect(kSpaceBeg, kSpaceSize))))" (0x600000000000, 0xffffffffffffffff)
FAIL: g++.dg/asan/deep-thread-stack-1.C -O1 output pattern test, is ==26457== AddressSanitizer CHECK failed: /home/gccbuild/gcc_trunk_anonsvn/gcc/libsanitizer/sanitizer_common/sanitizer_allocator.h:215 "((kSpaceBeg)) == ((reinterpret_cast<uptr>(Mprotect(kSpaceBeg, kSpaceSize))))" (0x600000000000, 0xffffffffffffffff)
FAIL: g++.dg/asan/deep-thread-stack-1.C -O2 output pattern test, is ==26509== AddressSanitizer CHECK failed: /home/gccbuild/gcc_trunk_anonsvn/gcc/libsanitizer/sanitizer_common/sanitizer_allocator.h:215 "((kSpaceBeg)) == ((reinterpret_cast<uptr>(Mprotect(kSpaceBeg, kSpaceSize))))" (0x600000000000, 0xffffffffffffffff)
FAIL: g++.dg/asan/deep-thread-stack-1.C -O3 -fomit-frame-pointer output pattern test, is ==26561== AddressSanitizer CHECK failed: /home/gccbuild/gcc_trunk_anonsvn/gcc/libsanitizer/sanitizer_common/sanitizer_allocator.h:215 "((kSpaceBeg)) == ((reinterpret_cast<uptr>(Mprotect(kSpaceBeg, kSpaceSize))))" (0x600000000000, 0xffffffffffffffff)
FAIL: g++.dg/asan/deep-thread-stack-1.C -O3 -g output pattern test, is ==26619== AddressSanitizer CHECK failed: /home/gccbuild/gcc_trunk_anonsvn/gcc/libsanitizer/sanitizer_common/sanitizer_allocator.h:215 "((kSpaceBeg)) == ((reinterpret_cast<uptr>(Mprotect(kSpaceBeg, kSpaceSize))))" (0x600000000000, 0xffffffffffffffff)
FAIL: g++.dg/asan/deep-thread-stack-1.C -Os output pattern test, is ==26667== AddressSanitizer CHECK failed: /home/gccbuild/gcc_trunk_anonsvn/gcc/libsanitizer/sanitizer_common/sanitizer_allocator.h:215 "((kSpaceBeg)) == ((reinterpret_cast<uptr>(Mprotect(kSpaceBeg, kSpaceSize))))" (0x600000000000, 0xffffffffffffffff)
FAIL: g++.dg/asan/deep-thread-stack-1.C -O2 -flto -fno-use-linker-plugin -flto-partition=none output pattern test, is ==26756== AddressSanitizer CHECK failed: /home/gccbuild/gcc_trunk_anonsvn/gcc/libsanitizer/sanitizer_common/sanitizer_allocator.h:215 "((kSpaceBeg)) == ((reinterpret_cast<uptr>(Mprotect(kSpaceBeg, kSpaceSize))))" (0x600000000000, 0xffffffffffffffff)
FAIL: g++.dg/asan/deep-thread-stack-1.C -O2 -flto -fuse-linker-plugin -fno-fat-lto-objects output pattern test, is ==26787== AddressSanitizer CHECK failed: /home/gccbuild/gcc_trunk_anonsvn/gcc/libsanitizer/sanitizer_common/sanitizer_allocator.h:215 "((kSpaceBeg)) == ((reinterpret_cast<uptr>(Mprotect(kSpaceBeg, kSpaceSize))))" (0x600000000000, 0xffffffffffffffff)
FAIL: g++.dg/asan/interception-failure-test-1.C -O0 execution test
FAIL: g++.dg/asan/interception-failure-test-1.C -O1 (test for excess errors)
WARNING: g++.dg/asan/interception-failure-test-1.C -O1 compilation failed to produce executable
FAIL: g++.dg/asan/interception-failure-test-1.C -O2 (test for excess errors)
WARNING: g++.dg/asan/interception-failure-test-1.C -O2 compilation failed to produce executable
FAIL: g++.dg/asan/interception-failure-test-1.C -O3 -fomit-frame-pointer (test for excess errors)
WARNING: g++.dg/asan/interception-failure-test-1.C -O3 -fomit-frame-pointer compilation failed to produce executable
FAIL: g++.dg/asan/interception-failure-test-1.C -O3 -g (test for excess errors)
WARNING: g++.dg/asan/interception-failure-test-1.C -O3 -g compilation failed to produce executable
FAIL: g++.dg/asan/interception-failure-test-1.C -Os execution test
FAIL: g++.dg/asan/interception-failure-test-1.C -O2 -flto -fno-use-linker-plugin -flto-partition=none (test for excess errors)
WARNING: g++.dg/asan/interception-failure-test-1.C -O2 -flto -fno-use-linker-plugin -flto-partition=none compilation failed to produce executable
FAIL: g++.dg/asan/interception-failure-test-1.C -O2 -flto -fuse-linker-plugin -fno-fat-lto-objects (test for excess errors)
WARNING: g++.dg/asan/interception-failure-test-1.C -O2 -flto -fuse-linker-plugin -fno-fat-lto-objects compilation failed to produce executable
FAIL: g++.dg/asan/interception-malloc-test-1.C -O0 output pattern test, is malloc call
FAIL: g++.dg/asan/interception-malloc-test-1.C -O1 output pattern test, is malloc call
FAIL: g++.dg/asan/interception-malloc-test-1.C -O2 output pattern test, is malloc call
FAIL: g++.dg/asan/interception-malloc-test-1.C -O3 -fomit-frame-pointer output pattern test, is malloc call
FAIL: g++.dg/asan/interception-malloc-test-1.C -O3 -g output pattern test, is malloc call
FAIL: g++.dg/asan/interception-malloc-test-1.C -Os output pattern test, is malloc call
FAIL: g++.dg/asan/interception-malloc-test-1.C -O2 -flto -fno-use-linker-plugin -flto-partition=none output pattern test, is malloc call
FAIL: g++.dg/asan/interception-malloc-test-1.C -O2 -flto -fuse-linker-plugin -fno-fat-lto-objects output pattern test, is malloc call
FAIL: g++.dg/asan/interception-test-1.C -O0 output pattern test, is ==27185== AddressSanitizer CHECK failed: /home/gccbuild/gcc_trunk_anonsvn/gcc/libsanitizer/sanitizer_common/sanitizer_allocator.h:215 "((kSpaceBeg)) == ((reinterpret_cast<uptr>(Mprotect(kSpaceBeg, kSpaceSize))))" (0x600000000000, 0xffffffffffffffff)
FAIL: g++.dg/asan/interception-test-1.C -O1 (test for excess errors)
WARNING: g++.dg/asan/interception-test-1.C -O1 compilation failed to produce executable
FAIL: g++.dg/asan/interception-test-1.C -O2 (test for excess errors)
WARNING: g++.dg/asan/interception-test-1.C -O2 compilation failed to produce executable
FAIL: g++.dg/asan/interception-test-1.C -O3 -fomit-frame-pointer (test for excess errors)
WARNING: g++.dg/asan/interception-test-1.C -O3 -fomit-frame-pointer compilation failed to produce executable
FAIL: g++.dg/asan/interception-test-1.C -O3 -g (test for excess errors)
WARNING: g++.dg/asan/interception-test-1.C -O3 -g compilation failed to produce executable
FAIL: g++.dg/asan/interception-test-1.C -Os output pattern test, is ==27222== AddressSanitizer CHECK failed: /home/gccbuild/gcc_trunk_anonsvn/gcc/libsanitizer/sanitizer_common/sanitizer_allocator.h:215 "((kSpaceBeg)) == ((reinterpret_cast<uptr>(Mprotect(kSpaceBeg, kSpaceSize))))" (0x600000000000, 0xffffffffffffffff)
FAIL: g++.dg/asan/interception-test-1.C -O2 -flto -fno-use-linker-plugin -flto-partition=none (test for excess errors)
WARNING: g++.dg/asan/interception-test-1.C -O2 -flto -fno-use-linker-plugin -flto-partition=none compilation failed to produce executable
FAIL: g++.dg/asan/interception-test-1.C -O2 -flto -fuse-linker-plugin -fno-fat-lto-objects (test for excess errors)
WARNING: g++.dg/asan/interception-test-1.C -O2 -flto -fuse-linker-plugin -fno-fat-lto-objects compilation failed to produce executable
FAIL: g++.dg/asan/large-func-test-1.C -O0 output pattern test, is ==27268== AddressSanitizer CHECK failed: /home/gccbuild/gcc_trunk_anonsvn/gcc/libsanitizer/sanitizer_common/sanitizer_allocator.h:215 "((kSpaceBeg)) == ((reinterpret_cast<uptr>(Mprotect(kSpaceBeg, kSpaceSize))))" (0x600000000000, 0xffffffffffffffff)
FAIL: g++.dg/asan/large-func-test-1.C -O1 output pattern test, is ==27290== AddressSanitizer CHECK failed: /home/gccbuild/gcc_trunk_anonsvn/gcc/libsanitizer/sanitizer_common/sanitizer_allocator.h:215 "((kSpaceBeg)) == ((reinterpret_cast<uptr>(Mprotect(kSpaceBeg, kSpaceSize))))" (0x600000000000, 0xffffffffffffffff)
FAIL: g++.dg/asan/large-func-test-1.C -O2 output pattern test, is ==27312== AddressSanitizer CHECK failed: /home/gccbuild/gcc_trunk_anonsvn/gcc/libsanitizer/sanitizer_common/sanitizer_allocator.h:215 "((kSpaceBeg)) == ((reinterpret_cast<uptr>(Mprotect(kSpaceBeg, kSpaceSize))))" (0x600000000000, 0xffffffffffffffff)
FAIL: g++.dg/asan/large-func-test-1.C -O3 -fomit-frame-pointer output pattern test, is ==27339== AddressSanitizer CHECK failed: /home/gccbuild/gcc_trunk_anonsvn/gcc/libsanitizer/sanitizer_common/sanitizer_allocator.h:215 "((kSpaceBeg)) == ((reinterpret_cast<uptr>(Mprotect(kSpaceBeg, kSpaceSize))))" (0x600000000000, 0xffffffffffffffff)
FAIL: g++.dg/asan/large-func-test-1.C -O3 -g output pattern test, is ==27361== AddressSanitizer CHECK failed: /home/gccbuild/gcc_trunk_anonsvn/gcc/libsanitizer/sanitizer_common/sanitizer_allocator.h:215 "((kSpaceBeg)) == ((reinterpret_cast<uptr>(Mprotect(kSpaceBeg, kSpaceSize))))" (0x600000000000, 0xffffffffffffffff)
FAIL: g++.dg/asan/large-func-test-1.C -Os output pattern test, is ==27404== AddressSanitizer CHECK failed: /home/gccbuild/gcc_trunk_anonsvn/gcc/libsanitizer/sanitizer_common/sanitizer_allocator.h:215 "((kSpaceBeg)) == ((reinterpret_cast<uptr>(Mprotect(kSpaceBeg, kSpaceSize))))" (0x600000000000, 0xffffffffffffffff)
FAIL: g++.dg/asan/large-func-test-1.C -O2 -flto -fno-use-linker-plugin -flto-partition=none output pattern test, is ==27443== AddressSanitizer CHECK failed: /home/gccbuild/gcc_trunk_anonsvn/gcc/libsanitizer/sanitizer_common/sanitizer_allocator.h:215 "((kSpaceBeg)) == ((reinterpret_cast<uptr>(Mprotect(kSpaceBeg, kSpaceSize))))" (0x600000000000, 0xffffffffffffffff)
FAIL: g++.dg/asan/large-func-test-1.C -O2 -flto -fuse-linker-plugin -fno-fat-lto-objects output pattern test, is ==27476== AddressSanitizer CHECK failed: /home/gccbuild/gcc_trunk_anonsvn/gcc/libsanitizer/sanitizer_common/sanitizer_allocator.h:215 "((kSpaceBeg)) == ((reinterpret_cast<uptr>(Mprotect(kSpaceBeg, kSpaceSize))))" (0x600000000000, 0xffffffffffffffff)
=== g++ Summary for unix/-m64 ===
# of expected passes 52090
# of unexpected failures 108
# of expected failures 289
# of unsupported tests 851
=== g++ Summary ===
# of expected passes 103043
# of unexpected failures 154
# of expected failures 578
# of unsupported tests 1667
/home/gccbuild/build/nightly/build-gcc-trunk/gcc/testsuite/g++/../../xg++ version 4.8.0 20130204 (experimental) [trunk revision 195706] (GCC)
=== go tests ===
Running target unix/-m32
FAIL: go.test/test/fixedbugs/bug257.go execution, -O2 -g
=== go Summary for unix/-m32 ===
# of expected passes 5080
# of unexpected failures 1
# of expected failures 1
# of untested testcases 6
Running target unix/-m64
FAIL: go.test/test/chan/doubleselect.go execution, -O2 -g
FAIL: go.test/test/fixedbugs/bug257.go execution, -O2 -g
=== go Summary for unix/-m64 ===
# of expected passes 4959
# of unexpected failures 2
# of expected failures 1
# of untested testcases 6
=== go Summary ===
# of expected passes 10039
# of unexpected failures 3
# of expected failures 2
# of untested testcases 12
/home/gccbuild/build/nightly/build-gcc-trunk/gcc/testsuite/go/../../gccgo version 4.8.0 20130204 (experimental) [trunk revision 195706] (GCC)
=== obj-c++ tests ===
Running target unix/-m32
=== obj-c++ Summary for unix/-m32 ===
# of expected passes 1450
# of expected failures 2
# of unsupported tests 86
Running target unix/-m64
=== obj-c++ Summary for unix/-m64 ===
# of expected passes 1442
# of expected failures 10
# of unsupported tests 86
=== obj-c++ Summary ===
# of expected passes 2892
# of expected failures 12
# of unsupported tests 172
/home/gccbuild/build/nightly/build-gcc-trunk/gcc/testsuite/obj-c++/../../xg++ version 4.8.0 20130204 (experimental) [trunk revision 195706] (GCC)
=== objc tests ===
Running target unix/-m32
=== objc Summary for unix/-m32 ===
# of expected passes 2994
# of unsupported tests 74
Running target unix/-m64
=== objc Summary for unix/-m64 ===
# of expected passes 2994
# of unsupported tests 74
=== objc Summary ===
# of expected passes 5988
# of unsupported tests 148
/home/gccbuild/build/nightly/build-gcc-trunk/gcc/xgcc version 4.8.0 20130204 (experimental) [trunk revision 195706] (GCC)
=== libatomic tests ===
Running target unix/-m32
=== libatomic Summary for unix/-m32 ===
# of expected passes 34
# of unsupported tests 10
Running target unix/-m64
=== libatomic Summary for unix/-m64 ===
# of expected passes 44
# of unsupported tests 5
=== libatomic Summary ===
# of expected passes 78
# of unsupported tests 15
=== libffi tests ===
Running target unix/-m32
=== libffi Summary for unix/-m32 ===
# of expected passes 1819
# of unsupported tests 55
Running target unix/-m64
FAIL: libffi.call/cls_struct_va1.c -O0 -W -Wall output pattern test, is 4 5 6 10 11 12 13 14 20 21
FAIL: libffi.call/cls_uint_va.c -O0 -W -Wall output pattern test, is 67: 67 4
FAIL: libffi.call/va_1.c -O0 -W -Wall output pattern test, is 5 6 10 11 12 13 14 7 8 uc=9 sc=10 11 12 13 14 15 16 2.120000 3.130000
FAIL: libffi.call/va_struct1.c -O0 -W -Wall output pattern test, is 5 6 10 11 12 13 14 7 8
FAIL: libffi.call/cls_struct_va1.c -O2 output pattern test, is 4 5 6 10 11 12 13 14 20 21
FAIL: libffi.call/cls_uint_va.c -O2 output pattern test, is 67: 67 4
FAIL: libffi.call/va_1.c -O2 output pattern test, is 5 6 10 11 12 13 14 7 8 uc=9 sc=10 11 12 13 14 15 16 2.120000 3.130000
FAIL: libffi.call/va_struct1.c -O2 output pattern test, is 5 6 10 11 12 13 14 7 8
FAIL: libffi.call/cls_struct_va1.c -O3 output pattern test, is 4 5 6 10 11 12 13 14 20 21
FAIL: libffi.call/cls_uint_va.c -O3 output pattern test, is 67: 67 4
FAIL: libffi.call/va_1.c -O3 output pattern test, is 5 6 10 11 12 13 14 7 8 uc=9 sc=10 11 12 13 14 15 16 2.120000 3.130000
FAIL: libffi.call/va_struct1.c -O3 output pattern test, is 5 6 10 11 12 13 14 7 8
FAIL: libffi.call/cls_struct_va1.c -Os output pattern test, is 4 5 6 10 11 12 13 14 20 21
FAIL: libffi.call/cls_uint_va.c -Os output pattern test, is 67: 67 4
FAIL: libffi.call/va_1.c -Os output pattern test, is 5 6 10 11 12 13 14 7 8 uc=9 sc=10 11 12 13 14 15 16 2.120000 3.130000
FAIL: libffi.call/va_struct1.c -Os output pattern test, is 5 6 10 11 12 13 14 7 8
FAIL: libffi.call/cls_struct_va1.c -O2 -fomit-frame-pointer output pattern test, is 4 5 6 10 11 12 13 14 20 21
FAIL: libffi.call/cls_uint_va.c -O2 -fomit-frame-pointer output pattern test, is 67: 67 4
FAIL: libffi.call/va_1.c -O2 -fomit-frame-pointer output pattern test, is 5 6 10 11 12 13 14 7 8 uc=9 sc=10 11 12 13 14 15 16 2.120000 3.130000
FAIL: libffi.call/va_struct1.c -O2 -fomit-frame-pointer output pattern test, is 5 6 10 11 12 13 14 7 8
=== libffi Summary for unix/-m64 ===
# of expected passes 1799
# of unexpected failures 20
# of unsupported tests 55
=== libffi Summary ===
# of expected passes 3618
# of unexpected failures 20
# of unsupported tests 110
=== libgo tests ===
Running target unix
FAIL: math
FAIL: archive/tar
FAIL: crypto/hmac
FAIL: crypto/md5
FAIL: crypto/tls
FAIL: crypto/x509
FAIL: net/http
FAIL: net/smtp
FAIL: os/signal
FAIL: testing/quick
=== libgo Summary for unix ===
# of expected passes 121
# of unexpected failures 10
Running target unix/-m64 -fPIC
FAIL: math
FAIL: sync
FAIL: archive/tar
FAIL: crypto/hmac
FAIL: crypto/md5
FAIL: crypto/tls
FAIL: crypto/x509
FAIL: math/big
FAIL: net/http
FAIL: net/http/httputil
FAIL: net/rpc
FAIL: net/smtp
FAIL: os/exec
FAIL: testing/quick
=== libgo Summary for unix/-m64 -fPIC ===
# of expected passes 117
# of unexpected failures 14
=== libgo Summary ===
# of expected passes 238
# of unexpected failures 24
/home/gccbuild/build/nightly/build-gcc-trunk/./gcc/gccgo version 4.8.0 20130204 (experimental) [trunk revision 195706] (GCC)
=== libgomp tests ===
Running target unix/-m32
=== libgomp Summary for unix/-m32 ===
# of expected passes 2931
# of unsupported tests 1
Running target unix/-m64
=== libgomp Summary for unix/-m64 ===
# of expected passes 2931
# of unsupported tests 1
=== libgomp Summary ===
# of expected passes 5862
# of unsupported tests 2
=== libitm tests ===
Running target unix/-m32
=== libitm Summary for unix/-m32 ===
# of expected passes 26
# of expected failures 3
# of unsupported tests 1
Running target unix/-m64
=== libitm Summary for unix/-m64 ===
# of expected passes 26
# of expected failures 3
# of unsupported tests 1
=== libitm Summary ===
# of expected passes 52
# of expected failures 6
# of unsupported tests 2
=== libmudflap tests ===
Running target unix/-m32
FAIL: libmudflap.c/fail37-frag.c (-O2) crash test
FAIL: libmudflap.c/fail37-frag.c (-O2) output pattern test
FAIL: libmudflap.c/fail37-frag.c (-O3) crash test
FAIL: libmudflap.c/fail37-frag.c (-O3) output pattern test
FAIL: libmudflap.c++/pass41-frag.cxx (-static) execution test
FAIL: libmudflap.c++/pass41-frag.cxx ( -O) execution test
FAIL: libmudflap.c++/pass41-frag.cxx (-O2) execution test
FAIL: libmudflap.c++/pass41-frag.cxx (-O3) execution test
=== libmudflap Summary for unix/-m32 ===
# of expected passes 1898
# of unexpected failures 8
Running target unix/-m64
FAIL: libmudflap.c/fail37-frag.c (-O2) crash test
FAIL: libmudflap.c/fail37-frag.c (-O2) output pattern test
FAIL: libmudflap.c/fail37-frag.c (-O3) crash test
FAIL: libmudflap.c/fail37-frag.c (-O3) output pattern test
FAIL: libmudflap.c++/pass41-frag.cxx (-static) execution test
FAIL: libmudflap.c++/pass41-frag.cxx ( -O) execution test
FAIL: libmudflap.c++/pass41-frag.cxx (-O2) execution test
FAIL: libmudflap.c++/pass41-frag.cxx (-O3) execution test
=== libmudflap Summary for unix/-m64 ===
# of expected passes 1898
# of unexpected failures 8
=== libmudflap Summary ===
# of expected passes 3796
# of unexpected failures 16
=== libstdc++ tests ===
Running target unix/-m32
FAIL: libstdc++-abi/abi_check
=== libstdc++ Summary for unix/-m32 ===
# of expected passes 9166
# of unexpected failures 1
# of expected failures 45
# of unsupported tests 227
Running target unix/-m64
=== libstdc++ Summary for unix/-m64 ===
# of expected passes 9167
# of expected failures 45
# of unsupported tests 227
=== libstdc++ Summary ===
# of expected passes 18333
# of unexpected failures 1
# of expected failures 90
# of unsupported tests 454
Compiler version: 4.8.0 20130204 (experimental) [trunk revision 195706] (GCC)
Platform: powerpc64-unknown-linux-gnu
configure flags: --prefix=/opt/gcc-nightly/trunk-20130204 --build=powerpc64-linux --host=powerpc64-linux --target=powerpc64-linux --with-cpu=default32 --with-as=/opt/gcc-nightly/binutils-2.21.1/bin/as --with-ld=/opt/gcc-nightly/binutils-2.21.1/bin/ld --enable-threads=posix --enable-shared --enable-__cxa_atexit --enable-languages=c,c++,fortran,objc,obj-c++,go --with-long-double-128 --enable-secureplt --enable-checking --disable-alsa --enable-decimal-float --with-gmp=/opt/gcc-nightly/gcc-host-libs --with-mpfr=/opt/gcc-nightly/gcc-host-libs --with-ppl=/opt/gcc-nightly/gcc-host-libs --with-cloog=/opt/gcc-nightly/gcc-host-libs --with-mpc=/opt/gcc-nightly/gcc-host-libs --with-libelf=/opt/gcc-nightly/gcc-host-libs --with-host-libstdcxx=-Wl,-Bstatic,-L/opt/gcc-nightly/gcc-host-libs/lib,-lstdc++,-Bdynamic,-lm
=== Test Framework Summary ===
# of expected passes 2531
More information about the Gcc-testresults
mailing list