Results for 4.6.4 20130201 (prerelease) [gcc-4_6-branch revision 195644] (GCC) testsuite on sparc-sun-solaris2.8
Rainer Orth
ro@CeBiTec.Uni-Bielefeld.DE
Mon Feb 4 09:53:00 GMT 2013
LAST_UPDATED: Fri Feb 1 14:04:14 UTC 2013 (revision 195644)
=== acats tests ===
=== acats Summary ===
# of expected passes 2321
# of unexpected failures 0
Native configuration is sparc-sun-solaris2.8
=== g++ tests ===
Running target unix
XPASS: g++.dg/uninit-pred-3_b.C (test for excess errors)
=== g++ Summary for unix ===
# of expected passes 26639
# of unexpected successes 1
# of expected failures 170
# of unsupported tests 440
Running target unix/-m64
FAIL: g++.dg/cpp0x/nullptr28.C execution test
XPASS: g++.dg/uninit-pred-3_b.C (test for excess errors)
=== g++ Summary for unix/-m64 ===
# of expected passes 27250
# of unexpected failures 1
# of unexpected successes 1
# of expected failures 170
# of unsupported tests 437
=== g++ Summary ===
# of expected passes 53889
# of unexpected failures 1
# of unexpected successes 2
# of expected failures 340
# of unsupported tests 877
/var/gcc/regression/gcc-4.6-branch/8-gcc-gas/build/gcc/testsuite/g++/../../g++ version 4.6.4 20130201 (prerelease) [gcc-4_6-branch revision 195644] (GCC)
=== gcc tests ===
Running target unix
FAIL: gcc.dg/lto/20110201-1 c_lto_20110201-1_0.o-c_lto_20110201-1_0.o link, -O0 -flto
UNRESOLVED: gcc.dg/lto/20110201-1 c_lto_20110201-1_0.o-c_lto_20110201-1_0.o execute -O0 -flto
=== gcc Summary for unix ===
# of expected passes 70743
# of unexpected failures 1
# of expected failures 240
# of unresolved testcases 1
# of unsupported tests 1208
Running target unix/-m64
=== gcc Summary for unix/-m64 ===
# of expected passes 71333
# of expected failures 231
# of unsupported tests 1210
=== gcc Summary ===
# of expected passes 142076
# of unexpected failures 1
# of expected failures 471
# of unresolved testcases 1
# of unsupported tests 2418
/var/gcc/regression/gcc-4.6-branch/8-gcc-gas/build/gcc/xgcc version 4.6.4 20130201 (prerelease) [gcc-4_6-branch revision 195644] (GCC)
=== gfortran tests ===
Running target unix
=== gfortran Summary for unix ===
# of expected passes 38559
# of expected failures 43
# of unsupported tests 395
Running target unix/-m64
=== gfortran Summary for unix/-m64 ===
# of expected passes 38845
# of expected failures 43
# of unsupported tests 251
=== gfortran Summary ===
# of expected passes 77404
# of expected failures 86
# of unsupported tests 646
/var/gcc/regression/gcc-4.6-branch/8-gcc-gas/build/gcc/testsuite/gfortran/../../gfortran version 4.6.4 20130201 (prerelease) [gcc-4_6-branch revision 195644] (GCC)
=== gnat tests ===
Running target unix
=== gnat Summary for unix ===
# of expected passes 877
# of expected failures 10
# of unsupported tests 4
Running target unix/-m64
=== gnat Summary for unix/-m64 ===
# of expected passes 877
# of expected failures 10
# of unsupported tests 4
=== gnat Summary ===
# of expected passes 1754
# of expected failures 20
# of unsupported tests 8
/var/gcc/regression/gcc-4.6-branch/8-gcc-gas/build/gcc/gnatmake version 4.6.4 20130201 (prerelease) [gcc-4_6-branch revision 195644]
=== objc tests ===
Running target unix
=== objc Summary for unix ===
# of expected passes 2868
# of expected failures 10
# of unsupported tests 98
Running target unix/-m64
=== objc Summary for unix/-m64 ===
# of expected passes 2868
# of expected failures 10
# of unsupported tests 98
=== objc Summary ===
# of expected passes 5736
# of expected failures 20
# of unsupported tests 196
/var/gcc/regression/gcc-4.6-branch/8-gcc-gas/build/gcc/xgcc version 4.6.4 20130201 (prerelease) [gcc-4_6-branch revision 195644] (GCC)
=== libffi tests ===
Running target unix
=== libffi Summary for unix ===
# of expected passes 1634
# of expected failures 10
# of unsupported tests 15
Running target unix/-m64
=== libffi Summary for unix/-m64 ===
# of expected passes 1634
# of expected failures 10
# of unsupported tests 15
=== libffi Summary ===
# of expected passes 3268
# of expected failures 20
# of unsupported tests 30
=== libgomp tests ===
Running target unix
=== libgomp Summary for unix ===
# of expected passes 2614
# of unsupported tests 10
Running target unix/-m64
=== libgomp Summary for unix/-m64 ===
# of expected passes 2614
# of unsupported tests 10
=== libgomp Summary ===
# of expected passes 5228
# of unsupported tests 20
=== libjava tests ===
Running target unix
=== libjava Summary for unix ===
# of expected passes 2574
Running target unix/-m64
=== libjava Summary for unix/-m64 ===
# of expected passes 2574
=== libjava Summary ===
# of expected passes 5148
=== libstdc++ tests ===
Running target unix
=== libstdc++ Summary for unix ===
# of expected passes 6910
# of expected failures 84
# of unsupported tests 745
Running target unix/-m64
=== libstdc++ Summary for unix/-m64 ===
# of expected passes 6910
# of expected failures 84
# of unsupported tests 745
=== libstdc++ Summary ===
# of expected passes 13820
# of expected failures 168
# of unsupported tests 1490
Compiler version: 4.6.4 20130201 (prerelease) [gcc-4_6-branch revision 195644] (GCC)
Platform: sparc-sun-solaris2.8
configure flags: --prefix=/vol/gcc --target=sparc-sun-solaris2.8 --with-as=/vol/gcc/bin/gas-2.23.1 --with-gnu-as --with-gmp-include=/vol/gcc/include --with-gmp-lib=/vol/gcc/lib --with-mpfr-include=/vol/gcc/include --with-mpfr-lib=/vol/gcc/lib --with-mpc-include=/vol/gcc/include --with-mpc-lib=/vol/gcc/lib --enable-languages=all,ada --without-ppl --without-isl --without-cloog
BOOT_CFLAGS=-g -O2
More information about the Gcc-testresults
mailing list