Results for 4.9.0 20131228 (experimental) (GCC) testsuite on s390-ibm-linux-gnu z10
Andreas Krebbel
Andreas.Krebbel@de.ibm.com
Sun Dec 29 01:02:00 GMT 2013
LAST_UPDATED: Sat Dec 28 18:19:36 UTC 2013 (revision 206233)
Native configuration is s390-ibm-linux-gnu z10
=== g++ tests ===
Running target unix
FAIL: g++.dg/guality/pr55665.C -O2 line 23 p == 40
FAIL: g++.dg/guality/pr55665.C -O3 -fomit-frame-pointer line 23 p == 40
FAIL: g++.dg/guality/pr55665.C -O3 -g line 23 p == 40
FAIL: g++.dg/guality/redeclaration1.C -O0 line 14 i == 42
=== g++ Summary ===
# of expected passes 55200
# of unexpected failures 4
# of expected failures 290
# of unsupported tests 1188
-z10/gcc/testsuite/g++/../../xg++ version 4.9.0 20131228 (experimental) (GCC)
=== gcc tests ===
Running target unix
FAIL: gcc.dg/atomic/c11-atomic-exec-5.c -O0 execution test
FAIL: gcc.dg/atomic/c11-atomic-exec-5.c -O1 execution test
FAIL: gcc.dg/atomic/c11-atomic-exec-5.c -O2 execution test
FAIL: gcc.dg/atomic/c11-atomic-exec-5.c -O3 -fomit-frame-pointer execution test
FAIL: gcc.dg/atomic/c11-atomic-exec-5.c -O3 -fomit-frame-pointer -funroll-loops execution test
FAIL: gcc.dg/atomic/c11-atomic-exec-5.c -O3 -fomit-frame-pointer -funroll-all-loops -finline-functions execution test
FAIL: gcc.dg/atomic/c11-atomic-exec-5.c -O3 -g execution test
FAIL: gcc.dg/atomic/c11-atomic-exec-5.c -Os execution test
FAIL: gcc.dg/atomic/c11-atomic-exec-5.c -O2 -flto -fno-use-linker-plugin -flto-partition=none execution test
FAIL: gcc.dg/atomic/c11-atomic-exec-5.c -O2 -flto -fuse-linker-plugin -fno-fat-lto-objects execution test
FAIL: gcc.dg/builtin-bswap-6.c scan-rtl-dump-not combine "bswapsi"
FAIL: gcc.dg/builtin-bswap-8.c scan-rtl-dump-not combine "bswapsi"
FAIL: gcc.dg/c99-stdint-1.c (test for excess errors)
FAIL: gcc.dg/gcc-have-sync-compare-and-swap.c (test for excess errors)
FAIL: gcc.dg/hoist-register-pressure-1.c scan-rtl-dump hoist "PRE/HOIST: end of bb .* copying expression"
FAIL: gcc.dg/hoist-register-pressure-2.c scan-rtl-dump hoist "PRE/HOIST: end of bb .* copying expression"
FAIL: gcc.dg/hoist-register-pressure-3.c scan-rtl-dump hoist "PRE/HOIST: end of bb .* copying expression"
FAIL: gcc.dg/lower-subreg-1.c scan-rtl-dump subreg1 "Splitting reg"
FAIL: gcc.dg/uninit-13.c unconditional (test for warnings, line 8)
FAIL: gcc.dg/uninit-13.c (test for excess errors)
FAIL: gcc.dg/var-expand1.c scan-rtl-dump loop2_unroll "Expanding Accumulator"
FAIL: gcc.dg/guality/asm-1.c -O0 line 14 f == 14
XPASS: gcc.dg/guality/example.c -O0 execution test
XPASS: gcc.dg/guality/example.c -O1 execution test
XPASS: gcc.dg/guality/guality.c -O0 execution test
XPASS: gcc.dg/guality/guality.c -O1 execution test
XPASS: gcc.dg/guality/guality.c -O2 execution test
XPASS: gcc.dg/guality/guality.c -O3 -fomit-frame-pointer execution test
XPASS: gcc.dg/guality/guality.c -O3 -g execution test
XPASS: gcc.dg/guality/guality.c -Os execution test
XPASS: gcc.dg/guality/guality.c -O2 -flto -fno-use-linker-plugin -flto-partition=none execution test
XPASS: gcc.dg/guality/inline-params.c -O2 execution test
XPASS: gcc.dg/guality/inline-params.c -O3 -fomit-frame-pointer execution test
XPASS: gcc.dg/guality/inline-params.c -O3 -g execution test
XPASS: gcc.dg/guality/inline-params.c -Os execution test
XPASS: gcc.dg/guality/inline-params.c -O2 -flto -fno-use-linker-plugin -flto-partition=none execution test
FAIL: gcc.dg/guality/param-2.c -O1 line 20 str.pa == 31415927
FAIL: gcc.dg/guality/param-2.c -O1 line 20 str.pb == 27182818
FAIL: gcc.dg/guality/param-3.c -O1 line 20 str.pa == 31415927
FAIL: gcc.dg/guality/param-3.c -O1 line 20 str.pb == 27182818
FAIL: gcc.dg/guality/param-4.c -O0 line 10 i == 1
FAIL: gcc.dg/guality/pr36728-1.c -O0 line 16 arg3 == 3
FAIL: gcc.dg/guality/pr36728-1.c -O0 line 16 arg4 == 4
FAIL: gcc.dg/guality/pr36728-1.c -O0 line 16 arg5 == 5
FAIL: gcc.dg/guality/pr36728-1.c -O0 line 18 arg3 == 3
FAIL: gcc.dg/guality/pr36728-1.c -O0 line 18 arg4 == 4
FAIL: gcc.dg/guality/pr36728-1.c -O0 line 18 arg5 == 5
FAIL: gcc.dg/guality/pr36728-1.c -O2 -flto -fuse-linker-plugin -fno-fat-lto-objects line 16 arg3 == 3
FAIL: gcc.dg/guality/pr36728-1.c -O2 -flto -fuse-linker-plugin -fno-fat-lto-objects line 18 arg3 == 3
FAIL: gcc.dg/guality/pr36728-2.c -O0 line 16 arg3 == 3
FAIL: gcc.dg/guality/pr36728-2.c -O0 line 16 arg4 == 4
FAIL: gcc.dg/guality/pr36728-2.c -O0 line 16 arg5 == 5
FAIL: gcc.dg/guality/pr36728-2.c -O0 line 18 arg3 == 3
FAIL: gcc.dg/guality/pr36728-2.c -O0 line 18 arg4 == 4
FAIL: gcc.dg/guality/pr36728-2.c -O0 line 18 arg5 == 5
FAIL: gcc.dg/guality/pr36728-2.c -O0 line 18 *x == (char) 25
FAIL: gcc.dg/guality/pr36728-2.c -O1 line 18 *x == (char) 25
FAIL: gcc.dg/guality/pr36728-2.c -O2 line 18 *x == (char) 25
FAIL: gcc.dg/guality/pr36728-2.c -O3 -fomit-frame-pointer line 18 *x == (char) 25
FAIL: gcc.dg/guality/pr36728-2.c -O3 -g line 18 *x == (char) 25
FAIL: gcc.dg/guality/pr36728-2.c -Os line 18 *x == (char) 25
FAIL: gcc.dg/guality/pr36728-2.c -O2 -flto -fno-use-linker-plugin -flto-partition=none line 18 *x == (char) 25
FAIL: gcc.dg/guality/pr36728-3.c -O0 line 14 arg3 == 3
FAIL: gcc.dg/guality/pr36728-3.c -O0 line 14 arg4 == 4
FAIL: gcc.dg/guality/pr36728-3.c -O0 line 14 arg5 == 5
FAIL: gcc.dg/guality/pr36728-3.c -O0 line 16 arg3 == 3
FAIL: gcc.dg/guality/pr36728-3.c -O0 line 16 arg4 == 4
FAIL: gcc.dg/guality/pr36728-3.c -O0 line 16 arg5 == 5
FAIL: gcc.dg/guality/pr36728-4.c -O0 line 14 arg3 == 3
FAIL: gcc.dg/guality/pr36728-4.c -O0 line 14 arg4 == 4
FAIL: gcc.dg/guality/pr36728-4.c -O0 line 14 arg5 == 5
FAIL: gcc.dg/guality/pr36728-4.c -O0 line 16 arg3 == 3
FAIL: gcc.dg/guality/pr36728-4.c -O0 line 16 arg4 == 4
FAIL: gcc.dg/guality/pr36728-4.c -O0 line 16 arg5 == 5
FAIL: gcc.dg/guality/pr36728-4.c -O0 line 16 *x == (char) 25
FAIL: gcc.dg/guality/pr36728-4.c -O1 line 16 *x == (char) 25
FAIL: gcc.dg/guality/pr36728-4.c -O2 line 16 *x == (char) 25
FAIL: gcc.dg/guality/pr36728-4.c -O3 -fomit-frame-pointer line 16 *x == (char) 25
FAIL: gcc.dg/guality/pr36728-4.c -O3 -g line 16 *x == (char) 25
FAIL: gcc.dg/guality/pr36728-4.c -Os line 16 *x == (char) 25
FAIL: gcc.dg/guality/pr36728-4.c -O2 -flto -fno-use-linker-plugin -flto-partition=none line 16 *x == (char) 25
FAIL: gcc.dg/guality/pr41353-1.c -O0 line 17 vari1 == 2 * 17
FAIL: gcc.dg/guality/pr41353-1.c -O0 line 17 vari2 == 3 * 17
FAIL: gcc.dg/guality/pr41353-1.c -O0 line 17 vari3 == 2 * 17
FAIL: gcc.dg/guality/pr41353-1.c -O0 line 17 vari4 == 3 * 17
FAIL: gcc.dg/guality/pr41353-1.c -O0 line 17 vari5 == 4 * 17
FAIL: gcc.dg/guality/pr41353-1.c -O0 line 17 vari6 == 5 * 17
FAIL: gcc.dg/guality/pr41353-1.c -O0 line 28 i == 37
FAIL: gcc.dg/guality/pr41353-1.c -O0 line 28 i1 == 2 * 37
FAIL: gcc.dg/guality/pr41353-1.c -O0 line 28 i2 == 3 * 37
FAIL: gcc.dg/guality/pr41353-1.c -O0 line 39 i == 12
FAIL: gcc.dg/guality/pr41353-1.c -O0 line 39 i1 == 2 * 12
FAIL: gcc.dg/guality/pr41353-1.c -O0 line 39 i2 == 2 * 12
FAIL: gcc.dg/guality/pr41353-1.c -O0 line 39 i3 == 3 * 12
FAIL: gcc.dg/guality/pr41353-2.c -O0 line 13 vari1 == 2 * 17
FAIL: gcc.dg/guality/pr41353-2.c -O0 line 13 vari2 == 3 * 17
FAIL: gcc.dg/guality/pr41404-1.c -O2 -flto -fuse-linker-plugin -fno-fat-lto-objects line 10 *foo == 'f'
FAIL: gcc.dg/guality/pr41404-1.c -O2 -flto -fuse-linker-plugin -fno-fat-lto-objects line 14 *foo == 'b'
FAIL: gcc.dg/guality/pr41404-1.c -O2 -flto -fuse-linker-plugin -fno-fat-lto-objects line 24 *foo == 'f'
XPASS: gcc.dg/guality/pr41447-1.c -O0 execution test
XPASS: gcc.dg/guality/pr41447-1.c -O1 execution test
XPASS: gcc.dg/guality/pr41447-1.c -O2 execution test
XPASS: gcc.dg/guality/pr41447-1.c -O3 -fomit-frame-pointer execution test
XPASS: gcc.dg/guality/pr41447-1.c -O3 -g execution test
XPASS: gcc.dg/guality/pr41447-1.c -Os execution test
XPASS: gcc.dg/guality/pr41447-1.c -O2 -flto -fno-use-linker-plugin -flto-partition=none execution test
XPASS: gcc.dg/guality/pr41616-1.c -O0 execution test
XPASS: gcc.dg/guality/pr41616-1.c -O1 execution test
XPASS: gcc.dg/guality/pr41616-1.c -O2 execution test
XPASS: gcc.dg/guality/pr41616-1.c -O3 -fomit-frame-pointer execution test
XPASS: gcc.dg/guality/pr41616-1.c -O3 -g execution test
XPASS: gcc.dg/guality/pr41616-1.c -Os execution test
XPASS: gcc.dg/guality/pr41616-1.c -O2 -flto -fno-use-linker-plugin -flto-partition=none execution test
FAIL: gcc.dg/guality/pr43077-1.c -O0 line 19 vara == 1
FAIL: gcc.dg/guality/pr43329-1.c -O0 line 12 argx == 25
FAIL: gcc.dg/guality/pr43329-1.c -O0 line 12 varx == 25
FAIL: gcc.dg/guality/pr43479.c -O0 line 13 i == 6
FAIL: gcc.dg/guality/pr43479.c -O0 line 13 h == 9
FAIL: gcc.dg/guality/pr43479.c -O0 line 13 n == 9
FAIL: gcc.dg/guality/pr43479.c -O0 line 18 j == 8
FAIL: gcc.dg/guality/pr43479.c -O0 line 18 h == 9
FAIL: gcc.dg/guality/pr43479.c -O0 line 12 n == 9
FAIL: gcc.dg/guality/pr45882.c -O0 line 16 b == 7
FAIL: gcc.dg/guality/pr45882.c -O0 line 16 c == 11
FAIL: gcc.dg/guality/pr45882.c -O0 line 16 d == 112
FAIL: gcc.dg/guality/pr45882.c -O0 line 16 e == 142
FAIL: gcc.dg/guality/pr54200.c -O1 line 20 z == 3
FAIL: gcc.dg/guality/pr54200.c -O2 line 20 z == 3
FAIL: gcc.dg/guality/pr54200.c -O3 -fomit-frame-pointer line 20 z == 3
FAIL: gcc.dg/guality/pr54200.c -O3 -g line 20 z == 3
FAIL: gcc.dg/guality/pr54200.c -Os line 20 z == 3
FAIL: gcc.dg/guality/pr54200.c -O2 -flto -fno-use-linker-plugin -flto-partition=none line 20 z == 3
FAIL: gcc.dg/guality/pr54200.c -O2 -flto -fuse-linker-plugin -fno-fat-lto-objects line 20 z == 3
FAIL: gcc.dg/guality/pr54519-1.c -O2 -flto -fno-use-linker-plugin -flto-partition=none line 20 y == 25
FAIL: gcc.dg/guality/pr54519-1.c -O2 -flto -fno-use-linker-plugin -flto-partition=none line 20 z == 6
FAIL: gcc.dg/guality/pr54519-1.c -O2 -flto -fno-use-linker-plugin -flto-partition=none line 23 y == 117
FAIL: gcc.dg/guality/pr54519-1.c -O2 -flto -fno-use-linker-plugin -flto-partition=none line 23 z == 8
FAIL: gcc.dg/guality/pr54519-1.c -O2 -flto -fuse-linker-plugin -fno-fat-lto-objects line 20 y == 25
FAIL: gcc.dg/guality/pr54519-1.c -O2 -flto -fuse-linker-plugin -fno-fat-lto-objects line 20 z == 6
FAIL: gcc.dg/guality/pr54519-2.c -O2 -flto -fno-use-linker-plugin -flto-partition=none line 17 y == 25
FAIL: gcc.dg/guality/pr54519-2.c -O2 -flto -fuse-linker-plugin -fno-fat-lto-objects line 17 y == 25
FAIL: gcc.dg/guality/pr54519-3.c -O2 -flto -fno-use-linker-plugin -flto-partition=none line 20 y == 25
FAIL: gcc.dg/guality/pr54519-3.c -O2 -flto -fno-use-linker-plugin -flto-partition=none line 20 z == 6
FAIL: gcc.dg/guality/pr54519-3.c -O2 -flto -fno-use-linker-plugin -flto-partition=none line 23 y == 117
FAIL: gcc.dg/guality/pr54519-3.c -O2 -flto -fno-use-linker-plugin -flto-partition=none line 23 z == 8
FAIL: gcc.dg/guality/pr54519-3.c -O2 -flto -fuse-linker-plugin -fno-fat-lto-objects line 20 y == 25
FAIL: gcc.dg/guality/pr54519-3.c -O2 -flto -fuse-linker-plugin -fno-fat-lto-objects line 20 z == 6
FAIL: gcc.dg/guality/pr54519-3.c -O2 -flto -fuse-linker-plugin -fno-fat-lto-objects line 23 y == 117
FAIL: gcc.dg/guality/pr54519-3.c -O2 -flto -fuse-linker-plugin -fno-fat-lto-objects line 23 z == 8
FAIL: gcc.dg/guality/pr54519-4.c -O2 -flto -fno-use-linker-plugin -flto-partition=none line 17 y == 25
FAIL: gcc.dg/guality/pr54519-4.c -O2 -flto -fuse-linker-plugin -fno-fat-lto-objects line 17 y == 25
FAIL: gcc.dg/guality/pr54519-5.c -O2 line 17 y == 25
FAIL: gcc.dg/guality/pr54519-5.c -O3 -fomit-frame-pointer line 17 y == 25
FAIL: gcc.dg/guality/pr54519-5.c -O3 -g line 17 y == 25
FAIL: gcc.dg/guality/pr54519-5.c -Os line 17 y == 25
FAIL: gcc.dg/guality/pr54519-5.c -O2 -flto -fno-use-linker-plugin -flto-partition=none line 17 y == 25
FAIL: gcc.dg/guality/pr54519-5.c -O2 -flto -fuse-linker-plugin -fno-fat-lto-objects line 17 y == 25
FAIL: gcc.dg/guality/pr54519-6.c -O0 line 11 x == 2
FAIL: gcc.dg/guality/pr54693-2.c -Os line 21 x == 10 - i
FAIL: gcc.dg/guality/pr54693-2.c -Os line 21 y == 20 - 2 * i
FAIL: gcc.dg/guality/pr54796.c -O2 -flto -fuse-linker-plugin -fno-fat-lto-objects line 17 a == 5
FAIL: gcc.dg/guality/pr54796.c -O2 -flto -fuse-linker-plugin -fno-fat-lto-objects line 17 b == 6
FAIL: gcc.dg/guality/pr54796.c -O2 -flto -fuse-linker-plugin -fno-fat-lto-objects line 17 c == 5
FAIL: gcc.dg/guality/pr54970.c -O0 line 15 a[0] == 1
FAIL: gcc.dg/guality/pr54970.c -O0 line 15 a[1] == 2
FAIL: gcc.dg/guality/pr54970.c -O0 line 15 a[2] == 3
FAIL: gcc.dg/guality/pr54970.c -O0 line 20 a[0] == 1
FAIL: gcc.dg/guality/pr54970.c -O0 line 20 a[1] == 2
FAIL: gcc.dg/guality/pr54970.c -O0 line 20 a[2] == 13
FAIL: gcc.dg/guality/pr54970.c -O0 line 25 a[0] == 1
FAIL: gcc.dg/guality/pr54970.c -O0 line 25 a[1] == 12
FAIL: gcc.dg/guality/pr54970.c -O0 line 25 a[2] == 13
FAIL: gcc.dg/guality/pr54970.c -O0 line 31 a[0] == 4
FAIL: gcc.dg/guality/pr54970.c -O0 line 31 a[1] == 5
FAIL: gcc.dg/guality/pr54970.c -O0 line 31 a[2] == 6
FAIL: gcc.dg/guality/pr54970.c -O0 line 36 a[0] == 4
FAIL: gcc.dg/guality/pr54970.c -O0 line 36 a[1] == 5
FAIL: gcc.dg/guality/pr54970.c -O0 line 36 a[2] == 26
FAIL: gcc.dg/guality/pr54970.c -O0 line 45 a[0] == 4
FAIL: gcc.dg/guality/pr54970.c -O0 line 45 a[1] == 25
FAIL: gcc.dg/guality/pr54970.c -O0 line 45 a[2] == 26
FAIL: gcc.dg/guality/pr54970.c -O0 line 45 p[-1] == 25
FAIL: gcc.dg/guality/pr54970.c -O0 line 45 p[-2] == 4
FAIL: gcc.dg/guality/pr54970.c -O0 line 45 q[-1] == 4
FAIL: gcc.dg/guality/pr54970.c -O1 line 15 a[0] == 1
FAIL: gcc.dg/guality/pr54970.c -O1 line 20 a[0] == 1
FAIL: gcc.dg/guality/pr54970.c -O1 line 25 a[0] == 1
FAIL: gcc.dg/guality/pr54970.c -O1 line 31 *p == 6
FAIL: gcc.dg/guality/pr54970.c -O1 line 31 *q == 5
FAIL: gcc.dg/guality/pr54970.c -O1 line 36 *p == 26
FAIL: gcc.dg/guality/pr54970.c -O1 line 36 *q == 5
FAIL: gcc.dg/guality/pr54970.c -O1 line 45 *p == 26
FAIL: gcc.dg/guality/pr54970.c -O1 line 45 p[-1] == 25
FAIL: gcc.dg/guality/pr54970.c -O1 line 45 p[-2] == 4
FAIL: gcc.dg/guality/pr54970.c -O1 line 45 q[-1] == 4
FAIL: gcc.dg/guality/pr54970.c -O1 line 45 q[1] == 26
FAIL: gcc.dg/guality/pr54970.c -O1 line 45 *q == 25
FAIL: gcc.dg/guality/pr54970.c -O2 line 15 a[0] == 1
FAIL: gcc.dg/guality/pr54970.c -O2 line 20 a[0] == 1
FAIL: gcc.dg/guality/pr54970.c -O2 line 25 a[0] == 1
FAIL: gcc.dg/guality/pr54970.c -O2 line 31 *p == 6
FAIL: gcc.dg/guality/pr54970.c -O2 line 31 *q == 5
FAIL: gcc.dg/guality/pr54970.c -O2 line 36 *p == 26
FAIL: gcc.dg/guality/pr54970.c -O2 line 36 *q == 5
FAIL: gcc.dg/guality/pr54970.c -O2 line 45 *p == 26
FAIL: gcc.dg/guality/pr54970.c -O2 line 45 p[-1] == 25
FAIL: gcc.dg/guality/pr54970.c -O2 line 45 p[-2] == 4
FAIL: gcc.dg/guality/pr54970.c -O2 line 45 q[-1] == 4
FAIL: gcc.dg/guality/pr54970.c -O2 line 45 q[1] == 26
FAIL: gcc.dg/guality/pr54970.c -O2 line 45 *q == 25
FAIL: gcc.dg/guality/pr54970.c -O3 -fomit-frame-pointer line 15 a[0] == 1
FAIL: gcc.dg/guality/pr54970.c -O3 -fomit-frame-pointer line 20 a[0] == 1
FAIL: gcc.dg/guality/pr54970.c -O3 -fomit-frame-pointer line 25 a[0] == 1
FAIL: gcc.dg/guality/pr54970.c -O3 -fomit-frame-pointer line 31 *p == 6
FAIL: gcc.dg/guality/pr54970.c -O3 -fomit-frame-pointer line 31 *q == 5
FAIL: gcc.dg/guality/pr54970.c -O3 -fomit-frame-pointer line 36 *p == 26
FAIL: gcc.dg/guality/pr54970.c -O3 -fomit-frame-pointer line 36 *q == 5
FAIL: gcc.dg/guality/pr54970.c -O3 -fomit-frame-pointer line 45 *p == 26
FAIL: gcc.dg/guality/pr54970.c -O3 -fomit-frame-pointer line 45 p[-1] == 25
FAIL: gcc.dg/guality/pr54970.c -O3 -fomit-frame-pointer line 45 p[-2] == 4
FAIL: gcc.dg/guality/pr54970.c -O3 -fomit-frame-pointer line 45 q[-1] == 4
FAIL: gcc.dg/guality/pr54970.c -O3 -fomit-frame-pointer line 45 q[1] == 26
FAIL: gcc.dg/guality/pr54970.c -O3 -fomit-frame-pointer line 45 *q == 25
FAIL: gcc.dg/guality/pr54970.c -O3 -g line 15 a[0] == 1
FAIL: gcc.dg/guality/pr54970.c -O3 -g line 20 a[0] == 1
FAIL: gcc.dg/guality/pr54970.c -O3 -g line 25 a[0] == 1
FAIL: gcc.dg/guality/pr54970.c -O3 -g line 31 *p == 6
FAIL: gcc.dg/guality/pr54970.c -O3 -g line 31 *q == 5
FAIL: gcc.dg/guality/pr54970.c -O3 -g line 36 *p == 26
FAIL: gcc.dg/guality/pr54970.c -O3 -g line 36 *q == 5
FAIL: gcc.dg/guality/pr54970.c -O3 -g line 45 *p == 26
FAIL: gcc.dg/guality/pr54970.c -O3 -g line 45 p[-1] == 25
FAIL: gcc.dg/guality/pr54970.c -O3 -g line 45 p[-2] == 4
FAIL: gcc.dg/guality/pr54970.c -O3 -g line 45 q[-1] == 4
FAIL: gcc.dg/guality/pr54970.c -O3 -g line 45 q[1] == 26
FAIL: gcc.dg/guality/pr54970.c -O3 -g line 45 *q == 25
FAIL: gcc.dg/guality/pr54970.c -Os line 15 a[0] == 1
FAIL: gcc.dg/guality/pr54970.c -Os line 20 a[0] == 1
FAIL: gcc.dg/guality/pr54970.c -Os line 25 a[0] == 1
FAIL: gcc.dg/guality/pr54970.c -Os line 31 *p == 6
FAIL: gcc.dg/guality/pr54970.c -Os line 31 *q == 5
FAIL: gcc.dg/guality/pr54970.c -Os line 36 *p == 26
FAIL: gcc.dg/guality/pr54970.c -Os line 36 *q == 5
FAIL: gcc.dg/guality/pr54970.c -Os line 45 *p == 26
FAIL: gcc.dg/guality/pr54970.c -Os line 45 p[-1] == 25
FAIL: gcc.dg/guality/pr54970.c -Os line 45 p[-2] == 4
FAIL: gcc.dg/guality/pr54970.c -Os line 45 q[-1] == 4
FAIL: gcc.dg/guality/pr54970.c -Os line 45 q[1] == 26
FAIL: gcc.dg/guality/pr54970.c -Os line 45 *q == 25
FAIL: gcc.dg/guality/pr54970.c -O2 -flto -fno-use-linker-plugin -flto-partition=none line 15 a[0] == 1
FAIL: gcc.dg/guality/pr54970.c -O2 -flto -fno-use-linker-plugin -flto-partition=none line 20 a[0] == 1
FAIL: gcc.dg/guality/pr54970.c -O2 -flto -fno-use-linker-plugin -flto-partition=none line 25 a[0] == 1
FAIL: gcc.dg/guality/pr54970.c -O2 -flto -fno-use-linker-plugin -flto-partition=none line 31 *p == 6
FAIL: gcc.dg/guality/pr54970.c -O2 -flto -fno-use-linker-plugin -flto-partition=none line 31 *q == 5
FAIL: gcc.dg/guality/pr54970.c -O2 -flto -fno-use-linker-plugin -flto-partition=none line 36 *p == 26
FAIL: gcc.dg/guality/pr54970.c -O2 -flto -fno-use-linker-plugin -flto-partition=none line 36 *q == 5
FAIL: gcc.dg/guality/pr54970.c -O2 -flto -fno-use-linker-plugin -flto-partition=none line 45 *p == 26
FAIL: gcc.dg/guality/pr54970.c -O2 -flto -fno-use-linker-plugin -flto-partition=none line 45 p[-1] == 25
FAIL: gcc.dg/guality/pr54970.c -O2 -flto -fno-use-linker-plugin -flto-partition=none line 45 p[-2] == 4
FAIL: gcc.dg/guality/pr54970.c -O2 -flto -fno-use-linker-plugin -flto-partition=none line 45 q[-1] == 4
FAIL: gcc.dg/guality/pr54970.c -O2 -flto -fno-use-linker-plugin -flto-partition=none line 45 q[1] == 26
FAIL: gcc.dg/guality/pr54970.c -O2 -flto -fno-use-linker-plugin -flto-partition=none line 45 *q == 25
FAIL: gcc.dg/guality/pr54970.c -O2 -flto -fuse-linker-plugin -fno-fat-lto-objects line 15 a[0] == 1
FAIL: gcc.dg/guality/pr54970.c -O2 -flto -fuse-linker-plugin -fno-fat-lto-objects line 20 a[0] == 1
FAIL: gcc.dg/guality/pr54970.c -O2 -flto -fuse-linker-plugin -fno-fat-lto-objects line 25 a[0] == 1
FAIL: gcc.dg/guality/pr54970.c -O2 -flto -fuse-linker-plugin -fno-fat-lto-objects line 31 *p == 6
FAIL: gcc.dg/guality/pr54970.c -O2 -flto -fuse-linker-plugin -fno-fat-lto-objects line 31 *q == 5
FAIL: gcc.dg/guality/pr54970.c -O2 -flto -fuse-linker-plugin -fno-fat-lto-objects line 36 *p == 26
FAIL: gcc.dg/guality/pr54970.c -O2 -flto -fuse-linker-plugin -fno-fat-lto-objects line 36 *q == 5
FAIL: gcc.dg/guality/pr54970.c -O2 -flto -fuse-linker-plugin -fno-fat-lto-objects line 45 *p == 26
FAIL: gcc.dg/guality/pr54970.c -O2 -flto -fuse-linker-plugin -fno-fat-lto-objects line 45 p[-1] == 25
FAIL: gcc.dg/guality/pr54970.c -O2 -flto -fuse-linker-plugin -fno-fat-lto-objects line 45 p[-2] == 4
FAIL: gcc.dg/guality/pr54970.c -O2 -flto -fuse-linker-plugin -fno-fat-lto-objects line 45 q[-1] == 4
FAIL: gcc.dg/guality/pr54970.c -O2 -flto -fuse-linker-plugin -fno-fat-lto-objects line 45 q[1] == 26
FAIL: gcc.dg/guality/pr54970.c -O2 -flto -fuse-linker-plugin -fno-fat-lto-objects line 45 *q == 25
FAIL: gcc.dg/guality/pr56154-1.c -O0 line pr56154-1.c:17 x.a == 4
FAIL: gcc.dg/guality/pr56154-1.c -O0 line pr56154-1.c:20 x.a == 6
FAIL: gcc.dg/guality/pr56154-2.c -O0 line pr56154-2.c:30 x == 28
FAIL: gcc.dg/guality/pr56154-3.c -O0 line pr56154-3.c:22 x == 28
FAIL: gcc.dg/guality/pr56154-4.c -O0 line pr56154-4.c:25 x == 28
FAIL: gcc.dg/guality/pr58791-1.c -O0 line pr58791-1.c:25 c & 1 == 1
FAIL: gcc.dg/guality/pr58791-2.c -O0 line pr58791-2.c:27 d & 1 == 1
FAIL: gcc.dg/guality/pr58791-2.c -O2 -flto -fno-use-linker-plugin -flto-partition=none line pr58791-2.c:27 d & 1 == 1
FAIL: gcc.dg/guality/pr58791-3.c -O0 line pr58791-3.c:19 f == 5
FAIL: gcc.dg/guality/pr58791-3.c -O0 line pr58791-3.c:19 g == 24
FAIL: gcc.dg/guality/pr58791-3.c -O0 line pr58791-3.c:19 h == 9
FAIL: gcc.dg/guality/pr58791-3.c -O0 line pr58791-3.c:19 i == 15
FAIL: gcc.dg/guality/pr58791-3.c -O0 line pr58791-3.c:19 j == 6
FAIL: gcc.dg/guality/pr58791-3.c -O0 line pr58791-3.c:19 k == 25
FAIL: gcc.dg/guality/pr58791-3.c -O0 line pr58791-3.c:19 l == 10
FAIL: gcc.dg/guality/pr58791-3.c -O0 line pr58791-3.c:19 m == 16
FAIL: gcc.dg/guality/pr58791-5.c -O0 line pr58791-5.c:20 b4 == 4681
FAIL: gcc.dg/guality/pr58791-5.c -O0 line pr58791-5.c:20 b3 == 585
FAIL: gcc.dg/guality/pr58791-5.c -O0 line pr58791-5.c:20 b2 == 73
FAIL: gcc.dg/guality/pr58791-5.c -O0 line pr58791-5.c:20 b1 == 9
FAIL: gcc.dg/guality/pr58791-5.c -O0 line pr58791-5.c:20 e == 0
FAIL: gcc.dg/guality/sra-1.c -O1 line 43 a.j == 14
FAIL: gcc.dg/guality/sra-1.c -O2 line 43 a.j == 14
FAIL: gcc.dg/guality/sra-1.c -O3 -fomit-frame-pointer line 43 a.j == 14
FAIL: gcc.dg/guality/sra-1.c -O3 -g line 43 a.j == 14
FAIL: gcc.dg/guality/sra-1.c -Os line 43 a.j == 14
FAIL: gcc.dg/guality/sra-1.c -O2 -flto -fno-use-linker-plugin -flto-partition=none line 43 a.j == 14
FAIL: gcc.dg/guality/sra-1.c -O2 -flto -fuse-linker-plugin -fno-fat-lto-objects line 43 a.j == 14
FAIL: gcc.dg/guality/vla-1.c -O0 line 17 i == 5
FAIL: gcc.dg/guality/vla-1.c -O0 line 17 sizeof (a) == 6
FAIL: gcc.dg/guality/vla-1.c -O0 line 24 sizeof (a) == 17 * sizeof (short)
FAIL: gcc.dg/guality/vla-1.c -O1 line 17 sizeof (a) == 6
FAIL: gcc.dg/guality/vla-1.c -O1 line 24 sizeof (a) == 17 * sizeof (short)
FAIL: gcc.dg/guality/vla-1.c -O2 line 17 sizeof (a) == 6
FAIL: gcc.dg/guality/vla-1.c -O2 line 24 sizeof (a) == 17 * sizeof (short)
FAIL: gcc.dg/guality/vla-1.c -O3 -fomit-frame-pointer line 17 sizeof (a) == 6
FAIL: gcc.dg/guality/vla-1.c -O3 -fomit-frame-pointer line 24 sizeof (a) == 17 * sizeof (short)
FAIL: gcc.dg/guality/vla-1.c -O3 -g line 17 sizeof (a) == 6
FAIL: gcc.dg/guality/vla-1.c -O3 -g line 24 sizeof (a) == 17 * sizeof (short)
FAIL: gcc.dg/guality/vla-1.c -Os line 17 sizeof (a) == 6
FAIL: gcc.dg/guality/vla-1.c -Os line 24 sizeof (a) == 17 * sizeof (short)
FAIL: gcc.dg/guality/vla-1.c -O2 -flto -fno-use-linker-plugin -flto-partition=none line 17 sizeof (a) == 6
FAIL: gcc.dg/guality/vla-1.c -O2 -flto -fno-use-linker-plugin -flto-partition=none line 24 sizeof (a) == 17 * sizeof (short)
FAIL: gcc.dg/guality/vla-1.c -O2 -flto -fuse-linker-plugin -fno-fat-lto-objects line 17 sizeof (a) == 6
FAIL: gcc.dg/guality/vla-1.c -O2 -flto -fuse-linker-plugin -fno-fat-lto-objects line 24 sizeof (a) == 17 * sizeof (short)
FAIL: gcc.dg/guality/vla-2.c -O0 line 16 sizeof (a) == 5 * sizeof (int)
FAIL: gcc.dg/guality/vla-2.c -O0 line 25 sizeof (a) == 6 * sizeof (int)
FAIL: gcc.dg/guality/vla-2.c -O1 line 16 sizeof (a) == 5 * sizeof (int)
FAIL: gcc.dg/guality/vla-2.c -O1 line 25 sizeof (a) == 6 * sizeof (int)
FAIL: gcc.dg/guality/vla-2.c -O2 line 16 sizeof (a) == 5 * sizeof (int)
FAIL: gcc.dg/guality/vla-2.c -O2 line 25 sizeof (a) == 6 * sizeof (int)
FAIL: gcc.dg/guality/vla-2.c -O3 -fomit-frame-pointer line 16 sizeof (a) == 5 * sizeof (int)
FAIL: gcc.dg/guality/vla-2.c -O3 -fomit-frame-pointer line 25 sizeof (a) == 6 * sizeof (int)
FAIL: gcc.dg/guality/vla-2.c -O3 -g line 16 sizeof (a) == 5 * sizeof (int)
FAIL: gcc.dg/guality/vla-2.c -O3 -g line 25 sizeof (a) == 6 * sizeof (int)
FAIL: gcc.dg/guality/vla-2.c -Os line 16 sizeof (a) == 5 * sizeof (int)
FAIL: gcc.dg/guality/vla-2.c -Os line 25 sizeof (a) == 6 * sizeof (int)
FAIL: gcc.dg/guality/vla-2.c -O2 -flto -fno-use-linker-plugin -flto-partition=none line 16 sizeof (a) == 5 * sizeof (int)
FAIL: gcc.dg/guality/vla-2.c -O2 -flto -fno-use-linker-plugin -flto-partition=none line 25 sizeof (a) == 6 * sizeof (int)
FAIL: gcc.dg/guality/vla-2.c -O2 -flto -fuse-linker-plugin -fno-fat-lto-objects line 16 sizeof (a) == 5 * sizeof (int)
FAIL: gcc.dg/guality/vla-2.c -O2 -flto -fuse-linker-plugin -fno-fat-lto-objects line 25 sizeof (a) == 6 * sizeof (int)
XPASS: gcc.dg/tree-ssa/20040204-1.c scan-tree-dump-times optimized "link_error" 0
FAIL: gcc.dg/tree-ssa/forwprop-28.c scan-tree-dump-times forwprop1 "Replaced" 8
FAIL: gcc.dg/tree-ssa/reassoc-33.c scan-tree-dump-times reassoc1 "Optimizing range tests" 3
FAIL: gcc.dg/tree-ssa/reassoc-34.c scan-tree-dump-times reassoc1 "Optimizing range tests" 1
FAIL: gcc.dg/tree-ssa/reassoc-35.c scan-tree-dump-times reassoc1 "Optimizing range tests" 1
FAIL: gcc.dg/tree-ssa/reassoc-36.c scan-tree-dump-times reassoc1 "Optimizing range tests" 1
FAIL: gcc.dg/tree-ssa/ssa-ifcombine-ccmp-1.c scan-tree-dump optimized "&"
FAIL: gcc.dg/tree-ssa/ssa-ifcombine-ccmp-4.c scan-tree-dump optimized "&"
FAIL: gcc.dg/tree-ssa/ssa-ifcombine-ccmp-5.c scan-tree-dump-times optimized "&" 2
FAIL: gcc.dg/tree-ssa/ssa-ifcombine-ccmp-6.c scan-tree-dump-times optimized "\\\\|" 2
FAIL: gcc.dg/tree-ssa/vrp87.c scan-tree-dump vrp2 "Folded into: if.*"
FAIL: gcc.dg/tree-ssa/vrp87.c scan-tree-dump cddce2 "Deleting.*_Bool.*;"
FAIL: gcc.target/s390/htm-builtins-compile-1.c (test for excess errors)
FAIL: gcc.target/s390/htm-nofloat-2.c scan-assembler-not \\tstd\\t
FAIL: gcc.target/s390/htm-nofloat-2.c scan-assembler-not \\tld\\t
=== gcc Summary ===
# of expected passes 88713
# of unexpected failures 322
# of unexpected successes 29
# of expected failures 127
# of unsupported tests 1737
-z10/gcc/xgcc version 4.9.0 20131228 (experimental) (GCC)
=== gfortran tests ===
Running target unix
FAIL: gfortran.dg/class_48.f90 -O2 (test for excess errors)
FAIL: gfortran.dg/class_48.f90 -Os (test for excess errors)
FAIL: gfortran.dg/lto/pr45586-2 f_lto_pr45586-2_0.o-f_lto_pr45586-2_0.o link, -O0 -flto -flto-partition=none -fuse-linker-plugin (internal compiler error)
UNRESOLVED: gfortran.dg/lto/pr45586-2 f_lto_pr45586-2_0.o-f_lto_pr45586-2_0.o execute -O0 -flto -flto-partition=none -fuse-linker-plugin
FAIL: gfortran.dg/lto/pr45586-2 f_lto_pr45586-2_0.o-f_lto_pr45586-2_0.o link, -O0 -flto -flto-partition=1to1 -fno-use-linker-plugin (internal compiler error)
UNRESOLVED: gfortran.dg/lto/pr45586-2 f_lto_pr45586-2_0.o-f_lto_pr45586-2_0.o execute -O0 -flto -flto-partition=1to1 -fno-use-linker-plugin
FAIL: gfortran.dg/lto/pr45586-2 f_lto_pr45586-2_0.o-f_lto_pr45586-2_0.o link, -O0 -flto -fuse-linker-plugin -fno-fat-lto-objects (internal compiler error)
UNRESOLVED: gfortran.dg/lto/pr45586-2 f_lto_pr45586-2_0.o-f_lto_pr45586-2_0.o execute -O0 -flto -fuse-linker-plugin -fno-fat-lto-objects
FAIL: gfortran.dg/lto/pr45586 f_lto_pr45586_0.o-f_lto_pr45586_0.o link, -O0 -flto -flto-partition=none -fuse-linker-plugin (internal compiler error)
UNRESOLVED: gfortran.dg/lto/pr45586 f_lto_pr45586_0.o-f_lto_pr45586_0.o execute -O0 -flto -flto-partition=none -fuse-linker-plugin
FAIL: gfortran.dg/lto/pr45586 f_lto_pr45586_0.o-f_lto_pr45586_0.o link, -O0 -flto -flto-partition=1to1 -fno-use-linker-plugin (internal compiler error)
UNRESOLVED: gfortran.dg/lto/pr45586 f_lto_pr45586_0.o-f_lto_pr45586_0.o execute -O0 -flto -flto-partition=1to1 -fno-use-linker-plugin
FAIL: gfortran.dg/lto/pr45586 f_lto_pr45586_0.o-f_lto_pr45586_0.o link, -O0 -flto -fuse-linker-plugin -fno-fat-lto-objects (internal compiler error)
UNRESOLVED: gfortran.dg/lto/pr45586 f_lto_pr45586_0.o-f_lto_pr45586_0.o execute -O0 -flto -fuse-linker-plugin -fno-fat-lto-objects
=== gfortran Summary ===
# of expected passes 44210
# of unexpected failures 8
# of expected failures 38
# of unresolved testcases 6
# of unsupported tests 239
-z10/gcc/testsuite/gfortran/../../gfortran version 4.9.0 20131228 (experimental) (GCC)
=== obj-c++ tests ===
Running target unix
=== obj-c++ Summary ===
# of expected passes 1449
# of expected failures 2
# of unsupported tests 86
-z10/gcc/testsuite/obj-c++/../../xg++ version 4.9.0 20131228 (experimental) (GCC)
=== objc tests ===
Running target unix
=== objc Summary ===
# of expected passes 2994
# of unsupported tests 74
-z10/gcc/xgcc version 4.9.0 20131228 (experimental) (GCC)
=== boehm-gc tests ===
Running target unix
=== boehm-gc Summary ===
# of expected passes 12
# of unsupported tests 1
=== libatomic tests ===
Running target unix
=== libatomic Summary ===
# of expected passes 44
# of unsupported tests 5
=== libffi tests ===
Running target unix
=== libffi Summary ===
# of expected passes 1819
# of unsupported tests 55
=== libgomp tests ===
Running target unix
=== libgomp Summary ===
# of expected passes 2343
# of unsupported tests 1
=== libitm tests ===
Running target unix
=== libitm Summary ===
# of expected passes 26
# of expected failures 3
# of unsupported tests 1
=== libjava tests ===
Running target unix
FAIL: PR218 execution - source compiled test
FAIL: Throw_3 execution - source compiled test
FAIL: Throw_3 -findirect-dispatch execution - source compiled test
FAIL: sourcelocation output - source compiled test
FAIL: sourcelocation -findirect-dispatch output - source compiled test
FAIL: sourcelocation -O3 output - source compiled test
FAIL: sourcelocation -O3 -findirect-dispatch output - source compiled test
=== libjava Summary ===
# of expected passes 2576
# of unexpected failures 7
# of untested testcases 3
=== libstdc++ tests ===
Running target unix
FAIL: 22_locale/numpunct/members/pod/2.cc (test for excess errors)
WARNING: 22_locale/numpunct/members/pod/2.cc compilation failed to produce executable
FAIL: 27_io/basic_ios/imbue/14072.cc (test for excess errors)
WARNING: 27_io/basic_ios/imbue/14072.cc compilation failed to produce executable
FAIL: 27_io/basic_ostream/requirements/explicit_instantiation.cc (test for excess errors)
=== libstdc++ Summary ===
# of expected passes 9956
# of unexpected failures 3
# of expected failures 40
# of unsupported tests 231
Version: 4.9.0 20131228 (experimental) (GCC)
Platform: s390-ibm-linux-gnu z10
configure flags: --prefix=/build/build-system/build/20131228/gcc-head/install-s390-z10 --enable-shared --with-system-zlib --enable-threads=posix --enable-__cxa_atexit --enable-checking --enable-languages=c,c++,objc,obj-c++,fortran,java --with-mode=zarch --with-arch=z10
GCC version:
More information about the Gcc-testresults
mailing list