Results for 4.9.0 20131224 (experimental) [trunk revision 206193r1] (GCC) testsuite on x86_64-apple-darwin13.0.0
Dominique Dhumieres
dominiq@lps.ens.fr
Tue Dec 24 14:11:00 GMT 2013
LAST_UPDATED: Updated Tue Dec 24 09:15:53 CET 2013 to revision 206193
with the changes in gcc/config/darwin.c done by r206070 reverted
(pr59541).
=== acats tests ===
=== acats Summary ===
# of expected passes 2320
# of unexpected failures 0
Native configuration is x86_64-apple-darwin13.0.0
=== g++ tests ===
Running target unix/-m32
XPASS: g++.dg/ext/label13.C -std=gnu++98 (test for bogus messages, line 11)
XPASS: g++.dg/ext/label13.C -std=gnu++11 (test for bogus messages, line 11)
FAIL: g++.dg/ext/sync-4.C -std=gnu++98 execution test
FAIL: g++.dg/ext/sync-4.C -std=gnu++11 execution test
FAIL: g++.dg/opt/vt4.C -std=gnu++98 scan-assembler-not _ZTV.A
FAIL: g++.dg/opt/vt4.C -std=gnu++11 scan-assembler-not _ZTV.A
=== g++ Summary for unix/-m32 ===
# of expected passes 56964
# of unexpected failures 4
# of unexpected successes 2
# of expected failures 288
# of unsupported tests 1003
Running target unix/-m64
XPASS: g++.dg/ext/label13.C -std=gnu++98 (test for bogus messages, line 11)
XPASS: g++.dg/ext/label13.C -std=gnu++11 (test for bogus messages, line 11)
FAIL: g++.dg/ext/sync-4.C -std=gnu++98 (test for excess errors)
UNRESOLVED: g++.dg/ext/sync-4.C -std=gnu++98 compilation failed to produce executable
FAIL: g++.dg/ext/sync-4.C -std=gnu++11 (test for excess errors)
UNRESOLVED: g++.dg/ext/sync-4.C -std=gnu++11 compilation failed to produce executable
FAIL: g++.dg/opt/vt4.C -std=gnu++98 scan-assembler-not _ZTV.A
FAIL: g++.dg/opt/vt4.C -std=gnu++11 scan-assembler-not _ZTV.A
FAIL: g++.dg/tree-prof/partition1.C compilation, -fprofile-use
UNRESOLVED: g++.dg/tree-prof/partition1.C execution, -fprofile-use
FAIL: g++.dg/tree-prof/pr57451.C compilation, -fprofile-use
UNRESOLVED: g++.dg/tree-prof/pr57451.C execution, -fprofile-use
=== g++ Summary for unix/-m64 ===
# of expected passes 57763
# of unexpected failures 6
# of unexpected successes 2
# of expected failures 288
# of unresolved testcases 4
# of unsupported tests 1224
=== g++ Summary ===
# of expected passes 114727
# of unexpected failures 10
# of unexpected successes 4
# of expected failures 576
# of unresolved testcases 4
# of unsupported tests 2227
/opt/gcc/p_build/gcc/testsuite/g++/../../xg++ version 4.9.0 20131224 (experimental) [trunk revision 206193r1] (GCC)
=== gcc tests ===
Running target unix/-m32
FAIL: c-c++-common/asan/strncpy-overflow-1.c -O0 execution test
XPASS: gcc.dg/binop-xor1.c scan-tree-dump-times optimized "\\\\^" 1
FAIL: gcc.dg/uninit-pred-8_b.c bogus warning (test for bogus messages, line 20)
FAIL: gcc.dg/uninit-pred-9_b.c bogus warning (test for bogus messages, line 24)
FAIL: gcc.target/i386/memcpy-strategy-3.c scan-assembler-times memcpy 2
FAIL: gcc.target/i386/memset-strategy-1.c scan-assembler-times memset 2
FAIL: gcc.target/i386/pr49002-2.c scan-assembler vmovaps[\\t ]*%ymm[0-9]+,[^,]*
FAIL: gcc.target/i386/pr57275.c (test for excess errors)
UNRESOLVED: gcc.target/i386/pr57275.c compilation failed to produce executable
=== gcc Summary for unix/-m32 ===
# of expected passes 97025
# of unexpected failures 7
# of unexpected successes 1
# of expected failures 248
# of unresolved testcases 1
# of unsupported tests 2320
Running target unix/-m64
FAIL: c-c++-common/asan/strncpy-overflow-1.c -O0 execution test
XPASS: gcc.dg/binop-xor1.c scan-tree-dump-times optimized "\\\\^" 1
FAIL: gcc.dg/uninit-pred-8_b.c bogus warning (test for bogus messages, line 20)
FAIL: gcc.dg/uninit-pred-9_b.c bogus warning (test for bogus messages, line 24)
FAIL: gcc.dg/tree-prof/20041218-1.c compilation, -fprofile-use -D_PROFILE_USE
UNRESOLVED: gcc.dg/tree-prof/20041218-1.c execution, -fprofile-use -D_PROFILE_USE
FAIL: gcc.dg/tree-prof/pr34999.c compilation, -fprofile-use -D_PROFILE_USE
UNRESOLVED: gcc.dg/tree-prof/pr34999.c execution, -fprofile-use -D_PROFILE_USE
FAIL: gcc.dg/tree-prof/pr45354.c compilation, -fprofile-use -D_PROFILE_USE
UNRESOLVED: gcc.dg/tree-prof/pr45354.c execution, -fprofile-use -D_PROFILE_USE
FAIL: gcc.dg/tree-prof/pr49299-1.c compilation, -fprofile-use -D_PROFILE_USE
UNRESOLVED: gcc.dg/tree-prof/pr49299-1.c execution, -fprofile-use -D_PROFILE_USE
FAIL: gcc.dg/tree-prof/pr49299-2.c compilation, -fprofile-use -D_PROFILE_USE
UNRESOLVED: gcc.dg/tree-prof/pr49299-2.c execution, -fprofile-use -D_PROFILE_USE
FAIL: gcc.dg/tree-prof/pr50907.c compilation, -fprofile-use -D_PROFILE_USE
UNRESOLVED: gcc.dg/tree-prof/pr50907.c execution, -fprofile-use -D_PROFILE_USE
FAIL: gcc.target/i386/avx256-unaligned-store-2.c scan-assembler vmovups.*\\\\*movv16qi_internal/3
FAIL: gcc.target/i386/memcpy-strategy-3.c scan-assembler-times memcpy 2
FAIL: gcc.target/i386/memset-strategy-1.c scan-assembler-times memset 2
FAIL: gcc.target/i386/pr36222-1.c scan-assembler-not movdqa
FAIL: gcc.target/i386/pr49002-2.c scan-assembler vmovaps[\\t ]*%ymm[0-9]+,[^,]*
FAIL: gcc.target/i386/pr49866.c (test for excess errors)
FAIL: gcc.target/i386/pr57275.c (test for excess errors)
UNRESOLVED: gcc.target/i386/pr57275.c compilation failed to produce executable
=== gcc Summary for unix/-m64 ===
# of expected passes 97437
# of unexpected failures 16
# of unexpected successes 1
# of expected failures 251
# of unresolved testcases 7
# of unsupported tests 2574
=== gcc Summary ===
# of expected passes 194462
# of unexpected failures 23
# of unexpected successes 2
# of expected failures 499
# of unresolved testcases 8
# of unsupported tests 4894
/opt/gcc/p_build/gcc/xgcc version 4.9.0 20131224 (experimental) [trunk revision 206193r1] (GCC)
=== gfortran tests ===
Running target unix/-m32
FAIL: gfortran.dg/class_48.f90 -O2 (test for excess errors)
FAIL: gfortran.dg/class_48.f90 -Os (test for excess errors)
=== gfortran Summary for unix/-m32 ===
# of expected passes 44915
# of unexpected failures 2
# of expected failures 52
# of unsupported tests 212
Running target unix/-m64
=== gfortran Summary for unix/-m64 ===
# of expected passes 45204
# of expected failures 52
# of unsupported tests 74
=== gfortran Summary ===
# of expected passes 90119
# of unexpected failures 2
# of expected failures 104
# of unsupported tests 286
/opt/gcc/p_build/gcc/testsuite/gfortran/../../gfortran version 4.9.0 20131224 (experimental) [trunk revision 206193r1] (GCC)
=== gnat tests ===
Running target unix/-m32
=== gnat Summary for unix/-m32 ===
# of expected passes 1211
# of expected failures 18
# of unsupported tests 6
Running target unix/-m64
=== gnat Summary for unix/-m64 ===
# of expected passes 1211
# of expected failures 18
# of unsupported tests 6
=== gnat Summary ===
# of expected passes 2422
# of expected failures 36
# of unsupported tests 12
/opt/gcc/p_build/gcc/gnatmake version 4.9.0 20131224 (experimental) [trunk revision 206193r1]
=== obj-c++ tests ===
Running target unix/-m32
FAIL: obj-c++.dg/cxx-ivars-3.mm -fnext-runtime execution test
FAIL: obj-c++.dg/gnu-api-2-objc.mm -fnext-runtime execution test
=== obj-c++ Summary for unix/-m32 ===
# of expected passes 3155
# of unexpected failures 2
# of expected failures 2
# of unsupported tests 68
Running target unix/-m64
FAIL: obj-c++.dg/gnu-api-2-objc.mm -fnext-runtime execution test
FAIL: obj-c++.dg/try-catch-2.mm -fnext-runtime execution test
FAIL: obj-c++.dg/try-catch-9.mm -fnext-runtime execution test
=== obj-c++ Summary for unix/-m64 ===
# of expected passes 3095
# of unexpected failures 3
# of expected failures 19
# of unsupported tests 74
=== obj-c++ Summary ===
# of expected passes 6250
# of unexpected failures 5
# of expected failures 21
# of unsupported tests 142
/opt/gcc/p_build/gcc/testsuite/obj-c++/../../xg++ version 4.9.0 20131224 (experimental) [trunk revision 206193r1] (GCC)
=== objc tests ===
Running target unix/-m32
FAIL: objc.dg/call-super-2.m -fnext-runtime (test for warnings, line 74)
FAIL: objc.dg/call-super-2.m -fnext-runtime (test for warnings, line 104)
FAIL: objc.dg/gnu-api-2-objc.m -fnext-runtime execution test
=== objc Summary for unix/-m32 ===
# of expected passes 6097
# of unexpected failures 3
# of expected failures 6
# of unsupported tests 85
Running target unix/-m64
FAIL: objc.dg/call-super-2.m -fnext-runtime (test for warnings, line 74)
FAIL: objc.dg/call-super-2.m -fnext-runtime (test for warnings, line 104)
FAIL: objc.dg/exceptions-2.m -fnext-runtime execution test
FAIL: objc.dg/gnu-api-2-objc.m -fnext-runtime execution test
=== objc Summary for unix/-m64 ===
# of expected passes 5940
# of unexpected failures 4
# of expected failures 6
# of unsupported tests 91
=== objc Summary ===
# of expected passes 12037
# of unexpected failures 7
# of expected failures 12
# of unsupported tests 176
/opt/gcc/p_build/gcc/xgcc version 4.9.0 20131224 (experimental) [trunk revision 206193r1] (GCC)
=== libatomic tests ===
Running target unix/-m32
=== libatomic Summary for unix/-m32 ===
# of expected passes 44
# of unsupported tests 5
Running target unix/-m64
=== libatomic Summary for unix/-m64 ===
# of expected passes 54
=== libatomic Summary ===
# of expected passes 98
# of unsupported tests 5
=== libgomp tests ===
Running target unix/-m32
FAIL: libgomp.graphite/bounds.c scan-tree-dump-times graphite "0 loops carried no dependency" 1
FAIL: libgomp.graphite/force-parallel-4.c execution test
FAIL: libgomp.graphite/force-parallel-4.c scan-tree-dump-times graphite "2 loops carried no dependency" 1
FAIL: libgomp.graphite/force-parallel-6.c scan-tree-dump-times graphite "1 loops carried no dependency" 1
FAIL: libgomp.graphite/pr41118.c scan-tree-dump-times optimized "loopfn" 0
=== libgomp Summary for unix/-m32 ===
# of expected passes 2383
# of unexpected failures 5
# of unsupported tests 3
Running target unix/-m64
FAIL: libgomp.graphite/bounds.c scan-tree-dump-times graphite "0 loops carried no dependency" 1
FAIL: libgomp.graphite/force-parallel-4.c execution test
FAIL: libgomp.graphite/force-parallel-4.c scan-tree-dump-times graphite "2 loops carried no dependency" 1
FAIL: libgomp.graphite/force-parallel-6.c scan-tree-dump-times graphite "1 loops carried no dependency" 1
FAIL: libgomp.graphite/pr41118.c scan-tree-dump-times optimized "loopfn" 0
=== libgomp Summary for unix/-m64 ===
# of expected passes 2383
# of unexpected failures 5
# of unsupported tests 3
=== libgomp Summary ===
# of expected passes 4766
# of unexpected failures 10
# of unsupported tests 6
=== libitm tests ===
Running target unix/-m32
=== libitm Summary for unix/-m32 ===
# of expected passes 26
# of expected failures 3
# of unsupported tests 1
Running target unix/-m64
=== libitm Summary for unix/-m64 ===
# of expected passes 26
# of expected failures 3
# of unsupported tests 1
=== libitm Summary ===
# of expected passes 52
# of expected failures 6
# of unsupported tests 2
=== libstdc++ tests ===
Running target unix/-m32
FAIL: 17_intro/headers/c++200x/stdc++.cc (test for excess errors)
FAIL: 17_intro/headers/c++200x/stdc++_multiple_inclusion.cc (test for excess errors)
=== libstdc++ Summary for unix/-m32 ===
# of expected passes 8841
# of unexpected failures 2
# of expected failures 40
# of unsupported tests 656
Running target unix/-m64
=== libstdc++ Summary for unix/-m64 ===
# of expected passes 8841
# of expected failures 40
# of unsupported tests 657
=== libstdc++ Summary ===
# of expected passes 17682
# of unexpected failures 2
# of expected failures 80
# of unsupported tests 1313
Compiler version: 4.9.0 20131224 (experimental) [trunk revision 206193r1] (GCC)
Platform: x86_64-apple-darwin13.0.0
configure flags: --prefix=/opt/gcc/gcc4.9p-206193r1 --enable-languages=c,c++,lto,fortran,ada,objc,obj-c++ --with-gmp=/opt/mp --with-system-zlib --enable-checking=release --with-isl=/opt/mp --enable-lto --enable-plugin --with-arch=corei7 --with-cpu=intel
More information about the Gcc-testresults
mailing list