Results for 4.9.0 20131219 (experimental) (GCC) testsuite on armv7l-unknown-linux-gnueabihf
Robert Nelson
robertcnelson@gmail.com
Fri Dec 20 16:11:00 GMT 2013
Native configuration is armv7l-unknown-linux-gnueabihf
=== libatomic tests ===
Running target unix
=== libatomic Summary ===
# of expected passes 44
# of unsupported tests 5
=== libgomp tests ===
Running target unix
FAIL: libgomp.graphite/bounds.c scan-tree-dump-times graphite "0 loops carried no dependency" 1
FAIL: libgomp.graphite/force-parallel-4.c execution test
FAIL: libgomp.graphite/force-parallel-4.c scan-tree-dump-times graphite "2 loops carried no dependency" 1
FAIL: libgomp.graphite/force-parallel-6.c scan-tree-dump-times graphite "1 loops carried no dependency" 1
FAIL: libgomp.graphite/pr41118.c scan-tree-dump-times optimized "loopfn" 0
=== libgomp Summary ===
# of expected passes 665
# of unexpected failures 5
# of unsupported tests 1
=== libitm tests ===
Running target unix
=== libitm Summary ===
# of expected passes 26
# of expected failures 3
# of unsupported tests 1
=== libstdc++ tests ===
Running target unix
FAIL: 22_locale/numpunct/members/pod/2.cc (test for excess errors)
UNRESOLVED: 22_locale/numpunct/members/pod/2.cc compilation failed to produce executable
FAIL: 27_io/basic_ios/imbue/14072.cc (test for excess errors)
UNRESOLVED: 27_io/basic_ios/imbue/14072.cc compilation failed to produce executable
FAIL: 27_io/basic_ostream/requirements/explicit_instantiation.cc (test for excess errors)
=== libstdc++ Summary ===
# of expected passes 9019
# of unexpected failures 3
# of expected failures 40
# of unresolved testcases 2
# of unsupported tests 553
=== gcc tests ===
Running target unix
FAIL: gcc.dg/atomic/c11-atomic-exec-5.c -O0 execution test
FAIL: gcc.dg/atomic/c11-atomic-exec-5.c -O1 execution test
FAIL: gcc.dg/atomic/c11-atomic-exec-5.c -O2 execution test
FAIL: gcc.dg/atomic/c11-atomic-exec-5.c -O3 -fomit-frame-pointer execution test
FAIL: gcc.dg/atomic/c11-atomic-exec-5.c -O3 -fomit-frame-pointer -funroll-loops execution test
FAIL: gcc.dg/atomic/c11-atomic-exec-5.c -O3 -fomit-frame-pointer -funroll-all-loops -finline-functions execution test
FAIL: gcc.dg/atomic/c11-atomic-exec-5.c -O3 -g execution test
FAIL: gcc.dg/atomic/c11-atomic-exec-5.c -Os execution test
FAIL: gcc.dg/atomic/c11-atomic-exec-5.c -O2 -flto -fno-use-linker-plugin -flto-partition=none execution test
FAIL: gcc.dg/atomic/c11-atomic-exec-5.c -O2 -flto -fuse-linker-plugin -fno-fat-lto-objects execution test
XPASS: gcc.dg/binop-xor1.c scan-tree-dump-times optimized "\\\\^" 1
FAIL: gcc.dg/builtin-unreachable-6.c (internal compiler error)
FAIL: gcc.dg/builtin-unreachable-6.c (test for excess errors)
FAIL: gcc.dg/uninit-pred-8_b.c bogus warning (test for bogus messages, line 20)
FAIL: gcc.dg/uninit-pred-9_b.c bogus warning (test for bogus messages, line 24)
FAIL: gcc.dg/tree-ssa/sra-12.c scan-tree-dump-times release_ssa "l;" 0
FAIL: c-c++-common/ubsan/overflow-2.c -Os (internal compiler error)
FAIL: c-c++-common/ubsan/overflow-2.c -Os (test for excess errors)
UNRESOLVED: c-c++-common/ubsan/overflow-2.c -Os compilation failed to produce executable
FAIL: c-c++-common/ubsan/overflow-mul-3.c -Os (internal compiler error)
FAIL: c-c++-common/ubsan/overflow-mul-3.c -Os (test for excess errors)
UNRESOLVED: c-c++-common/ubsan/overflow-mul-3.c -Os compilation failed to produce executable
FAIL: c-c++-common/ubsan/overflow-mul-4.c -Os (internal compiler error)
FAIL: c-c++-common/ubsan/overflow-mul-4.c -Os (test for excess errors)
UNRESOLVED: c-c++-common/ubsan/overflow-mul-4.c -Os compilation failed to produce executable
FAIL: c-c++-common/ubsan/overflow-negate-2.c -O0 execution test
FAIL: c-c++-common/ubsan/overflow-negate-2.c -O1 execution test
FAIL: c-c++-common/ubsan/overflow-negate-2.c -O2 execution test
FAIL: c-c++-common/ubsan/overflow-negate-2.c -O3 -fomit-frame-pointer execution test
FAIL: c-c++-common/ubsan/overflow-negate-2.c -O3 -g execution test
FAIL: c-c++-common/ubsan/overflow-negate-2.c -Os execution test
FAIL: gcc.target/arm/mmx-2.c (internal compiler error)
FAIL: gcc.target/arm/mmx-2.c (test for excess errors)
FAIL: gcc.target/arm/pr42575.c scan-assembler-not mov
=== gcc Summary ===
# of expected passes 97227
# of unexpected failures 30
# of unexpected successes 1
# of expected failures 249
# of unresolved testcases 3
# of unsupported tests 1574
/opt/gcc-build/gcc/xgcc version 4.9.0 20131219 (experimental) (GCC)
=== g++ tests ===
Running target unix
FAIL: g++.dg/cilk-plus/CK/catch_exc.cc -fcilkplus (test for excess errors)
UNRESOLVED: g++.dg/cilk-plus/CK/catch_exc.cc -fcilkplus compilation failed to produce executable
FAIL: g++.dg/cilk-plus/CK/const_spawn.cc -fcilkplus (test for excess errors)
UNRESOLVED: g++.dg/cilk-plus/CK/const_spawn.cc -fcilkplus compilation failed to produce executable
FAIL: g++.dg/cilk-plus/CK/fib-opr-overload.cc -fcilkplus (test for excess errors)
UNRESOLVED: g++.dg/cilk-plus/CK/fib-opr-overload.cc -fcilkplus compilation failed to produce executable
FAIL: g++.dg/cilk-plus/CK/fib-tplt.cc -fcilkplus (test for excess errors)
UNRESOLVED: g++.dg/cilk-plus/CK/fib-tplt.cc -fcilkplus compilation failed to produce executable
FAIL: g++.dg/cilk-plus/CK/lambda_spawns.cc -fcilkplus (test for excess errors)
UNRESOLVED: g++.dg/cilk-plus/CK/lambda_spawns.cc -fcilkplus compilation failed to produce executable
FAIL: g++.dg/cilk-plus/CK/lambda_spawns_tplt.cc -fcilkplus (test for excess errors)
UNRESOLVED: g++.dg/cilk-plus/CK/lambda_spawns_tplt.cc -fcilkplus compilation failed to produce executable
FAIL: g++.dg/cilk-plus/CK/catch_exc.cc -O1 -fcilkplus (test for excess errors)
UNRESOLVED: g++.dg/cilk-plus/CK/catch_exc.cc -O1 -fcilkplus compilation failed to produce executable
FAIL: g++.dg/cilk-plus/CK/const_spawn.cc -O1 -fcilkplus (test for excess errors)
UNRESOLVED: g++.dg/cilk-plus/CK/const_spawn.cc -O1 -fcilkplus compilation failed to produce executable
FAIL: g++.dg/cilk-plus/CK/fib-opr-overload.cc -O1 -fcilkplus (test for excess errors)
UNRESOLVED: g++.dg/cilk-plus/CK/fib-opr-overload.cc -O1 -fcilkplus compilation failed to produce executable
FAIL: g++.dg/cilk-plus/CK/fib-tplt.cc -O1 -fcilkplus (test for excess errors)
UNRESOLVED: g++.dg/cilk-plus/CK/fib-tplt.cc -O1 -fcilkplus compilation failed to produce executable
FAIL: g++.dg/cilk-plus/CK/lambda_spawns.cc -O1 -fcilkplus (test for excess errors)
UNRESOLVED: g++.dg/cilk-plus/CK/lambda_spawns.cc -O1 -fcilkplus compilation failed to produce executable
FAIL: g++.dg/cilk-plus/CK/lambda_spawns_tplt.cc -O1 -fcilkplus (test for excess errors)
UNRESOLVED: g++.dg/cilk-plus/CK/lambda_spawns_tplt.cc -O1 -fcilkplus compilation failed to produce executable
FAIL: g++.dg/cilk-plus/CK/catch_exc.cc -O2 -fcilkplus (test for excess errors)
UNRESOLVED: g++.dg/cilk-plus/CK/catch_exc.cc -O2 -fcilkplus compilation failed to produce executable
FAIL: g++.dg/cilk-plus/CK/const_spawn.cc -O2 -fcilkplus (test for excess errors)
UNRESOLVED: g++.dg/cilk-plus/CK/const_spawn.cc -O2 -fcilkplus compilation failed to produce executable
FAIL: g++.dg/cilk-plus/CK/fib-opr-overload.cc -O2 -fcilkplus (test for excess errors)
UNRESOLVED: g++.dg/cilk-plus/CK/fib-opr-overload.cc -O2 -fcilkplus compilation failed to produce executable
FAIL: g++.dg/cilk-plus/CK/fib-tplt.cc -O2 -fcilkplus (test for excess errors)
UNRESOLVED: g++.dg/cilk-plus/CK/fib-tplt.cc -O2 -fcilkplus compilation failed to produce executable
FAIL: g++.dg/cilk-plus/CK/lambda_spawns.cc -O2 -fcilkplus (test for excess errors)
UNRESOLVED: g++.dg/cilk-plus/CK/lambda_spawns.cc -O2 -fcilkplus compilation failed to produce executable
FAIL: g++.dg/cilk-plus/CK/lambda_spawns_tplt.cc -O2 -fcilkplus (test for excess errors)
UNRESOLVED: g++.dg/cilk-plus/CK/lambda_spawns_tplt.cc -O2 -fcilkplus compilation failed to produce executable
FAIL: g++.dg/cilk-plus/CK/catch_exc.cc -O3 -fcilkplus (test for excess errors)
UNRESOLVED: g++.dg/cilk-plus/CK/catch_exc.cc -O3 -fcilkplus compilation failed to produce executable
FAIL: g++.dg/cilk-plus/CK/const_spawn.cc -O3 -fcilkplus (test for excess errors)
UNRESOLVED: g++.dg/cilk-plus/CK/const_spawn.cc -O3 -fcilkplus compilation failed to produce executable
FAIL: g++.dg/cilk-plus/CK/fib-opr-overload.cc -O3 -fcilkplus (test for excess errors)
UNRESOLVED: g++.dg/cilk-plus/CK/fib-opr-overload.cc -O3 -fcilkplus compilation failed to produce executable
FAIL: g++.dg/cilk-plus/CK/fib-tplt.cc -O3 -fcilkplus (test for excess errors)
UNRESOLVED: g++.dg/cilk-plus/CK/fib-tplt.cc -O3 -fcilkplus compilation failed to produce executable
FAIL: g++.dg/cilk-plus/CK/lambda_spawns.cc -O3 -fcilkplus (test for excess errors)
UNRESOLVED: g++.dg/cilk-plus/CK/lambda_spawns.cc -O3 -fcilkplus compilation failed to produce executable
FAIL: g++.dg/cilk-plus/CK/lambda_spawns_tplt.cc -O3 -fcilkplus (test for excess errors)
UNRESOLVED: g++.dg/cilk-plus/CK/lambda_spawns_tplt.cc -O3 -fcilkplus compilation failed to produce executable
FAIL: g++.dg/cilk-plus/CK/catch_exc.cc -g -fcilkplus (test for excess errors)
UNRESOLVED: g++.dg/cilk-plus/CK/catch_exc.cc -g -fcilkplus compilation failed to produce executable
FAIL: g++.dg/cilk-plus/CK/const_spawn.cc -g -fcilkplus (test for excess errors)
UNRESOLVED: g++.dg/cilk-plus/CK/const_spawn.cc -g -fcilkplus compilation failed to produce executable
FAIL: g++.dg/cilk-plus/CK/fib-opr-overload.cc -g -fcilkplus (test for excess errors)
UNRESOLVED: g++.dg/cilk-plus/CK/fib-opr-overload.cc -g -fcilkplus compilation failed to produce executable
FAIL: g++.dg/cilk-plus/CK/fib-tplt.cc -g -fcilkplus (test for excess errors)
UNRESOLVED: g++.dg/cilk-plus/CK/fib-tplt.cc -g -fcilkplus compilation failed to produce executable
FAIL: g++.dg/cilk-plus/CK/lambda_spawns.cc -g -fcilkplus (test for excess errors)
UNRESOLVED: g++.dg/cilk-plus/CK/lambda_spawns.cc -g -fcilkplus compilation failed to produce executable
FAIL: g++.dg/cilk-plus/CK/lambda_spawns_tplt.cc -g -fcilkplus (test for excess errors)
UNRESOLVED: g++.dg/cilk-plus/CK/lambda_spawns_tplt.cc -g -fcilkplus compilation failed to produce executable
FAIL: g++.dg/cilk-plus/CK/catch_exc.cc -g -O2 -fcilkplus (test for excess errors)
UNRESOLVED: g++.dg/cilk-plus/CK/catch_exc.cc -g -O2 -fcilkplus compilation failed to produce executable
FAIL: g++.dg/cilk-plus/CK/const_spawn.cc -g -O2 -fcilkplus (test for excess errors)
UNRESOLVED: g++.dg/cilk-plus/CK/const_spawn.cc -g -O2 -fcilkplus compilation failed to produce executable
FAIL: g++.dg/cilk-plus/CK/fib-opr-overload.cc -g -O2 -fcilkplus (test for excess errors)
UNRESOLVED: g++.dg/cilk-plus/CK/fib-opr-overload.cc -g -O2 -fcilkplus compilation failed to produce executable
FAIL: g++.dg/cilk-plus/CK/fib-tplt.cc -g -O2 -fcilkplus (test for excess errors)
UNRESOLVED: g++.dg/cilk-plus/CK/fib-tplt.cc -g -O2 -fcilkplus compilation failed to produce executable
FAIL: g++.dg/cilk-plus/CK/lambda_spawns.cc -g -O2 -fcilkplus (test for excess errors)
UNRESOLVED: g++.dg/cilk-plus/CK/lambda_spawns.cc -g -O2 -fcilkplus compilation failed to produce executable
FAIL: g++.dg/cilk-plus/CK/lambda_spawns_tplt.cc -g -O2 -fcilkplus (test for excess errors)
UNRESOLVED: g++.dg/cilk-plus/CK/lambda_spawns_tplt.cc -g -O2 -fcilkplus compilation failed to produce executable
FAIL: g++.dg/cilk-plus/CK/catch_exc.cc -g -O3 -fcilkplus (test for excess errors)
UNRESOLVED: g++.dg/cilk-plus/CK/catch_exc.cc -g -O3 -fcilkplus compilation failed to produce executable
FAIL: g++.dg/cilk-plus/CK/const_spawn.cc -g -O3 -fcilkplus (test for excess errors)
UNRESOLVED: g++.dg/cilk-plus/CK/const_spawn.cc -g -O3 -fcilkplus compilation failed to produce executable
FAIL: g++.dg/cilk-plus/CK/fib-opr-overload.cc -g -O3 -fcilkplus (test for excess errors)
UNRESOLVED: g++.dg/cilk-plus/CK/fib-opr-overload.cc -g -O3 -fcilkplus compilation failed to produce executable
FAIL: g++.dg/cilk-plus/CK/fib-tplt.cc -g -O3 -fcilkplus (test for excess errors)
UNRESOLVED: g++.dg/cilk-plus/CK/fib-tplt.cc -g -O3 -fcilkplus compilation failed to produce executable
FAIL: g++.dg/cilk-plus/CK/lambda_spawns.cc -g -O3 -fcilkplus (test for excess errors)
UNRESOLVED: g++.dg/cilk-plus/CK/lambda_spawns.cc -g -O3 -fcilkplus compilation failed to produce executable
FAIL: g++.dg/cilk-plus/CK/lambda_spawns_tplt.cc -g -O3 -fcilkplus (test for excess errors)
UNRESOLVED: g++.dg/cilk-plus/CK/lambda_spawns_tplt.cc -g -O3 -fcilkplus compilation failed to produce executable
FAIL: g++.dg/warn/Wtype-limits.C -std=gnu++11 (test for warnings, line 36)
FAIL: g++.dg/warn/Wtype-limits.C -std=gnu++11 (test for excess errors)
FAIL: g++.dg/gomp/pr59150.C -std=gnu++98 (internal compiler error)
FAIL: g++.dg/gomp/pr59150.C -std=gnu++98 (test for excess errors)
FAIL: g++.dg/gomp/pr59150.C -std=gnu++11 (internal compiler error)
FAIL: g++.dg/gomp/pr59150.C -std=gnu++11 (test for excess errors)
FAIL: c-c++-common/ubsan/overflow-2.c -Os (internal compiler error)
FAIL: c-c++-common/ubsan/overflow-2.c -Os (test for excess errors)
UNRESOLVED: c-c++-common/ubsan/overflow-2.c -Os compilation failed to produce executable
FAIL: c-c++-common/ubsan/overflow-mul-3.c -Os (internal compiler error)
FAIL: c-c++-common/ubsan/overflow-mul-3.c -Os (test for excess errors)
UNRESOLVED: c-c++-common/ubsan/overflow-mul-3.c -Os compilation failed to produce executable
FAIL: c-c++-common/ubsan/overflow-mul-4.c -Os (internal compiler error)
FAIL: c-c++-common/ubsan/overflow-mul-4.c -Os (test for excess errors)
UNRESOLVED: c-c++-common/ubsan/overflow-mul-4.c -Os compilation failed to produce executable
FAIL: c-c++-common/ubsan/overflow-negate-2.c -O0 execution test
FAIL: c-c++-common/ubsan/overflow-negate-2.c -O1 execution test
FAIL: c-c++-common/ubsan/overflow-negate-2.c -O2 execution test
FAIL: c-c++-common/ubsan/overflow-negate-2.c -O3 -fomit-frame-pointer execution test
FAIL: c-c++-common/ubsan/overflow-negate-2.c -O3 -g execution test
FAIL: c-c++-common/ubsan/overflow-negate-2.c -Os execution test
=== g++ Summary ===
# of expected passes 56473
# of unexpected failures 60
# of expected failures 291
# of unresolved testcases 45
# of unsupported tests 1263
/opt/gcc-build/gcc/testsuite/g++/../../xg++ version 4.9.0 20131219 (experimental) (GCC)
Compiler version: 4.9.0 20131219 (experimental) (GCC)
Platform: armv7l-unknown-linux-gnueabihf
configure flags: --enable-languages=c,c++ --with-cpu=cortex-a9 --with-fpu=vfpv3 --with-float=hard
Build Logs: http://rcn-ee.homeip.net:81/dl/gcc/archive/20131219-11:06-gitef8395d-trunk-imx6q-sabrelite-1gb-0/
More information about the Gcc-testresults
mailing list