Results for 4.9.0 20131215 (experimental) testsuite on armv5tel-unknown-linux-gnueabi
Mikael Pettersson
mikpelinux@gmail.com
Tue Dec 17 22:43:00 GMT 2013
LAST_UPDATED: Obtained from SVN: trunk revision 206004
Native configuration is armv5tel-unknown-linux-gnueabi
=== libatomic tests ===
Running target unix
WARNING: program timed out.
FAIL: libatomic.c/atomic-op-1.c execution test
=== libatomic Summary ===
# of expected passes 43
# of unexpected failures 1
# of unsupported tests 5
=== libgomp tests ===
Running target unix
WARNING: program timed out.
FAIL: libgomp.c/depend-3.c execution test
WARNING: program timed out.
FAIL: libgomp.fortran/strassen.f90 -O execution test
=== libgomp Summary ===
# of expected passes 2339
# of unexpected failures 2
# of unsupported tests 1
=== libitm tests ===
Running target unix
=== libitm Summary ===
# of expected passes 26
# of expected failures 3
# of unsupported tests 1
=== libstdc++ tests ===
Running target unix
=== libstdc++ Summary ===
# of expected passes 9457
# of expected failures 40
# of unsupported tests 342
=== acats tests ===
=== acats Summary ===
# of expected passes 2320
# of unexpected failures 0
=== g++ tests ===
Running target unix
FAIL: c-c++-common/asan/clone-test-1.c -O0 execution test
FAIL: c-c++-common/asan/clone-test-1.c -O1 execution test
FAIL: c-c++-common/asan/clone-test-1.c -O2 execution test
FAIL: c-c++-common/asan/clone-test-1.c -O3 -fomit-frame-pointer execution test
FAIL: c-c++-common/asan/clone-test-1.c -O3 -fomit-frame-pointer -funroll-loops execution test
FAIL: c-c++-common/asan/clone-test-1.c -O3 -fomit-frame-pointer -funroll-all-loops -finline-functions execution test
FAIL: c-c++-common/asan/clone-test-1.c -O3 -g execution test
FAIL: c-c++-common/asan/clone-test-1.c -Os execution test
FAIL: c-c++-common/asan/global-overflow-1.c -O0 output pattern test, is ASAN:SIGSEGV
FAIL: c-c++-common/asan/global-overflow-1.c -O1 output pattern test, is ASAN:SIGSEGV
FAIL: c-c++-common/asan/global-overflow-1.c -O2 output pattern test, is ASAN:SIGSEGV
FAIL: c-c++-common/asan/global-overflow-1.c -O3 -fomit-frame-pointer output pattern test, is ASAN:SIGSEGV
FAIL: c-c++-common/asan/global-overflow-1.c -O3 -g output pattern test, is ASAN:SIGSEGV
FAIL: c-c++-common/asan/global-overflow-1.c -Os output pattern test, is ASAN:SIGSEGV
FAIL: c-c++-common/asan/heap-overflow-1.c -O0 output pattern test, is ASAN:SIGSEGV
FAIL: c-c++-common/asan/heap-overflow-1.c -O1 output pattern test, is ASAN:SIGSEGV
FAIL: c-c++-common/asan/heap-overflow-1.c -O2 output pattern test, is ASAN:SIGSEGV
FAIL: c-c++-common/asan/heap-overflow-1.c -O3 -fomit-frame-pointer output pattern test, is ASAN:SIGSEGV
FAIL: c-c++-common/asan/heap-overflow-1.c -O3 -g output pattern test, is ASAN:SIGSEGV
FAIL: c-c++-common/asan/heap-overflow-1.c -Os output pattern test, is ASAN:SIGSEGV
FAIL: c-c++-common/asan/memcmp-1.c -O0 output pattern test, is ASAN:SIGSEGV
FAIL: c-c++-common/asan/memcmp-1.c -O1 output pattern test, is ASAN:SIGSEGV
FAIL: c-c++-common/asan/memcmp-1.c -O2 output pattern test, is ASAN:SIGSEGV
FAIL: c-c++-common/asan/memcmp-1.c -O3 -fomit-frame-pointer output pattern test, is ASAN:SIGSEGV
FAIL: c-c++-common/asan/memcmp-1.c -O3 -g output pattern test, is ASAN:SIGSEGV
FAIL: c-c++-common/asan/memcmp-1.c -Os output pattern test, is ASAN:SIGSEGV
FAIL: c-c++-common/asan/null-deref-1.c -O0 output pattern test, is ASAN:SIGSEGV
FAIL: c-c++-common/asan/null-deref-1.c -O1 output pattern test, is ASAN:SIGSEGV
FAIL: c-c++-common/asan/null-deref-1.c -O2 output pattern test, is ASAN:SIGSEGV
FAIL: c-c++-common/asan/null-deref-1.c -O3 -fomit-frame-pointer output pattern test, is ASAN:SIGSEGV
FAIL: c-c++-common/asan/null-deref-1.c -O3 -g output pattern test, is ASAN:SIGSEGV
FAIL: c-c++-common/asan/null-deref-1.c -Os output pattern test, is ASAN:SIGSEGV
FAIL: c-c++-common/asan/pr59063-1.c -O0 execution test
FAIL: c-c++-common/asan/pr59063-1.c -O1 execution test
FAIL: c-c++-common/asan/pr59063-1.c -O2 execution test
FAIL: c-c++-common/asan/pr59063-1.c -O3 -fomit-frame-pointer execution test
FAIL: c-c++-common/asan/pr59063-1.c -O3 -g execution test
FAIL: c-c++-common/asan/pr59063-1.c -Os execution test
FAIL: c-c++-common/asan/pr59063-2.c -O0 execution test
FAIL: c-c++-common/asan/pr59063-2.c -O1 execution test
FAIL: c-c++-common/asan/pr59063-2.c -O2 execution test
FAIL: c-c++-common/asan/pr59063-2.c -O3 -fomit-frame-pointer execution test
FAIL: c-c++-common/asan/pr59063-2.c -O3 -g execution test
FAIL: c-c++-common/asan/pr59063-2.c -Os execution test
FAIL: c-c++-common/asan/rlimit-mmap-test-1.c -O0 output pattern test, is ASAN:SIGSEGV
FAIL: c-c++-common/asan/sanity-check-pure-c-1.c -O0 output pattern test, is ASAN:SIGSEGV
FAIL: c-c++-common/asan/sanity-check-pure-c-1.c -O1 output pattern test, is ASAN:SIGSEGV
FAIL: c-c++-common/asan/sanity-check-pure-c-1.c -O2 output pattern test, is ASAN:SIGSEGV
FAIL: c-c++-common/asan/sanity-check-pure-c-1.c -O3 -fomit-frame-pointer output pattern test, is ASAN:SIGSEGV
FAIL: c-c++-common/asan/sanity-check-pure-c-1.c -O3 -g output pattern test, is ASAN:SIGSEGV
FAIL: c-c++-common/asan/sanity-check-pure-c-1.c -Os output pattern test, is ASAN:SIGSEGV
FAIL: c-c++-common/asan/stack-overflow-1.c -O0 output pattern test, is ASAN:SIGSEGV
FAIL: c-c++-common/asan/stack-overflow-1.c -O1 output pattern test, is ASAN:SIGSEGV
FAIL: c-c++-common/asan/stack-overflow-1.c -O2 output pattern test, is ASAN:SIGSEGV
FAIL: c-c++-common/asan/stack-overflow-1.c -O3 -fomit-frame-pointer output pattern test, is ASAN:SIGSEGV
FAIL: c-c++-common/asan/stack-overflow-1.c -O3 -g output pattern test, is ASAN:SIGSEGV
FAIL: c-c++-common/asan/stack-overflow-1.c -Os output pattern test, is ASAN:SIGSEGV
FAIL: c-c++-common/asan/strip-path-prefix-1.c -O2 output pattern test, is ASAN:SIGSEGV
FAIL: c-c++-common/asan/strncpy-overflow-1.c -O0 output pattern test, is ASAN:SIGSEGV
FAIL: c-c++-common/asan/strncpy-overflow-1.c -O1 output pattern test, is ASAN:SIGSEGV
FAIL: c-c++-common/asan/strncpy-overflow-1.c -O2 output pattern test, is ASAN:SIGSEGV
FAIL: c-c++-common/asan/strncpy-overflow-1.c -O3 -fomit-frame-pointer output pattern test, is ASAN:SIGSEGV
FAIL: c-c++-common/asan/strncpy-overflow-1.c -O3 -g output pattern test, is ASAN:SIGSEGV
FAIL: c-c++-common/asan/strncpy-overflow-1.c -Os output pattern test, is ASAN:SIGSEGV
FAIL: c-c++-common/asan/swapcontext-test-1.c -O0 execution test
FAIL: c-c++-common/asan/swapcontext-test-1.c -O1 execution test
FAIL: c-c++-common/asan/swapcontext-test-1.c -O2 execution test
FAIL: c-c++-common/asan/swapcontext-test-1.c -O3 -fomit-frame-pointer execution test
FAIL: c-c++-common/asan/swapcontext-test-1.c -O3 -fomit-frame-pointer -funroll-loops execution test
FAIL: c-c++-common/asan/swapcontext-test-1.c -O3 -fomit-frame-pointer -funroll-all-loops -finline-functions execution test
FAIL: c-c++-common/asan/swapcontext-test-1.c -O3 -g execution test
FAIL: c-c++-common/asan/swapcontext-test-1.c -Os execution test
FAIL: c-c++-common/asan/use-after-free-1.c -O0 output pattern test, is ASAN:SIGSEGV
FAIL: c-c++-common/asan/use-after-free-1.c -O1 output pattern test, is ASAN:SIGSEGV
FAIL: c-c++-common/asan/use-after-free-1.c -O2 output pattern test, is ASAN:SIGSEGV
FAIL: c-c++-common/asan/use-after-free-1.c -O3 -fomit-frame-pointer output pattern test, is ASAN:SIGSEGV
FAIL: c-c++-common/asan/use-after-free-1.c -O3 -g output pattern test, is ASAN:SIGSEGV
FAIL: c-c++-common/asan/use-after-free-1.c -Os output pattern test, is ASAN:SIGSEGV
FAIL: g++.dg/asan/deep-stack-uaf-1.C -O0 output pattern test, is ASAN:SIGSEGV
FAIL: g++.dg/asan/deep-stack-uaf-1.C -O1 output pattern test, is ASAN:SIGSEGV
FAIL: g++.dg/asan/deep-stack-uaf-1.C -O2 output pattern test, is ASAN:SIGSEGV
FAIL: g++.dg/asan/deep-stack-uaf-1.C -O3 -fomit-frame-pointer output pattern test, is ASAN:SIGSEGV
FAIL: g++.dg/asan/deep-stack-uaf-1.C -O3 -g output pattern test, is ASAN:SIGSEGV
FAIL: g++.dg/asan/deep-stack-uaf-1.C -Os output pattern test, is ASAN:SIGSEGV
FAIL: g++.dg/asan/deep-tail-call-1.C -O0 output pattern test, is ASAN:SIGSEGV
FAIL: g++.dg/asan/deep-tail-call-1.C -O1 output pattern test, is ASAN:SIGSEGV
FAIL: g++.dg/asan/deep-tail-call-1.C -O2 output pattern test, is ASAN:SIGSEGV
FAIL: g++.dg/asan/deep-tail-call-1.C -O3 -fomit-frame-pointer output pattern test, is ASAN:SIGSEGV
FAIL: g++.dg/asan/deep-tail-call-1.C -O3 -g output pattern test, is ASAN:SIGSEGV
FAIL: g++.dg/asan/deep-tail-call-1.C -Os output pattern test, is ASAN:SIGSEGV
FAIL: g++.dg/asan/deep-thread-stack-1.C -O0 output pattern test, is ASAN:SIGSEGV
FAIL: g++.dg/asan/deep-thread-stack-1.C -O1 output pattern test, is ASAN:SIGSEGV
FAIL: g++.dg/asan/deep-thread-stack-1.C -O2 output pattern test, is ASAN:SIGSEGV
FAIL: g++.dg/asan/deep-thread-stack-1.C -O3 -fomit-frame-pointer output pattern test, is ASAN:SIGSEGV
FAIL: g++.dg/asan/deep-thread-stack-1.C -O3 -g output pattern test, is ASAN:SIGSEGV
FAIL: g++.dg/asan/deep-thread-stack-1.C -Os output pattern test, is ASAN:SIGSEGV
FAIL: g++.dg/asan/default-options-1.C -O0 execution test
FAIL: g++.dg/asan/default-options-1.C -O1 execution test
FAIL: g++.dg/asan/default-options-1.C -O2 execution test
FAIL: g++.dg/asan/default-options-1.C -O3 -fomit-frame-pointer execution test
FAIL: g++.dg/asan/default-options-1.C -O3 -g execution test
FAIL: g++.dg/asan/default-options-1.C -Os execution test
FAIL: g++.dg/asan/interception-failure-test-1.C -O0 execution test
FAIL: g++.dg/asan/interception-failure-test-1.C -O1 execution test
FAIL: g++.dg/asan/interception-failure-test-1.C -O2 execution test
FAIL: g++.dg/asan/interception-failure-test-1.C -O3 -fomit-frame-pointer execution test
FAIL: g++.dg/asan/interception-failure-test-1.C -O3 -g execution test
FAIL: g++.dg/asan/interception-failure-test-1.C -Os execution test
FAIL: g++.dg/asan/interception-malloc-test-1.C -O0 output pattern test, is ASAN:SIGSEGV
FAIL: g++.dg/asan/interception-malloc-test-1.C -O1 output pattern test, is ASAN:SIGSEGV
FAIL: g++.dg/asan/interception-malloc-test-1.C -O2 output pattern test, is ASAN:SIGSEGV
FAIL: g++.dg/asan/interception-malloc-test-1.C -O3 -fomit-frame-pointer output pattern test, is ASAN:SIGSEGV
FAIL: g++.dg/asan/interception-malloc-test-1.C -O3 -g output pattern test, is ASAN:SIGSEGV
FAIL: g++.dg/asan/interception-malloc-test-1.C -Os output pattern test, is ASAN:SIGSEGV
FAIL: g++.dg/asan/interception-test-1.C -O0 output pattern test, is ASAN:SIGSEGV
FAIL: g++.dg/asan/interception-test-1.C -O1 output pattern test, is ASAN:SIGSEGV
FAIL: g++.dg/asan/interception-test-1.C -O2 output pattern test, is ASAN:SIGSEGV
FAIL: g++.dg/asan/interception-test-1.C -O3 -fomit-frame-pointer output pattern test, is ASAN:SIGSEGV
FAIL: g++.dg/asan/interception-test-1.C -O3 -g output pattern test, is ASAN:SIGSEGV
FAIL: g++.dg/asan/interception-test-1.C -Os output pattern test, is ASAN:SIGSEGV
FAIL: g++.dg/asan/large-func-test-1.C -O0 output pattern test, is ASAN:SIGSEGV
FAIL: g++.dg/asan/large-func-test-1.C -O1 output pattern test, is ASAN:SIGSEGV
FAIL: g++.dg/asan/large-func-test-1.C -O2 output pattern test, is ASAN:SIGSEGV
FAIL: g++.dg/asan/large-func-test-1.C -O3 -fomit-frame-pointer output pattern test, is ASAN:SIGSEGV
FAIL: g++.dg/asan/large-func-test-1.C -O3 -g output pattern test, is ASAN:SIGSEGV
FAIL: g++.dg/asan/large-func-test-1.C -Os output pattern test, is ASAN:SIGSEGV
FAIL: g++.dg/asan/pr55617.C -O0 execution test
FAIL: g++.dg/asan/pr55617.C -O1 execution test
FAIL: g++.dg/asan/pr55617.C -O2 execution test
FAIL: g++.dg/asan/pr55617.C -O3 -fomit-frame-pointer execution test
FAIL: g++.dg/asan/pr55617.C -O3 -g execution test
FAIL: g++.dg/asan/pr55617.C -Os execution test
FAIL: g++.dg/asan/symbolize-callback-1.C -O2 output pattern test, is ASAN:SIGSEGV
FAIL: g++.dg/cilk-plus/CK/catch_exc.cc -fcilkplus (test for excess errors)
UNRESOLVED: g++.dg/cilk-plus/CK/catch_exc.cc -fcilkplus compilation failed to produce executable
FAIL: g++.dg/cilk-plus/CK/const_spawn.cc -fcilkplus (test for excess errors)
UNRESOLVED: g++.dg/cilk-plus/CK/const_spawn.cc -fcilkplus compilation failed to produce executable
FAIL: g++.dg/cilk-plus/CK/fib-opr-overload.cc -fcilkplus (test for excess errors)
UNRESOLVED: g++.dg/cilk-plus/CK/fib-opr-overload.cc -fcilkplus compilation failed to produce executable
FAIL: g++.dg/cilk-plus/CK/fib-tplt.cc -fcilkplus (test for excess errors)
UNRESOLVED: g++.dg/cilk-plus/CK/fib-tplt.cc -fcilkplus compilation failed to produce executable
FAIL: g++.dg/cilk-plus/CK/lambda_spawns.cc -fcilkplus (test for excess errors)
UNRESOLVED: g++.dg/cilk-plus/CK/lambda_spawns.cc -fcilkplus compilation failed to produce executable
FAIL: g++.dg/cilk-plus/CK/lambda_spawns_tplt.cc -fcilkplus (test for excess errors)
UNRESOLVED: g++.dg/cilk-plus/CK/lambda_spawns_tplt.cc -fcilkplus compilation failed to produce executable
FAIL: g++.dg/cilk-plus/CK/catch_exc.cc -O1 -fcilkplus (test for excess errors)
UNRESOLVED: g++.dg/cilk-plus/CK/catch_exc.cc -O1 -fcilkplus compilation failed to produce executable
FAIL: g++.dg/cilk-plus/CK/const_spawn.cc -O1 -fcilkplus (test for excess errors)
UNRESOLVED: g++.dg/cilk-plus/CK/const_spawn.cc -O1 -fcilkplus compilation failed to produce executable
FAIL: g++.dg/cilk-plus/CK/fib-opr-overload.cc -O1 -fcilkplus (test for excess errors)
UNRESOLVED: g++.dg/cilk-plus/CK/fib-opr-overload.cc -O1 -fcilkplus compilation failed to produce executable
FAIL: g++.dg/cilk-plus/CK/fib-tplt.cc -O1 -fcilkplus (test for excess errors)
UNRESOLVED: g++.dg/cilk-plus/CK/fib-tplt.cc -O1 -fcilkplus compilation failed to produce executable
FAIL: g++.dg/cilk-plus/CK/lambda_spawns.cc -O1 -fcilkplus (test for excess errors)
UNRESOLVED: g++.dg/cilk-plus/CK/lambda_spawns.cc -O1 -fcilkplus compilation failed to produce executable
FAIL: g++.dg/cilk-plus/CK/lambda_spawns_tplt.cc -O1 -fcilkplus (test for excess errors)
UNRESOLVED: g++.dg/cilk-plus/CK/lambda_spawns_tplt.cc -O1 -fcilkplus compilation failed to produce executable
FAIL: g++.dg/cilk-plus/CK/catch_exc.cc -O2 -fcilkplus (test for excess errors)
UNRESOLVED: g++.dg/cilk-plus/CK/catch_exc.cc -O2 -fcilkplus compilation failed to produce executable
FAIL: g++.dg/cilk-plus/CK/const_spawn.cc -O2 -fcilkplus (test for excess errors)
UNRESOLVED: g++.dg/cilk-plus/CK/const_spawn.cc -O2 -fcilkplus compilation failed to produce executable
FAIL: g++.dg/cilk-plus/CK/fib-opr-overload.cc -O2 -fcilkplus (test for excess errors)
UNRESOLVED: g++.dg/cilk-plus/CK/fib-opr-overload.cc -O2 -fcilkplus compilation failed to produce executable
FAIL: g++.dg/cilk-plus/CK/fib-tplt.cc -O2 -fcilkplus (test for excess errors)
UNRESOLVED: g++.dg/cilk-plus/CK/fib-tplt.cc -O2 -fcilkplus compilation failed to produce executable
FAIL: g++.dg/cilk-plus/CK/lambda_spawns.cc -O2 -fcilkplus (test for excess errors)
UNRESOLVED: g++.dg/cilk-plus/CK/lambda_spawns.cc -O2 -fcilkplus compilation failed to produce executable
FAIL: g++.dg/cilk-plus/CK/lambda_spawns_tplt.cc -O2 -fcilkplus (test for excess errors)
UNRESOLVED: g++.dg/cilk-plus/CK/lambda_spawns_tplt.cc -O2 -fcilkplus compilation failed to produce executable
FAIL: g++.dg/cilk-plus/CK/catch_exc.cc -O3 -fcilkplus (test for excess errors)
UNRESOLVED: g++.dg/cilk-plus/CK/catch_exc.cc -O3 -fcilkplus compilation failed to produce executable
FAIL: g++.dg/cilk-plus/CK/const_spawn.cc -O3 -fcilkplus (test for excess errors)
UNRESOLVED: g++.dg/cilk-plus/CK/const_spawn.cc -O3 -fcilkplus compilation failed to produce executable
FAIL: g++.dg/cilk-plus/CK/fib-opr-overload.cc -O3 -fcilkplus (test for excess errors)
UNRESOLVED: g++.dg/cilk-plus/CK/fib-opr-overload.cc -O3 -fcilkplus compilation failed to produce executable
FAIL: g++.dg/cilk-plus/CK/fib-tplt.cc -O3 -fcilkplus (test for excess errors)
UNRESOLVED: g++.dg/cilk-plus/CK/fib-tplt.cc -O3 -fcilkplus compilation failed to produce executable
FAIL: g++.dg/cilk-plus/CK/lambda_spawns.cc -O3 -fcilkplus (test for excess errors)
UNRESOLVED: g++.dg/cilk-plus/CK/lambda_spawns.cc -O3 -fcilkplus compilation failed to produce executable
FAIL: g++.dg/cilk-plus/CK/lambda_spawns_tplt.cc -O3 -fcilkplus (test for excess errors)
UNRESOLVED: g++.dg/cilk-plus/CK/lambda_spawns_tplt.cc -O3 -fcilkplus compilation failed to produce executable
FAIL: g++.dg/cilk-plus/CK/catch_exc.cc -g -fcilkplus (test for excess errors)
UNRESOLVED: g++.dg/cilk-plus/CK/catch_exc.cc -g -fcilkplus compilation failed to produce executable
FAIL: g++.dg/cilk-plus/CK/const_spawn.cc -g -fcilkplus (test for excess errors)
UNRESOLVED: g++.dg/cilk-plus/CK/const_spawn.cc -g -fcilkplus compilation failed to produce executable
FAIL: g++.dg/cilk-plus/CK/fib-opr-overload.cc -g -fcilkplus (test for excess errors)
UNRESOLVED: g++.dg/cilk-plus/CK/fib-opr-overload.cc -g -fcilkplus compilation failed to produce executable
FAIL: g++.dg/cilk-plus/CK/fib-tplt.cc -g -fcilkplus (test for excess errors)
UNRESOLVED: g++.dg/cilk-plus/CK/fib-tplt.cc -g -fcilkplus compilation failed to produce executable
FAIL: g++.dg/cilk-plus/CK/lambda_spawns.cc -g -fcilkplus (test for excess errors)
UNRESOLVED: g++.dg/cilk-plus/CK/lambda_spawns.cc -g -fcilkplus compilation failed to produce executable
FAIL: g++.dg/cilk-plus/CK/lambda_spawns_tplt.cc -g -fcilkplus (test for excess errors)
UNRESOLVED: g++.dg/cilk-plus/CK/lambda_spawns_tplt.cc -g -fcilkplus compilation failed to produce executable
FAIL: g++.dg/cilk-plus/CK/catch_exc.cc -g -O2 -fcilkplus (test for excess errors)
UNRESOLVED: g++.dg/cilk-plus/CK/catch_exc.cc -g -O2 -fcilkplus compilation failed to produce executable
FAIL: g++.dg/cilk-plus/CK/const_spawn.cc -g -O2 -fcilkplus (test for excess errors)
UNRESOLVED: g++.dg/cilk-plus/CK/const_spawn.cc -g -O2 -fcilkplus compilation failed to produce executable
FAIL: g++.dg/cilk-plus/CK/fib-opr-overload.cc -g -O2 -fcilkplus (test for excess errors)
UNRESOLVED: g++.dg/cilk-plus/CK/fib-opr-overload.cc -g -O2 -fcilkplus compilation failed to produce executable
FAIL: g++.dg/cilk-plus/CK/fib-tplt.cc -g -O2 -fcilkplus (test for excess errors)
UNRESOLVED: g++.dg/cilk-plus/CK/fib-tplt.cc -g -O2 -fcilkplus compilation failed to produce executable
FAIL: g++.dg/cilk-plus/CK/lambda_spawns.cc -g -O2 -fcilkplus (test for excess errors)
UNRESOLVED: g++.dg/cilk-plus/CK/lambda_spawns.cc -g -O2 -fcilkplus compilation failed to produce executable
FAIL: g++.dg/cilk-plus/CK/lambda_spawns_tplt.cc -g -O2 -fcilkplus (test for excess errors)
UNRESOLVED: g++.dg/cilk-plus/CK/lambda_spawns_tplt.cc -g -O2 -fcilkplus compilation failed to produce executable
FAIL: g++.dg/cilk-plus/CK/catch_exc.cc -g -O3 -fcilkplus (test for excess errors)
UNRESOLVED: g++.dg/cilk-plus/CK/catch_exc.cc -g -O3 -fcilkplus compilation failed to produce executable
FAIL: g++.dg/cilk-plus/CK/const_spawn.cc -g -O3 -fcilkplus (test for excess errors)
UNRESOLVED: g++.dg/cilk-plus/CK/const_spawn.cc -g -O3 -fcilkplus compilation failed to produce executable
FAIL: g++.dg/cilk-plus/CK/fib-opr-overload.cc -g -O3 -fcilkplus (test for excess errors)
UNRESOLVED: g++.dg/cilk-plus/CK/fib-opr-overload.cc -g -O3 -fcilkplus compilation failed to produce executable
FAIL: g++.dg/cilk-plus/CK/fib-tplt.cc -g -O3 -fcilkplus (test for excess errors)
UNRESOLVED: g++.dg/cilk-plus/CK/fib-tplt.cc -g -O3 -fcilkplus compilation failed to produce executable
FAIL: g++.dg/cilk-plus/CK/lambda_spawns.cc -g -O3 -fcilkplus (test for excess errors)
UNRESOLVED: g++.dg/cilk-plus/CK/lambda_spawns.cc -g -O3 -fcilkplus compilation failed to produce executable
FAIL: g++.dg/cilk-plus/CK/lambda_spawns_tplt.cc -g -O3 -fcilkplus (test for excess errors)
UNRESOLVED: g++.dg/cilk-plus/CK/lambda_spawns_tplt.cc -g -O3 -fcilkplus compilation failed to produce executable
FAIL: g++.dg/gomp/pr59150.C -std=gnu++98 (internal compiler error)
FAIL: g++.dg/gomp/pr59150.C -std=gnu++98 (test for excess errors)
FAIL: g++.dg/gomp/pr59150.C -std=gnu++11 (internal compiler error)
FAIL: g++.dg/gomp/pr59150.C -std=gnu++11 (test for excess errors)
FAIL: g++.dg/guality/pr55665.C -O2 line 23 p == 40
FAIL: g++.dg/guality/pr55665.C -O3 -fomit-frame-pointer line 23 p == 40
FAIL: g++.dg/guality/pr55665.C -O3 -g line 23 p == 40
FAIL: c-c++-common/ubsan/overflow-negate-2.c -O0 execution test
FAIL: c-c++-common/ubsan/overflow-negate-2.c -O1 execution test
FAIL: c-c++-common/ubsan/overflow-negate-2.c -O2 execution test
FAIL: c-c++-common/ubsan/overflow-negate-2.c -O3 -fomit-frame-pointer execution test
FAIL: c-c++-common/ubsan/overflow-negate-2.c -O3 -g execution test
FAIL: c-c++-common/ubsan/overflow-negate-2.c -Os execution test
=== g++ Summary ===
# of expected passes 54161
# of unexpected failures 188
# of expected failures 289
# of unresolved testcases 42
# of unsupported tests 1185
/mnt/scratch/objdir49/gcc/testsuite/g++/../../xg++ version 4.9.0 20131215 (experimental) (GCC)
=== gcc tests ===
Running target unix
FAIL: c-c++-common/asan/clone-test-1.c -O0 execution test
FAIL: c-c++-common/asan/clone-test-1.c -O1 execution test
FAIL: c-c++-common/asan/clone-test-1.c -O2 execution test
FAIL: c-c++-common/asan/clone-test-1.c -O3 -fomit-frame-pointer execution test
FAIL: c-c++-common/asan/clone-test-1.c -O3 -fomit-frame-pointer -funroll-loops execution test
FAIL: c-c++-common/asan/clone-test-1.c -O3 -fomit-frame-pointer -funroll-all-loops -finline-functions execution test
FAIL: c-c++-common/asan/clone-test-1.c -O3 -g execution test
FAIL: c-c++-common/asan/clone-test-1.c -Os execution test
FAIL: c-c++-common/asan/global-overflow-1.c -O0 output pattern test, is ASAN:SIGSEGV
FAIL: c-c++-common/asan/global-overflow-1.c -O1 output pattern test, is ASAN:SIGSEGV
FAIL: c-c++-common/asan/global-overflow-1.c -O2 output pattern test, is ASAN:SIGSEGV
FAIL: c-c++-common/asan/global-overflow-1.c -O3 -fomit-frame-pointer output pattern test, is ASAN:SIGSEGV
FAIL: c-c++-common/asan/global-overflow-1.c -O3 -g output pattern test, is ASAN:SIGSEGV
FAIL: c-c++-common/asan/global-overflow-1.c -Os output pattern test, is ASAN:SIGSEGV
FAIL: c-c++-common/asan/heap-overflow-1.c -O0 output pattern test, is ASAN:SIGSEGV
FAIL: c-c++-common/asan/heap-overflow-1.c -O1 output pattern test, is ASAN:SIGSEGV
FAIL: c-c++-common/asan/heap-overflow-1.c -O2 output pattern test, is ASAN:SIGSEGV
FAIL: c-c++-common/asan/heap-overflow-1.c -O3 -fomit-frame-pointer output pattern test, is ASAN:SIGSEGV
FAIL: c-c++-common/asan/heap-overflow-1.c -O3 -g output pattern test, is ASAN:SIGSEGV
FAIL: c-c++-common/asan/heap-overflow-1.c -Os output pattern test, is ASAN:SIGSEGV
FAIL: c-c++-common/asan/memcmp-1.c -O0 output pattern test, is ASAN:SIGSEGV
FAIL: c-c++-common/asan/memcmp-1.c -O1 output pattern test, is ASAN:SIGSEGV
FAIL: c-c++-common/asan/memcmp-1.c -O2 output pattern test, is ASAN:SIGSEGV
FAIL: c-c++-common/asan/memcmp-1.c -O3 -fomit-frame-pointer output pattern test, is ASAN:SIGSEGV
FAIL: c-c++-common/asan/memcmp-1.c -O3 -g output pattern test, is ASAN:SIGSEGV
FAIL: c-c++-common/asan/memcmp-1.c -Os output pattern test, is ASAN:SIGSEGV
FAIL: c-c++-common/asan/null-deref-1.c -O0 output pattern test, is ASAN:SIGSEGV
FAIL: c-c++-common/asan/null-deref-1.c -O1 output pattern test, is ASAN:SIGSEGV
FAIL: c-c++-common/asan/null-deref-1.c -O2 output pattern test, is ASAN:SIGSEGV
FAIL: c-c++-common/asan/null-deref-1.c -O3 -fomit-frame-pointer output pattern test, is ASAN:SIGSEGV
FAIL: c-c++-common/asan/null-deref-1.c -O3 -g output pattern test, is ASAN:SIGSEGV
FAIL: c-c++-common/asan/null-deref-1.c -Os output pattern test, is ASAN:SIGSEGV
FAIL: c-c++-common/asan/pr59063-1.c -O0 execution test
FAIL: c-c++-common/asan/pr59063-1.c -O1 execution test
FAIL: c-c++-common/asan/pr59063-1.c -O2 execution test
FAIL: c-c++-common/asan/pr59063-1.c -O3 -fomit-frame-pointer execution test
FAIL: c-c++-common/asan/pr59063-1.c -O3 -g execution test
FAIL: c-c++-common/asan/pr59063-1.c -Os execution test
FAIL: c-c++-common/asan/rlimit-mmap-test-1.c -O0 output pattern test, is ASAN:SIGSEGV
FAIL: c-c++-common/asan/sanity-check-pure-c-1.c -O0 output pattern test, is ASAN:SIGSEGV
FAIL: c-c++-common/asan/sanity-check-pure-c-1.c -O1 output pattern test, is ASAN:SIGSEGV
FAIL: c-c++-common/asan/sanity-check-pure-c-1.c -O2 output pattern test, is ASAN:SIGSEGV
FAIL: c-c++-common/asan/sanity-check-pure-c-1.c -O3 -fomit-frame-pointer output pattern test, is ASAN:SIGSEGV
FAIL: c-c++-common/asan/sanity-check-pure-c-1.c -O3 -g output pattern test, is ASAN:SIGSEGV
FAIL: c-c++-common/asan/sanity-check-pure-c-1.c -Os output pattern test, is ASAN:SIGSEGV
FAIL: c-c++-common/asan/stack-overflow-1.c -O0 output pattern test, is ASAN:SIGSEGV
FAIL: c-c++-common/asan/stack-overflow-1.c -O1 output pattern test, is ASAN:SIGSEGV
FAIL: c-c++-common/asan/stack-overflow-1.c -O2 output pattern test, is ASAN:SIGSEGV
FAIL: c-c++-common/asan/stack-overflow-1.c -O3 -fomit-frame-pointer output pattern test, is ASAN:SIGSEGV
FAIL: c-c++-common/asan/stack-overflow-1.c -O3 -g output pattern test, is ASAN:SIGSEGV
FAIL: c-c++-common/asan/stack-overflow-1.c -Os output pattern test, is ASAN:SIGSEGV
FAIL: c-c++-common/asan/strip-path-prefix-1.c -O2 output pattern test, is ASAN:SIGSEGV
FAIL: c-c++-common/asan/strncpy-overflow-1.c -O0 output pattern test, is ASAN:SIGSEGV
FAIL: c-c++-common/asan/strncpy-overflow-1.c -O1 output pattern test, is ASAN:SIGSEGV
FAIL: c-c++-common/asan/strncpy-overflow-1.c -O2 output pattern test, is ASAN:SIGSEGV
FAIL: c-c++-common/asan/strncpy-overflow-1.c -O3 -fomit-frame-pointer output pattern test, is ASAN:SIGSEGV
FAIL: c-c++-common/asan/strncpy-overflow-1.c -O3 -g output pattern test, is ASAN:SIGSEGV
FAIL: c-c++-common/asan/strncpy-overflow-1.c -Os output pattern test, is ASAN:SIGSEGV
FAIL: c-c++-common/asan/swapcontext-test-1.c -O0 execution test
FAIL: c-c++-common/asan/swapcontext-test-1.c -O1 execution test
FAIL: c-c++-common/asan/swapcontext-test-1.c -O2 execution test
FAIL: c-c++-common/asan/swapcontext-test-1.c -O3 -fomit-frame-pointer execution test
FAIL: c-c++-common/asan/swapcontext-test-1.c -O3 -fomit-frame-pointer -funroll-loops execution test
FAIL: c-c++-common/asan/swapcontext-test-1.c -O3 -fomit-frame-pointer -funroll-all-loops -finline-functions execution test
FAIL: c-c++-common/asan/swapcontext-test-1.c -O3 -g execution test
FAIL: c-c++-common/asan/swapcontext-test-1.c -Os execution test
FAIL: c-c++-common/asan/use-after-free-1.c -O0 output pattern test, is ASAN:SIGSEGV
FAIL: c-c++-common/asan/use-after-free-1.c -O1 output pattern test, is ASAN:SIGSEGV
FAIL: c-c++-common/asan/use-after-free-1.c -O2 output pattern test, is ASAN:SIGSEGV
FAIL: c-c++-common/asan/use-after-free-1.c -O3 -fomit-frame-pointer output pattern test, is ASAN:SIGSEGV
FAIL: c-c++-common/asan/use-after-free-1.c -O3 -g output pattern test, is ASAN:SIGSEGV
FAIL: c-c++-common/asan/use-after-free-1.c -Os output pattern test, is ASAN:SIGSEGV
XPASS: gcc.dg/binop-xor1.c scan-tree-dump-times optimized "\\\\^" 1
FAIL: gcc.dg/c99-stdint-1.c (test for excess errors)
FAIL: gcc.dg/c99-stdint-7.c (test for excess errors)
FAIL: gcc.dg/uninit-13.c unconditional (test for warnings, line 8)
FAIL: gcc.dg/uninit-13.c (test for excess errors)
FAIL: gcc.dg/uninit-pred-8_b.c bogus warning (test for bogus messages, line 20)
FAIL: gcc.dg/uninit-pred-9_b.c bogus warning (test for bogus messages, line 24)
XPASS: gcc.dg/guality/example.c -O0 execution test
XPASS: gcc.dg/guality/example.c -O1 execution test
XPASS: gcc.dg/guality/example.c -O2 execution test
XPASS: gcc.dg/guality/example.c -Os execution test
XPASS: gcc.dg/guality/guality.c -O0 execution test
XPASS: gcc.dg/guality/guality.c -O2 execution test
XPASS: gcc.dg/guality/guality.c -O3 -fomit-frame-pointer execution test
XPASS: gcc.dg/guality/guality.c -O3 -g execution test
XPASS: gcc.dg/guality/guality.c -Os execution test
XPASS: gcc.dg/guality/inline-params.c -O2 execution test
XPASS: gcc.dg/guality/inline-params.c -O3 -fomit-frame-pointer execution test
XPASS: gcc.dg/guality/inline-params.c -O3 -g execution test
XPASS: gcc.dg/guality/inline-params.c -Os execution test
FAIL: gcc.dg/guality/pr36728-1.c -O1 line 16 arg2 == 2
FAIL: gcc.dg/guality/pr36728-1.c -O1 line 16 arg3 == 3
FAIL: gcc.dg/guality/pr36728-1.c -O1 line 16 arg4 == 4
FAIL: gcc.dg/guality/pr36728-1.c -O1 line 18 arg1 == 1
FAIL: gcc.dg/guality/pr36728-1.c -O1 line 18 arg2 == 2
FAIL: gcc.dg/guality/pr36728-1.c -O1 line 18 arg3 == 3
FAIL: gcc.dg/guality/pr36728-1.c -O1 line 18 arg4 == 4
FAIL: gcc.dg/guality/pr36728-1.c -O2 line 16 arg1 == 1
FAIL: gcc.dg/guality/pr36728-1.c -O2 line 16 arg2 == 2
FAIL: gcc.dg/guality/pr36728-1.c -O2 line 16 arg3 == 3
FAIL: gcc.dg/guality/pr36728-1.c -O2 line 16 arg4 == 4
FAIL: gcc.dg/guality/pr36728-1.c -O2 line 18 arg1 == 1
FAIL: gcc.dg/guality/pr36728-1.c -O2 line 18 arg2 == 2
FAIL: gcc.dg/guality/pr36728-1.c -O2 line 18 arg3 == 3
FAIL: gcc.dg/guality/pr36728-1.c -O2 line 18 arg4 == 4
FAIL: gcc.dg/guality/pr36728-1.c -O3 -fomit-frame-pointer line 16 arg1 == 1
FAIL: gcc.dg/guality/pr36728-1.c -O3 -fomit-frame-pointer line 16 arg2 == 2
FAIL: gcc.dg/guality/pr36728-1.c -O3 -fomit-frame-pointer line 16 arg3 == 3
FAIL: gcc.dg/guality/pr36728-1.c -O3 -fomit-frame-pointer line 16 arg4 == 4
FAIL: gcc.dg/guality/pr36728-1.c -O3 -fomit-frame-pointer line 18 arg1 == 1
FAIL: gcc.dg/guality/pr36728-1.c -O3 -fomit-frame-pointer line 18 arg2 == 2
FAIL: gcc.dg/guality/pr36728-1.c -O3 -fomit-frame-pointer line 18 arg3 == 3
FAIL: gcc.dg/guality/pr36728-1.c -O3 -fomit-frame-pointer line 18 arg4 == 4
FAIL: gcc.dg/guality/pr36728-1.c -O3 -g line 16 arg1 == 1
FAIL: gcc.dg/guality/pr36728-1.c -O3 -g line 16 arg2 == 2
FAIL: gcc.dg/guality/pr36728-1.c -O3 -g line 16 arg3 == 3
FAIL: gcc.dg/guality/pr36728-1.c -O3 -g line 16 arg4 == 4
FAIL: gcc.dg/guality/pr36728-1.c -O3 -g line 18 arg1 == 1
FAIL: gcc.dg/guality/pr36728-1.c -O3 -g line 18 arg2 == 2
FAIL: gcc.dg/guality/pr36728-1.c -O3 -g line 18 arg3 == 3
FAIL: gcc.dg/guality/pr36728-1.c -O3 -g line 18 arg4 == 4
FAIL: gcc.dg/guality/pr36728-1.c -Os line 16 arg1 == 1
FAIL: gcc.dg/guality/pr36728-1.c -Os line 16 arg2 == 2
FAIL: gcc.dg/guality/pr36728-1.c -Os line 16 arg3 == 3
FAIL: gcc.dg/guality/pr36728-1.c -Os line 16 arg4 == 4
FAIL: gcc.dg/guality/pr36728-1.c -Os line 18 arg1 == 1
FAIL: gcc.dg/guality/pr36728-1.c -Os line 18 arg2 == 2
FAIL: gcc.dg/guality/pr36728-1.c -Os line 18 arg3 == 3
FAIL: gcc.dg/guality/pr36728-1.c -Os line 18 arg4 == 4
FAIL: gcc.dg/guality/pr36728-2.c -O1 line 16 arg3 == 3
FAIL: gcc.dg/guality/pr36728-2.c -O1 line 16 arg4 == 4
FAIL: gcc.dg/guality/pr36728-2.c -O1 line 18 arg2 == 2
FAIL: gcc.dg/guality/pr36728-2.c -O1 line 18 arg3 == 3
FAIL: gcc.dg/guality/pr36728-2.c -O1 line 18 arg4 == 4
FAIL: gcc.dg/guality/pr36728-2.c -O2 line 16 arg2 == 2
FAIL: gcc.dg/guality/pr36728-2.c -O2 line 16 arg3 == 3
FAIL: gcc.dg/guality/pr36728-2.c -O2 line 16 arg4 == 4
FAIL: gcc.dg/guality/pr36728-2.c -O2 line 18 arg2 == 2
FAIL: gcc.dg/guality/pr36728-2.c -O2 line 18 arg3 == 3
FAIL: gcc.dg/guality/pr36728-2.c -O2 line 18 arg4 == 4
FAIL: gcc.dg/guality/pr36728-2.c -O3 -fomit-frame-pointer line 16 arg2 == 2
FAIL: gcc.dg/guality/pr36728-2.c -O3 -fomit-frame-pointer line 16 arg3 == 3
FAIL: gcc.dg/guality/pr36728-2.c -O3 -fomit-frame-pointer line 16 arg4 == 4
FAIL: gcc.dg/guality/pr36728-2.c -O3 -fomit-frame-pointer line 18 arg2 == 2
FAIL: gcc.dg/guality/pr36728-2.c -O3 -fomit-frame-pointer line 18 arg3 == 3
FAIL: gcc.dg/guality/pr36728-2.c -O3 -fomit-frame-pointer line 18 arg4 == 4
FAIL: gcc.dg/guality/pr36728-2.c -O3 -g line 16 arg2 == 2
FAIL: gcc.dg/guality/pr36728-2.c -O3 -g line 16 arg3 == 3
FAIL: gcc.dg/guality/pr36728-2.c -O3 -g line 16 arg4 == 4
FAIL: gcc.dg/guality/pr36728-2.c -O3 -g line 18 arg2 == 2
FAIL: gcc.dg/guality/pr36728-2.c -O3 -g line 18 arg3 == 3
FAIL: gcc.dg/guality/pr36728-2.c -O3 -g line 18 arg4 == 4
FAIL: gcc.dg/guality/pr36728-2.c -Os line 16 arg2 == 2
FAIL: gcc.dg/guality/pr36728-2.c -Os line 16 arg3 == 3
FAIL: gcc.dg/guality/pr36728-2.c -Os line 16 arg4 == 4
FAIL: gcc.dg/guality/pr36728-2.c -Os line 18 arg2 == 2
FAIL: gcc.dg/guality/pr36728-2.c -Os line 18 arg3 == 3
FAIL: gcc.dg/guality/pr36728-2.c -Os line 18 arg4 == 4
FAIL: gcc.dg/guality/pr36728-3.c -O1 line 14 arg2 == 2
FAIL: gcc.dg/guality/pr36728-3.c -O1 line 14 arg3 == 3
FAIL: gcc.dg/guality/pr36728-3.c -O1 line 14 arg4 == 4
FAIL: gcc.dg/guality/pr36728-3.c -O1 line 16 arg2 == 2
FAIL: gcc.dg/guality/pr36728-3.c -O1 line 16 arg3 == 3
FAIL: gcc.dg/guality/pr36728-3.c -O1 line 16 arg4 == 4
FAIL: gcc.dg/guality/pr36728-3.c -O2 line 14 arg1 == 1
FAIL: gcc.dg/guality/pr36728-3.c -O2 line 14 arg2 == 2
FAIL: gcc.dg/guality/pr36728-3.c -O2 line 14 arg3 == 3
FAIL: gcc.dg/guality/pr36728-3.c -O2 line 14 arg4 == 4
FAIL: gcc.dg/guality/pr36728-3.c -O2 line 16 arg1 == 1
FAIL: gcc.dg/guality/pr36728-3.c -O2 line 16 arg2 == 2
FAIL: gcc.dg/guality/pr36728-3.c -O2 line 16 arg3 == 3
FAIL: gcc.dg/guality/pr36728-3.c -O2 line 16 arg4 == 4
FAIL: gcc.dg/guality/pr36728-3.c -O3 -fomit-frame-pointer line 14 arg1 == 1
FAIL: gcc.dg/guality/pr36728-3.c -O3 -fomit-frame-pointer line 14 arg2 == 2
FAIL: gcc.dg/guality/pr36728-3.c -O3 -fomit-frame-pointer line 14 arg3 == 3
FAIL: gcc.dg/guality/pr36728-3.c -O3 -fomit-frame-pointer line 14 arg4 == 4
FAIL: gcc.dg/guality/pr36728-3.c -O3 -fomit-frame-pointer line 16 arg1 == 1
FAIL: gcc.dg/guality/pr36728-3.c -O3 -fomit-frame-pointer line 16 arg2 == 2
FAIL: gcc.dg/guality/pr36728-3.c -O3 -fomit-frame-pointer line 16 arg3 == 3
FAIL: gcc.dg/guality/pr36728-3.c -O3 -fomit-frame-pointer line 16 arg4 == 4
FAIL: gcc.dg/guality/pr36728-3.c -O3 -g line 14 arg1 == 1
FAIL: gcc.dg/guality/pr36728-3.c -O3 -g line 14 arg2 == 2
FAIL: gcc.dg/guality/pr36728-3.c -O3 -g line 14 arg3 == 3
FAIL: gcc.dg/guality/pr36728-3.c -O3 -g line 14 arg4 == 4
FAIL: gcc.dg/guality/pr36728-3.c -O3 -g line 16 arg1 == 1
FAIL: gcc.dg/guality/pr36728-3.c -O3 -g line 16 arg2 == 2
FAIL: gcc.dg/guality/pr36728-3.c -O3 -g line 16 arg3 == 3
FAIL: gcc.dg/guality/pr36728-3.c -O3 -g line 16 arg4 == 4
FAIL: gcc.dg/guality/pr36728-3.c -Os line 14 arg2 == 2
FAIL: gcc.dg/guality/pr36728-3.c -Os line 14 arg4 == 4
FAIL: gcc.dg/guality/pr36728-3.c -Os line 16 arg2 == 2
FAIL: gcc.dg/guality/pr36728-3.c -Os line 16 arg3 == 3
FAIL: gcc.dg/guality/pr36728-3.c -Os line 16 arg4 == 4
FAIL: gcc.dg/guality/pr36728-4.c -O1 line 14 arg3 == 3
FAIL: gcc.dg/guality/pr36728-4.c -O1 line 14 arg4 == 4
FAIL: gcc.dg/guality/pr36728-4.c -O1 line 16 arg3 == 3
FAIL: gcc.dg/guality/pr36728-4.c -O1 line 16 arg4 == 4
FAIL: gcc.dg/guality/pr36728-4.c -O2 line 14 arg2 == 2
FAIL: gcc.dg/guality/pr36728-4.c -O2 line 14 arg3 == 3
FAIL: gcc.dg/guality/pr36728-4.c -O2 line 14 arg4 == 4
FAIL: gcc.dg/guality/pr36728-4.c -O2 line 16 arg2 == 2
FAIL: gcc.dg/guality/pr36728-4.c -O2 line 16 arg3 == 3
FAIL: gcc.dg/guality/pr36728-4.c -O2 line 16 arg4 == 4
FAIL: gcc.dg/guality/pr36728-4.c -O3 -fomit-frame-pointer line 14 arg2 == 2
FAIL: gcc.dg/guality/pr36728-4.c -O3 -fomit-frame-pointer line 14 arg3 == 3
FAIL: gcc.dg/guality/pr36728-4.c -O3 -fomit-frame-pointer line 14 arg4 == 4
FAIL: gcc.dg/guality/pr36728-4.c -O3 -fomit-frame-pointer line 16 arg2 == 2
FAIL: gcc.dg/guality/pr36728-4.c -O3 -fomit-frame-pointer line 16 arg3 == 3
FAIL: gcc.dg/guality/pr36728-4.c -O3 -fomit-frame-pointer line 16 arg4 == 4
FAIL: gcc.dg/guality/pr36728-4.c -O3 -g line 14 arg2 == 2
FAIL: gcc.dg/guality/pr36728-4.c -O3 -g line 14 arg3 == 3
FAIL: gcc.dg/guality/pr36728-4.c -O3 -g line 14 arg4 == 4
FAIL: gcc.dg/guality/pr36728-4.c -O3 -g line 16 arg2 == 2
FAIL: gcc.dg/guality/pr36728-4.c -O3 -g line 16 arg3 == 3
FAIL: gcc.dg/guality/pr36728-4.c -O3 -g line 16 arg4 == 4
FAIL: gcc.dg/guality/pr36728-4.c -Os line 14 arg3 == 3
FAIL: gcc.dg/guality/pr36728-4.c -Os line 14 arg4 == 4
FAIL: gcc.dg/guality/pr36728-4.c -Os line 16 arg3 == 3
FAIL: gcc.dg/guality/pr36728-4.c -Os line 16 arg4 == 4
XPASS: gcc.dg/guality/pr41353-1.c -O0 line 28 j == 28 + 37
XPASS: gcc.dg/guality/pr41447-1.c -O0 execution test
XPASS: gcc.dg/guality/pr41447-1.c -O1 execution test
XPASS: gcc.dg/guality/pr41447-1.c -O2 execution test
XPASS: gcc.dg/guality/pr41447-1.c -O3 -fomit-frame-pointer execution test
XPASS: gcc.dg/guality/pr41447-1.c -O3 -g execution test
XPASS: gcc.dg/guality/pr41447-1.c -Os execution test
XPASS: gcc.dg/guality/pr41616-1.c -O0 execution test
XPASS: gcc.dg/guality/pr41616-1.c -O1 execution test
XPASS: gcc.dg/guality/pr41616-1.c -O2 execution test
XPASS: gcc.dg/guality/pr41616-1.c -O3 -fomit-frame-pointer execution test
XPASS: gcc.dg/guality/pr41616-1.c -O3 -g execution test
XPASS: gcc.dg/guality/pr41616-1.c -Os execution test
FAIL: gcc.dg/guality/pr43077-1.c -O1 line 42 varb == 2
FAIL: gcc.dg/guality/pr43077-1.c -O2 line 42 varc == 3
FAIL: gcc.dg/guality/pr43077-1.c -O3 -fomit-frame-pointer line 42 varc == 3
FAIL: gcc.dg/guality/pr43077-1.c -O3 -g line 42 varc == 3
FAIL: gcc.dg/guality/pr43077-1.c -Os line 42 varb == 2
FAIL: gcc.dg/guality/pr43077-1.c -Os line 42 varc == 3
FAIL: gcc.dg/guality/pr43593.c -O1 line 16 j == &i
FAIL: gcc.dg/guality/pr43593.c -O2 line 16 j == &i
FAIL: gcc.dg/guality/pr43593.c -O3 -fomit-frame-pointer line 16 j == &i
FAIL: gcc.dg/guality/pr43593.c -O3 -g line 16 j == &i
FAIL: gcc.dg/guality/pr43593.c -Os line 16 j == &i
FAIL: gcc.dg/guality/pr54200.c -O1 line 20 z == 3
FAIL: gcc.dg/guality/pr54200.c -O2 line 20 z == 3
FAIL: gcc.dg/guality/pr54200.c -O3 -fomit-frame-pointer line 20 z == 3
FAIL: gcc.dg/guality/pr54200.c -O3 -g line 20 z == 3
FAIL: gcc.dg/guality/pr54200.c -Os line 20 z == 3
FAIL: gcc.dg/guality/pr54693-2.c -O3 -fomit-frame-pointer -funroll-all-loops -finline-functions line 21 i == v + 1
FAIL: gcc.dg/guality/pr58791-3.c -O1 line pr58791-3.c:19 h == 9
FAIL: gcc.dg/guality/pr58791-3.c -O1 line pr58791-3.c:19 i == 15
FAIL: gcc.dg/guality/pr58791-3.c -O1 line pr58791-3.c:19 l == 10
FAIL: gcc.dg/guality/pr58791-3.c -O1 line pr58791-3.c:19 m == 16
FAIL: gcc.dg/guality/pr58791-3.c -Os line pr58791-3.c:19 h == 9
FAIL: gcc.dg/guality/pr58791-3.c -Os line pr58791-3.c:19 i == 15
FAIL: gcc.dg/guality/pr58791-3.c -Os line pr58791-3.c:19 l == 10
FAIL: gcc.dg/guality/pr58791-3.c -Os line pr58791-3.c:19 m == 16
FAIL: gcc.dg/guality/pr58791-5.c -O1 line pr58791-5.c:20 b4 == 4681
FAIL: gcc.dg/guality/pr58791-5.c -O2 line pr58791-5.c:20 b4 == 4681
FAIL: gcc.dg/guality/pr58791-5.c -O3 -fomit-frame-pointer line pr58791-5.c:20 b4 == 4681
FAIL: gcc.dg/guality/pr58791-5.c -O3 -g line pr58791-5.c:20 b4 == 4681
FAIL: gcc.dg/guality/pr58791-5.c -Os line pr58791-5.c:20 b4 == 4681
FAIL: gcc.dg/guality/sra-1.c -O1 line 43 a.i == 4
FAIL: gcc.dg/guality/sra-1.c -O2 line 43 a.i == 4
FAIL: gcc.dg/guality/sra-1.c -O3 -fomit-frame-pointer line 43 a.i == 4
FAIL: gcc.dg/guality/sra-1.c -O3 -g line 43 a.i == 4
FAIL: gcc.dg/guality/sra-1.c -Os line 43 a.i == 4
FAIL: gcc.dg/tree-prof/crossmodule-indircall-1a.c compilation, -fprofile-generate -D_PROFILE_GENERATE
UNRESOLVED: gcc.dg/tree-prof/crossmodule-indircall-1a.c execution, -fprofile-generate -D_PROFILE_GENERATE
UNRESOLVED: gcc.dg/tree-prof/crossmodule-indircall-1a.c compilation, -fprofile-use -D_PROFILE_USE
UNRESOLVED: gcc.dg/tree-prof/crossmodule-indircall-1a.c execution, -fprofile-use -D_PROFILE_USE
FAIL: c-c++-common/ubsan/overflow-negate-2.c -O0 execution test
FAIL: c-c++-common/ubsan/overflow-negate-2.c -O1 execution test
FAIL: c-c++-common/ubsan/overflow-negate-2.c -O2 execution test
FAIL: c-c++-common/ubsan/overflow-negate-2.c -O3 -fomit-frame-pointer execution test
FAIL: c-c++-common/ubsan/overflow-negate-2.c -O3 -g execution test
FAIL: c-c++-common/ubsan/overflow-negate-2.c -Os execution test
FAIL: gcc.dg/vect/vect-nop-move.c execution test
FAIL: gcc.target/arm/neon-vext-execute.c execution test
FAIL: gcc.target/arm/pr40457-2.c scan-assembler strd|stm
FAIL: gcc.target/arm/pr42172-1.c scan-assembler-times ldr 1
FAIL: gcc.target/arm/pr42575.c scan-assembler-not mov
FAIL: gcc.target/arm/pr45701-1.c scan-assembler push\\t{r3
FAIL: gcc.target/arm/thumb-cbranchqi.c scan-assembler bhi
FAIL: gcc.target/arm/thumb-ltu.c scan-assembler-not uxtb
FAIL: gcc.target/arm/wmul-11.c scan-assembler smull
=== gcc Summary ===
# of expected passes 82927
# of unexpected failures 258
# of unexpected successes 27
# of expected failures 192
# of unresolved testcases 3
# of unsupported tests 1466
/mnt/scratch/objdir49/gcc/xgcc version 4.9.0 20131215 (experimental) (GCC)
=== gfortran tests ===
Running target unix
FAIL: gfortran.dg/class_48.f90 -O2 (test for excess errors)
FAIL: gfortran.dg/class_48.f90 -Os (test for excess errors)
FAIL: gfortran.dg/vect/pr32380.f -O scan-tree-dump-times vect "vectorized 6 loops" 1
=== gfortran Summary ===
# of expected passes 43670
# of unexpected failures 3
# of expected failures 39
# of unsupported tests 412
/mnt/scratch/objdir49/gcc/testsuite/gfortran/../../gfortran version 4.9.0 20131215 (experimental) (GCC)
=== gnat tests ===
Running target unix
=== gnat Summary ===
# of expected passes 1193
# of expected failures 19
# of unsupported tests 13
/mnt/scratch/objdir49/gcc/gnatmake version 4.9.0 20131215 (experimental)
Compiler version: 4.9.0 20131215 (experimental)
Platform: armv5tel-unknown-linux-gnueabi
configure flags: --prefix=/mnt/scratch/install49 --enable-bootstrap --enable-shared --enable-threads=posix --enable-checking=release --with-system-zlib --enable-__cxa_atexit --disable-libunwind-exceptions --enable-linker-build-id --enable-languages=c,c++,fortran,ada --disable-dssi --with-java-home=/usr/lib/jvm/java-1.5.0-gcj-1.5.0.0/jre --enable-libgcj-multifile --disable-java-maintainer-mode --with-ecj-jar=/usr/share/java/eclipse-ecj.jar --disable-libjava-multilib --disable-sjlj-exceptions --with-arch=armv5te --with-tune=xscale --build=armv5tel-unknown-linux-gnueabi --disable-plugin --disable-lto --disable-libmudflap
BOOT_CFLAGS=-g -O2
More information about the Gcc-testresults
mailing list