Results for 4.9.0 20131213 (experimental) [trunk revision 205959] (GCC) testsuite on i386-pc-solaris2.11
Rainer Orth
ro@CeBiTec.Uni-Bielefeld.DE
Fri Dec 13 17:54:00 GMT 2013
LAST_UPDATED: Fri Dec 13 13:25:24 UTC 2013 (revision 205959)
=== acats tests ===
=== acats Summary ===
# of expected passes 2320
# of unexpected failures 0
Native configuration is i386-pc-solaris2.11
=== g++ tests ===
Running target unix
FAIL: g++.dg/cilk-plus/CK/catch_exc.cc -fcilkplus -L/var/gcc/regression/trunk/11-gcc/build/i386-pc-solaris2.11/./libcilkrts/.libs execution test
FAIL: g++.dg/cilk-plus/CK/catch_exc.cc -O1 -fcilkplus -L/var/gcc/regression/trunk/11-gcc/build/i386-pc-solaris2.11/./libcilkrts/.libs execution test
FAIL: g++.dg/cilk-plus/CK/catch_exc.cc -O2 -fcilkplus -L/var/gcc/regression/trunk/11-gcc/build/i386-pc-solaris2.11/./libcilkrts/.libs execution test
FAIL: g++.dg/cilk-plus/CK/catch_exc.cc -O3 -fcilkplus -L/var/gcc/regression/trunk/11-gcc/build/i386-pc-solaris2.11/./libcilkrts/.libs execution test
FAIL: g++.dg/cilk-plus/CK/catch_exc.cc -g -fcilkplus -L/var/gcc/regression/trunk/11-gcc/build/i386-pc-solaris2.11/./libcilkrts/.libs execution test
FAIL: g++.dg/cilk-plus/CK/catch_exc.cc -g -O2 -fcilkplus -L/var/gcc/regression/trunk/11-gcc/build/i386-pc-solaris2.11/./libcilkrts/.libs execution test
FAIL: g++.dg/cilk-plus/CK/catch_exc.cc -g -O3 -fcilkplus -L/var/gcc/regression/trunk/11-gcc/build/i386-pc-solaris2.11/./libcilkrts/.libs execution test
FAIL: g++.dg/warn/Wunused-3.C -std=gnu++98 (test for excess errors)
FAIL: g++.dg/warn/Wunused-3.C -std=gnu++11 (test for excess errors)
=== g++ Summary for unix ===
# of expected passes 55418
# of unexpected failures 9
# of expected failures 292
# of unsupported tests 784
Running target unix/-m64
FAIL: c-c++-common/cilk-plus/AN/an-if.c -fcilkplus execution test
FAIL: c-c++-common/cilk-plus/AN/array_test1.c -fcilkplus execution test
FAIL: c-c++-common/cilk-plus/AN/array_test2.c -fcilkplus execution test
FAIL: c-c++-common/cilk-plus/AN/array_test_ND.c -fcilkplus execution test
FAIL: c-c++-common/cilk-plus/AN/builtin_fn_custom.c -fcilkplus execution test
FAIL: c-c++-common/cilk-plus/AN/builtin_fn_mutating.c -fcilkplus execution test
FAIL: c-c++-common/cilk-plus/AN/builtin_func_double2.c -fcilkplus execution test
FAIL: c-c++-common/cilk-plus/AN/comma_exp.c -fcilkplus execution test
FAIL: c-c++-common/cilk-plus/AN/conditional.c -fcilkplus execution test
FAIL: c-c++-common/cilk-plus/AN/exec-once.c -fcilkplus execution test
FAIL: c-c++-common/cilk-plus/AN/exec-once2.c -fcilkplus execution test
FAIL: c-c++-common/cilk-plus/AN/gather_scatter.c -fcilkplus execution test
FAIL: c-c++-common/cilk-plus/AN/if_test.c -fcilkplus execution test
FAIL: c-c++-common/cilk-plus/AN/n-ptr-test.c -fcilkplus execution test
FAIL: c-c++-common/cilk-plus/AN/pr57490.c -fcilkplus execution test
FAIL: c-c++-common/cilk-plus/AN/sec_implicit_ex.c -fcilkplus execution test
FAIL: c-c++-common/cilk-plus/AN/sec_reduce_ind_same_value.c -fcilkplus execution test
FAIL: c-c++-common/cilk-plus/AN/sec_reduce_return.c -fcilkplus execution test
FAIL: c-c++-common/cilk-plus/AN/side-effects-1.c -fcilkplus execution test
FAIL: c-c++-common/cilk-plus/AN/test_builtin_return.c -fcilkplus execution test
FAIL: c-c++-common/cilk-plus/AN/test_sec_limits.c -fcilkplus execution test
FAIL: c-c++-common/cilk-plus/AN/an-if.c -O1 -fcilkplus execution test
FAIL: c-c++-common/cilk-plus/AN/array_test1.c -O1 -fcilkplus execution test
FAIL: c-c++-common/cilk-plus/AN/array_test2.c -O1 -fcilkplus execution test
FAIL: c-c++-common/cilk-plus/AN/array_test_ND.c -O1 -fcilkplus execution test
FAIL: c-c++-common/cilk-plus/AN/builtin_fn_custom.c -O1 -fcilkplus execution test
FAIL: c-c++-common/cilk-plus/AN/builtin_fn_mutating.c -O1 -fcilkplus execution test
FAIL: c-c++-common/cilk-plus/AN/builtin_func_double2.c -O1 -fcilkplus execution test
FAIL: c-c++-common/cilk-plus/AN/comma_exp.c -O1 -fcilkplus execution test
FAIL: c-c++-common/cilk-plus/AN/conditional.c -O1 -fcilkplus execution test
FAIL: c-c++-common/cilk-plus/AN/exec-once.c -O1 -fcilkplus execution test
FAIL: c-c++-common/cilk-plus/AN/exec-once2.c -O1 -fcilkplus execution test
FAIL: c-c++-common/cilk-plus/AN/gather_scatter.c -O1 -fcilkplus execution test
FAIL: c-c++-common/cilk-plus/AN/if_test.c -O1 -fcilkplus execution test
FAIL: c-c++-common/cilk-plus/AN/n-ptr-test.c -O1 -fcilkplus execution test
FAIL: c-c++-common/cilk-plus/AN/pr57490.c -O1 -fcilkplus execution test
FAIL: c-c++-common/cilk-plus/AN/sec_implicit_ex.c -O1 -fcilkplus execution test
FAIL: c-c++-common/cilk-plus/AN/sec_reduce_ind_same_value.c -O1 -fcilkplus execution test
FAIL: c-c++-common/cilk-plus/AN/sec_reduce_return.c -O1 -fcilkplus execution test
FAIL: c-c++-common/cilk-plus/AN/side-effects-1.c -O1 -fcilkplus execution test
FAIL: c-c++-common/cilk-plus/AN/test_builtin_return.c -O1 -fcilkplus execution test
FAIL: c-c++-common/cilk-plus/AN/test_sec_limits.c -O1 -fcilkplus execution test
FAIL: c-c++-common/cilk-plus/AN/an-if.c -O2 -ftree-vectorize -fcilkplus execution test
FAIL: c-c++-common/cilk-plus/AN/array_test1.c -O2 -ftree-vectorize -fcilkplus execution test
FAIL: c-c++-common/cilk-plus/AN/array_test2.c -O2 -ftree-vectorize -fcilkplus execution test
FAIL: c-c++-common/cilk-plus/AN/array_test_ND.c -O2 -ftree-vectorize -fcilkplus execution test
FAIL: c-c++-common/cilk-plus/AN/builtin_fn_custom.c -O2 -ftree-vectorize -fcilkplus execution test
FAIL: c-c++-common/cilk-plus/AN/builtin_fn_mutating.c -O2 -ftree-vectorize -fcilkplus execution test
FAIL: c-c++-common/cilk-plus/AN/builtin_func_double2.c -O2 -ftree-vectorize -fcilkplus execution test
FAIL: c-c++-common/cilk-plus/AN/comma_exp.c -O2 -ftree-vectorize -fcilkplus execution test
FAIL: c-c++-common/cilk-plus/AN/conditional.c -O2 -ftree-vectorize -fcilkplus execution test
FAIL: c-c++-common/cilk-plus/AN/exec-once.c -O2 -ftree-vectorize -fcilkplus execution test
FAIL: c-c++-common/cilk-plus/AN/exec-once2.c -O2 -ftree-vectorize -fcilkplus execution test
FAIL: c-c++-common/cilk-plus/AN/gather_scatter.c -O2 -ftree-vectorize -fcilkplus execution test
FAIL: c-c++-common/cilk-plus/AN/if_test.c -O2 -ftree-vectorize -fcilkplus execution test
FAIL: c-c++-common/cilk-plus/AN/n-ptr-test.c -O2 -ftree-vectorize -fcilkplus execution test
FAIL: c-c++-common/cilk-plus/AN/pr57490.c -O2 -ftree-vectorize -fcilkplus execution test
FAIL: c-c++-common/cilk-plus/AN/sec_implicit_ex.c -O2 -ftree-vectorize -fcilkplus execution test
FAIL: c-c++-common/cilk-plus/AN/sec_reduce_ind_same_value.c -O2 -ftree-vectorize -fcilkplus execution test
FAIL: c-c++-common/cilk-plus/AN/sec_reduce_return.c -O2 -ftree-vectorize -fcilkplus execution test
FAIL: c-c++-common/cilk-plus/AN/side-effects-1.c -O2 -ftree-vectorize -fcilkplus execution test
FAIL: c-c++-common/cilk-plus/AN/test_builtin_return.c -O2 -ftree-vectorize -fcilkplus execution test
FAIL: c-c++-common/cilk-plus/AN/test_sec_limits.c -O2 -ftree-vectorize -fcilkplus execution test
FAIL: c-c++-common/cilk-plus/AN/an-if.c -O3 -fcilkplus execution test
FAIL: c-c++-common/cilk-plus/AN/array_test1.c -O3 -fcilkplus execution test
FAIL: c-c++-common/cilk-plus/AN/array_test2.c -O3 -fcilkplus execution test
FAIL: c-c++-common/cilk-plus/AN/array_test_ND.c -O3 -fcilkplus execution test
FAIL: c-c++-common/cilk-plus/AN/builtin_fn_custom.c -O3 -fcilkplus execution test
FAIL: c-c++-common/cilk-plus/AN/builtin_fn_mutating.c -O3 -fcilkplus execution test
FAIL: c-c++-common/cilk-plus/AN/builtin_func_double2.c -O3 -fcilkplus execution test
FAIL: c-c++-common/cilk-plus/AN/comma_exp.c -O3 -fcilkplus execution test
FAIL: c-c++-common/cilk-plus/AN/conditional.c -O3 -fcilkplus execution test
FAIL: c-c++-common/cilk-plus/AN/exec-once.c -O3 -fcilkplus execution test
FAIL: c-c++-common/cilk-plus/AN/exec-once2.c -O3 -fcilkplus execution test
FAIL: c-c++-common/cilk-plus/AN/gather_scatter.c -O3 -fcilkplus execution test
FAIL: c-c++-common/cilk-plus/AN/if_test.c -O3 -fcilkplus execution test
FAIL: c-c++-common/cilk-plus/AN/n-ptr-test.c -O3 -fcilkplus execution test
FAIL: c-c++-common/cilk-plus/AN/pr57490.c -O3 -fcilkplus execution test
FAIL: c-c++-common/cilk-plus/AN/sec_implicit_ex.c -O3 -fcilkplus execution test
FAIL: c-c++-common/cilk-plus/AN/sec_reduce_ind_same_value.c -O3 -fcilkplus execution test
FAIL: c-c++-common/cilk-plus/AN/sec_reduce_return.c -O3 -fcilkplus execution test
FAIL: c-c++-common/cilk-plus/AN/side-effects-1.c -O3 -fcilkplus execution test
FAIL: c-c++-common/cilk-plus/AN/test_builtin_return.c -O3 -fcilkplus execution test
FAIL: c-c++-common/cilk-plus/AN/test_sec_limits.c -O3 -fcilkplus execution test
FAIL: c-c++-common/cilk-plus/AN/an-if.c -g -fcilkplus execution test
FAIL: c-c++-common/cilk-plus/AN/array_test1.c -g -fcilkplus execution test
FAIL: c-c++-common/cilk-plus/AN/array_test2.c -g -fcilkplus execution test
FAIL: c-c++-common/cilk-plus/AN/array_test_ND.c -g -fcilkplus execution test
FAIL: c-c++-common/cilk-plus/AN/builtin_fn_custom.c -g -fcilkplus execution test
FAIL: c-c++-common/cilk-plus/AN/builtin_fn_mutating.c -g -fcilkplus execution test
FAIL: c-c++-common/cilk-plus/AN/builtin_func_double2.c -g -fcilkplus execution test
FAIL: c-c++-common/cilk-plus/AN/comma_exp.c -g -fcilkplus execution test
FAIL: c-c++-common/cilk-plus/AN/conditional.c -g -fcilkplus execution test
FAIL: c-c++-common/cilk-plus/AN/exec-once.c -g -fcilkplus execution test
FAIL: c-c++-common/cilk-plus/AN/exec-once2.c -g -fcilkplus execution test
FAIL: c-c++-common/cilk-plus/AN/gather_scatter.c -g -fcilkplus execution test
FAIL: c-c++-common/cilk-plus/AN/if_test.c -g -fcilkplus execution test
FAIL: c-c++-common/cilk-plus/AN/n-ptr-test.c -g -fcilkplus execution test
FAIL: c-c++-common/cilk-plus/AN/pr57490.c -g -fcilkplus execution test
FAIL: c-c++-common/cilk-plus/AN/sec_implicit_ex.c -g -fcilkplus execution test
FAIL: c-c++-common/cilk-plus/AN/sec_reduce_ind_same_value.c -g -fcilkplus execution test
FAIL: c-c++-common/cilk-plus/AN/sec_reduce_return.c -g -fcilkplus execution test
FAIL: c-c++-common/cilk-plus/AN/side-effects-1.c -g -fcilkplus execution test
FAIL: c-c++-common/cilk-plus/AN/test_builtin_return.c -g -fcilkplus execution test
FAIL: c-c++-common/cilk-plus/AN/test_sec_limits.c -g -fcilkplus execution test
FAIL: c-c++-common/cilk-plus/AN/an-if.c -g -O1 -fcilkplus execution test
FAIL: c-c++-common/cilk-plus/AN/array_test1.c -g -O1 -fcilkplus execution test
FAIL: c-c++-common/cilk-plus/AN/array_test2.c -g -O1 -fcilkplus execution test
FAIL: c-c++-common/cilk-plus/AN/array_test_ND.c -g -O1 -fcilkplus execution test
FAIL: c-c++-common/cilk-plus/AN/builtin_fn_custom.c -g -O1 -fcilkplus execution test
FAIL: c-c++-common/cilk-plus/AN/builtin_fn_mutating.c -g -O1 -fcilkplus execution test
FAIL: c-c++-common/cilk-plus/AN/builtin_func_double2.c -g -O1 -fcilkplus execution test
FAIL: c-c++-common/cilk-plus/AN/comma_exp.c -g -O1 -fcilkplus execution test
FAIL: c-c++-common/cilk-plus/AN/conditional.c -g -O1 -fcilkplus execution test
FAIL: c-c++-common/cilk-plus/AN/exec-once.c -g -O1 -fcilkplus execution test
FAIL: c-c++-common/cilk-plus/AN/exec-once2.c -g -O1 -fcilkplus execution test
FAIL: c-c++-common/cilk-plus/AN/gather_scatter.c -g -O1 -fcilkplus execution test
FAIL: c-c++-common/cilk-plus/AN/if_test.c -g -O1 -fcilkplus execution test
FAIL: c-c++-common/cilk-plus/AN/n-ptr-test.c -g -O1 -fcilkplus execution test
FAIL: c-c++-common/cilk-plus/AN/pr57490.c -g -O1 -fcilkplus execution test
FAIL: c-c++-common/cilk-plus/AN/sec_implicit_ex.c -g -O1 -fcilkplus execution test
FAIL: c-c++-common/cilk-plus/AN/sec_reduce_ind_same_value.c -g -O1 -fcilkplus execution test
FAIL: c-c++-common/cilk-plus/AN/sec_reduce_return.c -g -O1 -fcilkplus execution test
FAIL: c-c++-common/cilk-plus/AN/side-effects-1.c -g -O1 -fcilkplus execution test
FAIL: c-c++-common/cilk-plus/AN/test_builtin_return.c -g -O1 -fcilkplus execution test
FAIL: c-c++-common/cilk-plus/AN/test_sec_limits.c -g -O1 -fcilkplus execution test
FAIL: c-c++-common/cilk-plus/AN/an-if.c -g -O2 -ftree-vectorize -fcilkplus execution test
FAIL: c-c++-common/cilk-plus/AN/array_test1.c -g -O2 -ftree-vectorize -fcilkplus execution test
FAIL: c-c++-common/cilk-plus/AN/array_test2.c -g -O2 -ftree-vectorize -fcilkplus execution test
FAIL: c-c++-common/cilk-plus/AN/array_test_ND.c -g -O2 -ftree-vectorize -fcilkplus execution test
FAIL: c-c++-common/cilk-plus/AN/builtin_fn_custom.c -g -O2 -ftree-vectorize -fcilkplus execution test
FAIL: c-c++-common/cilk-plus/AN/builtin_fn_mutating.c -g -O2 -ftree-vectorize -fcilkplus execution test
FAIL: c-c++-common/cilk-plus/AN/builtin_func_double2.c -g -O2 -ftree-vectorize -fcilkplus execution test
FAIL: c-c++-common/cilk-plus/AN/comma_exp.c -g -O2 -ftree-vectorize -fcilkplus execution test
FAIL: c-c++-common/cilk-plus/AN/conditional.c -g -O2 -ftree-vectorize -fcilkplus execution test
FAIL: c-c++-common/cilk-plus/AN/exec-once.c -g -O2 -ftree-vectorize -fcilkplus execution test
FAIL: c-c++-common/cilk-plus/AN/exec-once2.c -g -O2 -ftree-vectorize -fcilkplus execution test
FAIL: c-c++-common/cilk-plus/AN/gather_scatter.c -g -O2 -ftree-vectorize -fcilkplus execution test
FAIL: c-c++-common/cilk-plus/AN/if_test.c -g -O2 -ftree-vectorize -fcilkplus execution test
FAIL: c-c++-common/cilk-plus/AN/n-ptr-test.c -g -O2 -ftree-vectorize -fcilkplus execution test
FAIL: c-c++-common/cilk-plus/AN/pr57490.c -g -O2 -ftree-vectorize -fcilkplus execution test
FAIL: c-c++-common/cilk-plus/AN/sec_implicit_ex.c -g -O2 -ftree-vectorize -fcilkplus execution test
FAIL: c-c++-common/cilk-plus/AN/sec_reduce_ind_same_value.c -g -O2 -ftree-vectorize -fcilkplus execution test
FAIL: c-c++-common/cilk-plus/AN/sec_reduce_return.c -g -O2 -ftree-vectorize -fcilkplus execution test
FAIL: c-c++-common/cilk-plus/AN/side-effects-1.c -g -O2 -ftree-vectorize -fcilkplus execution test
FAIL: c-c++-common/cilk-plus/AN/test_builtin_return.c -g -O2 -ftree-vectorize -fcilkplus execution test
FAIL: c-c++-common/cilk-plus/AN/test_sec_limits.c -g -O2 -ftree-vectorize -fcilkplus execution test
FAIL: c-c++-common/cilk-plus/AN/an-if.c -g -O3 -fcilkplus execution test
FAIL: c-c++-common/cilk-plus/AN/array_test1.c -g -O3 -fcilkplus execution test
FAIL: c-c++-common/cilk-plus/AN/array_test2.c -g -O3 -fcilkplus execution test
FAIL: c-c++-common/cilk-plus/AN/array_test_ND.c -g -O3 -fcilkplus execution test
FAIL: c-c++-common/cilk-plus/AN/builtin_fn_custom.c -g -O3 -fcilkplus execution test
FAIL: c-c++-common/cilk-plus/AN/builtin_fn_mutating.c -g -O3 -fcilkplus execution test
FAIL: c-c++-common/cilk-plus/AN/builtin_func_double2.c -g -O3 -fcilkplus execution test
FAIL: c-c++-common/cilk-plus/AN/comma_exp.c -g -O3 -fcilkplus execution test
FAIL: c-c++-common/cilk-plus/AN/conditional.c -g -O3 -fcilkplus execution test
FAIL: c-c++-common/cilk-plus/AN/exec-once.c -g -O3 -fcilkplus execution test
FAIL: c-c++-common/cilk-plus/AN/exec-once2.c -g -O3 -fcilkplus execution test
FAIL: c-c++-common/cilk-plus/AN/gather_scatter.c -g -O3 -fcilkplus execution test
FAIL: c-c++-common/cilk-plus/AN/if_test.c -g -O3 -fcilkplus execution test
FAIL: c-c++-common/cilk-plus/AN/n-ptr-test.c -g -O3 -fcilkplus execution test
FAIL: c-c++-common/cilk-plus/AN/pr57490.c -g -O3 -fcilkplus execution test
FAIL: c-c++-common/cilk-plus/AN/sec_implicit_ex.c -g -O3 -fcilkplus execution test
FAIL: c-c++-common/cilk-plus/AN/sec_reduce_ind_same_value.c -g -O3 -fcilkplus execution test
FAIL: c-c++-common/cilk-plus/AN/sec_reduce_return.c -g -O3 -fcilkplus execution test
FAIL: c-c++-common/cilk-plus/AN/side-effects-1.c -g -O3 -fcilkplus execution test
FAIL: c-c++-common/cilk-plus/AN/test_builtin_return.c -g -O3 -fcilkplus execution test
FAIL: c-c++-common/cilk-plus/AN/test_sec_limits.c -g -O3 -fcilkplus execution test
FAIL: c-c++-common/cilk-plus/AN/an-if.c -O3 -ftree-vectorize -fcilkplus -g execution test
FAIL: c-c++-common/cilk-plus/AN/array_test1.c -O3 -ftree-vectorize -fcilkplus -g execution test
FAIL: c-c++-common/cilk-plus/AN/array_test2.c -O3 -ftree-vectorize -fcilkplus -g execution test
FAIL: c-c++-common/cilk-plus/AN/array_test_ND.c -O3 -ftree-vectorize -fcilkplus -g execution test
FAIL: c-c++-common/cilk-plus/AN/builtin_fn_custom.c -O3 -ftree-vectorize -fcilkplus -g execution test
FAIL: c-c++-common/cilk-plus/AN/builtin_fn_mutating.c -O3 -ftree-vectorize -fcilkplus -g execution test
FAIL: c-c++-common/cilk-plus/AN/builtin_func_double2.c -O3 -ftree-vectorize -fcilkplus -g execution test
FAIL: c-c++-common/cilk-plus/AN/comma_exp.c -O3 -ftree-vectorize -fcilkplus -g execution test
FAIL: c-c++-common/cilk-plus/AN/conditional.c -O3 -ftree-vectorize -fcilkplus -g execution test
FAIL: c-c++-common/cilk-plus/AN/exec-once.c -O3 -ftree-vectorize -fcilkplus -g execution test
FAIL: c-c++-common/cilk-plus/AN/exec-once2.c -O3 -ftree-vectorize -fcilkplus -g execution test
FAIL: c-c++-common/cilk-plus/AN/gather_scatter.c -O3 -ftree-vectorize -fcilkplus -g execution test
FAIL: c-c++-common/cilk-plus/AN/if_test.c -O3 -ftree-vectorize -fcilkplus -g execution test
FAIL: c-c++-common/cilk-plus/AN/n-ptr-test.c -O3 -ftree-vectorize -fcilkplus -g execution test
FAIL: c-c++-common/cilk-plus/AN/pr57490.c -O3 -ftree-vectorize -fcilkplus -g execution test
FAIL: c-c++-common/cilk-plus/AN/sec_implicit_ex.c -O3 -ftree-vectorize -fcilkplus -g execution test
FAIL: c-c++-common/cilk-plus/AN/sec_reduce_ind_same_value.c -O3 -ftree-vectorize -fcilkplus -g execution test
FAIL: c-c++-common/cilk-plus/AN/sec_reduce_return.c -O3 -ftree-vectorize -fcilkplus -g execution test
FAIL: c-c++-common/cilk-plus/AN/side-effects-1.c -O3 -ftree-vectorize -fcilkplus -g execution test
FAIL: c-c++-common/cilk-plus/AN/test_builtin_return.c -O3 -ftree-vectorize -fcilkplus -g execution test
FAIL: c-c++-common/cilk-plus/AN/test_sec_limits.c -O3 -ftree-vectorize -fcilkplus -g execution test
FAIL: g++.dg/cilk-plus/AN/array_test1_tplt.cc -fcilkplus execution test
FAIL: g++.dg/cilk-plus/AN/array_test2_tplt.cc -fcilkplus execution test
FAIL: g++.dg/cilk-plus/AN/array_test_ND_tplt.cc -fcilkplus execution test
FAIL: g++.dg/cilk-plus/AN/builtin_fn_custom_tplt.cc -fcilkplus execution test
FAIL: g++.dg/cilk-plus/AN/builtin_fn_mutating_tplt.cc -fcilkplus execution test
FAIL: g++.dg/cilk-plus/AN/postincr_test.cc -fcilkplus execution test
FAIL: g++.dg/cilk-plus/AN/preincr_test.cc -fcilkplus execution test
FAIL: g++.dg/cilk-plus/AN/array_test1_tplt.cc -O0 -fcilkplus execution test
FAIL: g++.dg/cilk-plus/AN/array_test2_tplt.cc -O0 -fcilkplus execution test
FAIL: g++.dg/cilk-plus/AN/array_test_ND_tplt.cc -O0 -fcilkplus execution test
FAIL: g++.dg/cilk-plus/AN/builtin_fn_custom_tplt.cc -O0 -fcilkplus execution test
FAIL: g++.dg/cilk-plus/AN/builtin_fn_mutating_tplt.cc -O0 -fcilkplus execution test
FAIL: g++.dg/cilk-plus/AN/postincr_test.cc -O0 -fcilkplus execution test
FAIL: g++.dg/cilk-plus/AN/preincr_test.cc -O0 -fcilkplus execution test
FAIL: g++.dg/cilk-plus/AN/array_test1_tplt.cc -O1 -fcilkplus execution test
FAIL: g++.dg/cilk-plus/AN/array_test2_tplt.cc -O1 -fcilkplus execution test
FAIL: g++.dg/cilk-plus/AN/array_test_ND_tplt.cc -O1 -fcilkplus execution test
FAIL: g++.dg/cilk-plus/AN/builtin_fn_custom_tplt.cc -O1 -fcilkplus execution test
FAIL: g++.dg/cilk-plus/AN/builtin_fn_mutating_tplt.cc -O1 -fcilkplus execution test
FAIL: g++.dg/cilk-plus/AN/postincr_test.cc -O1 -fcilkplus execution test
FAIL: g++.dg/cilk-plus/AN/preincr_test.cc -O1 -fcilkplus execution test
FAIL: g++.dg/cilk-plus/AN/array_test1_tplt.cc -O2 -ftree-vectorize -fcilkplus execution test
FAIL: g++.dg/cilk-plus/AN/array_test2_tplt.cc -O2 -ftree-vectorize -fcilkplus execution test
FAIL: g++.dg/cilk-plus/AN/array_test_ND_tplt.cc -O2 -ftree-vectorize -fcilkplus execution test
FAIL: g++.dg/cilk-plus/AN/builtin_fn_custom_tplt.cc -O2 -ftree-vectorize -fcilkplus execution test
FAIL: g++.dg/cilk-plus/AN/builtin_fn_mutating_tplt.cc -O2 -ftree-vectorize -fcilkplus execution test
FAIL: g++.dg/cilk-plus/AN/postincr_test.cc -O2 -ftree-vectorize -fcilkplus execution test
FAIL: g++.dg/cilk-plus/AN/preincr_test.cc -O2 -ftree-vectorize -fcilkplus execution test
FAIL: g++.dg/cilk-plus/AN/array_test1_tplt.cc -O3 -fcilkplus execution test
FAIL: g++.dg/cilk-plus/AN/array_test2_tplt.cc -O3 -fcilkplus execution test
FAIL: g++.dg/cilk-plus/AN/array_test_ND_tplt.cc -O3 -fcilkplus execution test
FAIL: g++.dg/cilk-plus/AN/builtin_fn_custom_tplt.cc -O3 -fcilkplus execution test
FAIL: g++.dg/cilk-plus/AN/builtin_fn_mutating_tplt.cc -O3 -fcilkplus execution test
FAIL: g++.dg/cilk-plus/AN/postincr_test.cc -O3 -fcilkplus execution test
FAIL: g++.dg/cilk-plus/AN/preincr_test.cc -O3 -fcilkplus execution test
FAIL: g++.dg/cilk-plus/AN/array_test1_tplt.cc -g -fcilkplus execution test
FAIL: g++.dg/cilk-plus/AN/array_test2_tplt.cc -g -fcilkplus execution test
FAIL: g++.dg/cilk-plus/AN/array_test_ND_tplt.cc -g -fcilkplus execution test
FAIL: g++.dg/cilk-plus/AN/builtin_fn_custom_tplt.cc -g -fcilkplus execution test
FAIL: g++.dg/cilk-plus/AN/builtin_fn_mutating_tplt.cc -g -fcilkplus execution test
FAIL: g++.dg/cilk-plus/AN/postincr_test.cc -g -fcilkplus execution test
FAIL: g++.dg/cilk-plus/AN/preincr_test.cc -g -fcilkplus execution test
FAIL: g++.dg/cilk-plus/AN/array_test1_tplt.cc -g -O0 -fcilkplus execution test
FAIL: g++.dg/cilk-plus/AN/array_test2_tplt.cc -g -O0 -fcilkplus execution test
FAIL: g++.dg/cilk-plus/AN/array_test_ND_tplt.cc -g -O0 -fcilkplus execution test
FAIL: g++.dg/cilk-plus/AN/builtin_fn_custom_tplt.cc -g -O0 -fcilkplus execution test
FAIL: g++.dg/cilk-plus/AN/builtin_fn_mutating_tplt.cc -g -O0 -fcilkplus execution test
FAIL: g++.dg/cilk-plus/AN/postincr_test.cc -g -O0 -fcilkplus execution test
FAIL: g++.dg/cilk-plus/AN/preincr_test.cc -g -O0 -fcilkplus execution test
FAIL: g++.dg/cilk-plus/AN/array_test1_tplt.cc -g -O1 -fcilkplus execution test
FAIL: g++.dg/cilk-plus/AN/array_test2_tplt.cc -g -O1 -fcilkplus execution test
FAIL: g++.dg/cilk-plus/AN/array_test_ND_tplt.cc -g -O1 -fcilkplus execution test
FAIL: g++.dg/cilk-plus/AN/builtin_fn_custom_tplt.cc -g -O1 -fcilkplus execution test
FAIL: g++.dg/cilk-plus/AN/builtin_fn_mutating_tplt.cc -g -O1 -fcilkplus execution test
FAIL: g++.dg/cilk-plus/AN/postincr_test.cc -g -O1 -fcilkplus execution test
FAIL: g++.dg/cilk-plus/AN/preincr_test.cc -g -O1 -fcilkplus execution test
FAIL: g++.dg/cilk-plus/AN/array_test1_tplt.cc -g -O2 -ftree-vectorize -fcilkplus execution test
FAIL: g++.dg/cilk-plus/AN/array_test2_tplt.cc -g -O2 -ftree-vectorize -fcilkplus execution test
FAIL: g++.dg/cilk-plus/AN/array_test_ND_tplt.cc -g -O2 -ftree-vectorize -fcilkplus execution test
FAIL: g++.dg/cilk-plus/AN/builtin_fn_custom_tplt.cc -g -O2 -ftree-vectorize -fcilkplus execution test
FAIL: g++.dg/cilk-plus/AN/builtin_fn_mutating_tplt.cc -g -O2 -ftree-vectorize -fcilkplus execution test
FAIL: g++.dg/cilk-plus/AN/postincr_test.cc -g -O2 -ftree-vectorize -fcilkplus execution test
FAIL: g++.dg/cilk-plus/AN/preincr_test.cc -g -O2 -ftree-vectorize -fcilkplus execution test
FAIL: g++.dg/cilk-plus/AN/array_test1_tplt.cc -g -O3 -fcilkplus execution test
FAIL: g++.dg/cilk-plus/AN/array_test2_tplt.cc -g -O3 -fcilkplus execution test
FAIL: g++.dg/cilk-plus/AN/array_test_ND_tplt.cc -g -O3 -fcilkplus execution test
FAIL: g++.dg/cilk-plus/AN/builtin_fn_custom_tplt.cc -g -O3 -fcilkplus execution test
FAIL: g++.dg/cilk-plus/AN/builtin_fn_mutating_tplt.cc -g -O3 -fcilkplus execution test
FAIL: g++.dg/cilk-plus/AN/postincr_test.cc -g -O3 -fcilkplus execution test
FAIL: g++.dg/cilk-plus/AN/preincr_test.cc -g -O3 -fcilkplus execution test
FAIL: g++.dg/cilk-plus/AN/array_test1_tplt.cc -O3 -ftree-vectorize -fcilkplus -g execution test
FAIL: g++.dg/cilk-plus/AN/array_test2_tplt.cc -O3 -ftree-vectorize -fcilkplus -g execution test
FAIL: g++.dg/cilk-plus/AN/array_test_ND_tplt.cc -O3 -ftree-vectorize -fcilkplus -g execution test
FAIL: g++.dg/cilk-plus/AN/builtin_fn_custom_tplt.cc -O3 -ftree-vectorize -fcilkplus -g execution test
FAIL: g++.dg/cilk-plus/AN/builtin_fn_mutating_tplt.cc -O3 -ftree-vectorize -fcilkplus -g execution test
FAIL: g++.dg/cilk-plus/AN/postincr_test.cc -O3 -ftree-vectorize -fcilkplus -g execution test
FAIL: g++.dg/cilk-plus/AN/preincr_test.cc -O3 -ftree-vectorize -fcilkplus -g execution test
FAIL: g++.dg/cilk-plus/CK/catch_exc.cc -fcilkplus -L/var/gcc/regression/trunk/11-gcc/build/i386-pc-solaris2.11/amd64/libcilkrts/.libs execution test
FAIL: g++.dg/cilk-plus/CK/const_spawn.cc -fcilkplus -L/var/gcc/regression/trunk/11-gcc/build/i386-pc-solaris2.11/amd64/libcilkrts/.libs execution test
FAIL: g++.dg/cilk-plus/CK/fib-opr-overload.cc -fcilkplus -L/var/gcc/regression/trunk/11-gcc/build/i386-pc-solaris2.11/amd64/libcilkrts/.libs execution test
FAIL: g++.dg/cilk-plus/CK/fib-tplt.cc -fcilkplus -L/var/gcc/regression/trunk/11-gcc/build/i386-pc-solaris2.11/amd64/libcilkrts/.libs execution test
FAIL: g++.dg/cilk-plus/CK/lambda_spawns.cc -fcilkplus -L/var/gcc/regression/trunk/11-gcc/build/i386-pc-solaris2.11/amd64/libcilkrts/.libs execution test
FAIL: g++.dg/cilk-plus/CK/lambda_spawns_tplt.cc -fcilkplus -L/var/gcc/regression/trunk/11-gcc/build/i386-pc-solaris2.11/amd64/libcilkrts/.libs execution test
FAIL: g++.dg/cilk-plus/CK/catch_exc.cc -O1 -fcilkplus -L/var/gcc/regression/trunk/11-gcc/build/i386-pc-solaris2.11/amd64/libcilkrts/.libs execution test
FAIL: g++.dg/cilk-plus/CK/const_spawn.cc -O1 -fcilkplus -L/var/gcc/regression/trunk/11-gcc/build/i386-pc-solaris2.11/amd64/libcilkrts/.libs execution test
FAIL: g++.dg/cilk-plus/CK/fib-opr-overload.cc -O1 -fcilkplus -L/var/gcc/regression/trunk/11-gcc/build/i386-pc-solaris2.11/amd64/libcilkrts/.libs execution test
FAIL: g++.dg/cilk-plus/CK/fib-tplt.cc -O1 -fcilkplus -L/var/gcc/regression/trunk/11-gcc/build/i386-pc-solaris2.11/amd64/libcilkrts/.libs execution test
FAIL: g++.dg/cilk-plus/CK/lambda_spawns.cc -O1 -fcilkplus -L/var/gcc/regression/trunk/11-gcc/build/i386-pc-solaris2.11/amd64/libcilkrts/.libs execution test
FAIL: g++.dg/cilk-plus/CK/lambda_spawns_tplt.cc -O1 -fcilkplus -L/var/gcc/regression/trunk/11-gcc/build/i386-pc-solaris2.11/amd64/libcilkrts/.libs execution test
FAIL: g++.dg/cilk-plus/CK/catch_exc.cc -O2 -fcilkplus -L/var/gcc/regression/trunk/11-gcc/build/i386-pc-solaris2.11/amd64/libcilkrts/.libs execution test
FAIL: g++.dg/cilk-plus/CK/const_spawn.cc -O2 -fcilkplus -L/var/gcc/regression/trunk/11-gcc/build/i386-pc-solaris2.11/amd64/libcilkrts/.libs execution test
FAIL: g++.dg/cilk-plus/CK/fib-opr-overload.cc -O2 -fcilkplus -L/var/gcc/regression/trunk/11-gcc/build/i386-pc-solaris2.11/amd64/libcilkrts/.libs execution test
FAIL: g++.dg/cilk-plus/CK/fib-tplt.cc -O2 -fcilkplus -L/var/gcc/regression/trunk/11-gcc/build/i386-pc-solaris2.11/amd64/libcilkrts/.libs execution test
FAIL: g++.dg/cilk-plus/CK/lambda_spawns.cc -O2 -fcilkplus -L/var/gcc/regression/trunk/11-gcc/build/i386-pc-solaris2.11/amd64/libcilkrts/.libs execution test
FAIL: g++.dg/cilk-plus/CK/lambda_spawns_tplt.cc -O2 -fcilkplus -L/var/gcc/regression/trunk/11-gcc/build/i386-pc-solaris2.11/amd64/libcilkrts/.libs execution test
FAIL: g++.dg/cilk-plus/CK/catch_exc.cc -O3 -fcilkplus -L/var/gcc/regression/trunk/11-gcc/build/i386-pc-solaris2.11/amd64/libcilkrts/.libs execution test
FAIL: g++.dg/cilk-plus/CK/const_spawn.cc -O3 -fcilkplus -L/var/gcc/regression/trunk/11-gcc/build/i386-pc-solaris2.11/amd64/libcilkrts/.libs execution test
FAIL: g++.dg/cilk-plus/CK/fib-opr-overload.cc -O3 -fcilkplus -L/var/gcc/regression/trunk/11-gcc/build/i386-pc-solaris2.11/amd64/libcilkrts/.libs execution test
FAIL: g++.dg/cilk-plus/CK/fib-tplt.cc -O3 -fcilkplus -L/var/gcc/regression/trunk/11-gcc/build/i386-pc-solaris2.11/amd64/libcilkrts/.libs execution test
FAIL: g++.dg/cilk-plus/CK/lambda_spawns.cc -O3 -fcilkplus -L/var/gcc/regression/trunk/11-gcc/build/i386-pc-solaris2.11/amd64/libcilkrts/.libs execution test
FAIL: g++.dg/cilk-plus/CK/lambda_spawns_tplt.cc -O3 -fcilkplus -L/var/gcc/regression/trunk/11-gcc/build/i386-pc-solaris2.11/amd64/libcilkrts/.libs execution test
FAIL: g++.dg/cilk-plus/CK/catch_exc.cc -g -fcilkplus -L/var/gcc/regression/trunk/11-gcc/build/i386-pc-solaris2.11/amd64/libcilkrts/.libs execution test
FAIL: g++.dg/cilk-plus/CK/const_spawn.cc -g -fcilkplus -L/var/gcc/regression/trunk/11-gcc/build/i386-pc-solaris2.11/amd64/libcilkrts/.libs execution test
FAIL: g++.dg/cilk-plus/CK/fib-opr-overload.cc -g -fcilkplus -L/var/gcc/regression/trunk/11-gcc/build/i386-pc-solaris2.11/amd64/libcilkrts/.libs execution test
FAIL: g++.dg/cilk-plus/CK/fib-tplt.cc -g -fcilkplus -L/var/gcc/regression/trunk/11-gcc/build/i386-pc-solaris2.11/amd64/libcilkrts/.libs execution test
FAIL: g++.dg/cilk-plus/CK/lambda_spawns.cc -g -fcilkplus -L/var/gcc/regression/trunk/11-gcc/build/i386-pc-solaris2.11/amd64/libcilkrts/.libs execution test
FAIL: g++.dg/cilk-plus/CK/lambda_spawns_tplt.cc -g -fcilkplus -L/var/gcc/regression/trunk/11-gcc/build/i386-pc-solaris2.11/amd64/libcilkrts/.libs execution test
FAIL: g++.dg/cilk-plus/CK/catch_exc.cc -g -O2 -fcilkplus -L/var/gcc/regression/trunk/11-gcc/build/i386-pc-solaris2.11/amd64/libcilkrts/.libs execution test
FAIL: g++.dg/cilk-plus/CK/const_spawn.cc -g -O2 -fcilkplus -L/var/gcc/regression/trunk/11-gcc/build/i386-pc-solaris2.11/amd64/libcilkrts/.libs execution test
FAIL: g++.dg/cilk-plus/CK/fib-opr-overload.cc -g -O2 -fcilkplus -L/var/gcc/regression/trunk/11-gcc/build/i386-pc-solaris2.11/amd64/libcilkrts/.libs execution test
FAIL: g++.dg/cilk-plus/CK/fib-tplt.cc -g -O2 -fcilkplus -L/var/gcc/regression/trunk/11-gcc/build/i386-pc-solaris2.11/amd64/libcilkrts/.libs execution test
FAIL: g++.dg/cilk-plus/CK/lambda_spawns.cc -g -O2 -fcilkplus -L/var/gcc/regression/trunk/11-gcc/build/i386-pc-solaris2.11/amd64/libcilkrts/.libs execution test
FAIL: g++.dg/cilk-plus/CK/lambda_spawns_tplt.cc -g -O2 -fcilkplus -L/var/gcc/regression/trunk/11-gcc/build/i386-pc-solaris2.11/amd64/libcilkrts/.libs execution test
FAIL: g++.dg/cilk-plus/CK/catch_exc.cc -g -O3 -fcilkplus -L/var/gcc/regression/trunk/11-gcc/build/i386-pc-solaris2.11/amd64/libcilkrts/.libs execution test
FAIL: g++.dg/cilk-plus/CK/const_spawn.cc -g -O3 -fcilkplus -L/var/gcc/regression/trunk/11-gcc/build/i386-pc-solaris2.11/amd64/libcilkrts/.libs execution test
FAIL: g++.dg/cilk-plus/CK/fib-opr-overload.cc -g -O3 -fcilkplus -L/var/gcc/regression/trunk/11-gcc/build/i386-pc-solaris2.11/amd64/libcilkrts/.libs execution test
FAIL: g++.dg/cilk-plus/CK/fib-tplt.cc -g -O3 -fcilkplus -L/var/gcc/regression/trunk/11-gcc/build/i386-pc-solaris2.11/amd64/libcilkrts/.libs execution test
FAIL: g++.dg/cilk-plus/CK/lambda_spawns.cc -g -O3 -fcilkplus -L/var/gcc/regression/trunk/11-gcc/build/i386-pc-solaris2.11/amd64/libcilkrts/.libs execution test
FAIL: g++.dg/cilk-plus/CK/lambda_spawns_tplt.cc -g -O3 -fcilkplus -L/var/gcc/regression/trunk/11-gcc/build/i386-pc-solaris2.11/amd64/libcilkrts/.libs execution test
FAIL: c-c++-common/cilk-plus/CK/fib.c -fcilkplus -L/var/gcc/regression/trunk/11-gcc/build/i386-pc-solaris2.11/amd64/libcilkrts/.libs execution test
FAIL: c-c++-common/cilk-plus/CK/fib_init_expr_xy.c -fcilkplus -L/var/gcc/regression/trunk/11-gcc/build/i386-pc-solaris2.11/amd64/libcilkrts/.libs execution test
FAIL: c-c++-common/cilk-plus/CK/fib_no_return.c -fcilkplus -L/var/gcc/regression/trunk/11-gcc/build/i386-pc-solaris2.11/amd64/libcilkrts/.libs execution test
FAIL: c-c++-common/cilk-plus/CK/fib_no_sync.c -fcilkplus -L/var/gcc/regression/trunk/11-gcc/build/i386-pc-solaris2.11/amd64/libcilkrts/.libs execution test
FAIL: c-c++-common/cilk-plus/CK/spawnee_inline.c -fcilkplus -L/var/gcc/regression/trunk/11-gcc/build/i386-pc-solaris2.11/amd64/libcilkrts/.libs execution test
FAIL: c-c++-common/cilk-plus/CK/spawner_inline.c -fcilkplus -L/var/gcc/regression/trunk/11-gcc/build/i386-pc-solaris2.11/amd64/libcilkrts/.libs execution test
FAIL: c-c++-common/cilk-plus/CK/spawning_arg.c -fcilkplus -L/var/gcc/regression/trunk/11-gcc/build/i386-pc-solaris2.11/amd64/libcilkrts/.libs execution test
FAIL: c-c++-common/cilk-plus/CK/steal_check.c -fcilkplus -L/var/gcc/regression/trunk/11-gcc/build/i386-pc-solaris2.11/amd64/libcilkrts/.libs execution test
FAIL: c-c++-common/cilk-plus/CK/test__cilk.c -fcilkplus -L/var/gcc/regression/trunk/11-gcc/build/i386-pc-solaris2.11/amd64/libcilkrts/.libs execution test
FAIL: c-c++-common/cilk-plus/CK/varargs_test.c -fcilkplus -L/var/gcc/regression/trunk/11-gcc/build/i386-pc-solaris2.11/amd64/libcilkrts/.libs execution test
FAIL: c-c++-common/cilk-plus/CK/fib.c -O1 -fcilkplus -L/var/gcc/regression/trunk/11-gcc/build/i386-pc-solaris2.11/amd64/libcilkrts/.libs execution test
FAIL: c-c++-common/cilk-plus/CK/fib_init_expr_xy.c -O1 -fcilkplus -L/var/gcc/regression/trunk/11-gcc/build/i386-pc-solaris2.11/amd64/libcilkrts/.libs execution test
FAIL: c-c++-common/cilk-plus/CK/fib_no_return.c -O1 -fcilkplus -L/var/gcc/regression/trunk/11-gcc/build/i386-pc-solaris2.11/amd64/libcilkrts/.libs execution test
FAIL: c-c++-common/cilk-plus/CK/fib_no_sync.c -O1 -fcilkplus -L/var/gcc/regression/trunk/11-gcc/build/i386-pc-solaris2.11/amd64/libcilkrts/.libs execution test
FAIL: c-c++-common/cilk-plus/CK/spawnee_inline.c -O1 -fcilkplus -L/var/gcc/regression/trunk/11-gcc/build/i386-pc-solaris2.11/amd64/libcilkrts/.libs execution test
FAIL: c-c++-common/cilk-plus/CK/spawner_inline.c -O1 -fcilkplus -L/var/gcc/regression/trunk/11-gcc/build/i386-pc-solaris2.11/amd64/libcilkrts/.libs execution test
FAIL: c-c++-common/cilk-plus/CK/spawning_arg.c -O1 -fcilkplus -L/var/gcc/regression/trunk/11-gcc/build/i386-pc-solaris2.11/amd64/libcilkrts/.libs execution test
FAIL: c-c++-common/cilk-plus/CK/steal_check.c -O1 -fcilkplus -L/var/gcc/regression/trunk/11-gcc/build/i386-pc-solaris2.11/amd64/libcilkrts/.libs execution test
FAIL: c-c++-common/cilk-plus/CK/test__cilk.c -O1 -fcilkplus -L/var/gcc/regression/trunk/11-gcc/build/i386-pc-solaris2.11/amd64/libcilkrts/.libs execution test
FAIL: c-c++-common/cilk-plus/CK/varargs_test.c -O1 -fcilkplus -L/var/gcc/regression/trunk/11-gcc/build/i386-pc-solaris2.11/amd64/libcilkrts/.libs execution test
FAIL: c-c++-common/cilk-plus/CK/fib.c -O2 -fcilkplus -L/var/gcc/regression/trunk/11-gcc/build/i386-pc-solaris2.11/amd64/libcilkrts/.libs execution test
FAIL: c-c++-common/cilk-plus/CK/fib_init_expr_xy.c -O2 -fcilkplus -L/var/gcc/regression/trunk/11-gcc/build/i386-pc-solaris2.11/amd64/libcilkrts/.libs execution test
FAIL: c-c++-common/cilk-plus/CK/fib_no_return.c -O2 -fcilkplus -L/var/gcc/regression/trunk/11-gcc/build/i386-pc-solaris2.11/amd64/libcilkrts/.libs execution test
FAIL: c-c++-common/cilk-plus/CK/fib_no_sync.c -O2 -fcilkplus -L/var/gcc/regression/trunk/11-gcc/build/i386-pc-solaris2.11/amd64/libcilkrts/.libs execution test
FAIL: c-c++-common/cilk-plus/CK/spawnee_inline.c -O2 -fcilkplus -L/var/gcc/regression/trunk/11-gcc/build/i386-pc-solaris2.11/amd64/libcilkrts/.libs execution test
FAIL: c-c++-common/cilk-plus/CK/spawner_inline.c -O2 -fcilkplus -L/var/gcc/regression/trunk/11-gcc/build/i386-pc-solaris2.11/amd64/libcilkrts/.libs execution test
FAIL: c-c++-common/cilk-plus/CK/spawning_arg.c -O2 -fcilkplus -L/var/gcc/regression/trunk/11-gcc/build/i386-pc-solaris2.11/amd64/libcilkrts/.libs execution test
FAIL: c-c++-common/cilk-plus/CK/steal_check.c -O2 -fcilkplus -L/var/gcc/regression/trunk/11-gcc/build/i386-pc-solaris2.11/amd64/libcilkrts/.libs execution test
FAIL: c-c++-common/cilk-plus/CK/test__cilk.c -O2 -fcilkplus -L/var/gcc/regression/trunk/11-gcc/build/i386-pc-solaris2.11/amd64/libcilkrts/.libs execution test
FAIL: c-c++-common/cilk-plus/CK/varargs_test.c -O2 -fcilkplus -L/var/gcc/regression/trunk/11-gcc/build/i386-pc-solaris2.11/amd64/libcilkrts/.libs execution test
FAIL: c-c++-common/cilk-plus/CK/fib.c -O3 -fcilkplus -L/var/gcc/regression/trunk/11-gcc/build/i386-pc-solaris2.11/amd64/libcilkrts/.libs execution test
FAIL: c-c++-common/cilk-plus/CK/fib_init_expr_xy.c -O3 -fcilkplus -L/var/gcc/regression/trunk/11-gcc/build/i386-pc-solaris2.11/amd64/libcilkrts/.libs execution test
FAIL: c-c++-common/cilk-plus/CK/fib_no_return.c -O3 -fcilkplus -L/var/gcc/regression/trunk/11-gcc/build/i386-pc-solaris2.11/amd64/libcilkrts/.libs execution test
FAIL: c-c++-common/cilk-plus/CK/fib_no_sync.c -O3 -fcilkplus -L/var/gcc/regression/trunk/11-gcc/build/i386-pc-solaris2.11/amd64/libcilkrts/.libs execution test
FAIL: c-c++-common/cilk-plus/CK/spawnee_inline.c -O3 -fcilkplus -L/var/gcc/regression/trunk/11-gcc/build/i386-pc-solaris2.11/amd64/libcilkrts/.libs execution test
FAIL: c-c++-common/cilk-plus/CK/spawner_inline.c -O3 -fcilkplus -L/var/gcc/regression/trunk/11-gcc/build/i386-pc-solaris2.11/amd64/libcilkrts/.libs execution test
FAIL: c-c++-common/cilk-plus/CK/spawning_arg.c -O3 -fcilkplus -L/var/gcc/regression/trunk/11-gcc/build/i386-pc-solaris2.11/amd64/libcilkrts/.libs execution test
FAIL: c-c++-common/cilk-plus/CK/steal_check.c -O3 -fcilkplus -L/var/gcc/regression/trunk/11-gcc/build/i386-pc-solaris2.11/amd64/libcilkrts/.libs execution test
FAIL: c-c++-common/cilk-plus/CK/test__cilk.c -O3 -fcilkplus -L/var/gcc/regression/trunk/11-gcc/build/i386-pc-solaris2.11/amd64/libcilkrts/.libs execution test
FAIL: c-c++-common/cilk-plus/CK/varargs_test.c -O3 -fcilkplus -L/var/gcc/regression/trunk/11-gcc/build/i386-pc-solaris2.11/amd64/libcilkrts/.libs execution test
FAIL: c-c++-common/cilk-plus/CK/fib.c -g -fcilkplus execution test
FAIL: c-c++-common/cilk-plus/CK/fib_init_expr_xy.c -g -fcilkplus execution test
FAIL: c-c++-common/cilk-plus/CK/fib_no_return.c -g -fcilkplus execution test
FAIL: c-c++-common/cilk-plus/CK/fib_no_sync.c -g -fcilkplus execution test
FAIL: c-c++-common/cilk-plus/CK/spawnee_inline.c -g -fcilkplus execution test
FAIL: c-c++-common/cilk-plus/CK/spawner_inline.c -g -fcilkplus execution test
FAIL: c-c++-common/cilk-plus/CK/spawning_arg.c -g -fcilkplus execution test
FAIL: c-c++-common/cilk-plus/CK/steal_check.c -g -fcilkplus execution test
FAIL: c-c++-common/cilk-plus/CK/test__cilk.c -g -fcilkplus execution test
FAIL: c-c++-common/cilk-plus/CK/varargs_test.c -g -fcilkplus execution test
FAIL: c-c++-common/cilk-plus/CK/fib.c -g -O2 -fcilkplus -L/var/gcc/regression/trunk/11-gcc/build/i386-pc-solaris2.11/amd64/libcilkrts/.libs execution test
FAIL: c-c++-common/cilk-plus/CK/fib_init_expr_xy.c -g -O2 -fcilkplus -L/var/gcc/regression/trunk/11-gcc/build/i386-pc-solaris2.11/amd64/libcilkrts/.libs execution test
FAIL: c-c++-common/cilk-plus/CK/fib_no_return.c -g -O2 -fcilkplus -L/var/gcc/regression/trunk/11-gcc/build/i386-pc-solaris2.11/amd64/libcilkrts/.libs execution test
FAIL: c-c++-common/cilk-plus/CK/fib_no_sync.c -g -O2 -fcilkplus -L/var/gcc/regression/trunk/11-gcc/build/i386-pc-solaris2.11/amd64/libcilkrts/.libs execution test
FAIL: c-c++-common/cilk-plus/CK/spawnee_inline.c -g -O2 -fcilkplus -L/var/gcc/regression/trunk/11-gcc/build/i386-pc-solaris2.11/amd64/libcilkrts/.libs execution test
FAIL: c-c++-common/cilk-plus/CK/spawner_inline.c -g -O2 -fcilkplus -L/var/gcc/regression/trunk/11-gcc/build/i386-pc-solaris2.11/amd64/libcilkrts/.libs execution test
FAIL: c-c++-common/cilk-plus/CK/spawning_arg.c -g -O2 -fcilkplus -L/var/gcc/regression/trunk/11-gcc/build/i386-pc-solaris2.11/amd64/libcilkrts/.libs execution test
FAIL: c-c++-common/cilk-plus/CK/steal_check.c -g -O2 -fcilkplus -L/var/gcc/regression/trunk/11-gcc/build/i386-pc-solaris2.11/amd64/libcilkrts/.libs execution test
FAIL: c-c++-common/cilk-plus/CK/test__cilk.c -g -O2 -fcilkplus -L/var/gcc/regression/trunk/11-gcc/build/i386-pc-solaris2.11/amd64/libcilkrts/.libs execution test
FAIL: c-c++-common/cilk-plus/CK/varargs_test.c -g -O2 -fcilkplus -L/var/gcc/regression/trunk/11-gcc/build/i386-pc-solaris2.11/amd64/libcilkrts/.libs execution test
FAIL: c-c++-common/cilk-plus/CK/fib.c -g -O3 -fcilkplus -L/var/gcc/regression/trunk/11-gcc/build/i386-pc-solaris2.11/amd64/libcilkrts/.libs execution test
FAIL: c-c++-common/cilk-plus/CK/fib_init_expr_xy.c -g -O3 -fcilkplus -L/var/gcc/regression/trunk/11-gcc/build/i386-pc-solaris2.11/amd64/libcilkrts/.libs execution test
FAIL: c-c++-common/cilk-plus/CK/fib_no_return.c -g -O3 -fcilkplus -L/var/gcc/regression/trunk/11-gcc/build/i386-pc-solaris2.11/amd64/libcilkrts/.libs execution test
FAIL: c-c++-common/cilk-plus/CK/fib_no_sync.c -g -O3 -fcilkplus -L/var/gcc/regression/trunk/11-gcc/build/i386-pc-solaris2.11/amd64/libcilkrts/.libs execution test
FAIL: c-c++-common/cilk-plus/CK/spawnee_inline.c -g -O3 -fcilkplus -L/var/gcc/regression/trunk/11-gcc/build/i386-pc-solaris2.11/amd64/libcilkrts/.libs execution test
FAIL: c-c++-common/cilk-plus/CK/spawner_inline.c -g -O3 -fcilkplus -L/var/gcc/regression/trunk/11-gcc/build/i386-pc-solaris2.11/amd64/libcilkrts/.libs execution test
FAIL: c-c++-common/cilk-plus/CK/spawning_arg.c -g -O3 -fcilkplus -L/var/gcc/regression/trunk/11-gcc/build/i386-pc-solaris2.11/amd64/libcilkrts/.libs execution test
FAIL: c-c++-common/cilk-plus/CK/steal_check.c -g -O3 -fcilkplus -L/var/gcc/regression/trunk/11-gcc/build/i386-pc-solaris2.11/amd64/libcilkrts/.libs execution test
FAIL: c-c++-common/cilk-plus/CK/test__cilk.c -g -O3 -fcilkplus -L/var/gcc/regression/trunk/11-gcc/build/i386-pc-solaris2.11/amd64/libcilkrts/.libs execution test
FAIL: c-c++-common/cilk-plus/CK/varargs_test.c -g -O3 -fcilkplus -L/var/gcc/regression/trunk/11-gcc/build/i386-pc-solaris2.11/amd64/libcilkrts/.libs execution test
FAIL: g++.dg/warn/Wunused-3.C -std=gnu++98 (test for excess errors)
FAIL: g++.dg/warn/Wunused-3.C -std=gnu++11 (test for excess errors)
=== g++ Summary for unix/-m64 ===
# of expected passes 55808
# of unexpected failures 380
# of expected failures 292
# of unsupported tests 1030
=== g++ Summary ===
# of expected passes 111226
# of unexpected failures 389
# of expected failures 584
# of unsupported tests 1814
/var/gcc/regression/trunk/11-gcc/build/gcc/testsuite/g++/../../xg++ version 4.9.0 20131213 (experimental) [trunk revision 205959] (GCC)
=== gcc tests ===
Running target unix
XPASS: gcc.dg/binop-xor1.c scan-tree-dump-times optimized "\\\\^" 1
FAIL: gcc.dg/uninit-pred-8_b.c bogus warning (test for bogus messages, line 20)
FAIL: gcc.dg/uninit-pred-9_b.c bogus warning (test for bogus messages, line 24)
FAIL: gcc.dg/unroll_1.c (test for warnings, line 14)
FAIL: gcc.dg/unroll_1.c (test for warnings, line 24)
FAIL: gcc.dg/vect/vect-nop-move.c execution test
FAIL: gcc.dg/vect/vect-simd-clone-1.c execution test
FAIL: gcc.dg/vect/vect-simd-clone-10.c execution test
FAIL: gcc.dg/vect/vect-simd-clone-11.c execution test
FAIL: gcc.dg/vect/vect-simd-clone-12.c execution test
FAIL: gcc.dg/vect/vect-simd-clone-2.c execution test
FAIL: gcc.dg/vect/vect-simd-clone-3.c execution test
FAIL: gcc.dg/vect/vect-simd-clone-4.c execution test
FAIL: gcc.dg/vect/vect-simd-clone-5.c execution test
FAIL: gcc.dg/vect/vect-simd-clone-6.c execution test
FAIL: gcc.dg/vect/vect-simd-clone-7.c execution test
FAIL: gcc.dg/vect/vect-simd-clone-8.c execution test
FAIL: gcc.dg/vect/vect-nop-move.c -flto -ffat-lto-objects execution test
FAIL: gcc.dg/vect/vect-simd-clone-1.c -flto -ffat-lto-objects execution test
FAIL: gcc.dg/vect/vect-simd-clone-10.c -flto -ffat-lto-objects execution test
FAIL: gcc.dg/vect/vect-simd-clone-11.c -flto -ffat-lto-objects execution test
FAIL: gcc.dg/vect/vect-simd-clone-12.c -flto -ffat-lto-objects execution test
FAIL: gcc.dg/vect/vect-simd-clone-2.c -flto -ffat-lto-objects execution test
FAIL: gcc.dg/vect/vect-simd-clone-3.c -flto -ffat-lto-objects execution test
FAIL: gcc.dg/vect/vect-simd-clone-4.c -flto -ffat-lto-objects execution test
FAIL: gcc.dg/vect/vect-simd-clone-5.c -flto -ffat-lto-objects execution test
FAIL: gcc.dg/vect/vect-simd-clone-6.c -flto -ffat-lto-objects execution test
FAIL: gcc.dg/vect/vect-simd-clone-7.c -flto -ffat-lto-objects execution test
FAIL: gcc.dg/vect/vect-simd-clone-8.c -flto -ffat-lto-objects execution test
=== gcc Summary for unix ===
# of expected passes 97250
# of unexpected failures 28
# of unexpected successes 1
# of expected failures 250
# of unsupported tests 1259
Running target unix/-m64
XPASS: gcc.dg/binop-xor1.c scan-tree-dump-times optimized "\\\\^" 1
FAIL: gcc.dg/uninit-pred-8_b.c bogus warning (test for bogus messages, line 20)
FAIL: gcc.dg/uninit-pred-9_b.c bogus warning (test for bogus messages, line 24)
FAIL: gcc.dg/unroll_1.c (test for warnings, line 14)
FAIL: gcc.dg/unroll_1.c (test for warnings, line 24)
FAIL: gcc.dg/vect/vect-simd-clone-1.c execution test
FAIL: gcc.dg/vect/vect-simd-clone-10.c execution test
FAIL: gcc.dg/vect/vect-simd-clone-11.c execution test
FAIL: gcc.dg/vect/vect-simd-clone-12.c execution test
FAIL: gcc.dg/vect/vect-simd-clone-2.c execution test
FAIL: gcc.dg/vect/vect-simd-clone-3.c execution test
FAIL: gcc.dg/vect/vect-simd-clone-4.c execution test
FAIL: gcc.dg/vect/vect-simd-clone-5.c execution test
FAIL: gcc.dg/vect/vect-simd-clone-6.c execution test
FAIL: gcc.dg/vect/vect-simd-clone-7.c execution test
FAIL: gcc.dg/vect/vect-simd-clone-8.c execution test
FAIL: gcc.dg/vect/vect-simd-clone-1.c -flto -ffat-lto-objects execution test
FAIL: gcc.dg/vect/vect-simd-clone-10.c -flto -ffat-lto-objects execution test
FAIL: gcc.dg/vect/vect-simd-clone-11.c -flto -ffat-lto-objects execution test
FAIL: gcc.dg/vect/vect-simd-clone-12.c -flto -ffat-lto-objects execution test
FAIL: gcc.dg/vect/vect-simd-clone-2.c -flto -ffat-lto-objects execution test
FAIL: gcc.dg/vect/vect-simd-clone-3.c -flto -ffat-lto-objects execution test
FAIL: gcc.dg/vect/vect-simd-clone-4.c -flto -ffat-lto-objects execution test
FAIL: gcc.dg/vect/vect-simd-clone-5.c -flto -ffat-lto-objects execution test
FAIL: gcc.dg/vect/vect-simd-clone-6.c -flto -ffat-lto-objects execution test
FAIL: gcc.dg/vect/vect-simd-clone-7.c -flto -ffat-lto-objects execution test
FAIL: gcc.dg/vect/vect-simd-clone-8.c -flto -ffat-lto-objects execution test
FAIL: gcc.target/i386/pr58218.c (test for excess errors)
=== gcc Summary for unix/-m64 ===
# of expected passes 97670
# of unexpected failures 27
# of unexpected successes 1
# of expected failures 252
# of unsupported tests 1559
=== gcc Summary ===
# of expected passes 194920
# of unexpected failures 55
# of unexpected successes 2
# of expected failures 502
# of unsupported tests 2818
/var/gcc/regression/trunk/11-gcc/build/gcc/xgcc version 4.9.0 20131213 (experimental) [trunk revision 205959] (GCC)
=== gfortran tests ===
Running target unix
FAIL: gfortran.dg/class_48.f90 -O2 (test for excess errors)
FAIL: gfortran.dg/class_48.f90 -Os (test for excess errors)
FAIL: gfortran.dg/lto/pr45586-2 f_lto_pr45586-2_0.o-f_lto_pr45586-2_0.o link, -O0 -flto -flto-partition=none (internal compiler error)
UNRESOLVED: gfortran.dg/lto/pr45586-2 f_lto_pr45586-2_0.o-f_lto_pr45586-2_0.o execute -O0 -flto -flto-partition=none
FAIL: gfortran.dg/lto/pr45586-2 f_lto_pr45586-2_0.o-f_lto_pr45586-2_0.o link, -O0 -flto -flto-partition=1to1 (internal compiler error)
UNRESOLVED: gfortran.dg/lto/pr45586-2 f_lto_pr45586-2_0.o-f_lto_pr45586-2_0.o execute -O0 -flto -flto-partition=1to1
FAIL: gfortran.dg/lto/pr45586-2 f_lto_pr45586-2_0.o-f_lto_pr45586-2_0.o link, -O0 -flto (internal compiler error)
UNRESOLVED: gfortran.dg/lto/pr45586-2 f_lto_pr45586-2_0.o-f_lto_pr45586-2_0.o execute -O0 -flto
FAIL: gfortran.dg/lto/pr45586 f_lto_pr45586_0.o-f_lto_pr45586_0.o link, -O0 -flto -flto-partition=none (internal compiler error)
UNRESOLVED: gfortran.dg/lto/pr45586 f_lto_pr45586_0.o-f_lto_pr45586_0.o execute -O0 -flto -flto-partition=none
FAIL: gfortran.dg/lto/pr45586 f_lto_pr45586_0.o-f_lto_pr45586_0.o link, -O0 -flto -flto-partition=1to1 (internal compiler error)
UNRESOLVED: gfortran.dg/lto/pr45586 f_lto_pr45586_0.o-f_lto_pr45586_0.o execute -O0 -flto -flto-partition=1to1
FAIL: gfortran.dg/lto/pr45586 f_lto_pr45586_0.o-f_lto_pr45586_0.o link, -O0 -flto (internal compiler error)
UNRESOLVED: gfortran.dg/lto/pr45586 f_lto_pr45586_0.o-f_lto_pr45586_0.o execute -O0 -flto
=== gfortran Summary for unix ===
# of expected passes 44902
# of unexpected failures 8
# of expected failures 52
# of unresolved testcases 6
# of unsupported tests 230
Running target unix/-m64
FAIL: gfortran.dg/lto/pr45586-2 f_lto_pr45586-2_0.o-f_lto_pr45586-2_0.o link, -O0 -flto -flto-partition=none (internal compiler error)
UNRESOLVED: gfortran.dg/lto/pr45586-2 f_lto_pr45586-2_0.o-f_lto_pr45586-2_0.o execute -O0 -flto -flto-partition=none
FAIL: gfortran.dg/lto/pr45586-2 f_lto_pr45586-2_0.o-f_lto_pr45586-2_0.o link, -O0 -flto -flto-partition=1to1 (internal compiler error)
UNRESOLVED: gfortran.dg/lto/pr45586-2 f_lto_pr45586-2_0.o-f_lto_pr45586-2_0.o execute -O0 -flto -flto-partition=1to1
FAIL: gfortran.dg/lto/pr45586-2 f_lto_pr45586-2_0.o-f_lto_pr45586-2_0.o link, -O0 -flto (internal compiler error)
UNRESOLVED: gfortran.dg/lto/pr45586-2 f_lto_pr45586-2_0.o-f_lto_pr45586-2_0.o execute -O0 -flto
FAIL: gfortran.dg/lto/pr45586 f_lto_pr45586_0.o-f_lto_pr45586_0.o link, -O0 -flto -flto-partition=none (internal compiler error)
UNRESOLVED: gfortran.dg/lto/pr45586 f_lto_pr45586_0.o-f_lto_pr45586_0.o execute -O0 -flto -flto-partition=none
FAIL: gfortran.dg/lto/pr45586 f_lto_pr45586_0.o-f_lto_pr45586_0.o link, -O0 -flto -flto-partition=1to1 (internal compiler error)
UNRESOLVED: gfortran.dg/lto/pr45586 f_lto_pr45586_0.o-f_lto_pr45586_0.o execute -O0 -flto -flto-partition=1to1
FAIL: gfortran.dg/lto/pr45586 f_lto_pr45586_0.o-f_lto_pr45586_0.o link, -O0 -flto (internal compiler error)
UNRESOLVED: gfortran.dg/lto/pr45586 f_lto_pr45586_0.o-f_lto_pr45586_0.o execute -O0 -flto
=== gfortran Summary for unix/-m64 ===
# of expected passes 45207
# of unexpected failures 6
# of expected failures 52
# of unresolved testcases 6
# of unsupported tests 84
=== gfortran Summary ===
# of expected passes 90109
# of unexpected failures 14
# of expected failures 104
# of unresolved testcases 12
# of unsupported tests 314
/var/gcc/regression/trunk/11-gcc/build/gcc/testsuite/gfortran/../../gfortran version 4.9.0 20131213 (experimental) [trunk revision 205959] (GCC)
=== gnat tests ===
Running target unix
=== gnat Summary for unix ===
# of expected passes 1212
# of expected failures 18
# of unsupported tests 6
Running target unix/-m64
=== gnat Summary for unix/-m64 ===
# of expected passes 1212
# of expected failures 18
# of unsupported tests 6
=== gnat Summary ===
# of expected passes 2424
# of expected failures 36
# of unsupported tests 12
/var/gcc/regression/trunk/11-gcc/build/gcc/gnatmake version 4.9.0 20131213 (experimental) [trunk revision 205959]
=== go tests ===
Running target unix
FAIL: go.test/test/peano.go execution, -O2 -g
=== go Summary for unix ===
# of expected passes 7388
# of unexpected failures 1
# of expected failures 1
# of untested testcases 5
# of unsupported tests 4
Running target unix/-m64
FAIL: go.go-torture/execute/array-2.go execution, -O0
FAIL: go.go-torture/execute/array-2.go execution, -O2 -fomit-frame-pointer -finline-functions
FAIL: go.go-torture/execute/array-2.go execution, -O2 -fomit-frame-pointer -finline-functions -funroll-loops
FAIL: go.go-torture/execute/chan-1.go execution, -O0
FAIL: go.go-torture/execute/function-2.go execution, -O1
FAIL: go.go-torture/execute/go-1.go execution, -Os
FAIL: go.go-torture/execute/go-2.go execution, -O3 -g
FAIL: go.go-torture/execute/method-1.go execution, -O2 -fomit-frame-pointer -finline-functions
FAIL: go.go-torture/execute/method-1.go execution, -O2 -fomit-frame-pointer -finline-functions -funroll-loops
FAIL: go.go-torture/execute/pointer-1.go execution, -O2 -fomit-frame-pointer -finline-functions
FAIL: go.go-torture/execute/pointer-1.go execution, -O2 -fomit-frame-pointer -finline-functions -funroll-loops
FAIL: go.go-torture/execute/return-3.go execution, -O2 -fomit-frame-pointer -finline-functions -funroll-loops
FAIL: go.go-torture/execute/select-1.go execution, -O2 -fomit-frame-pointer -finline-functions
FAIL: go.go-torture/execute/string-2.go execution, -O2 -fomit-frame-pointer -finline-functions
FAIL: go.go-torture/execute/string-2.go execution, -O2 -fomit-frame-pointer -finline-functions -funroll-loops
FAIL: go.test/test/64bit.go execution
FAIL: go.test/test/append.go execution, -O2 -g
FAIL: go.test/test/chan/doubleselect.go execution, -O2 -g
FAIL: go.test/test/chan/goroutines.go execution, -O2 -g
FAIL: go.test/test/chan/nonblock.go execution, -O2 -g
FAIL: go.test/test/chan/powser1.go execution, -O2 -g
FAIL: go.test/test/chan/powser2.go execution, -O2 -g
FAIL: go.test/test/chan/select3.go execution, -O2 -g
FAIL: go.test/test/chan/select5.go execution
FAIL: go.test/test/copy.go execution, -O2 -g
FAIL: go.test/test/crlf.go execution
FAIL: go.test/test/divmod.go execution, -O2 -g
FAIL: go.test/test/escape3.go execution, -O2 -g
FAIL: go.test/test/fixedbugs/bug006.go execution, -O2 -g
FAIL: go.test/test/fixedbugs/bug067.go execution, -O2 -g
FAIL: go.test/test/fixedbugs/bug147.go execution, -O2 -g
FAIL: go.test/test/fixedbugs/bug225.go execution, -O2 -g
FAIL: go.test/test/fixedbugs/bug257.go execution, -O2 -g
FAIL: go.test/test/fixedbugs/bug259.go execution, -O2 -g
FAIL: go.test/test/fixedbugs/bug343.go execution, -O2 -g
FAIL: go.test/test/fixedbugs/bug369.go
FAIL: go.test/test/fixedbugs/bug447.go execution
FAIL: go.test/test/fixedbugs/bug449.go execution
FAIL: go.test/test/fixedbugs/bug468.dir/p2.go execution, -O2 -g
FAIL: go.test/test/fixedbugs/issue4348.go -O (test for excess errors)
FAIL: go.test/test/fixedbugs/issue4785.go execution, -O2 -g
FAIL: go.test/test/fixedbugs/issue4909b.go execution
FAIL: go.test/test/fixedbugs/issue4964.dir/b.go execution, -O2 -g
FAIL: go.test/test/fixedbugs/issue5162.go execution
FAIL: go.test/test/fixedbugs/issue5753.go execution, -O2 -g
FAIL: go.test/test/fixedbugs/issue6036.go -O (internal compiler error)
FAIL: go.test/test/fixedbugs/issue6036.go -O (test for excess errors)
FAIL: go.test/test/gc1.go execution, -O2 -g
FAIL: go.test/test/gc2.go execution, -O2 -g
FAIL: go.test/test/goprint.go execution
FAIL: go.test/test/index0.go execution
FAIL: go.test/test/index2.go execution
FAIL: go.test/test/interface/fail.go execution, -O2 -g
FAIL: go.test/test/ken/chan.go execution, -O2 -g
FAIL: go.test/test/ken/divconst.go execution, -O2 -g
FAIL: go.test/test/ken/modconst.go execution, -O2 -g
FAIL: go.test/test/mallocfin.go execution, -O2 -g
FAIL: go.test/test/map.go execution, -O2 -g
FAIL: go.test/test/mapnan.go execution, -O2 -g
FAIL: go.test/test/nil.go execution, -O2 -g
FAIL: go.test/test/nul1.go execution
FAIL: go.test/test/peano.go execution, -O2 -g
FAIL: go.test/test/range.go execution, -O2 -g
FAIL: go.test/test/recover.go execution, -O2 -g
FAIL: go.test/test/rotate0.go execution
FAIL: go.test/test/rotate1.go execution
FAIL: go.test/test/rotate2.go execution
FAIL: go.test/test/rotate3.go execution
FAIL: go.test/test/slice3.go execution
FAIL: go.test/test/stringrange.go execution, -O2 -g
FAIL: go.test/test/struct0.go execution, -O2 -g
FAIL: go.test/test/switch.go execution, -O2 -g
=== go Summary for unix/-m64 ===
# of expected passes 3444
# of unexpected failures 72
# of expected failures 1
# of untested testcases 6
# of unsupported tests 3
=== go Summary ===
# of expected passes 10832
# of unexpected failures 73
# of expected failures 2
# of untested testcases 11
# of unsupported tests 7
/var/gcc/regression/trunk/11-gcc/build/gcc/testsuite/go/../../gccgo version 4.9.0 20131213 (experimental) [trunk revision 205959] (GCC)
=== obj-c++ tests ===
Running target unix
=== obj-c++ Summary for unix ===
# of expected passes 1449
# of expected failures 2
# of unsupported tests 86
Running target unix/-m64
=== obj-c++ Summary for unix/-m64 ===
# of expected passes 1441
# of expected failures 10
# of unsupported tests 86
=== obj-c++ Summary ===
# of expected passes 2890
# of expected failures 12
# of unsupported tests 172
/var/gcc/regression/trunk/11-gcc/build/gcc/testsuite/obj-c++/../../xg++ version 4.9.0 20131213 (experimental) [trunk revision 205959] (GCC)
=== objc tests ===
Running target unix
=== objc Summary for unix ===
# of expected passes 2988
# of expected failures 6
# of unsupported tests 74
Running target unix/-m64
=== objc Summary for unix/-m64 ===
# of expected passes 2988
# of expected failures 6
# of unsupported tests 74
=== objc Summary ===
# of expected passes 5976
# of expected failures 12
# of unsupported tests 148
/var/gcc/regression/trunk/11-gcc/build/gcc/xgcc version 4.9.0 20131213 (experimental) [trunk revision 205959] (GCC)
=== boehm-gc tests ===
Running target unix
=== boehm-gc Summary for unix ===
# of expected passes 12
# of unsupported tests 1
Running target unix/-m64
=== boehm-gc Summary for unix/-m64 ===
# of expected passes 12
# of unsupported tests 1
=== boehm-gc Summary ===
# of expected passes 24
# of unsupported tests 2
=== libatomic tests ===
Running target unix
=== libatomic Summary for unix ===
# of expected passes 44
# of unsupported tests 5
Running target unix/-m64
=== libatomic Summary for unix/-m64 ===
# of expected passes 54
=== libatomic Summary ===
# of expected passes 98
# of unsupported tests 5
=== libffi tests ===
Running target unix
=== libffi Summary for unix ===
# of expected passes 1819
# of unsupported tests 55
Running target unix/-m64
=== libffi Summary for unix/-m64 ===
# of expected passes 1819
# of unsupported tests 55
=== libffi Summary ===
# of expected passes 3638
# of unsupported tests 110
=== libgo tests ===
Running target unix
FAIL: net
FAIL: runtime
FAIL: os/user
FAIL: sync/atomic
=== libgo Summary for unix ===
# of expected passes 118
# of unexpected failures 4
Running target unix/-m64
FAIL: bufio
FAIL: bytes
FAIL: errors
FAIL: expvar
FAIL: flag
FAIL: fmt
FAIL: html
FAIL: image
FAIL: io
FAIL: log
FAIL: math
FAIL: mime
FAIL: net
FAIL: os
FAIL: path
FAIL: reflect
FAIL: regexp
FAIL: runtime
FAIL: sort
FAIL: strconv
FAIL: strings
FAIL: sync
FAIL: syscall
FAIL: time
FAIL: unicode
FAIL: archive/tar
FAIL: archive/zip
FAIL: compress/bzip2
FAIL: compress/flate
FAIL: compress/gzip
FAIL: compress/lzw
FAIL: compress/zlib
FAIL: container/heap
FAIL: container/ring
FAIL: crypto/aes
FAIL: crypto/cipher
FAIL: crypto/des
FAIL: crypto/dsa
FAIL: crypto/ecdsa
FAIL: crypto/elliptic
FAIL: crypto/hmac
FAIL: crypto/md5
FAIL: crypto/rand
FAIL: crypto/rc4
FAIL: crypto/rsa
FAIL: crypto/sha1
FAIL: crypto/sha256
FAIL: crypto/sha512
FAIL: crypto/subtle
FAIL: crypto/tls
FAIL: crypto/x509
FAIL: database/sql
FAIL: database/sql/driver
FAIL: debug/dwarf
FAIL: debug/elf
FAIL: debug/macho
FAIL: debug/pe
FAIL: encoding/ascii85
FAIL: encoding/asn1
FAIL: encoding/base32
FAIL: encoding/base64
FAIL: encoding/binary
FAIL: encoding/gob
FAIL: encoding/hex
FAIL: encoding/json
FAIL: encoding/pem
FAIL: encoding/xml
FAIL: exp/proxy
FAIL: exp/terminal
FAIL: html/template
FAIL: go/ast
FAIL: go/doc
FAIL: go/format
FAIL: go/parser
FAIL: go/printer
FAIL: go/scanner
FAIL: go/token
FAIL: hash/adler32
FAIL: hash/crc32
FAIL: hash/fnv
FAIL: image/color
FAIL: image/draw
FAIL: image/jpeg
FAIL: image/png
FAIL: index/suffixarray
FAIL: io/ioutil
FAIL: log/syslog
FAIL: math/big
FAIL: math/cmplx
FAIL: math/rand
FAIL: mime/multipart
FAIL: net/http
FAIL: net/http/cgi
FAIL: net/http/cookiejar
FAIL: net/http/fcgi
FAIL: net/http/httptest
FAIL: net/http/httputil
FAIL: net/mail
FAIL: net/rpc
FAIL: net/smtp
FAIL: net/textproto
FAIL: net/rpc/jsonrpc
FAIL: old/regexp
FAIL: old/template
FAIL: os/exec
FAIL: os/signal
FAIL: os/user
FAIL: path/filepath
FAIL: regexp/syntax
FAIL: runtime/pprof
FAIL: sync/atomic
FAIL: text/scanner
FAIL: text/tabwriter
FAIL: text/template
FAIL: text/template/parse
FAIL: testing/quick
FAIL: unicode/utf16
FAIL: unicode/utf8
=== libgo Summary for unix/-m64 ===
# of expected passes 4
# of unexpected failures 118
=== libgo Summary ===
# of expected passes 122
# of unexpected failures 122
/var/gcc/regression/trunk/11-gcc/build/./gcc/gccgo version 4.9.0 20131213 (experimental) [trunk revision 205959] (GCC)
=== libgomp tests ===
Running target unix
FAIL: libgomp.graphite/bounds.c scan-tree-dump-times graphite "0 loops carried no dependency" 1
FAIL: libgomp.graphite/force-parallel-4.c execution test
FAIL: libgomp.graphite/force-parallel-4.c scan-tree-dump-times graphite "2 loops carried no dependency" 1
FAIL: libgomp.graphite/force-parallel-6.c scan-tree-dump-times graphite "1 loops carried no dependency" 1
FAIL: libgomp.graphite/pr41118.c scan-tree-dump-times optimized "loopfn" 0
=== libgomp Summary for unix ===
# of expected passes 2381
# of unexpected failures 5
# of unsupported tests 3
Running target unix/-m64
FAIL: libgomp.graphite/bounds.c scan-tree-dump-times graphite "0 loops carried no dependency" 1
FAIL: libgomp.graphite/force-parallel-4.c execution test
FAIL: libgomp.graphite/force-parallel-4.c scan-tree-dump-times graphite "2 loops carried no dependency" 1
FAIL: libgomp.graphite/force-parallel-6.c scan-tree-dump-times graphite "1 loops carried no dependency" 1
FAIL: libgomp.graphite/pr41118.c scan-tree-dump-times optimized "loopfn" 0
=== libgomp Summary for unix/-m64 ===
# of expected passes 2381
# of unexpected failures 5
# of unsupported tests 3
=== libgomp Summary ===
# of expected passes 4762
# of unexpected failures 10
# of unsupported tests 6
=== libitm tests ===
Running target unix
=== libitm Summary for unix ===
# of expected passes 26
# of expected failures 3
# of unsupported tests 1
Running target unix/-m64
=== libitm Summary for unix/-m64 ===
# of expected passes 26
# of expected failures 3
# of unsupported tests 1
=== libitm Summary ===
# of expected passes 52
# of expected failures 6
# of unsupported tests 2
=== libjava tests ===
Running target unix
FAIL: sourcelocation output - source compiled test
FAIL: sourcelocation -findirect-dispatch output - source compiled test
FAIL: sourcelocation -O3 output - source compiled test
FAIL: sourcelocation -O3 -findirect-dispatch output - source compiled test
=== libjava Summary for unix ===
# of expected passes 2582
# of unexpected failures 4
Running target unix/-m64
FAIL: sourcelocation output - source compiled test
FAIL: sourcelocation -findirect-dispatch output - source compiled test
FAIL: sourcelocation -O3 output - source compiled test
FAIL: sourcelocation -O3 -findirect-dispatch output - source compiled test
=== libjava Summary for unix/-m64 ===
# of expected passes 2582
# of unexpected failures 4
=== libjava Summary ===
# of expected passes 5164
# of unexpected failures 8
=== libstdc++ tests ===
Running target unix
FAIL: ext/random/hypergeometric_distribution/operators/values.cc execution test
=== libstdc++ Summary for unix ===
# of expected passes 8964
# of unexpected failures 1
# of expected failures 40
# of unsupported tests 590
Running target unix/-m64
FAIL: ext/random/hypergeometric_distribution/operators/values.cc execution test
=== libstdc++ Summary for unix/-m64 ===
# of expected passes 8964
# of unexpected failures 1
# of expected failures 40
# of unsupported tests 590
=== libstdc++ Summary ===
# of expected passes 17928
# of unexpected failures 2
# of expected failures 80
# of unsupported tests 1180
Compiler version: 4.9.0 20131213 (experimental) [trunk revision 205959] (GCC)
Platform: i386-pc-solaris2.11
configure flags: --prefix=/vol/gcc --target=i386-pc-solaris2.11 --enable-objc-gc --enable-libmudflap --with-gmp-include=/vol/gcc/include --with-gmp-lib=/vol/gcc/lib --with-mpfr-include=/vol/gcc/include --with-mpfr-lib=/vol/gcc/lib --with-mpc-include=/vol/gcc/include --with-mpc-lib=/vol/gcc/lib --enable-languages=all,ada,obj-c++,go --with-isl-include=/vol/gcc/include --with-isl-lib=/vol/gcc/lib --with-cloog-include=/vol/gcc/include --with-cloog-lib=/vol/gcc/lib --enable-cloog-backend=isl
BOOT_CFLAGS=-g -O2
More information about the Gcc-testresults
mailing list