Results for 4.9.0 20131211 (experimental) (GCC) testsuite on i386-unknown-freebsd10.0
Gerald Pfeifer
gerald@FreeBSD.org
Wed Dec 11 19:11:00 GMT 2013
Native configuration is i386-unknown-freebsd10.0
=== g++ tests ===
Running target unix
FAIL: g++.dg/cdce3.C -std=gnu++98 (test for excess errors)
UNRESOLVED: g++.dg/cdce3.C -std=gnu++98 compilation failed to produce executable
UNRESOLVED: g++.dg/cdce3.C -std=gnu++98 scan-tree-dump cdce "cdce3.C:95: note: function call is shrink-wrapped into error conditions."
UNRESOLVED: g++.dg/cdce3.C -std=gnu++98 scan-tree-dump cdce "cdce3.C:96: note: function call is shrink-wrapped into error conditions."
UNRESOLVED: g++.dg/cdce3.C -std=gnu++98 scan-tree-dump cdce "cdce3.C:97: note: function call is shrink-wrapped into error conditions."
UNRESOLVED: g++.dg/cdce3.C -std=gnu++98 scan-tree-dump cdce "cdce3.C:98: note: function call is shrink-wrapped into error conditions."
UNRESOLVED: g++.dg/cdce3.C -std=gnu++98 scan-tree-dump cdce "cdce3.C:99: note: function call is shrink-wrapped into error conditions."
UNRESOLVED: g++.dg/cdce3.C -std=gnu++98 scan-tree-dump cdce "cdce3.C:100: note: function call is shrink-wrapped into error conditions."
UNRESOLVED: g++.dg/cdce3.C -std=gnu++98 scan-tree-dump cdce "cdce3.C:101: note: function call is shrink-wrapped into error conditions."
UNRESOLVED: g++.dg/cdce3.C -std=gnu++98 scan-tree-dump cdce "cdce3.C:102: note: function call is shrink-wrapped into error conditions."
UNRESOLVED: g++.dg/cdce3.C -std=gnu++98 scan-tree-dump cdce "cdce3.C:103: note: function call is shrink-wrapped into error conditions."
UNRESOLVED: g++.dg/cdce3.C -std=gnu++98 scan-tree-dump cdce "cdce3.C:104: note: function call is shrink-wrapped into error conditions."
UNRESOLVED: g++.dg/cdce3.C -std=gnu++98 scan-tree-dump cdce "cdce3.C:105: note: function call is shrink-wrapped into error conditions."
UNRESOLVED: g++.dg/cdce3.C -std=gnu++98 scan-tree-dump cdce "cdce3.C:106: note: function call is shrink-wrapped into error conditions."
UNRESOLVED: g++.dg/cdce3.C -std=gnu++98 scan-tree-dump cdce "cdce3.C:107: note: function call is shrink-wrapped into error conditions."
UNRESOLVED: g++.dg/cdce3.C -std=gnu++98 scan-tree-dump cdce "cdce3.C:108: note: function call is shrink-wrapped into error conditions."
FAIL: g++.dg/cdce3.C -std=gnu++11 (test for excess errors)
UNRESOLVED: g++.dg/cdce3.C -std=gnu++11 compilation failed to produce executable
UNRESOLVED: g++.dg/cdce3.C -std=gnu++11 scan-tree-dump cdce "cdce3.C:95: note: function call is shrink-wrapped into error conditions."
UNRESOLVED: g++.dg/cdce3.C -std=gnu++11 scan-tree-dump cdce "cdce3.C:96: note: function call is shrink-wrapped into error conditions."
UNRESOLVED: g++.dg/cdce3.C -std=gnu++11 scan-tree-dump cdce "cdce3.C:97: note: function call is shrink-wrapped into error conditions."
UNRESOLVED: g++.dg/cdce3.C -std=gnu++11 scan-tree-dump cdce "cdce3.C:98: note: function call is shrink-wrapped into error conditions."
UNRESOLVED: g++.dg/cdce3.C -std=gnu++11 scan-tree-dump cdce "cdce3.C:99: note: function call is shrink-wrapped into error conditions."
UNRESOLVED: g++.dg/cdce3.C -std=gnu++11 scan-tree-dump cdce "cdce3.C:100: note: function call is shrink-wrapped into error conditions."
UNRESOLVED: g++.dg/cdce3.C -std=gnu++11 scan-tree-dump cdce "cdce3.C:101: note: function call is shrink-wrapped into error conditions."
UNRESOLVED: g++.dg/cdce3.C -std=gnu++11 scan-tree-dump cdce "cdce3.C:102: note: function call is shrink-wrapped into error conditions."
UNRESOLVED: g++.dg/cdce3.C -std=gnu++11 scan-tree-dump cdce "cdce3.C:103: note: function call is shrink-wrapped into error conditions."
UNRESOLVED: g++.dg/cdce3.C -std=gnu++11 scan-tree-dump cdce "cdce3.C:104: note: function call is shrink-wrapped into error conditions."
UNRESOLVED: g++.dg/cdce3.C -std=gnu++11 scan-tree-dump cdce "cdce3.C:105: note: function call is shrink-wrapped into error conditions."
UNRESOLVED: g++.dg/cdce3.C -std=gnu++11 scan-tree-dump cdce "cdce3.C:106: note: function call is shrink-wrapped into error conditions."
UNRESOLVED: g++.dg/cdce3.C -std=gnu++11 scan-tree-dump cdce "cdce3.C:107: note: function call is shrink-wrapped into error conditions."
UNRESOLVED: g++.dg/cdce3.C -std=gnu++11 scan-tree-dump cdce "cdce3.C:108: note: function call is shrink-wrapped into error conditions."
FAIL: c-c++-common/Wconversion-real.c -std=gnu++98 (test for warnings, line 27)
FAIL: c-c++-common/Wconversion-real.c -std=gnu++98 (test for warnings, line 28)
FAIL: c-c++-common/Wconversion-real.c -std=gnu++11 (test for warnings, line 27)
FAIL: c-c++-common/Wconversion-real.c -std=gnu++11 (test for warnings, line 28)
FAIL: c-c++-common/Wfloat-conversion.c -std=gnu++98 (test for warnings, line 36)
FAIL: c-c++-common/Wfloat-conversion.c -std=gnu++98 (test for warnings, line 37)
FAIL: c-c++-common/Wfloat-conversion.c -std=gnu++11 (test for warnings, line 36)
FAIL: c-c++-common/Wfloat-conversion.c -std=gnu++11 (test for warnings, line 37)
XPASS: g++.dg/tls/thread_local-order2.C execution test
FAIL: g++.old-deja/g++.law/profile1.C -std=gnu++98 (test for excess errors)
UNRESOLVED: g++.old-deja/g++.law/profile1.C -std=gnu++98 compilation failed to produce executable
FAIL: g++.old-deja/g++.law/profile1.C -std=gnu++11 (test for excess errors)
UNRESOLVED: g++.old-deja/g++.law/profile1.C -std=gnu++11 compilation failed to produce executable
FAIL: g++.old-deja/g++.other/init18.C -std=c++98 execution test
FAIL: g++.old-deja/g++.other/init18.C -std=c++11 execution test
FAIL: g++.old-deja/g++.other/init19.C -std=c++98 execution test
FAIL: g++.old-deja/g++.other/init19.C -std=c++11 execution test
=== g++ Summary ===
# of expected passes 55077
# of unexpected failures 16
# of unexpected successes 1
# of expected failures 289
# of unresolved testcases 32
# of unsupported tests 789
/scratch2/tmp/gerald/OBJ-1211-1639/gcc/testsuite/g++/../../xg++ version 4.9.0 20131211 (experimental) (GCC)
=== gcc tests ===
Running target unix
FAIL: gcc.c-torture/execute/20080502-1.c execution, -O0
FAIL: gcc.c-torture/execute/conversion.c execution, -O0
FAIL: gcc.c-torture/execute/conversion.c execution, -Og -g
FAIL: gcc.c-torture/execute/ieee/copysign1.c execution, -O1
FAIL: gcc.c-torture/execute/ieee/copysign1.c execution, -Og -g
FAIL: gcc.c-torture/execute/ieee/copysign2.c execution, -O1
FAIL: gcc.c-torture/execute/ieee/copysign2.c execution, -O2
FAIL: gcc.c-torture/execute/ieee/copysign2.c execution, -O3 -fomit-frame-pointer
FAIL: gcc.c-torture/execute/ieee/copysign2.c execution, -O3 -fomit-frame-pointer -funroll-loops
FAIL: gcc.c-torture/execute/ieee/copysign2.c execution, -O3 -fomit-frame-pointer -funroll-all-loops -finline-functions
FAIL: gcc.c-torture/execute/ieee/copysign2.c execution, -O3 -g
FAIL: gcc.c-torture/execute/ieee/copysign2.c execution, -Os
FAIL: gcc.c-torture/execute/ieee/copysign2.c execution, -Og -g
FAIL: gcc.c-torture/execute/ieee/copysign2.c execution, -O2 -flto -fno-use-linker-plugin -flto-partition=none
FAIL: gcc.c-torture/execute/ieee/copysign2.c execution, -O2 -flto -fuse-linker-plugin -fno-fat-lto-objects
XPASS: gcc.dg/binop-xor1.c scan-tree-dump-times optimized "\\\\^" 1
FAIL: gcc.dg/builtins-20.c (test for excess errors)
FAIL: gcc.dg/builtins-57.c (test for excess errors)
FAIL: gcc.dg/builtins-58.c scan-assembler-not pow
FAIL: gcc.dg/builtins-59.c scan-tree-dump gimple "__builtin_cexpi"
FAIL: gcc.dg/builtins-59.c scan-tree-dump-not gimple "sincos"
FAIL: gcc.dg/builtins-61.c scan-tree-dump optimized "cexpi"
FAIL: gcc.dg/builtins-61.c scan-tree-dump optimized "sin"
FAIL: gcc.dg/builtins-61.c scan-tree-dump optimized "cos"
FAIL: gcc.dg/builtins-61.c scan-tree-dump optimized "return 0.0"
FAIL: gcc.dg/builtins-62.c scan-tree-dump-times optimized "cexpi" 3
FAIL: gcc.dg/builtins-65.c (test for excess errors)
FAIL: gcc.dg/c99-stdint-7.c (test for excess errors)
FAIL: gcc.dg/c99-tgmath-2.c (test for excess errors)
FAIL: gcc.dg/c99-tgmath-3.c (test for excess errors)
FAIL: gcc.dg/c99-tgmath-4.c (test for excess errors)
UNRESOLVED: gcc.dg/c99-tgmath-4.c scan-assembler cpowf
FAIL: gcc.dg/nest.c (test for excess errors)
UNRESOLVED: gcc.dg/nest.c compilation failed to produce executable
FAIL: gcc.dg/nested-func-4.c (test for excess errors)
UNRESOLVED: gcc.dg/nested-func-4.c compilation failed to produce executable
FAIL: gcc.dg/pr32450.c (test for excess errors)
UNRESOLVED: gcc.dg/pr32450.c compilation failed to produce executable
FAIL: gcc.dg/pr43643.c (test for excess errors)
UNRESOLVED: gcc.dg/pr43643.c compilation failed to produce executable
FAIL: gcc.dg/uninit-pred-8_b.c bogus warning (test for bogus messages, line 20)
FAIL: gcc.dg/uninit-pred-9_b.c bogus warning (test for bogus messages, line 24)
FAIL: gcc.dg/utf-array-short-wchar.c (test for errors, line 39)
FAIL: gcc.dg/utf-array-short-wchar.c (test for errors, line 41)
FAIL: gcc.dg/utf-array-short-wchar.c (test for excess errors)
FAIL: c-c++-common/Wconversion-real.c -Wc++-compat (test for warnings, line 27)
FAIL: c-c++-common/Wconversion-real.c -Wc++-compat (test for warnings, line 28)
FAIL: c-c++-common/Wfloat-conversion.c -Wc++-compat (test for warnings, line 36)
FAIL: c-c++-common/Wfloat-conversion.c -Wc++-compat (test for warnings, line 37)
FAIL: gcc.dg/torture/builtin-convert-1.c -O1 (test for excess errors)
FAIL: gcc.dg/torture/builtin-convert-1.c -O2 (test for excess errors)
FAIL: gcc.dg/torture/builtin-convert-1.c -O3 -fomit-frame-pointer (test for excess errors)
FAIL: gcc.dg/torture/builtin-convert-1.c -O3 -g (test for excess errors)
FAIL: gcc.dg/torture/builtin-convert-1.c -Os (test for excess errors)
FAIL: gcc.dg/torture/builtin-convert-1.c -O2 -flto -fno-use-linker-plugin -flto-partition=none (test for excess errors)
FAIL: gcc.dg/torture/builtin-convert-2.c -O1 (test for excess errors)
FAIL: gcc.dg/torture/builtin-convert-2.c -O2 (test for excess errors)
FAIL: gcc.dg/torture/builtin-convert-2.c -O3 -fomit-frame-pointer (test for excess errors)
FAIL: gcc.dg/torture/builtin-convert-2.c -O3 -g (test for excess errors)
FAIL: gcc.dg/torture/builtin-convert-2.c -Os (test for excess errors)
FAIL: gcc.dg/torture/builtin-convert-2.c -O2 -flto -fno-use-linker-plugin -flto-partition=none (test for excess errors)
FAIL: gcc.dg/torture/builtin-convert-3.c -O1 (test for excess errors)
FAIL: gcc.dg/torture/builtin-convert-3.c -O2 (test for excess errors)
FAIL: gcc.dg/torture/builtin-convert-3.c -O3 -fomit-frame-pointer (test for excess errors)
FAIL: gcc.dg/torture/builtin-convert-3.c -O3 -g (test for excess errors)
FAIL: gcc.dg/torture/builtin-convert-3.c -Os (test for excess errors)
FAIL: gcc.dg/torture/builtin-convert-3.c -O2 -flto -fno-use-linker-plugin -flto-partition=none (test for excess errors)
FAIL: gcc.dg/torture/builtin-power-1.c -O1 (test for excess errors)
FAIL: gcc.dg/torture/builtin-power-1.c -O2 (test for excess errors)
FAIL: gcc.dg/torture/builtin-power-1.c -O3 -fomit-frame-pointer (test for excess errors)
FAIL: gcc.dg/torture/builtin-power-1.c -O3 -g (test for excess errors)
FAIL: gcc.dg/torture/builtin-power-1.c -Os (test for excess errors)
FAIL: gcc.dg/torture/builtin-power-1.c -O2 -flto -fno-use-linker-plugin -flto-partition=none (test for excess errors)
FAIL: gcc.dg/torture/fp-int-convert-float.c -O0 execution test
FAIL: gcc.dg/torture/fp-int-convert-float.c -O1 execution test
FAIL: gcc.dg/torture/fp-int-convert-float.c -O2 execution test
FAIL: gcc.dg/torture/fp-int-convert-float.c -O3 -fomit-frame-pointer execution test
FAIL: gcc.dg/torture/fp-int-convert-float.c -O3 -g execution test
FAIL: gcc.dg/torture/fp-int-convert-float.c -Os execution test
FAIL: gcc.dg/torture/fp-int-convert-float.c -O2 -flto -fno-use-linker-plugin -flto-partition=none execution test
FAIL: gcc.dg/torture/fp-int-convert-float.c -O2 -flto -fuse-linker-plugin -fno-fat-lto-objects execution test
FAIL: gcc.dg/torture/fp-int-convert-float80.c -O0 execution test
FAIL: gcc.dg/torture/fp-int-convert-float80.c -O1 execution test
FAIL: gcc.dg/torture/fp-int-convert-float80.c -O2 execution test
FAIL: gcc.dg/torture/fp-int-convert-float80.c -O3 -fomit-frame-pointer execution test
FAIL: gcc.dg/torture/fp-int-convert-float80.c -O3 -g execution test
FAIL: gcc.dg/torture/fp-int-convert-float80.c -Os execution test
FAIL: gcc.dg/torture/fp-int-convert-float80.c -O2 -flto -fno-use-linker-plugin -flto-partition=none execution test
FAIL: gcc.dg/torture/fp-int-convert-float80.c -O2 -flto -fuse-linker-plugin -fno-fat-lto-objects execution test
FAIL: gcc.dg/torture/fp-int-convert-long-double.c -O0 execution test
FAIL: gcc.dg/torture/fp-int-convert-long-double.c -O1 execution test
FAIL: gcc.dg/torture/fp-int-convert-long-double.c -O2 execution test
FAIL: gcc.dg/torture/fp-int-convert-long-double.c -O3 -fomit-frame-pointer execution test
FAIL: gcc.dg/torture/fp-int-convert-long-double.c -O3 -g execution test
FAIL: gcc.dg/torture/fp-int-convert-long-double.c -Os execution test
FAIL: gcc.dg/torture/fp-int-convert-long-double.c -O2 -flto -fno-use-linker-plugin -flto-partition=none execution test
FAIL: gcc.dg/torture/fp-int-convert-long-double.c -O2 -flto -fuse-linker-plugin -fno-fat-lto-objects execution test
FAIL: gcc.dg/vect/vect-nop-move.c execution test
FAIL: gcc.target/i386/excess-precision-1.c execution test
FAIL: gcc.target/i386/excess-precision-3.c execution test
FAIL: gcc.target/i386/pr36578-1.c execution test
FAIL: gcc.target/i386/pr36578-2.c execution test
=== gcc Summary ===
# of expected passes 96804
# of unexpected failures 96
# of unexpected successes 1
# of expected failures 246
# of unresolved testcases 5
# of unsupported tests 1261
/scratch2/tmp/gerald/OBJ-1211-1639/gcc/xgcc version 4.9.0 20131211 (experimental) (GCC)
=== gfortran tests ===
Running target unix
FAIL: gfortran.dg/backslash_1.f90 -O0 execution test
FAIL: gfortran.dg/backslash_1.f90 -O1 execution test
FAIL: gfortran.dg/backslash_1.f90 -O2 execution test
FAIL: gfortran.dg/backslash_1.f90 -O3 -fomit-frame-pointer execution test
FAIL: gfortran.dg/backslash_1.f90 -O3 -fomit-frame-pointer -funroll-loops execution test
FAIL: gfortran.dg/backslash_1.f90 -O3 -fomit-frame-pointer -funroll-all-loops -finline-functions execution test
FAIL: gfortran.dg/backslash_1.f90 -O3 -g execution test
FAIL: gfortran.dg/backslash_1.f90 -Os execution test
FAIL: gfortran.dg/backslash_2.f90 -O0 execution test
FAIL: gfortran.dg/backslash_2.f90 -O1 execution test
FAIL: gfortran.dg/backslash_2.f90 -O2 execution test
FAIL: gfortran.dg/backslash_2.f90 -O3 -fomit-frame-pointer execution test
FAIL: gfortran.dg/backslash_2.f90 -O3 -fomit-frame-pointer -funroll-loops execution test
FAIL: gfortran.dg/backslash_2.f90 -O3 -fomit-frame-pointer -funroll-all-loops -finline-functions execution test
FAIL: gfortran.dg/backslash_2.f90 -O3 -g execution test
FAIL: gfortran.dg/backslash_2.f90 -Os execution test
FAIL: gfortran.dg/backslash_3.f -O0 execution test
FAIL: gfortran.dg/backslash_3.f -O1 execution test
FAIL: gfortran.dg/backslash_3.f -O2 execution test
FAIL: gfortran.dg/backslash_3.f -O3 -fomit-frame-pointer execution test
FAIL: gfortran.dg/backslash_3.f -O3 -fomit-frame-pointer -funroll-loops execution test
FAIL: gfortran.dg/backslash_3.f -O3 -fomit-frame-pointer -funroll-all-loops -finline-functions execution test
FAIL: gfortran.dg/backslash_3.f -O3 -g execution test
FAIL: gfortran.dg/backslash_3.f -Os execution test
FAIL: gfortran.dg/backspace_1.f -O0 execution test
FAIL: gfortran.dg/backspace_1.f -O1 execution test
FAIL: gfortran.dg/backspace_1.f -O2 execution test
FAIL: gfortran.dg/backspace_1.f -O3 -fomit-frame-pointer execution test
FAIL: gfortran.dg/backspace_1.f -O3 -fomit-frame-pointer -funroll-loops execution test
FAIL: gfortran.dg/backspace_1.f -O3 -fomit-frame-pointer -funroll-all-loops -finline-functions execution test
FAIL: gfortran.dg/backspace_1.f -O3 -g execution test
FAIL: gfortran.dg/backspace_1.f -Os execution test
FAIL: gfortran.dg/backspace_11.f90 -O0 execution test
FAIL: gfortran.dg/backspace_11.f90 -O1 execution test
FAIL: gfortran.dg/backspace_11.f90 -O2 execution test
FAIL: gfortran.dg/backspace_11.f90 -O3 -fomit-frame-pointer execution test
FAIL: gfortran.dg/backspace_11.f90 -O3 -fomit-frame-pointer -funroll-loops execution test
FAIL: gfortran.dg/backspace_11.f90 -O3 -fomit-frame-pointer -funroll-all-loops -finline-functions execution test
FAIL: gfortran.dg/backspace_11.f90 -O3 -g execution test
FAIL: gfortran.dg/backspace_11.f90 -Os execution test
FAIL: gfortran.dg/backspace_3.f -O0 execution test
FAIL: gfortran.dg/backspace_3.f -O1 execution test
FAIL: gfortran.dg/backspace_3.f -O2 execution test
FAIL: gfortran.dg/backspace_3.f -O3 -fomit-frame-pointer execution test
FAIL: gfortran.dg/backspace_3.f -O3 -fomit-frame-pointer -funroll-loops execution test
FAIL: gfortran.dg/backspace_3.f -O3 -fomit-frame-pointer -funroll-all-loops -finline-functions execution test
FAIL: gfortran.dg/backspace_3.f -O3 -g execution test
FAIL: gfortran.dg/backspace_3.f -Os execution test
FAIL: gfortran.dg/backspace_4.f -O0 execution test
FAIL: gfortran.dg/backspace_4.f -O1 execution test
FAIL: gfortran.dg/backspace_4.f -O2 execution test
FAIL: gfortran.dg/backspace_4.f -O3 -fomit-frame-pointer execution test
FAIL: gfortran.dg/backspace_4.f -O3 -fomit-frame-pointer -funroll-loops execution test
FAIL: gfortran.dg/backspace_4.f -O3 -fomit-frame-pointer -funroll-all-loops -finline-functions execution test
FAIL: gfortran.dg/backspace_4.f -O3 -g execution test
FAIL: gfortran.dg/backspace_4.f -Os execution test
FAIL: gfortran.dg/backspace_5.f -O0 execution test
FAIL: gfortran.dg/backspace_5.f -O1 execution test
FAIL: gfortran.dg/backspace_5.f -O2 execution test
FAIL: gfortran.dg/backspace_5.f -O3 -fomit-frame-pointer execution test
FAIL: gfortran.dg/backspace_5.f -O3 -fomit-frame-pointer -funroll-loops execution test
FAIL: gfortran.dg/backspace_5.f -O3 -fomit-frame-pointer -funroll-all-loops -finline-functions execution test
FAIL: gfortran.dg/backspace_5.f -O3 -g execution test
FAIL: gfortran.dg/backspace_5.f -Os execution test
FAIL: gfortran.dg/backspace_6.f -O0 execution test
FAIL: gfortran.dg/backspace_6.f -O1 execution test
FAIL: gfortran.dg/backspace_6.f -O2 execution test
FAIL: gfortran.dg/backspace_6.f -O3 -fomit-frame-pointer execution test
FAIL: gfortran.dg/backspace_6.f -O3 -fomit-frame-pointer -funroll-loops execution test
FAIL: gfortran.dg/backspace_6.f -O3 -fomit-frame-pointer -funroll-all-loops -finline-functions execution test
FAIL: gfortran.dg/backspace_6.f -O3 -g execution test
FAIL: gfortran.dg/backspace_6.f -Os execution test
FAIL: gfortran.dg/backspace_7.f90 -O0 execution test
FAIL: gfortran.dg/backspace_7.f90 -O1 execution test
FAIL: gfortran.dg/backspace_7.f90 -O2 execution test
FAIL: gfortran.dg/backspace_7.f90 -O3 -fomit-frame-pointer execution test
FAIL: gfortran.dg/backspace_7.f90 -O3 -fomit-frame-pointer -funroll-loops execution test
FAIL: gfortran.dg/backspace_7.f90 -O3 -fomit-frame-pointer -funroll-all-loops -finline-functions execution test
FAIL: gfortran.dg/backspace_7.f90 -O3 -g execution test
FAIL: gfortran.dg/backspace_7.f90 -Os execution test
FAIL: gfortran.dg/class_48.f90 -O2 (test for excess errors)
FAIL: gfortran.dg/class_48.f90 -Os (test for excess errors)
FAIL: gfortran.dg/complex_read.f90 -O0 execution test
FAIL: gfortran.dg/complex_read.f90 -O1 execution test
FAIL: gfortran.dg/complex_read.f90 -O2 execution test
FAIL: gfortran.dg/complex_read.f90 -O3 -fomit-frame-pointer execution test
FAIL: gfortran.dg/complex_read.f90 -O3 -fomit-frame-pointer -funroll-loops execution test
FAIL: gfortran.dg/complex_read.f90 -O3 -fomit-frame-pointer -funroll-all-loops -finline-functions execution test
FAIL: gfortran.dg/complex_read.f90 -O3 -g execution test
FAIL: gfortran.dg/complex_read.f90 -Os execution test
FAIL: gfortran.dg/complex_write.f90 -O0 execution test
FAIL: gfortran.dg/complex_write.f90 -O1 execution test
FAIL: gfortran.dg/complex_write.f90 -O2 execution test
FAIL: gfortran.dg/complex_write.f90 -O3 -fomit-frame-pointer execution test
FAIL: gfortran.dg/complex_write.f90 -O3 -fomit-frame-pointer -funroll-loops execution test
FAIL: gfortran.dg/complex_write.f90 -O3 -fomit-frame-pointer -funroll-all-loops -finline-functions execution test
FAIL: gfortran.dg/complex_write.f90 -O3 -g execution test
FAIL: gfortran.dg/complex_write.f90 -Os execution test
FAIL: gfortran.dg/data_namelist_conflict.f90 -O0 execution test
FAIL: gfortran.dg/data_namelist_conflict.f90 -O1 execution test
FAIL: gfortran.dg/data_namelist_conflict.f90 -O2 execution test
FAIL: gfortran.dg/data_namelist_conflict.f90 -O3 -fomit-frame-pointer execution test
FAIL: gfortran.dg/data_namelist_conflict.f90 -O3 -fomit-frame-pointer -funroll-loops execution test
FAIL: gfortran.dg/data_namelist_conflict.f90 -O3 -fomit-frame-pointer -funroll-all-loops -finline-functions execution test
FAIL: gfortran.dg/data_namelist_conflict.f90 -O3 -g execution test
FAIL: gfortran.dg/data_namelist_conflict.f90 -Os execution test
FAIL: gfortran.dg/direct_io_10.f -O0 execution test
FAIL: gfortran.dg/direct_io_10.f -O1 execution test
FAIL: gfortran.dg/direct_io_10.f -O2 execution test
FAIL: gfortran.dg/direct_io_10.f -O3 -fomit-frame-pointer execution test
FAIL: gfortran.dg/direct_io_10.f -O3 -fomit-frame-pointer -funroll-loops execution test
FAIL: gfortran.dg/direct_io_10.f -O3 -fomit-frame-pointer -funroll-all-loops -finline-functions execution test
FAIL: gfortran.dg/direct_io_10.f -O3 -g execution test
FAIL: gfortran.dg/direct_io_10.f -Os execution test
FAIL: gfortran.dg/direct_io_4.f90 -O0 execution test
FAIL: gfortran.dg/direct_io_4.f90 -O1 execution test
FAIL: gfortran.dg/direct_io_4.f90 -O2 execution test
FAIL: gfortran.dg/direct_io_4.f90 -O3 -fomit-frame-pointer execution test
FAIL: gfortran.dg/direct_io_4.f90 -O3 -fomit-frame-pointer -funroll-loops execution test
FAIL: gfortran.dg/direct_io_4.f90 -O3 -fomit-frame-pointer -funroll-all-loops -finline-functions execution test
FAIL: gfortran.dg/direct_io_4.f90 -O3 -g execution test
FAIL: gfortran.dg/direct_io_4.f90 -Os execution test
FAIL: gfortran.dg/direct_io_6.f90 -O0 execution test
FAIL: gfortran.dg/direct_io_6.f90 -O1 execution test
FAIL: gfortran.dg/direct_io_6.f90 -O2 execution test
FAIL: gfortran.dg/direct_io_6.f90 -O3 -fomit-frame-pointer execution test
FAIL: gfortran.dg/direct_io_6.f90 -O3 -fomit-frame-pointer -funroll-loops execution test
FAIL: gfortran.dg/direct_io_6.f90 -O3 -fomit-frame-pointer -funroll-all-loops -finline-functions execution test
FAIL: gfortran.dg/direct_io_6.f90 -O3 -g execution test
FAIL: gfortran.dg/direct_io_6.f90 -Os execution test
FAIL: gfortran.dg/direct_io_7.f90 -O0 execution test
FAIL: gfortran.dg/direct_io_7.f90 -O1 execution test
FAIL: gfortran.dg/direct_io_7.f90 -O2 execution test
FAIL: gfortran.dg/direct_io_7.f90 -O3 -fomit-frame-pointer execution test
FAIL: gfortran.dg/direct_io_7.f90 -O3 -fomit-frame-pointer -funroll-loops execution test
FAIL: gfortran.dg/direct_io_7.f90 -O3 -fomit-frame-pointer -funroll-all-loops -finline-functions execution test
FAIL: gfortran.dg/direct_io_7.f90 -O3 -g execution test
FAIL: gfortran.dg/direct_io_7.f90 -Os execution test
FAIL: gfortran.dg/direct_io_9.f -O0 execution test
FAIL: gfortran.dg/direct_io_9.f -O1 execution test
FAIL: gfortran.dg/direct_io_9.f -O2 execution test
FAIL: gfortran.dg/direct_io_9.f -O3 -fomit-frame-pointer execution test
FAIL: gfortran.dg/direct_io_9.f -O3 -fomit-frame-pointer -funroll-loops execution test
FAIL: gfortran.dg/direct_io_9.f -O3 -fomit-frame-pointer -funroll-all-loops -finline-functions execution test
FAIL: gfortran.dg/direct_io_9.f -O3 -g execution test
FAIL: gfortran.dg/direct_io_9.f -Os execution test
FAIL: gfortran.dg/dollar_edit_descriptor_1.f -O0 execution test
FAIL: gfortran.dg/dollar_edit_descriptor_1.f -O1 execution test
FAIL: gfortran.dg/dollar_edit_descriptor_1.f -O2 execution test
FAIL: gfortran.dg/dollar_edit_descriptor_1.f -O3 -fomit-frame-pointer execution test
FAIL: gfortran.dg/dollar_edit_descriptor_1.f -O3 -fomit-frame-pointer -funroll-loops execution test
FAIL: gfortran.dg/dollar_edit_descriptor_1.f -O3 -fomit-frame-pointer -funroll-all-loops -finline-functions execution test
FAIL: gfortran.dg/dollar_edit_descriptor_1.f -O3 -g execution test
FAIL: gfortran.dg/dollar_edit_descriptor_1.f -Os execution test
FAIL: gfortran.dg/dos_eol.f -O0 execution test
FAIL: gfortran.dg/dos_eol.f -O1 execution test
FAIL: gfortran.dg/dos_eol.f -O2 execution test
FAIL: gfortran.dg/dos_eol.f -O3 -fomit-frame-pointer execution test
FAIL: gfortran.dg/dos_eol.f -O3 -fomit-frame-pointer -funroll-loops execution test
FAIL: gfortran.dg/dos_eol.f -O3 -fomit-frame-pointer -funroll-all-loops -finline-functions execution test
FAIL: gfortran.dg/dos_eol.f -O3 -g execution test
FAIL: gfortran.dg/dos_eol.f -Os execution test
FAIL: gfortran.dg/empty_format_1.f90 -O0 execution test
FAIL: gfortran.dg/empty_format_1.f90 -O1 execution test
FAIL: gfortran.dg/empty_format_1.f90 -O2 execution test
FAIL: gfortran.dg/empty_format_1.f90 -O3 -fomit-frame-pointer execution test
FAIL: gfortran.dg/empty_format_1.f90 -O3 -fomit-frame-pointer -funroll-loops execution test
FAIL: gfortran.dg/empty_format_1.f90 -O3 -fomit-frame-pointer -funroll-all-loops -finline-functions execution test
FAIL: gfortran.dg/empty_format_1.f90 -O3 -g execution test
FAIL: gfortran.dg/empty_format_1.f90 -Os execution test
FAIL: gfortran.dg/endfile.f -O0 execution test
FAIL: gfortran.dg/endfile.f -O1 execution test
FAIL: gfortran.dg/endfile.f -O2 execution test
FAIL: gfortran.dg/endfile.f -O3 -fomit-frame-pointer execution test
FAIL: gfortran.dg/endfile.f -O3 -fomit-frame-pointer -funroll-loops execution test
FAIL: gfortran.dg/endfile.f -O3 -fomit-frame-pointer -funroll-all-loops -finline-functions execution test
FAIL: gfortran.dg/endfile.f -O3 -g execution test
FAIL: gfortran.dg/endfile.f -Os execution test
FAIL: gfortran.dg/eof_1.f90 -O0 execution test
FAIL: gfortran.dg/eof_1.f90 -O1 execution test
FAIL: gfortran.dg/eof_1.f90 -O2 execution test
FAIL: gfortran.dg/eof_1.f90 -O3 -fomit-frame-pointer execution test
FAIL: gfortran.dg/eof_1.f90 -O3 -fomit-frame-pointer -funroll-loops execution test
FAIL: gfortran.dg/eof_1.f90 -O3 -fomit-frame-pointer -funroll-all-loops -finline-functions execution test
FAIL: gfortran.dg/eof_1.f90 -O3 -g execution test
FAIL: gfortran.dg/eof_1.f90 -Os execution test
FAIL: gfortran.dg/eof_2.f90 -O0 execution test
FAIL: gfortran.dg/eof_2.f90 -O1 execution test
FAIL: gfortran.dg/eof_2.f90 -O2 execution test
FAIL: gfortran.dg/eof_2.f90 -O3 -fomit-frame-pointer execution test
FAIL: gfortran.dg/eof_2.f90 -O3 -fomit-frame-pointer -funroll-loops execution test
FAIL: gfortran.dg/eof_2.f90 -O3 -fomit-frame-pointer -funroll-all-loops -finline-functions execution test
FAIL: gfortran.dg/eof_2.f90 -O3 -g execution test
FAIL: gfortran.dg/eof_2.f90 -Os execution test
FAIL: gfortran.dg/eof_3.f90 -O0 execution test
FAIL: gfortran.dg/eof_3.f90 -O1 execution test
FAIL: gfortran.dg/eof_3.f90 -O2 execution test
FAIL: gfortran.dg/eof_3.f90 -O3 -fomit-frame-pointer execution test
FAIL: gfortran.dg/eof_3.f90 -O3 -fomit-frame-pointer -funroll-loops execution test
FAIL: gfortran.dg/eof_3.f90 -O3 -fomit-frame-pointer -funroll-all-loops -finline-functions execution test
FAIL: gfortran.dg/eof_3.f90 -O3 -g execution test
FAIL: gfortran.dg/eof_3.f90 -Os execution test
FAIL: gfortran.dg/eor_1.f90 -O0 execution test
FAIL: gfortran.dg/eor_1.f90 -O1 execution test
FAIL: gfortran.dg/eor_1.f90 -O2 execution test
FAIL: gfortran.dg/eor_1.f90 -O3 -fomit-frame-pointer execution test
FAIL: gfortran.dg/eor_1.f90 -O3 -fomit-frame-pointer -funroll-loops execution test
FAIL: gfortran.dg/eor_1.f90 -O3 -fomit-frame-pointer -funroll-all-loops -finline-functions execution test
FAIL: gfortran.dg/eor_1.f90 -O3 -g execution test
FAIL: gfortran.dg/eor_1.f90 -Os execution test
FAIL: gfortran.dg/eor_handling_1.f90 -O0 execution test
FAIL: gfortran.dg/eor_handling_1.f90 -O1 execution test
FAIL: gfortran.dg/eor_handling_1.f90 -O2 execution test
FAIL: gfortran.dg/eor_handling_1.f90 -O3 -fomit-frame-pointer execution test
FAIL: gfortran.dg/eor_handling_1.f90 -O3 -fomit-frame-pointer -funroll-loops execution test
FAIL: gfortran.dg/eor_handling_1.f90 -O3 -fomit-frame-pointer -funroll-all-loops -finline-functions execution test
FAIL: gfortran.dg/eor_handling_1.f90 -O3 -g execution test
FAIL: gfortran.dg/eor_handling_1.f90 -Os execution test
FAIL: gfortran.dg/eor_handling_2.f90 -O0 execution test
FAIL: gfortran.dg/eor_handling_2.f90 -O1 execution test
FAIL: gfortran.dg/eor_handling_2.f90 -O2 execution test
FAIL: gfortran.dg/eor_handling_2.f90 -O3 -fomit-frame-pointer execution test
FAIL: gfortran.dg/eor_handling_2.f90 -O3 -fomit-frame-pointer -funroll-loops execution test
FAIL: gfortran.dg/eor_handling_2.f90 -O3 -fomit-frame-pointer -funroll-all-loops -finline-functions execution test
FAIL: gfortran.dg/eor_handling_2.f90 -O3 -g execution test
FAIL: gfortran.dg/eor_handling_2.f90 -Os execution test
FAIL: gfortran.dg/eor_handling_3.f90 -O0 execution test
FAIL: gfortran.dg/eor_handling_3.f90 -O1 execution test
FAIL: gfortran.dg/eor_handling_3.f90 -O2 execution test
FAIL: gfortran.dg/eor_handling_3.f90 -O3 -fomit-frame-pointer execution test
FAIL: gfortran.dg/eor_handling_3.f90 -O3 -fomit-frame-pointer -funroll-loops execution test
FAIL: gfortran.dg/eor_handling_3.f90 -O3 -fomit-frame-pointer -funroll-all-loops -finline-functions execution test
FAIL: gfortran.dg/eor_handling_3.f90 -O3 -g execution test
FAIL: gfortran.dg/eor_handling_3.f90 -Os execution test
FAIL: gfortran.dg/eor_handling_4.f90 -O0 execution test
FAIL: gfortran.dg/eor_handling_4.f90 -O1 execution test
FAIL: gfortran.dg/eor_handling_4.f90 -O2 execution test
FAIL: gfortran.dg/eor_handling_4.f90 -O3 -fomit-frame-pointer execution test
FAIL: gfortran.dg/eor_handling_4.f90 -O3 -fomit-frame-pointer -funroll-loops execution test
FAIL: gfortran.dg/eor_handling_4.f90 -O3 -fomit-frame-pointer -funroll-all-loops -finline-functions execution test
FAIL: gfortran.dg/eor_handling_4.f90 -O3 -g execution test
FAIL: gfortran.dg/eor_handling_4.f90 -Os execution test
FAIL: gfortran.dg/eor_handling_5.f90 -O0 execution test
FAIL: gfortran.dg/eor_handling_5.f90 -O1 execution test
FAIL: gfortran.dg/eor_handling_5.f90 -O2 execution test
FAIL: gfortran.dg/eor_handling_5.f90 -O3 -fomit-frame-pointer execution test
FAIL: gfortran.dg/eor_handling_5.f90 -O3 -fomit-frame-pointer -funroll-loops execution test
FAIL: gfortran.dg/eor_handling_5.f90 -O3 -fomit-frame-pointer -funroll-all-loops -finline-functions execution test
FAIL: gfortran.dg/eor_handling_5.f90 -O3 -g execution test
FAIL: gfortran.dg/eor_handling_5.f90 -Os execution test
FAIL: gfortran.dg/error_format.f90 -O0 output pattern test, is At line 7 of file /scratch2/tmp/gerald/gcc-HEAD/gcc/testsuite/gfortran.dg/error_format.f90 (unit = 99, file = '')
FAIL: gfortran.dg/error_format.f90 -O1 output pattern test, is At line 7 of file /scratch2/tmp/gerald/gcc-HEAD/gcc/testsuite/gfortran.dg/error_format.f90 (unit = 99, file = '')
FAIL: gfortran.dg/error_format.f90 -O2 output pattern test, is At line 7 of file /scratch2/tmp/gerald/gcc-HEAD/gcc/testsuite/gfortran.dg/error_format.f90 (unit = 99, file = '')
FAIL: gfortran.dg/error_format.f90 -O3 -fomit-frame-pointer output pattern test, is At line 7 of file /scratch2/tmp/gerald/gcc-HEAD/gcc/testsuite/gfortran.dg/error_format.f90 (unit = 99, file = '')
FAIL: gfortran.dg/error_format.f90 -O3 -fomit-frame-pointer -funroll-loops output pattern test, is At line 7 of file /scratch2/tmp/gerald/gcc-HEAD/gcc/testsuite/gfortran.dg/error_format.f90 (unit = 99, file = '')
FAIL: gfortran.dg/error_format.f90 -O3 -fomit-frame-pointer -funroll-all-loops -finline-functions output pattern test, is At line 7 of file /scratch2/tmp/gerald/gcc-HEAD/gcc/testsuite/gfortran.dg/error_format.f90 (unit = 99, file = '')
FAIL: gfortran.dg/error_format.f90 -O3 -g output pattern test, is At line 7 of file /scratch2/tmp/gerald/gcc-HEAD/gcc/testsuite/gfortran.dg/error_format.f90 (unit = 99, file = '')
FAIL: gfortran.dg/error_format.f90 -Os output pattern test, is At line 7 of file /scratch2/tmp/gerald/gcc-HEAD/gcc/testsuite/gfortran.dg/error_format.f90 (unit = 99, file = '')
FAIL: gfortran.dg/error_recovery_5.f90 -O0 execution test
FAIL: gfortran.dg/error_recovery_5.f90 -O1 execution test
FAIL: gfortran.dg/error_recovery_5.f90 -O2 execution test
FAIL: gfortran.dg/error_recovery_5.f90 -O3 -fomit-frame-pointer execution test
FAIL: gfortran.dg/error_recovery_5.f90 -O3 -fomit-frame-pointer -funroll-loops execution test
FAIL: gfortran.dg/error_recovery_5.f90 -O3 -fomit-frame-pointer -funroll-all-loops -finline-functions execution test
FAIL: gfortran.dg/error_recovery_5.f90 -O3 -g execution test
FAIL: gfortran.dg/error_recovery_5.f90 -Os execution test
FAIL: gfortran.dg/f2003_io_4.f03 -O0 execution test
FAIL: gfortran.dg/f2003_io_4.f03 -O1 execution test
FAIL: gfortran.dg/f2003_io_4.f03 -O2 execution test
FAIL: gfortran.dg/f2003_io_4.f03 -O3 -fomit-frame-pointer execution test
FAIL: gfortran.dg/f2003_io_4.f03 -O3 -fomit-frame-pointer -funroll-loops execution test
FAIL: gfortran.dg/f2003_io_4.f03 -O3 -fomit-frame-pointer -funroll-all-loops -finline-functions execution test
FAIL: gfortran.dg/f2003_io_4.f03 -O3 -g execution test
FAIL: gfortran.dg/f2003_io_4.f03 -Os execution test
FAIL: gfortran.dg/fgetc_1.f90 -O0 execution test
FAIL: gfortran.dg/fgetc_1.f90 -O1 execution test
FAIL: gfortran.dg/fgetc_1.f90 -O2 execution test
FAIL: gfortran.dg/fgetc_1.f90 -O3 -fomit-frame-pointer execution test
FAIL: gfortran.dg/fgetc_1.f90 -O3 -fomit-frame-pointer -funroll-loops execution test
FAIL: gfortran.dg/fgetc_1.f90 -O3 -fomit-frame-pointer -funroll-all-loops -finline-functions execution test
FAIL: gfortran.dg/fgetc_1.f90 -O3 -g execution test
FAIL: gfortran.dg/fgetc_1.f90 -Os execution test
FAIL: gfortran.dg/fgetc_2.f90 -O0 execution test
FAIL: gfortran.dg/fgetc_2.f90 -O1 execution test
FAIL: gfortran.dg/fgetc_2.f90 -O2 execution test
FAIL: gfortran.dg/fgetc_2.f90 -O3 -fomit-frame-pointer execution test
FAIL: gfortran.dg/fgetc_2.f90 -O3 -fomit-frame-pointer -funroll-loops execution test
FAIL: gfortran.dg/fgetc_2.f90 -O3 -fomit-frame-pointer -funroll-all-loops -finline-functions execution test
FAIL: gfortran.dg/fgetc_2.f90 -O3 -g execution test
FAIL: gfortran.dg/fgetc_2.f90 -Os execution test
FAIL: gfortran.dg/flush_1.f90 -O0 execution test
FAIL: gfortran.dg/flush_1.f90 -O1 execution test
FAIL: gfortran.dg/flush_1.f90 -O2 execution test
FAIL: gfortran.dg/flush_1.f90 -O3 -fomit-frame-pointer execution test
FAIL: gfortran.dg/flush_1.f90 -O3 -fomit-frame-pointer -funroll-loops execution test
FAIL: gfortran.dg/flush_1.f90 -O3 -fomit-frame-pointer -funroll-all-loops -finline-functions execution test
FAIL: gfortran.dg/flush_1.f90 -O3 -g execution test
FAIL: gfortran.dg/flush_1.f90 -Os execution test
FAIL: gfortran.dg/fmt_cache_2.f -O0 execution test
FAIL: gfortran.dg/fmt_cache_2.f -O1 execution test
FAIL: gfortran.dg/fmt_cache_2.f -O2 execution test
FAIL: gfortran.dg/fmt_cache_2.f -O3 -fomit-frame-pointer execution test
FAIL: gfortran.dg/fmt_cache_2.f -O3 -fomit-frame-pointer -funroll-loops execution test
FAIL: gfortran.dg/fmt_cache_2.f -O3 -fomit-frame-pointer -funroll-all-loops -finline-functions execution test
FAIL: gfortran.dg/fmt_cache_2.f -O3 -g execution test
FAIL: gfortran.dg/fmt_cache_2.f -Os execution test
FAIL: gfortran.dg/fmt_cache_3.f90 -O0 execution test
FAIL: gfortran.dg/fmt_cache_3.f90 -O1 execution test
FAIL: gfortran.dg/fmt_cache_3.f90 -O2 execution test
FAIL: gfortran.dg/fmt_cache_3.f90 -O3 -fomit-frame-pointer execution test
FAIL: gfortran.dg/fmt_cache_3.f90 -O3 -fomit-frame-pointer -funroll-loops execution test
FAIL: gfortran.dg/fmt_cache_3.f90 -O3 -fomit-frame-pointer -funroll-all-loops -finline-functions execution test
FAIL: gfortran.dg/fmt_cache_3.f90 -O3 -g execution test
FAIL: gfortran.dg/fmt_cache_3.f90 -Os execution test
FAIL: gfortran.dg/fmt_exhaust.f90 -O0 execution test
FAIL: gfortran.dg/fmt_exhaust.f90 -O1 execution test
FAIL: gfortran.dg/fmt_exhaust.f90 -O2 execution test
FAIL: gfortran.dg/fmt_exhaust.f90 -O3 -fomit-frame-pointer execution test
FAIL: gfortran.dg/fmt_exhaust.f90 -O3 -fomit-frame-pointer -funroll-loops execution test
FAIL: gfortran.dg/fmt_exhaust.f90 -O3 -fomit-frame-pointer -funroll-all-loops -finline-functions execution test
FAIL: gfortran.dg/fmt_exhaust.f90 -O3 -g execution test
FAIL: gfortran.dg/fmt_exhaust.f90 -Os execution test
FAIL: gfortran.dg/fmt_huge.f90 -O0 execution test
FAIL: gfortran.dg/fmt_huge.f90 -O1 execution test
FAIL: gfortran.dg/fmt_huge.f90 -O2 execution test
FAIL: gfortran.dg/fmt_huge.f90 -O3 -fomit-frame-pointer execution test
FAIL: gfortran.dg/fmt_huge.f90 -O3 -fomit-frame-pointer -funroll-loops execution test
FAIL: gfortran.dg/fmt_huge.f90 -O3 -fomit-frame-pointer -funroll-all-loops -finline-functions execution test
FAIL: gfortran.dg/fmt_huge.f90 -O3 -g execution test
FAIL: gfortran.dg/fmt_huge.f90 -Os execution test
FAIL: gfortran.dg/fmt_read.f90 -O0 execution test
FAIL: gfortran.dg/fmt_read.f90 -O1 execution test
FAIL: gfortran.dg/fmt_read.f90 -O2 execution test
FAIL: gfortran.dg/fmt_read.f90 -O3 -fomit-frame-pointer execution test
FAIL: gfortran.dg/fmt_read.f90 -O3 -fomit-frame-pointer -funroll-loops execution test
FAIL: gfortran.dg/fmt_read.f90 -O3 -fomit-frame-pointer -funroll-all-loops -finline-functions execution test
FAIL: gfortran.dg/fmt_read.f90 -O3 -g execution test
FAIL: gfortran.dg/fmt_read.f90 -Os execution test
FAIL: gfortran.dg/fmt_t_1.f90 -O0 execution test
FAIL: gfortran.dg/fmt_t_1.f90 -O1 execution test
FAIL: gfortran.dg/fmt_t_1.f90 -O2 execution test
FAIL: gfortran.dg/fmt_t_1.f90 -O3 -fomit-frame-pointer execution test
FAIL: gfortran.dg/fmt_t_1.f90 -O3 -fomit-frame-pointer -funroll-loops execution test
FAIL: gfortran.dg/fmt_t_1.f90 -O3 -fomit-frame-pointer -funroll-all-loops -finline-functions execution test
FAIL: gfortran.dg/fmt_t_1.f90 -O3 -g execution test
FAIL: gfortran.dg/fmt_t_1.f90 -Os execution test
FAIL: gfortran.dg/fmt_t_2.f90 -O0 execution test
FAIL: gfortran.dg/fmt_t_2.f90 -O1 execution test
FAIL: gfortran.dg/fmt_t_2.f90 -O2 execution test
FAIL: gfortran.dg/fmt_t_2.f90 -O3 -fomit-frame-pointer execution test
FAIL: gfortran.dg/fmt_t_2.f90 -O3 -fomit-frame-pointer -funroll-loops execution test
FAIL: gfortran.dg/fmt_t_2.f90 -O3 -fomit-frame-pointer -funroll-all-loops -finline-functions execution test
FAIL: gfortran.dg/fmt_t_2.f90 -O3 -g execution test
FAIL: gfortran.dg/fmt_t_2.f90 -Os execution test
FAIL: gfortran.dg/fmt_t_3.f90 -O0 execution test
FAIL: gfortran.dg/fmt_t_3.f90 -O1 execution test
FAIL: gfortran.dg/fmt_t_3.f90 -O2 execution test
FAIL: gfortran.dg/fmt_t_3.f90 -O3 -fomit-frame-pointer execution test
FAIL: gfortran.dg/fmt_t_3.f90 -O3 -fomit-frame-pointer -funroll-loops execution test
FAIL: gfortran.dg/fmt_t_3.f90 -O3 -fomit-frame-pointer -funroll-all-loops -finline-functions execution test
FAIL: gfortran.dg/fmt_t_3.f90 -O3 -g execution test
FAIL: gfortran.dg/fmt_t_3.f90 -Os execution test
FAIL: gfortran.dg/fmt_t_4.f90 -O0 execution test
FAIL: gfortran.dg/fmt_t_4.f90 -O1 execution test
FAIL: gfortran.dg/fmt_t_4.f90 -O2 execution test
FAIL: gfortran.dg/fmt_t_4.f90 -O3 -fomit-frame-pointer execution test
FAIL: gfortran.dg/fmt_t_4.f90 -O3 -fomit-frame-pointer -funroll-loops execution test
FAIL: gfortran.dg/fmt_t_4.f90 -O3 -fomit-frame-pointer -funroll-all-loops -finline-functions execution test
FAIL: gfortran.dg/fmt_t_4.f90 -O3 -g execution test
FAIL: gfortran.dg/fmt_t_4.f90 -Os execution test
FAIL: gfortran.dg/fseek.f90 -O0 execution test
FAIL: gfortran.dg/fseek.f90 -O1 execution test
FAIL: gfortran.dg/fseek.f90 -O2 execution test
FAIL: gfortran.dg/fseek.f90 -O3 -fomit-frame-pointer execution test
FAIL: gfortran.dg/fseek.f90 -O3 -fomit-frame-pointer -funroll-loops execution test
FAIL: gfortran.dg/fseek.f90 -O3 -fomit-frame-pointer -funroll-all-loops -finline-functions execution test
FAIL: gfortran.dg/fseek.f90 -O3 -g execution test
FAIL: gfortran.dg/fseek.f90 -Os execution test
FAIL: gfortran.dg/ftell_1.f90 -O0 execution test
FAIL: gfortran.dg/ftell_1.f90 -O1 execution test
FAIL: gfortran.dg/ftell_1.f90 -O2 execution test
FAIL: gfortran.dg/ftell_1.f90 -O3 -fomit-frame-pointer execution test
FAIL: gfortran.dg/ftell_1.f90 -O3 -fomit-frame-pointer -funroll-loops execution test
FAIL: gfortran.dg/ftell_1.f90 -O3 -fomit-frame-pointer -funroll-all-loops -finline-functions execution test
FAIL: gfortran.dg/ftell_1.f90 -O3 -g execution test
FAIL: gfortran.dg/ftell_1.f90 -Os execution test
FAIL: gfortran.dg/ftell_2.f90 -O0 execution test
FAIL: gfortran.dg/ftell_2.f90 -O1 execution test
FAIL: gfortran.dg/ftell_2.f90 -O2 execution test
FAIL: gfortran.dg/ftell_2.f90 -O3 -fomit-frame-pointer execution test
FAIL: gfortran.dg/ftell_2.f90 -O3 -fomit-frame-pointer -funroll-loops execution test
FAIL: gfortran.dg/ftell_2.f90 -O3 -fomit-frame-pointer -funroll-all-loops -finline-functions execution test
FAIL: gfortran.dg/ftell_2.f90 -O3 -g execution test
FAIL: gfortran.dg/ftell_2.f90 -Os execution test
FAIL: gfortran.dg/func_derived_3.f90 -O0 execution test
FAIL: gfortran.dg/func_derived_3.f90 -O1 execution test
FAIL: gfortran.dg/func_derived_3.f90 -O2 execution test
FAIL: gfortran.dg/func_derived_3.f90 -O3 -fomit-frame-pointer execution test
FAIL: gfortran.dg/func_derived_3.f90 -O3 -fomit-frame-pointer -funroll-loops execution test
FAIL: gfortran.dg/func_derived_3.f90 -O3 -fomit-frame-pointer -funroll-all-loops -finline-functions execution test
FAIL: gfortran.dg/func_derived_3.f90 -O3 -g execution test
FAIL: gfortran.dg/func_derived_3.f90 -Os execution test
FAIL: gfortran.dg/inquire.f90 -O0 execution test
FAIL: gfortran.dg/inquire.f90 -O1 execution test
FAIL: gfortran.dg/inquire.f90 -O2 execution test
FAIL: gfortran.dg/inquire.f90 -O3 -fomit-frame-pointer execution test
FAIL: gfortran.dg/inquire.f90 -O3 -fomit-frame-pointer -funroll-loops execution test
FAIL: gfortran.dg/inquire.f90 -O3 -fomit-frame-pointer -funroll-all-loops -finline-functions execution test
FAIL: gfortran.dg/inquire.f90 -O3 -g execution test
FAIL: gfortran.dg/inquire.f90 -Os execution test
FAIL: gfortran.dg/inquire_5.f90 -O0 execution test
FAIL: gfortran.dg/inquire_5.f90 -O1 execution test
FAIL: gfortran.dg/inquire_5.f90 -O2 execution test
FAIL: gfortran.dg/inquire_5.f90 -O3 -fomit-frame-pointer execution test
FAIL: gfortran.dg/inquire_5.f90 -O3 -fomit-frame-pointer -funroll-loops execution test
FAIL: gfortran.dg/inquire_5.f90 -O3 -fomit-frame-pointer -funroll-all-loops -finline-functions execution test
FAIL: gfortran.dg/inquire_5.f90 -O3 -g execution test
FAIL: gfortran.dg/inquire_5.f90 -Os execution test
FAIL: gfortran.dg/inquire_6.f90 -O0 execution test
FAIL: gfortran.dg/inquire_6.f90 -O1 execution test
FAIL: gfortran.dg/inquire_6.f90 -O2 execution test
FAIL: gfortran.dg/inquire_6.f90 -O3 -fomit-frame-pointer execution test
FAIL: gfortran.dg/inquire_6.f90 -O3 -fomit-frame-pointer -funroll-loops execution test
FAIL: gfortran.dg/inquire_6.f90 -O3 -fomit-frame-pointer -funroll-all-loops -finline-functions execution test
FAIL: gfortran.dg/inquire_6.f90 -O3 -g execution test
FAIL: gfortran.dg/inquire_6.f90 -Os execution test
FAIL: gfortran.dg/inquire_7.f90 -O0 execution test
FAIL: gfortran.dg/inquire_7.f90 -O1 execution test
FAIL: gfortran.dg/inquire_7.f90 -O2 execution test
FAIL: gfortran.dg/inquire_7.f90 -O3 -fomit-frame-pointer execution test
FAIL: gfortran.dg/inquire_7.f90 -O3 -fomit-frame-pointer -funroll-loops execution test
FAIL: gfortran.dg/inquire_7.f90 -O3 -fomit-frame-pointer -funroll-all-loops -finline-functions execution test
FAIL: gfortran.dg/inquire_7.f90 -O3 -g execution test
FAIL: gfortran.dg/inquire_7.f90 -Os execution test
FAIL: gfortran.dg/iomsg_1.f90 -O0 execution test
FAIL: gfortran.dg/iomsg_1.f90 -O1 execution test
FAIL: gfortran.dg/iomsg_1.f90 -O2 execution test
FAIL: gfortran.dg/iomsg_1.f90 -O3 -fomit-frame-pointer execution test
FAIL: gfortran.dg/iomsg_1.f90 -O3 -fomit-frame-pointer -funroll-loops execution test
FAIL: gfortran.dg/iomsg_1.f90 -O3 -fomit-frame-pointer -funroll-all-loops -finline-functions execution test
FAIL: gfortran.dg/iomsg_1.f90 -O3 -g execution test
FAIL: gfortran.dg/iomsg_1.f90 -Os execution test
FAIL: gfortran.dg/iostat_1.f90 -O0 execution test
FAIL: gfortran.dg/iostat_1.f90 -O1 execution test
FAIL: gfortran.dg/iostat_1.f90 -O2 execution test
FAIL: gfortran.dg/iostat_1.f90 -O3 -fomit-frame-pointer execution test
FAIL: gfortran.dg/iostat_1.f90 -O3 -fomit-frame-pointer -funroll-loops execution test
FAIL: gfortran.dg/iostat_1.f90 -O3 -fomit-frame-pointer -funroll-all-loops -finline-functions execution test
FAIL: gfortran.dg/iostat_1.f90 -O3 -g execution test
FAIL: gfortran.dg/iostat_1.f90 -Os execution test
XPASS: gfortran.dg/large_real_kind_2.F90 -O0 (test for excess errors)
XPASS: gfortran.dg/large_real_kind_2.F90 -O1 (test for excess errors)
XPASS: gfortran.dg/large_real_kind_2.F90 -O2 (test for excess errors)
XPASS: gfortran.dg/large_real_kind_2.F90 -O3 -fomit-frame-pointer (test for excess errors)
XPASS: gfortran.dg/large_real_kind_2.F90 -O3 -fomit-frame-pointer -funroll-loops (test for excess errors)
XPASS: gfortran.dg/large_real_kind_2.F90 -O3 -fomit-frame-pointer -funroll-all-loops -finline-functions (test for excess errors)
XPASS: gfortran.dg/large_real_kind_2.F90 -O3 -g (test for excess errors)
XPASS: gfortran.dg/large_real_kind_2.F90 -Os (test for excess errors)
XPASS: gfortran.dg/large_real_kind_3.F90 -O0 (test for excess errors)
XPASS: gfortran.dg/large_real_kind_3.F90 -O1 (test for excess errors)
XPASS: gfortran.dg/large_real_kind_3.F90 -O2 (test for excess errors)
XPASS: gfortran.dg/large_real_kind_3.F90 -O3 -fomit-frame-pointer (test for excess errors)
XPASS: gfortran.dg/large_real_kind_3.F90 -O3 -fomit-frame-pointer -funroll-loops (test for excess errors)
XPASS: gfortran.dg/large_real_kind_3.F90 -O3 -fomit-frame-pointer -funroll-all-loops -finline-functions (test for excess errors)
XPASS: gfortran.dg/large_real_kind_3.F90 -O3 -g (test for excess errors)
XPASS: gfortran.dg/large_real_kind_3.F90 -Os (test for excess errors)
FAIL: gfortran.dg/list_read_1.f90 -O0 execution test
FAIL: gfortran.dg/list_read_1.f90 -O1 execution test
FAIL: gfortran.dg/list_read_1.f90 -O2 execution test
FAIL: gfortran.dg/list_read_1.f90 -O3 -fomit-frame-pointer execution test
FAIL: gfortran.dg/list_read_1.f90 -O3 -fomit-frame-pointer -funroll-loops execution test
FAIL: gfortran.dg/list_read_1.f90 -O3 -fomit-frame-pointer -funroll-all-loops -finline-functions execution test
FAIL: gfortran.dg/list_read_1.f90 -O3 -g execution test
FAIL: gfortran.dg/list_read_1.f90 -Os execution test
FAIL: gfortran.dg/list_read_4.f90 -O0 execution test
FAIL: gfortran.dg/list_read_4.f90 -O1 execution test
FAIL: gfortran.dg/list_read_4.f90 -O2 execution test
FAIL: gfortran.dg/list_read_4.f90 -O3 -fomit-frame-pointer execution test
FAIL: gfortran.dg/list_read_4.f90 -O3 -fomit-frame-pointer -funroll-loops execution test
FAIL: gfortran.dg/list_read_4.f90 -O3 -fomit-frame-pointer -funroll-all-loops -finline-functions execution test
FAIL: gfortran.dg/list_read_4.f90 -O3 -g execution test
FAIL: gfortran.dg/list_read_4.f90 -Os execution test
FAIL: gfortran.dg/list_read_5.f90 -O0 execution test
FAIL: gfortran.dg/list_read_5.f90 -O1 execution test
FAIL: gfortran.dg/list_read_5.f90 -O2 execution test
FAIL: gfortran.dg/list_read_5.f90 -O3 -fomit-frame-pointer execution test
FAIL: gfortran.dg/list_read_5.f90 -O3 -fomit-frame-pointer -funroll-loops execution test
FAIL: gfortran.dg/list_read_5.f90 -O3 -fomit-frame-pointer -funroll-all-loops -finline-functions execution test
FAIL: gfortran.dg/list_read_5.f90 -O3 -g execution test
FAIL: gfortran.dg/list_read_5.f90 -Os execution test
FAIL: gfortran.dg/list_read_8.f90 -O0 execution test
FAIL: gfortran.dg/list_read_8.f90 -O1 execution test
FAIL: gfortran.dg/list_read_8.f90 -O2 execution test
FAIL: gfortran.dg/list_read_8.f90 -O3 -fomit-frame-pointer execution test
FAIL: gfortran.dg/list_read_8.f90 -O3 -fomit-frame-pointer -funroll-loops execution test
FAIL: gfortran.dg/list_read_8.f90 -O3 -fomit-frame-pointer -funroll-all-loops -finline-functions execution test
FAIL: gfortran.dg/list_read_8.f90 -O3 -g execution test
FAIL: gfortran.dg/list_read_8.f90 -Os execution test
FAIL: gfortran.dg/namelist_11.f -O0 execution test
FAIL: gfortran.dg/namelist_11.f -O1 execution test
FAIL: gfortran.dg/namelist_11.f -O2 execution test
FAIL: gfortran.dg/namelist_11.f -O3 -fomit-frame-pointer execution test
FAIL: gfortran.dg/namelist_11.f -O3 -fomit-frame-pointer -funroll-loops execution test
FAIL: gfortran.dg/namelist_11.f -O3 -fomit-frame-pointer -funroll-all-loops -finline-functions execution test
FAIL: gfortran.dg/namelist_11.f -O3 -g execution test
FAIL: gfortran.dg/namelist_11.f -Os execution test
FAIL: gfortran.dg/namelist_12.f -O0 execution test
FAIL: gfortran.dg/namelist_12.f -O1 execution test
FAIL: gfortran.dg/namelist_12.f -O2 execution test
FAIL: gfortran.dg/namelist_12.f -O3 -fomit-frame-pointer execution test
FAIL: gfortran.dg/namelist_12.f -O3 -fomit-frame-pointer -funroll-loops execution test
FAIL: gfortran.dg/namelist_12.f -O3 -fomit-frame-pointer -funroll-all-loops -finline-functions execution test
FAIL: gfortran.dg/namelist_12.f -O3 -g execution test
FAIL: gfortran.dg/namelist_12.f -Os execution test
FAIL: gfortran.dg/namelist_13.f90 -O0 execution test
FAIL: gfortran.dg/namelist_13.f90 -O1 execution test
FAIL: gfortran.dg/namelist_13.f90 -O2 execution test
FAIL: gfortran.dg/namelist_13.f90 -O3 -fomit-frame-pointer execution test
FAIL: gfortran.dg/namelist_13.f90 -O3 -fomit-frame-pointer -funroll-loops execution test
FAIL: gfortran.dg/namelist_13.f90 -O3 -fomit-frame-pointer -funroll-all-loops -finline-functions execution test
FAIL: gfortran.dg/namelist_13.f90 -O3 -g execution test
FAIL: gfortran.dg/namelist_13.f90 -Os execution test
FAIL: gfortran.dg/namelist_14.f90 -O0 execution test
FAIL: gfortran.dg/namelist_14.f90 -O1 execution test
FAIL: gfortran.dg/namelist_14.f90 -O2 execution test
FAIL: gfortran.dg/namelist_14.f90 -O3 -fomit-frame-pointer execution test
FAIL: gfortran.dg/namelist_14.f90 -O3 -fomit-frame-pointer -funroll-loops execution test
FAIL: gfortran.dg/namelist_14.f90 -O3 -fomit-frame-pointer -funroll-all-loops -finline-functions execution test
FAIL: gfortran.dg/namelist_14.f90 -O3 -g execution test
FAIL: gfortran.dg/namelist_14.f90 -Os execution test
FAIL: gfortran.dg/namelist_15.f90 -O0 execution test
FAIL: gfortran.dg/namelist_15.f90 -O1 execution test
FAIL: gfortran.dg/namelist_15.f90 -O2 execution test
FAIL: gfortran.dg/namelist_15.f90 -O3 -fomit-frame-pointer execution test
FAIL: gfortran.dg/namelist_15.f90 -O3 -fomit-frame-pointer -funroll-loops execution test
FAIL: gfortran.dg/namelist_15.f90 -O3 -fomit-frame-pointer -funroll-all-loops -finline-functions execution test
FAIL: gfortran.dg/namelist_15.f90 -O3 -g execution test
FAIL: gfortran.dg/namelist_15.f90 -Os execution test
FAIL: gfortran.dg/namelist_16.f90 -O0 execution test
FAIL: gfortran.dg/namelist_16.f90 -O1 execution test
FAIL: gfortran.dg/namelist_16.f90 -O2 execution test
FAIL: gfortran.dg/namelist_16.f90 -O3 -fomit-frame-pointer execution test
FAIL: gfortran.dg/namelist_16.f90 -O3 -fomit-frame-pointer -funroll-loops execution test
FAIL: gfortran.dg/namelist_16.f90 -O3 -fomit-frame-pointer -funroll-all-loops -finline-functions execution test
FAIL: gfortran.dg/namelist_16.f90 -O3 -g execution test
FAIL: gfortran.dg/namelist_16.f90 -Os execution test
FAIL: gfortran.dg/namelist_17.f90 -O0 execution test
FAIL: gfortran.dg/namelist_17.f90 -O1 execution test
FAIL: gfortran.dg/namelist_17.f90 -O2 execution test
FAIL: gfortran.dg/namelist_17.f90 -O3 -fomit-frame-pointer execution test
FAIL: gfortran.dg/namelist_17.f90 -O3 -fomit-frame-pointer -funroll-loops execution test
FAIL: gfortran.dg/namelist_17.f90 -O3 -fomit-frame-pointer -funroll-all-loops -finline-functions execution test
FAIL: gfortran.dg/namelist_17.f90 -O3 -g execution test
FAIL: gfortran.dg/namelist_17.f90 -Os execution test
FAIL: gfortran.dg/namelist_18.f90 -O0 execution test
FAIL: gfortran.dg/namelist_18.f90 -O1 execution test
FAIL: gfortran.dg/namelist_18.f90 -O2 execution test
FAIL: gfortran.dg/namelist_18.f90 -O3 -fomit-frame-pointer execution test
FAIL: gfortran.dg/namelist_18.f90 -O3 -fomit-frame-pointer -funroll-loops execution test
FAIL: gfortran.dg/namelist_18.f90 -O3 -fomit-frame-pointer -funroll-all-loops -finline-functions execution test
FAIL: gfortran.dg/namelist_18.f90 -O3 -g execution test
FAIL: gfortran.dg/namelist_18.f90 -Os execution test
FAIL: gfortran.dg/namelist_19.f90 -O0 execution test
FAIL: gfortran.dg/namelist_19.f90 -O1 execution test
FAIL: gfortran.dg/namelist_19.f90 -O2 execution test
FAIL: gfortran.dg/namelist_19.f90 -O3 -fomit-frame-pointer execution test
FAIL: gfortran.dg/namelist_19.f90 -O3 -fomit-frame-pointer -funroll-loops execution test
FAIL: gfortran.dg/namelist_19.f90 -O3 -fomit-frame-pointer -funroll-all-loops -finline-functions execution test
FAIL: gfortran.dg/namelist_19.f90 -O3 -g execution test
FAIL: gfortran.dg/namelist_19.f90 -Os execution test
FAIL: gfortran.dg/namelist_20.f90 -O0 execution test
FAIL: gfortran.dg/namelist_20.f90 -O1 execution test
FAIL: gfortran.dg/namelist_20.f90 -O2 execution test
FAIL: gfortran.dg/namelist_20.f90 -O3 -fomit-frame-pointer execution test
FAIL: gfortran.dg/namelist_20.f90 -O3 -fomit-frame-pointer -funroll-loops execution test
FAIL: gfortran.dg/namelist_20.f90 -O3 -fomit-frame-pointer -funroll-all-loops -finline-functions execution test
FAIL: gfortran.dg/namelist_20.f90 -O3 -g execution test
FAIL: gfortran.dg/namelist_20.f90 -Os execution test
FAIL: gfortran.dg/namelist_21.f90 -O0 execution test
FAIL: gfortran.dg/namelist_21.f90 -O1 execution test
FAIL: gfortran.dg/namelist_21.f90 -O2 execution test
FAIL: gfortran.dg/namelist_21.f90 -O3 -fomit-frame-pointer execution test
FAIL: gfortran.dg/namelist_21.f90 -O3 -fomit-frame-pointer -funroll-loops execution test
FAIL: gfortran.dg/namelist_21.f90 -O3 -fomit-frame-pointer -funroll-all-loops -finline-functions execution test
FAIL: gfortran.dg/namelist_21.f90 -O3 -g execution test
FAIL: gfortran.dg/namelist_21.f90 -Os execution test
FAIL: gfortran.dg/namelist_22.f90 -O0 execution test
FAIL: gfortran.dg/namelist_22.f90 -O1 execution test
FAIL: gfortran.dg/namelist_22.f90 -O2 execution test
FAIL: gfortran.dg/namelist_22.f90 -O3 -fomit-frame-pointer execution test
FAIL: gfortran.dg/namelist_22.f90 -O3 -fomit-frame-pointer -funroll-loops execution test
FAIL: gfortran.dg/namelist_22.f90 -O3 -fomit-frame-pointer -funroll-all-loops -finline-functions execution test
FAIL: gfortran.dg/namelist_22.f90 -O3 -g execution test
FAIL: gfortran.dg/namelist_22.f90 -Os execution test
FAIL: gfortran.dg/namelist_23.f90 -O0 execution test
FAIL: gfortran.dg/namelist_23.f90 -O1 execution test
FAIL: gfortran.dg/namelist_23.f90 -O2 execution test
FAIL: gfortran.dg/namelist_23.f90 -O3 -fomit-frame-pointer execution test
FAIL: gfortran.dg/namelist_23.f90 -O3 -fomit-frame-pointer -funroll-loops execution test
FAIL: gfortran.dg/namelist_23.f90 -O3 -fomit-frame-pointer -funroll-all-loops -finline-functions execution test
FAIL: gfortran.dg/namelist_23.f90 -O3 -g execution test
FAIL: gfortran.dg/namelist_23.f90 -Os execution test
FAIL: gfortran.dg/namelist_24.f90 -O0 execution test
FAIL: gfortran.dg/namelist_24.f90 -O1 execution test
FAIL: gfortran.dg/namelist_24.f90 -O2 execution test
FAIL: gfortran.dg/namelist_24.f90 -O3 -fomit-frame-pointer execution test
FAIL: gfortran.dg/namelist_24.f90 -O3 -fomit-frame-pointer -funroll-loops execution test
FAIL: gfortran.dg/namelist_24.f90 -O3 -fomit-frame-pointer -funroll-all-loops -finline-functions execution test
FAIL: gfortran.dg/namelist_24.f90 -O3 -g execution test
FAIL: gfortran.dg/namelist_24.f90 -Os execution test
FAIL: gfortran.dg/namelist_26.f90 -O0 execution test
FAIL: gfortran.dg/namelist_26.f90 -O1 execution test
FAIL: gfortran.dg/namelist_26.f90 -O2 execution test
FAIL: gfortran.dg/namelist_26.f90 -O3 -fomit-frame-pointer execution test
FAIL: gfortran.dg/namelist_26.f90 -O3 -fomit-frame-pointer -funroll-loops execution test
FAIL: gfortran.dg/namelist_26.f90 -O3 -fomit-frame-pointer -funroll-all-loops -finline-functions execution test
FAIL: gfortran.dg/namelist_26.f90 -O3 -g execution test
FAIL: gfortran.dg/namelist_26.f90 -Os execution test
FAIL: gfortran.dg/namelist_27.f90 -O0 execution test
FAIL: gfortran.dg/namelist_27.f90 -O1 execution test
FAIL: gfortran.dg/namelist_27.f90 -O2 execution test
FAIL: gfortran.dg/namelist_27.f90 -O3 -fomit-frame-pointer execution test
FAIL: gfortran.dg/namelist_27.f90 -O3 -fomit-frame-pointer -funroll-loops execution test
FAIL: gfortran.dg/namelist_27.f90 -O3 -fomit-frame-pointer -funroll-all-loops -finline-functions execution test
FAIL: gfortran.dg/namelist_27.f90 -O3 -g execution test
FAIL: gfortran.dg/namelist_27.f90 -Os execution test
FAIL: gfortran.dg/namelist_28.f90 -O0 execution test
FAIL: gfortran.dg/namelist_28.f90 -O1 execution test
FAIL: gfortran.dg/namelist_28.f90 -O2 execution test
FAIL: gfortran.dg/namelist_28.f90 -O3 -fomit-frame-pointer execution test
FAIL: gfortran.dg/namelist_28.f90 -O3 -fomit-frame-pointer -funroll-loops execution test
FAIL: gfortran.dg/namelist_28.f90 -O3 -fomit-frame-pointer -funroll-all-loops -finline-functions execution test
FAIL: gfortran.dg/namelist_28.f90 -O3 -g execution test
FAIL: gfortran.dg/namelist_28.f90 -Os execution test
FAIL: gfortran.dg/namelist_37.f90 -O0 execution test
FAIL: gfortran.dg/namelist_37.f90 -O1 execution test
FAIL: gfortran.dg/namelist_37.f90 -O2 execution test
FAIL: gfortran.dg/namelist_37.f90 -O3 -fomit-frame-pointer execution test
FAIL: gfortran.dg/namelist_37.f90 -O3 -fomit-frame-pointer -funroll-loops execution test
FAIL: gfortran.dg/namelist_37.f90 -O3 -fomit-frame-pointer -funroll-all-loops -finline-functions execution test
FAIL: gfortran.dg/namelist_37.f90 -O3 -g execution test
FAIL: gfortran.dg/namelist_37.f90 -Os execution test
FAIL: gfortran.dg/namelist_38.f90 -O0 execution test
FAIL: gfortran.dg/namelist_38.f90 -O1 execution test
FAIL: gfortran.dg/namelist_38.f90 -O2 execution test
FAIL: gfortran.dg/namelist_38.f90 -O3 -fomit-frame-pointer execution test
FAIL: gfortran.dg/namelist_38.f90 -O3 -fomit-frame-pointer -funroll-loops execution test
FAIL: gfortran.dg/namelist_38.f90 -O3 -fomit-frame-pointer -funroll-all-loops -finline-functions execution test
FAIL: gfortran.dg/namelist_38.f90 -O3 -g execution test
FAIL: gfortran.dg/namelist_38.f90 -Os execution test
FAIL: gfortran.dg/namelist_39.f90 -O0 execution test
FAIL: gfortran.dg/namelist_39.f90 -O1 execution test
FAIL: gfortran.dg/namelist_39.f90 -O2 execution test
FAIL: gfortran.dg/namelist_39.f90 -O3 -fomit-frame-pointer execution test
FAIL: gfortran.dg/namelist_39.f90 -O3 -fomit-frame-pointer -funroll-loops execution test
FAIL: gfortran.dg/namelist_39.f90 -O3 -fomit-frame-pointer -funroll-all-loops -finline-functions execution test
FAIL: gfortran.dg/namelist_39.f90 -O3 -g execution test
FAIL: gfortran.dg/namelist_39.f90 -Os execution test
FAIL: gfortran.dg/namelist_40.f90 -O0 execution test
FAIL: gfortran.dg/namelist_40.f90 -O1 execution test
FAIL: gfortran.dg/namelist_40.f90 -O2 execution test
FAIL: gfortran.dg/namelist_40.f90 -O3 -fomit-frame-pointer execution test
FAIL: gfortran.dg/namelist_40.f90 -O3 -fomit-frame-pointer -funroll-loops execution test
FAIL: gfortran.dg/namelist_40.f90 -O3 -fomit-frame-pointer -funroll-all-loops -finline-functions execution test
FAIL: gfortran.dg/namelist_40.f90 -O3 -g execution test
FAIL: gfortran.dg/namelist_40.f90 -Os execution test
FAIL: gfortran.dg/namelist_41.f90 -O0 execution test
FAIL: gfortran.dg/namelist_41.f90 -O1 execution test
FAIL: gfortran.dg/namelist_41.f90 -O2 execution test
FAIL: gfortran.dg/namelist_41.f90 -O3 -fomit-frame-pointer execution test
FAIL: gfortran.dg/namelist_41.f90 -O3 -fomit-frame-pointer -funroll-loops execution test
FAIL: gfortran.dg/namelist_41.f90 -O3 -fomit-frame-pointer -funroll-all-loops -finline-functions execution test
FAIL: gfortran.dg/namelist_41.f90 -O3 -g execution test
FAIL: gfortran.dg/namelist_41.f90 -Os execution test
FAIL: gfortran.dg/namelist_42.f90 -O0 execution test
FAIL: gfortran.dg/namelist_42.f90 -O1 execution test
FAIL: gfortran.dg/namelist_42.f90 -O2 execution test
FAIL: gfortran.dg/namelist_42.f90 -O3 -fomit-frame-pointer execution test
FAIL: gfortran.dg/namelist_42.f90 -O3 -fomit-frame-pointer -funroll-loops execution test
FAIL: gfortran.dg/namelist_42.f90 -O3 -fomit-frame-pointer -funroll-all-loops -finline-functions execution test
FAIL: gfortran.dg/namelist_42.f90 -O3 -g execution test
FAIL: gfortran.dg/namelist_42.f90 -Os execution test
FAIL: gfortran.dg/namelist_43.f90 -O0 execution test
FAIL: gfortran.dg/namelist_43.f90 -O1 execution test
FAIL: gfortran.dg/namelist_43.f90 -O2 execution test
FAIL: gfortran.dg/namelist_43.f90 -O3 -fomit-frame-pointer execution test
FAIL: gfortran.dg/namelist_43.f90 -O3 -fomit-frame-pointer -funroll-loops execution test
FAIL: gfortran.dg/namelist_43.f90 -O3 -fomit-frame-pointer -funroll-all-loops -finline-functions execution test
FAIL: gfortran.dg/namelist_43.f90 -O3 -g execution test
FAIL: gfortran.dg/namelist_43.f90 -Os execution test
FAIL: gfortran.dg/namelist_47.f90 -O0 execution test
FAIL: gfortran.dg/namelist_47.f90 -O1 execution test
FAIL: gfortran.dg/namelist_47.f90 -O2 execution test
FAIL: gfortran.dg/namelist_47.f90 -O3 -fomit-frame-pointer execution test
FAIL: gfortran.dg/namelist_47.f90 -O3 -fomit-frame-pointer -funroll-loops execution test
FAIL: gfortran.dg/namelist_47.f90 -O3 -fomit-frame-pointer -funroll-all-loops -finline-functions execution test
FAIL: gfortran.dg/namelist_47.f90 -O3 -g execution test
FAIL: gfortran.dg/namelist_47.f90 -Os execution test
FAIL: gfortran.dg/namelist_48.f90 -O0 execution test
FAIL: gfortran.dg/namelist_48.f90 -O1 execution test
FAIL: gfortran.dg/namelist_48.f90 -O2 execution test
FAIL: gfortran.dg/namelist_48.f90 -O3 -fomit-frame-pointer execution test
FAIL: gfortran.dg/namelist_48.f90 -O3 -fomit-frame-pointer -funroll-loops execution test
FAIL: gfortran.dg/namelist_48.f90 -O3 -fomit-frame-pointer -funroll-all-loops -finline-functions execution test
FAIL: gfortran.dg/namelist_48.f90 -O3 -g execution test
FAIL: gfortran.dg/namelist_48.f90 -Os execution test
FAIL: gfortran.dg/namelist_49.f90 -O0 execution test
FAIL: gfortran.dg/namelist_49.f90 -O1 execution test
FAIL: gfortran.dg/namelist_49.f90 -O2 execution test
FAIL: gfortran.dg/namelist_49.f90 -O3 -fomit-frame-pointer execution test
FAIL: gfortran.dg/namelist_49.f90 -O3 -fomit-frame-pointer -funroll-loops execution test
FAIL: gfortran.dg/namelist_49.f90 -O3 -fomit-frame-pointer -funroll-all-loops -finline-functions execution test
FAIL: gfortran.dg/namelist_49.f90 -O3 -g execution test
FAIL: gfortran.dg/namelist_49.f90 -Os execution test
FAIL: gfortran.dg/namelist_50.f90 -O0 execution test
FAIL: gfortran.dg/namelist_50.f90 -O1 execution test
FAIL: gfortran.dg/namelist_50.f90 -O2 execution test
FAIL: gfortran.dg/namelist_50.f90 -O3 -fomit-frame-pointer execution test
FAIL: gfortran.dg/namelist_50.f90 -O3 -fomit-frame-pointer -funroll-loops execution test
FAIL: gfortran.dg/namelist_50.f90 -O3 -fomit-frame-pointer -funroll-all-loops -finline-functions execution test
FAIL: gfortran.dg/namelist_50.f90 -O3 -g execution test
FAIL: gfortran.dg/namelist_50.f90 -Os execution test
FAIL: gfortran.dg/namelist_51.f90 -O0 execution test
FAIL: gfortran.dg/namelist_51.f90 -O1 execution test
FAIL: gfortran.dg/namelist_51.f90 -O2 execution test
FAIL: gfortran.dg/namelist_51.f90 -O3 -fomit-frame-pointer execution test
FAIL: gfortran.dg/namelist_51.f90 -O3 -fomit-frame-pointer -funroll-loops execution test
FAIL: gfortran.dg/namelist_51.f90 -O3 -fomit-frame-pointer -funroll-all-loops -finline-functions execution test
FAIL: gfortran.dg/namelist_51.f90 -O3 -g execution test
FAIL: gfortran.dg/namelist_51.f90 -Os execution test
FAIL: gfortran.dg/namelist_52.f90 -O0 execution test
FAIL: gfortran.dg/namelist_52.f90 -O1 execution test
FAIL: gfortran.dg/namelist_52.f90 -O2 execution test
FAIL: gfortran.dg/namelist_52.f90 -O3 -fomit-frame-pointer execution test
FAIL: gfortran.dg/namelist_52.f90 -O3 -fomit-frame-pointer -funroll-loops execution test
FAIL: gfortran.dg/namelist_52.f90 -O3 -fomit-frame-pointer -funroll-all-loops -finline-functions execution test
FAIL: gfortran.dg/namelist_52.f90 -O3 -g execution test
FAIL: gfortran.dg/namelist_52.f90 -Os execution test
FAIL: gfortran.dg/namelist_56.f90 -O0 execution test
FAIL: gfortran.dg/namelist_56.f90 -O1 execution test
FAIL: gfortran.dg/namelist_56.f90 -O2 execution test
FAIL: gfortran.dg/namelist_56.f90 -O3 -fomit-frame-pointer execution test
FAIL: gfortran.dg/namelist_56.f90 -O3 -fomit-frame-pointer -funroll-loops execution test
FAIL: gfortran.dg/namelist_56.f90 -O3 -fomit-frame-pointer -funroll-all-loops -finline-functions execution test
FAIL: gfortran.dg/namelist_56.f90 -O3 -g execution test
FAIL: gfortran.dg/namelist_56.f90 -Os execution test
FAIL: gfortran.dg/namelist_58.f90 -O0 execution test
FAIL: gfortran.dg/namelist_58.f90 -O1 execution test
FAIL: gfortran.dg/namelist_58.f90 -O2 execution test
FAIL: gfortran.dg/namelist_58.f90 -O3 -fomit-frame-pointer execution test
FAIL: gfortran.dg/namelist_58.f90 -O3 -fomit-frame-pointer -funroll-loops execution test
FAIL: gfortran.dg/namelist_58.f90 -O3 -fomit-frame-pointer -funroll-all-loops -finline-functions execution test
FAIL: gfortran.dg/namelist_58.f90 -O3 -g execution test
FAIL: gfortran.dg/namelist_58.f90 -Os execution test
FAIL: gfortran.dg/namelist_60.f90 -O0 execution test
FAIL: gfortran.dg/namelist_60.f90 -O1 execution test
FAIL: gfortran.dg/namelist_60.f90 -O2 execution test
FAIL: gfortran.dg/namelist_60.f90 -O3 -fomit-frame-pointer execution test
FAIL: gfortran.dg/namelist_60.f90 -O3 -fomit-frame-pointer -funroll-loops execution test
FAIL: gfortran.dg/namelist_60.f90 -O3 -fomit-frame-pointer -funroll-all-loops -finline-functions execution test
FAIL: gfortran.dg/namelist_60.f90 -O3 -g execution test
FAIL: gfortran.dg/namelist_60.f90 -Os execution test
FAIL: gfortran.dg/namelist_64.f90 -O0 execution test
FAIL: gfortran.dg/namelist_64.f90 -O1 execution test
FAIL: gfortran.dg/namelist_64.f90 -O2 execution test
FAIL: gfortran.dg/namelist_64.f90 -O3 -fomit-frame-pointer execution test
FAIL: gfortran.dg/namelist_64.f90 -O3 -fomit-frame-pointer -funroll-loops execution test
FAIL: gfortran.dg/namelist_64.f90 -O3 -fomit-frame-pointer -funroll-all-loops -finline-functions execution test
FAIL: gfortran.dg/namelist_64.f90 -O3 -g execution test
FAIL: gfortran.dg/namelist_64.f90 -Os execution test
FAIL: gfortran.dg/namelist_68.f90 -O0 execution test
FAIL: gfortran.dg/namelist_68.f90 -O1 execution test
FAIL: gfortran.dg/namelist_68.f90 -O2 execution test
FAIL: gfortran.dg/namelist_68.f90 -O3 -fomit-frame-pointer execution test
FAIL: gfortran.dg/namelist_68.f90 -O3 -fomit-frame-pointer -funroll-loops execution test
FAIL: gfortran.dg/namelist_68.f90 -O3 -fomit-frame-pointer -funroll-all-loops -finline-functions execution test
FAIL: gfortran.dg/namelist_68.f90 -O3 -g execution test
FAIL: gfortran.dg/namelist_68.f90 -Os execution test
FAIL: gfortran.dg/namelist_71.f90 -O0 execution test
FAIL: gfortran.dg/namelist_71.f90 -O1 execution test
FAIL: gfortran.dg/namelist_71.f90 -O2 execution test
FAIL: gfortran.dg/namelist_71.f90 -O3 -fomit-frame-pointer execution test
FAIL: gfortran.dg/namelist_71.f90 -O3 -fomit-frame-pointer -funroll-loops execution test
FAIL: gfortran.dg/namelist_71.f90 -O3 -fomit-frame-pointer -funroll-all-loops -finline-functions execution test
FAIL: gfortran.dg/namelist_71.f90 -O3 -g execution test
FAIL: gfortran.dg/namelist_71.f90 -Os execution test
FAIL: gfortran.dg/namelist_73.f90 -O0 execution test
FAIL: gfortran.dg/namelist_73.f90 -O1 execution test
FAIL: gfortran.dg/namelist_73.f90 -O2 execution test
FAIL: gfortran.dg/namelist_73.f90 -O3 -fomit-frame-pointer execution test
FAIL: gfortran.dg/namelist_73.f90 -O3 -fomit-frame-pointer -funroll-loops execution test
FAIL: gfortran.dg/namelist_73.f90 -O3 -fomit-frame-pointer -funroll-all-loops -finline-functions execution test
FAIL: gfortran.dg/namelist_73.f90 -O3 -g execution test
FAIL: gfortran.dg/namelist_73.f90 -Os execution test
FAIL: gfortran.dg/namelist_77.f90 -O0 execution test
FAIL: gfortran.dg/namelist_77.f90 -O1 execution test
FAIL: gfortran.dg/namelist_77.f90 -O2 execution test
FAIL: gfortran.dg/namelist_77.f90 -O3 -fomit-frame-pointer execution test
FAIL: gfortran.dg/namelist_77.f90 -O3 -fomit-frame-pointer -funroll-loops execution test
FAIL: gfortran.dg/namelist_77.f90 -O3 -fomit-frame-pointer -funroll-all-loops -finline-functions execution test
FAIL: gfortran.dg/namelist_77.f90 -O3 -g execution test
FAIL: gfortran.dg/namelist_77.f90 -Os execution test
FAIL: gfortran.dg/namelist_78.f90 -O0 execution test
FAIL: gfortran.dg/namelist_78.f90 -O1 execution test
FAIL: gfortran.dg/namelist_78.f90 -O2 execution test
FAIL: gfortran.dg/namelist_78.f90 -O3 -fomit-frame-pointer execution test
FAIL: gfortran.dg/namelist_78.f90 -O3 -fomit-frame-pointer -funroll-loops execution test
FAIL: gfortran.dg/namelist_78.f90 -O3 -fomit-frame-pointer -funroll-all-loops -finline-functions execution test
FAIL: gfortran.dg/namelist_78.f90 -O3 -g execution test
FAIL: gfortran.dg/namelist_78.f90 -Os execution test
FAIL: gfortran.dg/namelist_79.f90 -O0 execution test
FAIL: gfortran.dg/namelist_79.f90 -O1 execution test
FAIL: gfortran.dg/namelist_79.f90 -O2 execution test
FAIL: gfortran.dg/namelist_79.f90 -O3 -fomit-frame-pointer execution test
FAIL: gfortran.dg/namelist_79.f90 -O3 -fomit-frame-pointer -funroll-loops execution test
FAIL: gfortran.dg/namelist_79.f90 -O3 -fomit-frame-pointer -funroll-all-loops -finline-functions execution test
FAIL: gfortran.dg/namelist_79.f90 -O3 -g execution test
FAIL: gfortran.dg/namelist_79.f90 -Os execution test
FAIL: gfortran.dg/namelist_80.f90 -O0 execution test
FAIL: gfortran.dg/namelist_80.f90 -O1 execution test
FAIL: gfortran.dg/namelist_80.f90 -O2 execution test
FAIL: gfortran.dg/namelist_80.f90 -O3 -fomit-frame-pointer execution test
FAIL: gfortran.dg/namelist_80.f90 -O3 -fomit-frame-pointer -funroll-loops execution test
FAIL: gfortran.dg/namelist_80.f90 -O3 -fomit-frame-pointer -funroll-all-loops -finline-functions execution test
FAIL: gfortran.dg/namelist_80.f90 -O3 -g execution test
FAIL: gfortran.dg/namelist_80.f90 -Os execution test
FAIL: gfortran.dg/namelist_81.f90 -O0 execution test
FAIL: gfortran.dg/namelist_81.f90 -O1 execution test
FAIL: gfortran.dg/namelist_81.f90 -O2 execution test
FAIL: gfortran.dg/namelist_81.f90 -O3 -fomit-frame-pointer execution test
FAIL: gfortran.dg/namelist_81.f90 -O3 -fomit-frame-pointer -funroll-loops execution test
FAIL: gfortran.dg/namelist_81.f90 -O3 -fomit-frame-pointer -funroll-all-loops -finline-functions execution test
FAIL: gfortran.dg/namelist_81.f90 -O3 -g execution test
FAIL: gfortran.dg/namelist_81.f90 -Os execution test
FAIL: gfortran.dg/namelist_char_only.f90 -O0 execution test
FAIL: gfortran.dg/namelist_char_only.f90 -O1 execution test
FAIL: gfortran.dg/namelist_char_only.f90 -O2 execution test
FAIL: gfortran.dg/namelist_char_only.f90 -O3 -fomit-frame-pointer execution test
FAIL: gfortran.dg/namelist_char_only.f90 -O3 -fomit-frame-pointer -funroll-loops execution test
FAIL: gfortran.dg/namelist_char_only.f90 -O3 -fomit-frame-pointer -funroll-all-loops -finline-functions execution test
FAIL: gfortran.dg/namelist_char_only.f90 -O3 -g execution test
FAIL: gfortran.dg/namelist_char_only.f90 -Os execution test
FAIL: gfortran.dg/namelist_use.f90 -O0 execution test
FAIL: gfortran.dg/namelist_use.f90 -O1 execution test
FAIL: gfortran.dg/namelist_use.f90 -O2 execution test
FAIL: gfortran.dg/namelist_use.f90 -O3 -fomit-frame-pointer execution test
FAIL: gfortran.dg/namelist_use.f90 -O3 -fomit-frame-pointer -funroll-loops execution test
FAIL: gfortran.dg/namelist_use.f90 -O3 -fomit-frame-pointer -funroll-all-loops -finline-functions execution test
FAIL: gfortran.dg/namelist_use.f90 -O3 -g execution test
FAIL: gfortran.dg/namelist_use.f90 -Os execution test
FAIL: gfortran.dg/namelist_use_only.f90 -O0 execution test
FAIL: gfortran.dg/namelist_use_only.f90 -O1 execution test
FAIL: gfortran.dg/namelist_use_only.f90 -O2 execution test
FAIL: gfortran.dg/namelist_use_only.f90 -O3 -fomit-frame-pointer execution test
FAIL: gfortran.dg/namelist_use_only.f90 -O3 -fomit-frame-pointer -funroll-loops execution test
FAIL: gfortran.dg/namelist_use_only.f90 -O3 -fomit-frame-pointer -funroll-all-loops -finline-functions execution test
FAIL: gfortran.dg/namelist_use_only.f90 -O3 -g execution test
FAIL: gfortran.dg/namelist_use_only.f90 -Os execution test
FAIL: gfortran.dg/newunit_1.f90 -O0 execution test
FAIL: gfortran.dg/newunit_1.f90 -O1 execution test
FAIL: gfortran.dg/newunit_1.f90 -O2 execution test
FAIL: gfortran.dg/newunit_1.f90 -O3 -fomit-frame-pointer execution test
FAIL: gfortran.dg/newunit_1.f90 -O3 -fomit-frame-pointer -funroll-loops execution test
FAIL: gfortran.dg/newunit_1.f90 -O3 -fomit-frame-pointer -funroll-all-loops -finline-functions execution test
FAIL: gfortran.dg/newunit_1.f90 -O3 -g execution test
FAIL: gfortran.dg/newunit_1.f90 -Os execution test
FAIL: gfortran.dg/noadv_size.f90 -O0 execution test
FAIL: gfortran.dg/noadv_size.f90 -O1 execution test
FAIL: gfortran.dg/noadv_size.f90 -O2 execution test
FAIL: gfortran.dg/noadv_size.f90 -O3 -fomit-frame-pointer execution test
FAIL: gfortran.dg/noadv_size.f90 -O3 -fomit-frame-pointer -funroll-loops execution test
FAIL: gfortran.dg/noadv_size.f90 -O3 -fomit-frame-pointer -funroll-all-loops -finline-functions execution test
FAIL: gfortran.dg/noadv_size.f90 -O3 -g execution test
FAIL: gfortran.dg/noadv_size.f90 -Os execution test
FAIL: gfortran.dg/open-options-blanks.f -O0 execution test
FAIL: gfortran.dg/open-options-blanks.f -O1 execution test
FAIL: gfortran.dg/open-options-blanks.f -O2 execution test
FAIL: gfortran.dg/open-options-blanks.f -O3 -fomit-frame-pointer execution test
FAIL: gfortran.dg/open-options-blanks.f -O3 -fomit-frame-pointer -funroll-loops execution test
FAIL: gfortran.dg/open-options-blanks.f -O3 -fomit-frame-pointer -funroll-all-loops -finline-functions execution test
FAIL: gfortran.dg/open-options-blanks.f -O3 -g execution test
FAIL: gfortran.dg/open-options-blanks.f -Os execution test
FAIL: gfortran.dg/open_status_3.f90 -O0 execution test
FAIL: gfortran.dg/open_status_3.f90 -O1 execution test
FAIL: gfortran.dg/open_status_3.f90 -O2 execution test
FAIL: gfortran.dg/open_status_3.f90 -O3 -fomit-frame-pointer execution test
FAIL: gfortran.dg/open_status_3.f90 -O3 -fomit-frame-pointer -funroll-loops execution test
FAIL: gfortran.dg/open_status_3.f90 -O3 -fomit-frame-pointer -funroll-all-loops -finline-functions execution test
FAIL: gfortran.dg/open_status_3.f90 -O3 -g execution test
FAIL: gfortran.dg/open_status_3.f90 -Os execution test
FAIL: gfortran.dg/pad_no.f90 -O0 execution test
FAIL: gfortran.dg/pad_no.f90 -O1 execution test
FAIL: gfortran.dg/pad_no.f90 -O2 execution test
FAIL: gfortran.dg/pad_no.f90 -O3 -fomit-frame-pointer execution test
FAIL: gfortran.dg/pad_no.f90 -O3 -fomit-frame-pointer -funroll-loops execution test
FAIL: gfortran.dg/pad_no.f90 -O3 -fomit-frame-pointer -funroll-all-loops -finline-functions execution test
FAIL: gfortran.dg/pad_no.f90 -O3 -g execution test
FAIL: gfortran.dg/pad_no.f90 -Os execution test
FAIL: gfortran.dg/pr12884.f -O0 execution test
FAIL: gfortran.dg/pr12884.f -O1 execution test
FAIL: gfortran.dg/pr12884.f -O2 execution test
FAIL: gfortran.dg/pr12884.f -O3 -fomit-frame-pointer execution test
FAIL: gfortran.dg/pr12884.f -O3 -fomit-frame-pointer -funroll-loops execution test
FAIL: gfortran.dg/pr12884.f -O3 -fomit-frame-pointer -funroll-all-loops -finline-functions execution test
FAIL: gfortran.dg/pr12884.f -O3 -g execution test
FAIL: gfortran.dg/pr12884.f -Os execution test
FAIL: gfortran.dg/pr16597.f90 -O0 execution test
FAIL: gfortran.dg/pr16597.f90 -O1 execution test
FAIL: gfortran.dg/pr16597.f90 -O2 execution test
FAIL: gfortran.dg/pr16597.f90 -O3 -fomit-frame-pointer execution test
FAIL: gfortran.dg/pr16597.f90 -O3 -fomit-frame-pointer -funroll-loops execution test
FAIL: gfortran.dg/pr16597.f90 -O3 -fomit-frame-pointer -funroll-all-loops -finline-functions execution test
FAIL: gfortran.dg/pr16597.f90 -O3 -g execution test
FAIL: gfortran.dg/pr16597.f90 -Os execution test
FAIL: gfortran.dg/pr17090.f90 -O0 execution test
FAIL: gfortran.dg/pr17090.f90 -O1 execution test
FAIL: gfortran.dg/pr17090.f90 -O2 execution test
FAIL: gfortran.dg/pr17090.f90 -O3 -fomit-frame-pointer execution test
FAIL: gfortran.dg/pr17090.f90 -O3 -fomit-frame-pointer -funroll-loops execution test
FAIL: gfortran.dg/pr17090.f90 -O3 -fomit-frame-pointer -funroll-all-loops -finline-functions execution test
FAIL: gfortran.dg/pr17090.f90 -O3 -g execution test
FAIL: gfortran.dg/pr17090.f90 -Os execution test
FAIL: gfortran.dg/pr17285.f90 -O0 execution test
FAIL: gfortran.dg/pr17285.f90 -O1 execution test
FAIL: gfortran.dg/pr17285.f90 -O2 execution test
FAIL: gfortran.dg/pr17285.f90 -O3 -fomit-frame-pointer execution test
FAIL: gfortran.dg/pr17285.f90 -O3 -fomit-frame-pointer -funroll-loops execution test
FAIL: gfortran.dg/pr17285.f90 -O3 -fomit-frame-pointer -funroll-all-loops -finline-functions execution test
FAIL: gfortran.dg/pr17285.f90 -O3 -g execution test
FAIL: gfortran.dg/pr17285.f90 -Os execution test
FAIL: gfortran.dg/pr17286.f90 -O0 execution test
FAIL: gfortran.dg/pr17286.f90 -O1 execution test
FAIL: gfortran.dg/pr17286.f90 -O2 execution test
FAIL: gfortran.dg/pr17286.f90 -O3 -fomit-frame-pointer execution test
FAIL: gfortran.dg/pr17286.f90 -O3 -fomit-frame-pointer -funroll-loops execution test
FAIL: gfortran.dg/pr17286.f90 -O3 -fomit-frame-pointer -funroll-all-loops -finline-functions execution test
FAIL: gfortran.dg/pr17286.f90 -O3 -g execution test
FAIL: gfortran.dg/pr17286.f90 -Os execution test
FAIL: gfortran.dg/pr18122.f90 -O0 execution test
FAIL: gfortran.dg/pr18122.f90 -O1 execution test
FAIL: gfortran.dg/pr18122.f90 -O2 execution test
FAIL: gfortran.dg/pr18122.f90 -O3 -fomit-frame-pointer execution test
FAIL: gfortran.dg/pr18122.f90 -O3 -fomit-frame-pointer -funroll-loops execution test
FAIL: gfortran.dg/pr18122.f90 -O3 -fomit-frame-pointer -funroll-all-loops -finline-functions execution test
FAIL: gfortran.dg/pr18122.f90 -O3 -g execution test
FAIL: gfortran.dg/pr18122.f90 -Os execution test
FAIL: gfortran.dg/pr18210.f90 -O0 execution test
FAIL: gfortran.dg/pr18210.f90 -O1 execution test
FAIL: gfortran.dg/pr18210.f90 -O2 execution test
FAIL: gfortran.dg/pr18210.f90 -O3 -fomit-frame-pointer execution test
FAIL: gfortran.dg/pr18210.f90 -O3 -fomit-frame-pointer -funroll-loops execution test
FAIL: gfortran.dg/pr18210.f90 -O3 -fomit-frame-pointer -funroll-all-loops -finline-functions execution test
FAIL: gfortran.dg/pr18210.f90 -O3 -g execution test
FAIL: gfortran.dg/pr18210.f90 -Os execution test
FAIL: gfortran.dg/pr18392.f90 -O0 execution test
FAIL: gfortran.dg/pr18392.f90 -O1 execution test
FAIL: gfortran.dg/pr18392.f90 -O2 execution test
FAIL: gfortran.dg/pr18392.f90 -O3 -fomit-frame-pointer execution test
FAIL: gfortran.dg/pr18392.f90 -O3 -fomit-frame-pointer -funroll-loops execution test
FAIL: gfortran.dg/pr18392.f90 -O3 -fomit-frame-pointer -funroll-all-loops -finline-functions execution test
FAIL: gfortran.dg/pr18392.f90 -O3 -g execution test
FAIL: gfortran.dg/pr18392.f90 -Os execution test
FAIL: gfortran.dg/pr19155.f -O0 execution test
FAIL: gfortran.dg/pr19155.f -O1 execution test
FAIL: gfortran.dg/pr19155.f -O2 execution test
FAIL: gfortran.dg/pr19155.f -O3 -fomit-frame-pointer execution test
FAIL: gfortran.dg/pr19155.f -O3 -fomit-frame-pointer -funroll-loops execution test
FAIL: gfortran.dg/pr19155.f -O3 -fomit-frame-pointer -funroll-all-loops -finline-functions execution test
FAIL: gfortran.dg/pr19155.f -O3 -g execution test
FAIL: gfortran.dg/pr19155.f -Os execution test
FAIL: gfortran.dg/pr19216.f -O0 execution test
FAIL: gfortran.dg/pr19216.f -O1 execution test
FAIL: gfortran.dg/pr19216.f -O2 execution test
FAIL: gfortran.dg/pr19216.f -O3 -fomit-frame-pointer execution test
FAIL: gfortran.dg/pr19216.f -O3 -fomit-frame-pointer -funroll-loops execution test
FAIL: gfortran.dg/pr19216.f -O3 -fomit-frame-pointer -funroll-all-loops -finline-functions execution test
FAIL: gfortran.dg/pr19216.f -O3 -g execution test
FAIL: gfortran.dg/pr19216.f -Os execution test
FAIL: gfortran.dg/pr19467.f90 -O0 execution test
FAIL: gfortran.dg/pr19467.f90 -O1 execution test
FAIL: gfortran.dg/pr19467.f90 -O2 execution test
FAIL: gfortran.dg/pr19467.f90 -O3 -fomit-frame-pointer execution test
FAIL: gfortran.dg/pr19467.f90 -O3 -fomit-frame-pointer -funroll-loops execution test
FAIL: gfortran.dg/pr19467.f90 -O3 -fomit-frame-pointer -funroll-all-loops -finline-functions execution test
FAIL: gfortran.dg/pr19467.f90 -O3 -g execution test
FAIL: gfortran.dg/pr19467.f90 -Os execution test
FAIL: gfortran.dg/pr19657.f -O0 execution test
FAIL: gfortran.dg/pr19657.f -O1 execution test
FAIL: gfortran.dg/pr19657.f -O2 execution test
FAIL: gfortran.dg/pr19657.f -O3 -fomit-frame-pointer execution test
FAIL: gfortran.dg/pr19657.f -O3 -fomit-frame-pointer -funroll-loops execution test
FAIL: gfortran.dg/pr19657.f -O3 -fomit-frame-pointer -funroll-all-loops -finline-functions execution test
FAIL: gfortran.dg/pr19657.f -O3 -g execution test
FAIL: gfortran.dg/pr19657.f -Os execution test
FAIL: gfortran.dg/pr20163-2.f -O0 execution test
FAIL: gfortran.dg/pr20163-2.f -O1 execution test
FAIL: gfortran.dg/pr20163-2.f -O2 execution test
FAIL: gfortran.dg/pr20163-2.f -O3 -fomit-frame-pointer execution test
FAIL: gfortran.dg/pr20163-2.f -O3 -fomit-frame-pointer -funroll-loops execution test
FAIL: gfortran.dg/pr20163-2.f -O3 -fomit-frame-pointer -funroll-all-loops -finline-functions execution test
FAIL: gfortran.dg/pr20163-2.f -O3 -g execution test
FAIL: gfortran.dg/pr20163-2.f -Os execution test
FAIL: gfortran.dg/pr20257.f90 -O0 execution test
FAIL: gfortran.dg/pr20257.f90 -O1 execution test
FAIL: gfortran.dg/pr20257.f90 -O2 execution test
FAIL: gfortran.dg/pr20257.f90 -O3 -fomit-frame-pointer execution test
FAIL: gfortran.dg/pr20257.f90 -O3 -fomit-frame-pointer -funroll-loops execution test
FAIL: gfortran.dg/pr20257.f90 -O3 -fomit-frame-pointer -funroll-all-loops -finline-functions execution test
FAIL: gfortran.dg/pr20257.f90 -O3 -g execution test
FAIL: gfortran.dg/pr20257.f90 -Os execution test
FAIL: gfortran.dg/pr49103.f90 -O0 execution test
FAIL: gfortran.dg/pr49103.f90 -O1 execution test
FAIL: gfortran.dg/pr49103.f90 -O2 execution test
FAIL: gfortran.dg/pr49103.f90 -O3 -fomit-frame-pointer execution test
FAIL: gfortran.dg/pr49103.f90 -O3 -fomit-frame-pointer -funroll-loops execution test
FAIL: gfortran.dg/pr49103.f90 -O3 -fomit-frame-pointer -funroll-all-loops -finline-functions execution test
FAIL: gfortran.dg/pr49103.f90 -O3 -g execution test
FAIL: gfortran.dg/pr49103.f90 -Os execution test
FAIL: gfortran.dg/read_bad_advance.f90 -O0 execution test
FAIL: gfortran.dg/read_bad_advance.f90 -O1 execution test
FAIL: gfortran.dg/read_bad_advance.f90 -O2 execution test
FAIL: gfortran.dg/read_bad_advance.f90 -O3 -fomit-frame-pointer execution test
FAIL: gfortran.dg/read_bad_advance.f90 -O3 -fomit-frame-pointer -funroll-loops execution test
FAIL: gfortran.dg/read_bad_advance.f90 -O3 -fomit-frame-pointer -funroll-all-loops -finline-functions execution test
FAIL: gfortran.dg/read_bad_advance.f90 -O3 -g execution test
FAIL: gfortran.dg/read_bad_advance.f90 -Os execution test
FAIL: gfortran.dg/read_comma.f -O0 execution test
FAIL: gfortran.dg/read_comma.f -O1 execution test
FAIL: gfortran.dg/read_comma.f -O2 execution test
FAIL: gfortran.dg/read_comma.f -O3 -fomit-frame-pointer execution test
FAIL: gfortran.dg/read_comma.f -O3 -fomit-frame-pointer -funroll-loops execution test
FAIL: gfortran.dg/read_comma.f -O3 -fomit-frame-pointer -funroll-all-loops -finline-functions execution test
FAIL: gfortran.dg/read_comma.f -O3 -g execution test
FAIL: gfortran.dg/read_comma.f -Os execution test
FAIL: gfortran.dg/read_empty_file.f -O0 execution test
FAIL: gfortran.dg/read_empty_file.f -O1 execution test
FAIL: gfortran.dg/read_empty_file.f -O2 execution test
FAIL: gfortran.dg/read_empty_file.f -O3 -fomit-frame-pointer execution test
FAIL: gfortran.dg/read_empty_file.f -O3 -fomit-frame-pointer -funroll-loops execution test
FAIL: gfortran.dg/read_empty_file.f -O3 -fomit-frame-pointer -funroll-all-loops -finline-functions execution test
FAIL: gfortran.dg/read_empty_file.f -O3 -g execution test
FAIL: gfortran.dg/read_empty_file.f -Os execution test
FAIL: gfortran.dg/read_eof_1.f90 -O0 execution test
FAIL: gfortran.dg/read_eof_1.f90 -O1 execution test
FAIL: gfortran.dg/read_eof_1.f90 -O2 execution test
FAIL: gfortran.dg/read_eof_1.f90 -O3 -fomit-frame-pointer execution test
FAIL: gfortran.dg/read_eof_1.f90 -O3 -fomit-frame-pointer -funroll-loops execution test
FAIL: gfortran.dg/read_eof_1.f90 -O3 -fomit-frame-pointer -funroll-all-loops -finline-functions execution test
FAIL: gfortran.dg/read_eof_1.f90 -O3 -g execution test
FAIL: gfortran.dg/read_eof_1.f90 -Os execution test
FAIL: gfortran.dg/read_eof_2.f90 -O0 execution test
FAIL: gfortran.dg/read_eof_2.f90 -O1 execution test
FAIL: gfortran.dg/read_eof_2.f90 -O2 execution test
FAIL: gfortran.dg/read_eof_2.f90 -O3 -fomit-frame-pointer execution test
FAIL: gfortran.dg/read_eof_2.f90 -O3 -fomit-frame-pointer -funroll-loops execution test
FAIL: gfortran.dg/read_eof_2.f90 -O3 -fomit-frame-pointer -funroll-all-loops -finline-functions execution test
FAIL: gfortran.dg/read_eof_2.f90 -O3 -g execution test
FAIL: gfortran.dg/read_eof_2.f90 -Os execution test
FAIL: gfortran.dg/read_eof_3.f90 -O0 execution test
FAIL: gfortran.dg/read_eof_3.f90 -O1 execution test
FAIL: gfortran.dg/read_eof_3.f90 -O2 execution test
FAIL: gfortran.dg/read_eof_3.f90 -O3 -fomit-frame-pointer execution test
FAIL: gfortran.dg/read_eof_3.f90 -O3 -fomit-frame-pointer -funroll-loops execution test
FAIL: gfortran.dg/read_eof_3.f90 -O3 -fomit-frame-pointer -funroll-all-loops -finline-functions execution test
FAIL: gfortran.dg/read_eof_3.f90 -O3 -g execution test
FAIL: gfortran.dg/read_eof_3.f90 -Os execution test
FAIL: gfortran.dg/read_eof_6.f -O0 execution test
FAIL: gfortran.dg/read_eof_6.f -O1 execution test
FAIL: gfortran.dg/read_eof_6.f -O2 execution test
FAIL: gfortran.dg/read_eof_6.f -O3 -fomit-frame-pointer execution test
FAIL: gfortran.dg/read_eof_6.f -O3 -fomit-frame-pointer -funroll-loops execution test
FAIL: gfortran.dg/read_eof_6.f -O3 -fomit-frame-pointer -funroll-all-loops -finline-functions execution test
FAIL: gfortran.dg/read_eof_6.f -O3 -g execution test
FAIL: gfortran.dg/read_eof_6.f -Os execution test
FAIL: gfortran.dg/read_eof_7.f90 -O0 execution test
FAIL: gfortran.dg/read_eof_7.f90 -O1 execution test
FAIL: gfortran.dg/read_eof_7.f90 -O2 execution test
FAIL: gfortran.dg/read_eof_7.f90 -O3 -fomit-frame-pointer execution test
FAIL: gfortran.dg/read_eof_7.f90 -O3 -fomit-frame-pointer -funroll-loops execution test
FAIL: gfortran.dg/read_eof_7.f90 -O3 -fomit-frame-pointer -funroll-all-loops -finline-functions execution test
FAIL: gfortran.dg/read_eof_7.f90 -O3 -g execution test
FAIL: gfortran.dg/read_eof_7.f90 -Os execution test
FAIL: gfortran.dg/read_infnan_1.f90 -O0 execution test
FAIL: gfortran.dg/read_infnan_1.f90 -O1 execution test
FAIL: gfortran.dg/read_infnan_1.f90 -O2 execution test
FAIL: gfortran.dg/read_infnan_1.f90 -O3 -fomit-frame-pointer execution test
FAIL: gfortran.dg/read_infnan_1.f90 -O3 -fomit-frame-pointer -funroll-loops execution test
FAIL: gfortran.dg/read_infnan_1.f90 -O3 -fomit-frame-pointer -funroll-all-loops -finline-functions execution test
FAIL: gfortran.dg/read_infnan_1.f90 -O3 -g execution test
FAIL: gfortran.dg/read_infnan_1.f90 -Os execution test
FAIL: gfortran.dg/read_noadvance.f90 -O0 execution test
FAIL: gfortran.dg/read_noadvance.f90 -O1 execution test
FAIL: gfortran.dg/read_noadvance.f90 -O2 execution test
FAIL: gfortran.dg/read_noadvance.f90 -O3 -fomit-frame-pointer execution test
FAIL: gfortran.dg/read_noadvance.f90 -O3 -fomit-frame-pointer -funroll-loops execution test
FAIL: gfortran.dg/read_noadvance.f90 -O3 -fomit-frame-pointer -funroll-all-loops -finline-functions execution test
FAIL: gfortran.dg/read_noadvance.f90 -O3 -g execution test
FAIL: gfortran.dg/read_noadvance.f90 -Os execution test
FAIL: gfortran.dg/read_repeat.f90 -O0 execution test
FAIL: gfortran.dg/read_repeat.f90 -O1 execution test
FAIL: gfortran.dg/read_repeat.f90 -O2 execution test
FAIL: gfortran.dg/read_repeat.f90 -O3 -fomit-frame-pointer execution test
FAIL: gfortran.dg/read_repeat.f90 -O3 -fomit-frame-pointer -funroll-loops execution test
FAIL: gfortran.dg/read_repeat.f90 -O3 -fomit-frame-pointer -funroll-all-loops -finline-functions execution test
FAIL: gfortran.dg/read_repeat.f90 -O3 -g execution test
FAIL: gfortran.dg/read_repeat.f90 -Os execution test
FAIL: gfortran.dg/read_repeat_2.f90 -O0 execution test
FAIL: gfortran.dg/read_repeat_2.f90 -O1 execution test
FAIL: gfortran.dg/read_repeat_2.f90 -O2 execution test
FAIL: gfortran.dg/read_repeat_2.f90 -O3 -fomit-frame-pointer execution test
FAIL: gfortran.dg/read_repeat_2.f90 -O3 -fomit-frame-pointer -funroll-loops execution test
FAIL: gfortran.dg/read_repeat_2.f90 -O3 -fomit-frame-pointer -funroll-all-loops -finline-functions execution test
FAIL: gfortran.dg/read_repeat_2.f90 -O3 -g execution test
FAIL: gfortran.dg/read_repeat_2.f90 -Os execution test
FAIL: gfortran.dg/read_size_noadvance.f90 -O0 execution test
FAIL: gfortran.dg/read_size_noadvance.f90 -O1 execution test
FAIL: gfortran.dg/read_size_noadvance.f90 -O2 execution test
FAIL: gfortran.dg/read_size_noadvance.f90 -O3 -fomit-frame-pointer execution test
FAIL: gfortran.dg/read_size_noadvance.f90 -O3 -fomit-frame-pointer -funroll-loops execution test
FAIL: gfortran.dg/read_size_noadvance.f90 -O3 -fomit-frame-pointer -funroll-all-loops -finline-functions execution test
FAIL: gfortran.dg/read_size_noadvance.f90 -O3 -g execution test
FAIL: gfortran.dg/read_size_noadvance.f90 -Os execution test
FAIL: gfortran.dg/read_x_eof.f90 -O0 execution test
FAIL: gfortran.dg/read_x_eof.f90 -O1 execution test
FAIL: gfortran.dg/read_x_eof.f90 -O2 execution test
FAIL: gfortran.dg/read_x_eof.f90 -O3 -fomit-frame-pointer execution test
FAIL: gfortran.dg/read_x_eof.f90 -O3 -fomit-frame-pointer -funroll-loops execution test
FAIL: gfortran.dg/read_x_eof.f90 -O3 -fomit-frame-pointer -funroll-all-loops -finline-functions execution test
FAIL: gfortran.dg/read_x_eof.f90 -O3 -g execution test
FAIL: gfortran.dg/read_x_eof.f90 -Os execution test
FAIL: gfortran.dg/read_x_past.f -O0 execution test
FAIL: gfortran.dg/read_x_past.f -O1 execution test
FAIL: gfortran.dg/read_x_past.f -O2 execution test
FAIL: gfortran.dg/read_x_past.f -O3 -fomit-frame-pointer execution test
FAIL: gfortran.dg/read_x_past.f -O3 -fomit-frame-pointer -funroll-loops execution test
FAIL: gfortran.dg/read_x_past.f -O3 -fomit-frame-pointer -funroll-all-loops -finline-functions execution test
FAIL: gfortran.dg/read_x_past.f -O3 -g execution test
FAIL: gfortran.dg/read_x_past.f -Os execution test
FAIL: gfortran.dg/record_marker_2.f -O0 execution test
FAIL: gfortran.dg/record_marker_2.f -O1 execution test
FAIL: gfortran.dg/record_marker_2.f -O2 execution test
FAIL: gfortran.dg/record_marker_2.f -O3 -fomit-frame-pointer execution test
FAIL: gfortran.dg/record_marker_2.f -O3 -fomit-frame-pointer -funroll-loops execution test
FAIL: gfortran.dg/record_marker_2.f -O3 -fomit-frame-pointer -funroll-all-loops -finline-functions execution test
FAIL: gfortran.dg/record_marker_2.f -O3 -g execution test
FAIL: gfortran.dg/record_marker_2.f -Os execution test
FAIL: gfortran.dg/rewind_1.f90 -O0 execution test
FAIL: gfortran.dg/rewind_1.f90 -O1 execution test
FAIL: gfortran.dg/rewind_1.f90 -O2 execution test
FAIL: gfortran.dg/rewind_1.f90 -O3 -fomit-frame-pointer execution test
FAIL: gfortran.dg/rewind_1.f90 -O3 -fomit-frame-pointer -funroll-loops execution test
FAIL: gfortran.dg/rewind_1.f90 -O3 -fomit-frame-pointer -funroll-all-loops -finline-functions execution test
FAIL: gfortran.dg/rewind_1.f90 -O3 -g execution test
FAIL: gfortran.dg/rewind_1.f90 -Os execution test
FAIL: gfortran.dg/runtime_warning_1.f90 -O0 execution test
FAIL: gfortran.dg/runtime_warning_1.f90 -O1 execution test
FAIL: gfortran.dg/runtime_warning_1.f90 -O2 execution test
FAIL: gfortran.dg/runtime_warning_1.f90 -O3 -fomit-frame-pointer execution test
FAIL: gfortran.dg/runtime_warning_1.f90 -O3 -fomit-frame-pointer -funroll-loops execution test
FAIL: gfortran.dg/runtime_warning_1.f90 -O3 -fomit-frame-pointer -funroll-all-loops -finline-functions execution test
FAIL: gfortran.dg/runtime_warning_1.f90 -O3 -g execution test
FAIL: gfortran.dg/runtime_warning_1.f90 -Os execution test
FAIL: gfortran.dg/scratch_1.f90 -O0 execution test
FAIL: gfortran.dg/scratch_1.f90 -O1 execution test
FAIL: gfortran.dg/scratch_1.f90 -O2 execution test
FAIL: gfortran.dg/scratch_1.f90 -O3 -fomit-frame-pointer execution test
FAIL: gfortran.dg/scratch_1.f90 -O3 -fomit-frame-pointer -funroll-loops execution test
FAIL: gfortran.dg/scratch_1.f90 -O3 -fomit-frame-pointer -funroll-all-loops -finline-functions execution test
FAIL: gfortran.dg/scratch_1.f90 -O3 -g execution test
FAIL: gfortran.dg/scratch_1.f90 -Os execution test
FAIL: gfortran.dg/shape_3.f90 -O0 execution test
FAIL: gfortran.dg/shape_3.f90 -O1 execution test
FAIL: gfortran.dg/shape_3.f90 -O2 execution test
FAIL: gfortran.dg/shape_3.f90 -O3 -fomit-frame-pointer execution test
FAIL: gfortran.dg/shape_3.f90 -O3 -fomit-frame-pointer -funroll-loops execution test
FAIL: gfortran.dg/shape_3.f90 -O3 -fomit-frame-pointer -funroll-all-loops -finline-functions execution test
FAIL: gfortran.dg/shape_3.f90 -O3 -g execution test
FAIL: gfortran.dg/shape_3.f90 -Os execution test
FAIL: gfortran.dg/slash_1.f90 -O0 execution test
FAIL: gfortran.dg/slash_1.f90 -O1 execution test
FAIL: gfortran.dg/slash_1.f90 -O2 execution test
FAIL: gfortran.dg/slash_1.f90 -O3 -fomit-frame-pointer execution test
FAIL: gfortran.dg/slash_1.f90 -O3 -fomit-frame-pointer -funroll-loops execution test
FAIL: gfortran.dg/slash_1.f90 -O3 -fomit-frame-pointer -funroll-all-loops -finline-functions execution test
FAIL: gfortran.dg/slash_1.f90 -O3 -g execution test
FAIL: gfortran.dg/slash_1.f90 -Os execution test
FAIL: gfortran.dg/streamio_11.f90 -O0 execution test
FAIL: gfortran.dg/streamio_11.f90 -O1 execution test
FAIL: gfortran.dg/streamio_11.f90 -O2 execution test
FAIL: gfortran.dg/streamio_11.f90 -O3 -fomit-frame-pointer execution test
FAIL: gfortran.dg/streamio_11.f90 -O3 -fomit-frame-pointer -funroll-loops execution test
FAIL: gfortran.dg/streamio_11.f90 -O3 -fomit-frame-pointer -funroll-all-loops -finline-functions execution test
FAIL: gfortran.dg/streamio_11.f90 -O3 -g execution test
FAIL: gfortran.dg/streamio_11.f90 -Os execution test
FAIL: gfortran.dg/streamio_13.f90 -O0 execution test
FAIL: gfortran.dg/streamio_13.f90 -O1 execution test
FAIL: gfortran.dg/streamio_13.f90 -O2 execution test
FAIL: gfortran.dg/streamio_13.f90 -O3 -fomit-frame-pointer execution test
FAIL: gfortran.dg/streamio_13.f90 -O3 -fomit-frame-pointer -funroll-loops execution test
FAIL: gfortran.dg/streamio_13.f90 -O3 -fomit-frame-pointer -funroll-all-loops -finline-functions execution test
FAIL: gfortran.dg/streamio_13.f90 -O3 -g execution test
FAIL: gfortran.dg/streamio_13.f90 -Os execution test
FAIL: gfortran.dg/streamio_15.f90 -O0 execution test
FAIL: gfortran.dg/streamio_15.f90 -O1 execution test
FAIL: gfortran.dg/streamio_15.f90 -O2 execution test
FAIL: gfortran.dg/streamio_15.f90 -O3 -fomit-frame-pointer execution test
FAIL: gfortran.dg/streamio_15.f90 -O3 -fomit-frame-pointer -funroll-loops execution test
FAIL: gfortran.dg/streamio_15.f90 -O3 -fomit-frame-pointer -funroll-all-loops -finline-functions execution test
FAIL: gfortran.dg/streamio_15.f90 -O3 -g execution test
FAIL: gfortran.dg/streamio_15.f90 -Os execution test
FAIL: gfortran.dg/unf_read_corrupted_2.f90 -O0 execution test
FAIL: gfortran.dg/unf_read_corrupted_2.f90 -O1 execution test
FAIL: gfortran.dg/unf_read_corrupted_2.f90 -O2 execution test
FAIL: gfortran.dg/unf_read_corrupted_2.f90 -O3 -fomit-frame-pointer execution test
FAIL: gfortran.dg/unf_read_corrupted_2.f90 -O3 -fomit-frame-pointer -funroll-loops execution test
FAIL: gfortran.dg/unf_read_corrupted_2.f90 -O3 -fomit-frame-pointer -funroll-all-loops -finline-functions execution test
FAIL: gfortran.dg/unf_read_corrupted_2.f90 -O3 -g execution test
FAIL: gfortran.dg/unf_read_corrupted_2.f90 -Os execution test
FAIL: gfortran.dg/unformatted_recl_1.f90 -O0 execution test
FAIL: gfortran.dg/unformatted_recl_1.f90 -O1 execution test
FAIL: gfortran.dg/unformatted_recl_1.f90 -O2 execution test
FAIL: gfortran.dg/unformatted_recl_1.f90 -O3 -fomit-frame-pointer execution test
FAIL: gfortran.dg/unformatted_recl_1.f90 -O3 -fomit-frame-pointer -funroll-loops execution test
FAIL: gfortran.dg/unformatted_recl_1.f90 -O3 -fomit-frame-pointer -funroll-all-loops -finline-functions execution test
FAIL: gfortran.dg/unformatted_recl_1.f90 -O3 -g execution test
FAIL: gfortran.dg/unformatted_recl_1.f90 -Os execution test
FAIL: gfortran.dg/unit_1.f90 -O0 execution test
FAIL: gfortran.dg/unit_1.f90 -O1 execution test
FAIL: gfortran.dg/unit_1.f90 -O2 execution test
FAIL: gfortran.dg/unit_1.f90 -O3 -fomit-frame-pointer execution test
FAIL: gfortran.dg/unit_1.f90 -O3 -fomit-frame-pointer -funroll-loops execution test
FAIL: gfortran.dg/unit_1.f90 -O3 -fomit-frame-pointer -funroll-all-loops -finline-functions execution test
FAIL: gfortran.dg/unit_1.f90 -O3 -g execution test
FAIL: gfortran.dg/unit_1.f90 -Os execution test
FAIL: gfortran.dg/utf8_1.f03 -O0 execution test
FAIL: gfortran.dg/utf8_1.f03 -O1 execution test
FAIL: gfortran.dg/utf8_1.f03 -O2 execution test
FAIL: gfortran.dg/utf8_1.f03 -O3 -fomit-frame-pointer execution test
FAIL: gfortran.dg/utf8_1.f03 -O3 -fomit-frame-pointer -funroll-loops execution test
FAIL: gfortran.dg/utf8_1.f03 -O3 -fomit-frame-pointer -funroll-all-loops -finline-functions execution test
FAIL: gfortran.dg/utf8_1.f03 -O3 -g execution test
FAIL: gfortran.dg/utf8_1.f03 -Os execution test
FAIL: gfortran.dg/utf8_2.f03 -O0 execution test
FAIL: gfortran.dg/utf8_2.f03 -O1 execution test
FAIL: gfortran.dg/utf8_2.f03 -O2 execution test
FAIL: gfortran.dg/utf8_2.f03 -O3 -fomit-frame-pointer execution test
FAIL: gfortran.dg/utf8_2.f03 -O3 -fomit-frame-pointer -funroll-loops execution test
FAIL: gfortran.dg/utf8_2.f03 -O3 -fomit-frame-pointer -funroll-all-loops -finline-functions execution test
FAIL: gfortran.dg/utf8_2.f03 -O3 -g execution test
FAIL: gfortran.dg/utf8_2.f03 -Os execution test
FAIL: gfortran.dg/vector_subscript_3.f90 -O0 execution test
FAIL: gfortran.dg/vector_subscript_3.f90 -O1 execution test
FAIL: gfortran.dg/vector_subscript_3.f90 -O2 execution test
FAIL: gfortran.dg/vector_subscript_3.f90 -O3 -fomit-frame-pointer execution test
FAIL: gfortran.dg/vector_subscript_3.f90 -O3 -fomit-frame-pointer -funroll-loops execution test
FAIL: gfortran.dg/vector_subscript_3.f90 -O3 -fomit-frame-pointer -funroll-all-loops -finline-functions execution test
FAIL: gfortran.dg/vector_subscript_3.f90 -O3 -g execution test
FAIL: gfortran.dg/vector_subscript_3.f90 -Os execution test
FAIL: gfortran.dg/widechar_IO_1.f90 -O0 execution test
FAIL: gfortran.dg/widechar_IO_1.f90 -O1 execution test
FAIL: gfortran.dg/widechar_IO_1.f90 -O2 execution test
FAIL: gfortran.dg/widechar_IO_1.f90 -O3 -fomit-frame-pointer execution test
FAIL: gfortran.dg/widechar_IO_1.f90 -O3 -fomit-frame-pointer -funroll-loops execution test
FAIL: gfortran.dg/widechar_IO_1.f90 -O3 -fomit-frame-pointer -funroll-all-loops -finline-functions execution test
FAIL: gfortran.dg/widechar_IO_1.f90 -O3 -g execution test
FAIL: gfortran.dg/widechar_IO_1.f90 -Os execution test
FAIL: gfortran.dg/widechar_IO_3.f90 -O0 execution test
FAIL: gfortran.dg/widechar_IO_3.f90 -O1 execution test
FAIL: gfortran.dg/widechar_IO_3.f90 -O2 execution test
FAIL: gfortran.dg/widechar_IO_3.f90 -O3 -fomit-frame-pointer execution test
FAIL: gfortran.dg/widechar_IO_3.f90 -O3 -fomit-frame-pointer -funroll-loops execution test
FAIL: gfortran.dg/widechar_IO_3.f90 -O3 -fomit-frame-pointer -funroll-all-loops -finline-functions execution test
FAIL: gfortran.dg/widechar_IO_3.f90 -O3 -g execution test
FAIL: gfortran.dg/widechar_IO_3.f90 -Os execution test
FAIL: gfortran.dg/x_slash_1.f -O0 execution test
FAIL: gfortran.dg/x_slash_1.f -O1 execution test
FAIL: gfortran.dg/x_slash_1.f -O2 execution test
FAIL: gfortran.dg/x_slash_1.f -O3 -fomit-frame-pointer execution test
FAIL: gfortran.dg/x_slash_1.f -O3 -fomit-frame-pointer -funroll-loops execution test
FAIL: gfortran.dg/x_slash_1.f -O3 -fomit-frame-pointer -funroll-all-loops -finline-functions execution test
FAIL: gfortran.dg/x_slash_1.f -O3 -g execution test
FAIL: gfortran.dg/x_slash_1.f -Os execution test
FAIL: gfortran.dg/lto/pr45586-2 f_lto_pr45586-2_0.o-f_lto_pr45586-2_0.o link, -O0 -flto -flto-partition=none -fuse-linker-plugin (internal compiler error)
UNRESOLVED: gfortran.dg/lto/pr45586-2 f_lto_pr45586-2_0.o-f_lto_pr45586-2_0.o execute -O0 -flto -flto-partition=none -fuse-linker-plugin
FAIL: gfortran.dg/lto/pr45586-2 f_lto_pr45586-2_0.o-f_lto_pr45586-2_0.o link, -O0 -flto -flto-partition=1to1 -fno-use-linker-plugin (internal compiler error)
UNRESOLVED: gfortran.dg/lto/pr45586-2 f_lto_pr45586-2_0.o-f_lto_pr45586-2_0.o execute -O0 -flto -flto-partition=1to1 -fno-use-linker-plugin
FAIL: gfortran.dg/lto/pr45586-2 f_lto_pr45586-2_0.o-f_lto_pr45586-2_0.o link, -O0 -flto -fuse-linker-plugin -fno-fat-lto-objects (internal compiler error)
UNRESOLVED: gfortran.dg/lto/pr45586-2 f_lto_pr45586-2_0.o-f_lto_pr45586-2_0.o execute -O0 -flto -fuse-linker-plugin -fno-fat-lto-objects
FAIL: gfortran.dg/lto/pr45586 f_lto_pr45586_0.o-f_lto_pr45586_0.o link, -O0 -flto -flto-partition=none -fuse-linker-plugin (internal compiler error)
UNRESOLVED: gfortran.dg/lto/pr45586 f_lto_pr45586_0.o-f_lto_pr45586_0.o execute -O0 -flto -flto-partition=none -fuse-linker-plugin
FAIL: gfortran.dg/lto/pr45586 f_lto_pr45586_0.o-f_lto_pr45586_0.o link, -O0 -flto -flto-partition=1to1 -fno-use-linker-plugin (internal compiler error)
UNRESOLVED: gfortran.dg/lto/pr45586 f_lto_pr45586_0.o-f_lto_pr45586_0.o execute -O0 -flto -flto-partition=1to1 -fno-use-linker-plugin
FAIL: gfortran.dg/lto/pr45586 f_lto_pr45586_0.o-f_lto_pr45586_0.o link, -O0 -flto -fuse-linker-plugin -fno-fat-lto-objects (internal compiler error)
UNRESOLVED: gfortran.dg/lto/pr45586 f_lto_pr45586_0.o-f_lto_pr45586_0.o execute -O0 -flto -fuse-linker-plugin -fno-fat-lto-objects
FAIL: gfortran.fortran-torture/execute/read_eof.f90 execution, -O0
FAIL: gfortran.fortran-torture/execute/read_eof.f90 execution, -O1
FAIL: gfortran.fortran-torture/execute/read_eof.f90 execution, -O2
FAIL: gfortran.fortran-torture/execute/read_eof.f90 execution, -O2 -fomit-frame-pointer -finline-functions
FAIL: gfortran.fortran-torture/execute/read_eof.f90 execution, -O2 -fomit-frame-pointer -finline-functions -funroll-loops
FAIL: gfortran.fortran-torture/execute/read_eof.f90 execution, -O2 -fbounds-check
FAIL: gfortran.fortran-torture/execute/read_eof.f90 execution, -O3 -g
FAIL: gfortran.fortran-torture/execute/read_eof.f90 execution, -Os
FAIL: gfortran.fortran-torture/execute/read_eof.f90 execution, -O2 -ftree-vectorize -msse2
FAIL: gfortran.fortran-torture/execute/read_null_string.f90 execution, -O0
FAIL: gfortran.fortran-torture/execute/read_null_string.f90 execution, -O1
FAIL: gfortran.fortran-torture/execute/read_null_string.f90 execution, -O2
FAIL: gfortran.fortran-torture/execute/read_null_string.f90 execution, -O2 -fomit-frame-pointer -finline-functions
FAIL: gfortran.fortran-torture/execute/read_null_string.f90 execution, -O2 -fomit-frame-pointer -finline-functions -funroll-loops
FAIL: gfortran.fortran-torture/execute/read_null_string.f90 execution, -O2 -fbounds-check
FAIL: gfortran.fortran-torture/execute/read_null_string.f90 execution, -O3 -g
FAIL: gfortran.fortran-torture/execute/read_null_string.f90 execution, -Os
FAIL: gfortran.fortran-torture/execute/read_null_string.f90 execution, -O2 -ftree-vectorize -msse2
=== gfortran Summary ===
# of expected passes 43482
# of unexpected failures 1290
# of unexpected successes 16
# of expected failures 38
# of unresolved testcases 6
# of unsupported tests 230
/scratch2/tmp/gerald/OBJ-1211-1639/gcc/testsuite/gfortran/../../gfortran version 4.9.0 20131211 (experimental) (GCC)
=== objc tests ===
Running target unix
=== objc Summary ===
# of expected passes 2988
# of expected failures 6
# of unsupported tests 74
/scratch2/tmp/gerald/OBJ-1211-1639/gcc/xgcc version 4.9.0 20131211 (experimental) (GCC)
=== boehm-gc tests ===
Running target unix
=== boehm-gc Summary ===
# of expected passes 12
# of unsupported tests 1
=== libatomic tests ===
Running target unix
=== libatomic Summary ===
# of expected passes 44
# of unsupported tests 5
=== libffi tests ===
Running target unix
=== libffi Summary ===
# of expected passes 1819
# of unsupported tests 55
=== libgomp tests ===
Running target unix
FAIL: libgomp.c/affinity-1.c (test for excess errors)
UNRESOLVED: libgomp.c/affinity-1.c compilation failed to produce executable
FAIL: libgomp.c++/affinity-1.C (test for excess errors)
UNRESOLVED: libgomp.c++/affinity-1.C compilation failed to produce executable
=== libgomp Summary ===
# of expected passes 2333
# of unexpected failures 2
# of unresolved testcases 2
# of unsupported tests 3
=== libitm tests ===
Running target unix
=== libitm Summary ===
# of expected passes 26
# of expected failures 3
# of unsupported tests 1
=== libjava tests ===
Running target unix
FAIL: Throw_2 execution - source compiled test
FAIL: Throw_2 -findirect-dispatch execution - source compiled test
FAIL: Throw_2 -O3 execution - source compiled test
FAIL: Throw_2 -O3 -findirect-dispatch execution - source compiled test
FAIL: sourcelocation output - source compiled test
FAIL: sourcelocation -findirect-dispatch output - source compiled test
FAIL: sourcelocation -O3 output - source compiled test
FAIL: sourcelocation -O3 -findirect-dispatch output - source compiled test
=== libjava Summary ===
# of expected passes 2574
# of unexpected failures 8
# of untested testcases 4
=== libstdc++ tests ===
Running target unix
FAIL: 22_locale/locale/cons/12438.cc execution test
FAIL: 26_numerics/headers/cmath/c99_classification_macros_c.cc (test for excess errors)
FAIL: ext/random/hypergeometric_distribution/operators/serialize.cc execution test
=== libstdc++ Summary ===
# of expected passes 8792
# of unexpected failures 3
# of expected failures 39
# of unsupported tests 642
Compiler version: 4.9.0 20131211 (experimental) (GCC)
Platform: i386-unknown-freebsd10.0
configure flags: --prefix=/home/gerald/gcc-ref10-i386 --with-gmp=/home/gerald/10-i386 --with-as=/home/gerald/10-i386/bin/as --with-ld=/home/gerald/10-i386/bin/ld
More information about the Gcc-testresults
mailing list