Results for 4.9.0 20131210 (experimental) [trunk revision 205854] (GCC) testsuite on powerpc64-unknown-linux-gnu
Pat Haugen
pthaugen@us.ibm.com
Tue Dec 10 17:29:00 GMT 2013
Linux 2.6.16.60-0.83.2-ppc64 ppc64
GNU C Library stable release version 2.4 (20110922)
GNU ld (GNU Binutils) 2.21.1
GNU assembler (GNU Binutils) 2.21.1
GNU Make 3.80
DejaGnu:
Expect version is 5.43.0
Tcl version is 8.4
Framework version is 1.4.4
32-bit biarch default32
LAST_UPDATED: Tue Dec 10 10:52:39 UTC 2013 (revision 205854)
Native configuration is powerpc64-unknown-linux-gnu
=== gcc tests ===
Running target unix/-m32
FAIL: gcc.dg/atomic/c11-atomic-exec-5.c -O0 execution test
FAIL: gcc.dg/atomic/c11-atomic-exec-5.c -O1 execution test
FAIL: gcc.dg/atomic/c11-atomic-exec-5.c -O2 execution test
FAIL: gcc.dg/atomic/c11-atomic-exec-5.c -O3 -fomit-frame-pointer execution test
FAIL: gcc.dg/atomic/c11-atomic-exec-5.c -O3 -fomit-frame-pointer -funroll-loops execution test
FAIL: gcc.dg/atomic/c11-atomic-exec-5.c -O3 -fomit-frame-pointer -funroll-all-loops -finline-functions execution test
FAIL: gcc.dg/atomic/c11-atomic-exec-5.c -O3 -g execution test
FAIL: gcc.dg/atomic/c11-atomic-exec-5.c -Os execution test
FAIL: gcc.dg/atomic/c11-atomic-exec-5.c -O2 -flto -fno-use-linker-plugin -flto-partition=none execution test
FAIL: gcc.dg/atomic/c11-atomic-exec-5.c -O2 -flto -fuse-linker-plugin -fno-fat-lto-objects execution test
FAIL: gcc.dg/compat/scalar-by-value-dfp c_compat_x_tst.o-c_compat_y_tst.o execute
FAIL: gcc.dg/compat/scalar-return-dfp c_compat_x_tst.o-c_compat_y_tst.o execute
FAIL: c-c++-common/dfp/func-vararg-alternate-d32.c execution test
FAIL: c-c++-common/dfp/func-vararg-dfp.c execution test
FAIL: c-c++-common/dfp/func-vararg-mixed.c execution test
FAIL: gcc.dg/and-1.c scan-assembler-not nand
FAIL: gcc.dg/cproj-fails-with-broken-glibc.c execution test
FAIL: gcc.dg/tree-ssa/loop-19.c scan-tree-dump-times optimized "MEM.(base: &|symbol: )a," 2
FAIL: gcc.dg/tree-ssa/loop-19.c scan-tree-dump-times optimized "MEM.(base: &|symbol: )c," 2
FAIL: gcc.dg/tree-ssa/sra-12.c scan-tree-dump-times release_ssa "l;" 0
FAIL: gcc.dg/tree-ssa/ssa-dom-thread-4.c scan-tree-dump-times dom1 "Threaded" 3
FAIL: gcc.dg/tree-ssa/vrp47.c scan-tree-dump-times vrp1 "[xy][^ ]* !=" 0
FAIL: gcc.dg/vect/costmodel/ppc/costmodel-bb-slp-9a.c scan-tree-dump-times slp "basic block vectorized using SLP" 1
FAIL: gcc.dg/vect/vect-96.c scan-tree-dump-times vect "Vectorizing an unaligned access" 1
FAIL: gcc.dg/vect/vect-96.c scan-tree-dump-times vect "Alignment of access forced using peeling" 1
FAIL: gcc.dg/vect/vect-nop-move.c execution test
FAIL: gcc.dg/vect/vect-96.c -flto -ffat-lto-objects scan-tree-dump-times vect "Vectorizing an unaligned access" 1
FAIL: gcc.dg/vect/vect-96.c -flto -ffat-lto-objects scan-tree-dump-times vect "Alignment of access forced using peeling" 1
ERROR: tcl error sourcing /home/gccbuild/gcc_trunk_anonsvn/gcc/gcc/testsuite/gcc.misc-tests/i386-prefetch.exp.
ERROR: torture-init: torture_without_loops is not empty as expected
FAIL: gcc.target/powerpc/405-dlmzb-strlen-1.c scan-assembler dlmzb\\\\.
FAIL: gcc.target/powerpc/440-dlmzb-strlen-1.c scan-assembler dlmzb\\\\.
FAIL: gcc.target/powerpc/ppc32-abi-dfp-1.c execution test
FAIL: gcc.target/powerpc/pr53199.c scan-assembler-times lwbrx 6
FAIL: gcc.target/powerpc/pr53199.c scan-assembler-times stwbrx 6
=== gcc Summary for unix/-m32 ===
# of expected passes 90678
# of unexpected failures 33
# of expected failures 216
# of unsupported tests 1523
Running target unix/-m64
FAIL: gcc.dg/atomic/c11-atomic-exec-5.c -O0 execution test
FAIL: gcc.dg/atomic/c11-atomic-exec-5.c -O2 execution test
FAIL: gcc.dg/and-1.c scan-assembler-not nand
FAIL: gcc.dg/cproj-fails-with-broken-glibc.c execution test
FAIL: gcc.dg/pr44194-1.c scan-rtl-dump dse1 "global deletions = (2|3)"
FAIL: gcc.dg/sms-4.c scan-rtl-dump-times sms "SMS succeeded" 1
ERROR: tcl error sourcing /home/gccbuild/gcc_trunk_anonsvn/gcc/gcc/testsuite/gcc.dg/format/format.exp.
ERROR: torture-init: torture_without_loops is not empty as expected
ERROR: tcl error sourcing /home/gccbuild/gcc_trunk_anonsvn/gcc/gcc/testsuite/gcc.dg/pch/pch.exp.
ERROR: torture-init: torture_without_loops is not empty as expected
ERROR: tcl error sourcing /home/gccbuild/gcc_trunk_anonsvn/gcc/gcc/testsuite/gcc.dg/simulate-thread/simulate-thread.exp.
ERROR: torture-init: torture_without_loops is not empty as expected
ERROR: tcl error sourcing /home/gccbuild/gcc_trunk_anonsvn/gcc/gcc/testsuite/gcc.dg/torture/tls/tls.exp.
ERROR: torture-init: torture_without_loops is not empty as expected
FAIL: gcc.dg/tree-ssa/loop-19.c scan-tree-dump-times optimized "MEM.(base: &|symbol: )a," 2
FAIL: gcc.dg/tree-ssa/loop-19.c scan-tree-dump-times optimized "MEM.(base: &|symbol: )c," 2
FAIL: gcc.dg/tree-ssa/ssa-dom-thread-4.c scan-tree-dump-times dom1 "Threaded" 3
FAIL: gcc.dg/tree-ssa/vrp47.c scan-tree-dump-times vrp1 "[xy][^ ]* !=" 0
ERROR: tcl error sourcing /home/gccbuild/gcc_trunk_anonsvn/gcc/gcc/testsuite/gcc.dg/tsan/tsan.exp.
ERROR: torture-init: torture_without_loops is not empty as expected
FAIL: gcc.dg/vect/costmodel/ppc/costmodel-bb-slp-9a.c scan-tree-dump-times slp "basic block vectorized using SLP" 1
FAIL: gcc.dg/vect/vect-96.c scan-tree-dump-times vect "Vectorizing an unaligned access" 1
FAIL: gcc.dg/vect/vect-96.c scan-tree-dump-times vect "Alignment of access forced using peeling" 1
FAIL: gcc.dg/vect/vect-nop-move.c execution test
FAIL: gcc.dg/vect/vect-96.c -flto -ffat-lto-objects scan-tree-dump-times vect "Vectorizing an unaligned access" 1
FAIL: gcc.dg/vect/vect-96.c -flto -ffat-lto-objects scan-tree-dump-times vect "Alignment of access forced using peeling" 1
ERROR: tcl error sourcing /home/gccbuild/gcc_trunk_anonsvn/gcc/gcc/testsuite/gcc.misc-tests/i386-prefetch.exp.
ERROR: torture-init: torture_without_loops is not empty as expected
FAIL: gcc.target/powerpc/ppc64-abi-2.c execution test
=== gcc Summary for unix/-m64 ===
# of expected passes 84359
# of unexpected failures 17
# of expected failures 229
# of unsupported tests 1375
=== gcc Summary ===
# of expected passes 175037
# of unexpected failures 50
# of expected failures 445
# of unsupported tests 2898
/home/gccbuild/build/nightly/build-gcc-trunk/gcc/xgcc version 4.9.0 20131210 (experimental) [trunk revision 205854] (GCC)
=== gfortran tests ===
Running target unix/-m32
FAIL: gfortran.dg/class_48.f90 -O2 (test for excess errors)
FAIL: gfortran.dg/class_48.f90 -Os (test for excess errors)
XPASS: gfortran.dg/default_format_denormal_2.f90 -O0 execution test
XPASS: gfortran.dg/default_format_denormal_2.f90 -O1 execution test
XPASS: gfortran.dg/default_format_denormal_2.f90 -O2 execution test
XPASS: gfortran.dg/default_format_denormal_2.f90 -O3 -fomit-frame-pointer execution test
XPASS: gfortran.dg/default_format_denormal_2.f90 -O3 -fomit-frame-pointer -funroll-loops execution test
XPASS: gfortran.dg/default_format_denormal_2.f90 -O3 -fomit-frame-pointer -funroll-all-loops -finline-functions execution test
XPASS: gfortran.dg/default_format_denormal_2.f90 -O3 -g execution test
XPASS: gfortran.dg/default_format_denormal_2.f90 -Os execution test
FAIL: gfortran.dg/lto/pr45586-2 f_lto_pr45586-2_0.o-f_lto_pr45586-2_0.o link, -O0 -flto -flto-partition=none -fuse-linker-plugin (internal compiler error)
UNRESOLVED: gfortran.dg/lto/pr45586-2 f_lto_pr45586-2_0.o-f_lto_pr45586-2_0.o execute -O0 -flto -flto-partition=none -fuse-linker-plugin
FAIL: gfortran.dg/lto/pr45586-2 f_lto_pr45586-2_0.o-f_lto_pr45586-2_0.o link, -O0 -flto -flto-partition=1to1 -fno-use-linker-plugin (internal compiler error)
UNRESOLVED: gfortran.dg/lto/pr45586-2 f_lto_pr45586-2_0.o-f_lto_pr45586-2_0.o execute -O0 -flto -flto-partition=1to1 -fno-use-linker-plugin
FAIL: gfortran.dg/lto/pr45586-2 f_lto_pr45586-2_0.o-f_lto_pr45586-2_0.o link, -O0 -flto -fuse-linker-plugin -fno-fat-lto-objects (internal compiler error)
UNRESOLVED: gfortran.dg/lto/pr45586-2 f_lto_pr45586-2_0.o-f_lto_pr45586-2_0.o execute -O0 -flto -fuse-linker-plugin -fno-fat-lto-objects
FAIL: gfortran.dg/lto/pr45586 f_lto_pr45586_0.o-f_lto_pr45586_0.o link, -O0 -flto -flto-partition=none -fuse-linker-plugin (internal compiler error)
UNRESOLVED: gfortran.dg/lto/pr45586 f_lto_pr45586_0.o-f_lto_pr45586_0.o execute -O0 -flto -flto-partition=none -fuse-linker-plugin
FAIL: gfortran.dg/lto/pr45586 f_lto_pr45586_0.o-f_lto_pr45586_0.o link, -O0 -flto -flto-partition=1to1 -fno-use-linker-plugin (internal compiler error)
UNRESOLVED: gfortran.dg/lto/pr45586 f_lto_pr45586_0.o-f_lto_pr45586_0.o execute -O0 -flto -flto-partition=1to1 -fno-use-linker-plugin
FAIL: gfortran.dg/lto/pr45586 f_lto_pr45586_0.o-f_lto_pr45586_0.o link, -O0 -flto -fuse-linker-plugin -fno-fat-lto-objects (internal compiler error)
UNRESOLVED: gfortran.dg/lto/pr45586 f_lto_pr45586_0.o-f_lto_pr45586_0.o execute -O0 -flto -fuse-linker-plugin -fno-fat-lto-objects
=== gfortran Summary for unix/-m32 ===
# of expected passes 44205
# of unexpected failures 8
# of unexpected successes 8
# of expected failures 56
# of unresolved testcases 6
# of unsupported tests 245
Running target unix/-m64
XPASS: gfortran.dg/default_format_denormal_2.f90 -O0 execution test
XPASS: gfortran.dg/default_format_denormal_2.f90 -O1 execution test
XPASS: gfortran.dg/default_format_denormal_2.f90 -O2 execution test
XPASS: gfortran.dg/default_format_denormal_2.f90 -O3 -fomit-frame-pointer execution test
XPASS: gfortran.dg/default_format_denormal_2.f90 -O3 -fomit-frame-pointer -funroll-loops execution test
XPASS: gfortran.dg/default_format_denormal_2.f90 -O3 -fomit-frame-pointer -funroll-all-loops -finline-functions execution test
XPASS: gfortran.dg/default_format_denormal_2.f90 -O3 -g execution test
XPASS: gfortran.dg/default_format_denormal_2.f90 -Os execution test
FAIL: gfortran.dg/lto/pr45586-2 f_lto_pr45586-2_0.o-f_lto_pr45586-2_0.o link, -O0 -flto -flto-partition=none -fuse-linker-plugin (internal compiler error)
UNRESOLVED: gfortran.dg/lto/pr45586-2 f_lto_pr45586-2_0.o-f_lto_pr45586-2_0.o execute -O0 -flto -flto-partition=none -fuse-linker-plugin
FAIL: gfortran.dg/lto/pr45586-2 f_lto_pr45586-2_0.o-f_lto_pr45586-2_0.o link, -O0 -flto -flto-partition=1to1 -fno-use-linker-plugin (internal compiler error)
UNRESOLVED: gfortran.dg/lto/pr45586-2 f_lto_pr45586-2_0.o-f_lto_pr45586-2_0.o execute -O0 -flto -flto-partition=1to1 -fno-use-linker-plugin
FAIL: gfortran.dg/lto/pr45586-2 f_lto_pr45586-2_0.o-f_lto_pr45586-2_0.o link, -O0 -flto -fuse-linker-plugin -fno-fat-lto-objects (internal compiler error)
UNRESOLVED: gfortran.dg/lto/pr45586-2 f_lto_pr45586-2_0.o-f_lto_pr45586-2_0.o execute -O0 -flto -fuse-linker-plugin -fno-fat-lto-objects
FAIL: gfortran.dg/lto/pr45586 f_lto_pr45586_0.o-f_lto_pr45586_0.o link, -O0 -flto -flto-partition=none -fuse-linker-plugin (internal compiler error)
UNRESOLVED: gfortran.dg/lto/pr45586 f_lto_pr45586_0.o-f_lto_pr45586_0.o execute -O0 -flto -flto-partition=none -fuse-linker-plugin
FAIL: gfortran.dg/lto/pr45586 f_lto_pr45586_0.o-f_lto_pr45586_0.o link, -O0 -flto -flto-partition=1to1 -fno-use-linker-plugin (internal compiler error)
UNRESOLVED: gfortran.dg/lto/pr45586 f_lto_pr45586_0.o-f_lto_pr45586_0.o execute -O0 -flto -flto-partition=1to1 -fno-use-linker-plugin
FAIL: gfortran.dg/lto/pr45586 f_lto_pr45586_0.o-f_lto_pr45586_0.o link, -O0 -flto -fuse-linker-plugin -fno-fat-lto-objects (internal compiler error)
UNRESOLVED: gfortran.dg/lto/pr45586 f_lto_pr45586_0.o-f_lto_pr45586_0.o execute -O0 -flto -fuse-linker-plugin -fno-fat-lto-objects
=== gfortran Summary for unix/-m64 ===
# of expected passes 44534
# of unexpected failures 6
# of unexpected successes 8
# of expected failures 56
# of unresolved testcases 6
# of unsupported tests 84
=== gfortran Summary ===
# of expected passes 88739
# of unexpected failures 14
# of unexpected successes 16
# of expected failures 112
# of unresolved testcases 12
# of unsupported tests 329
/home/gccbuild/build/nightly/build-gcc-trunk/gcc/testsuite/gfortran/../../gfortran version 4.9.0 20131210 (experimental) [trunk revision 205854] (GCC)
=== g++ tests ===
Running target unix/-m32
FAIL: g++.dg/compat/decimal/pass-1 cp_compat_x_tst.o-cp_compat_y_tst.o execute
FAIL: g++.dg/compat/decimal/pass-2 cp_compat_x_tst.o-cp_compat_y_tst.o execute
FAIL: g++.dg/compat/decimal/pass-3 cp_compat_x_tst.o-cp_compat_y_tst.o execute
FAIL: g++.dg/compat/decimal/pass-4 cp_compat_x_tst.o-cp_compat_y_tst.o execute
FAIL: g++.dg/compat/decimal/pass-5 cp_compat_x_tst.o-cp_compat_y_tst.o execute
FAIL: g++.dg/compat/decimal/pass-6 cp_compat_x_tst.o-cp_compat_y_tst.o execute
FAIL: g++.dg/compat/decimal/return-1 cp_compat_x_tst.o-cp_compat_y_tst.o execute
FAIL: g++.dg/compat/decimal/return-2 cp_compat_x_tst.o-cp_compat_y_tst.o execute
FAIL: g++.dg/compat/decimal/return-3 cp_compat_x_tst.o-cp_compat_y_tst.o execute
FAIL: g++.dg/compat/decimal/return-4 cp_compat_x_tst.o-cp_compat_y_tst.o execute
FAIL: g++.dg/compat/decimal/return-5 cp_compat_x_tst.o-cp_compat_y_tst.o execute
FAIL: g++.dg/compat/decimal/return-6 cp_compat_x_tst.o-cp_compat_y_tst.o execute
FAIL: c-c++-common/dfp/func-vararg-alternate-d32.c -std=c++98 execution test
FAIL: c-c++-common/dfp/func-vararg-alternate-d32.c -std=c++11 execution test
FAIL: c-c++-common/dfp/func-vararg-dfp.c -std=c++98 execution test
FAIL: c-c++-common/dfp/func-vararg-dfp.c -std=c++11 execution test
FAIL: c-c++-common/dfp/func-vararg-mixed.c -std=c++98 execution test
FAIL: c-c++-common/dfp/func-vararg-mixed.c -std=c++11 execution test
FAIL: g++.dg/lto/20081118 cp_lto_20081118_0.o-cp_lto_20081118_1.o link, -fPIC -flto -flto-partition=1to1 -r -nostdlib (internal compiler error)
UNRESOLVED: g++.dg/lto/20081118 cp_lto_20081118_0.o-cp_lto_20081118_1.o execute -fPIC -flto -flto-partition=1to1 -r -nostdlib
FAIL: g++.dg/lto/20090302 cp_lto_20090302_0.o-cp_lto_20090302_1.o link, -fPIC -flto -flto-partition=1to1 -r -nostdlib (internal compiler error)
UNRESOLVED: g++.dg/lto/20090302 cp_lto_20090302_0.o-cp_lto_20090302_1.o execute -fPIC -flto -flto-partition=1to1 -r -nostdlib
FAIL: g++.dg/lto/20091002-1 cp_lto_20091002-1_0.o-cp_lto_20091002-1_0.o link, -fPIC -flto (internal compiler error)
UNRESOLVED: g++.dg/lto/20091002-1 cp_lto_20091002-1_0.o-cp_lto_20091002-1_0.o execute -fPIC -flto
=== g++ Summary for unix/-m32 ===
# of expected passes 55181
# of unexpected failures 21
# of expected failures 290
# of unresolved testcases 3
# of unsupported tests 1007
Running target unix/-m64
FAIL: g++.dg/lto/20081118 cp_lto_20081118_0.o-cp_lto_20081118_1.o link, -fPIC -flto -flto-partition=1to1 -r -nostdlib (internal compiler error)
UNRESOLVED: g++.dg/lto/20081118 cp_lto_20081118_0.o-cp_lto_20081118_1.o execute -fPIC -flto -flto-partition=1to1 -r -nostdlib
FAIL: g++.dg/lto/20090302 cp_lto_20090302_0.o-cp_lto_20090302_1.o link, -fPIC -flto -flto-partition=1to1 -r -nostdlib (internal compiler error)
UNRESOLVED: g++.dg/lto/20090302 cp_lto_20090302_0.o-cp_lto_20090302_1.o execute -fPIC -flto -flto-partition=1to1 -r -nostdlib
FAIL: g++.dg/lto/20091002-1 cp_lto_20091002-1_0.o-cp_lto_20091002-1_0.o link, -fPIC -flto (internal compiler error)
UNRESOLVED: g++.dg/lto/20091002-1 cp_lto_20091002-1_0.o-cp_lto_20091002-1_0.o execute -fPIC -flto
ERROR: tcl error sourcing /home/gccbuild/gcc_trunk_anonsvn/gcc/gcc/testsuite/g++.dg/simulate-thread/simulate-thread.exp.
ERROR: torture-init: torture_without_loops is not empty as expected
ERROR: tcl error sourcing /home/gccbuild/gcc_trunk_anonsvn/gcc/gcc/testsuite/g++.dg/torture/stackalign/stackalign.exp.
ERROR: torture-init: torture_without_loops is not empty as expected
ERROR: tcl error sourcing /home/gccbuild/gcc_trunk_anonsvn/gcc/gcc/testsuite/g++.dg/tsan/tsan.exp.
ERROR: torture-init: torture_without_loops is not empty as expected
=== g++ Summary for unix/-m64 ===
# of expected passes 56007
# of unexpected failures 3
# of expected failures 290
# of unresolved testcases 3
# of unsupported tests 829
=== g++ Summary ===
# of expected passes 111188
# of unexpected failures 24
# of expected failures 580
# of unresolved testcases 6
# of unsupported tests 1836
/home/gccbuild/build/nightly/build-gcc-trunk/gcc/testsuite/g++/../../xg++ version 4.9.0 20131210 (experimental) [trunk revision 205854] (GCC)
=== go tests ===
Running target unix/-m32
FAIL: go.test/test/ken/cplx2.go execution, -O2 -g
=== go Summary for unix/-m32 ===
# of expected passes 7245
# of unexpected failures 1
# of expected failures 1
# of untested testcases 6
# of unsupported tests 2
Running target unix/-m64
FAIL: go.test/test/fixedbugs/issue4348.go -O (test for excess errors)
FAIL: go.test/test/ken/cplx2.go execution, -O2 -g
=== go Summary for unix/-m64 ===
# of expected passes 7124
# of unexpected failures 2
# of expected failures 1
# of untested testcases 6
# of unsupported tests 2
=== go Summary ===
# of expected passes 14369
# of unexpected failures 3
# of expected failures 2
# of untested testcases 12
# of unsupported tests 4
/home/gccbuild/build/nightly/build-gcc-trunk/gcc/testsuite/go/../../gccgo version 4.9.0 20131210 (experimental) [trunk revision 205854] (GCC)
=== obj-c++ tests ===
Running target unix/-m32
=== obj-c++ Summary for unix/-m32 ===
# of expected passes 1449
# of expected failures 2
# of unsupported tests 86
Running target unix/-m64
=== obj-c++ Summary for unix/-m64 ===
# of expected passes 1441
# of expected failures 10
# of unsupported tests 86
=== obj-c++ Summary ===
# of expected passes 2890
# of expected failures 12
# of unsupported tests 172
/home/gccbuild/build/nightly/build-gcc-trunk/gcc/testsuite/obj-c++/../../xg++ version 4.9.0 20131210 (experimental) [trunk revision 205854] (GCC)
=== objc tests ===
Running target unix/-m32
=== objc Summary for unix/-m32 ===
# of expected passes 2994
# of unsupported tests 74
Running target unix/-m64
=== objc Summary for unix/-m64 ===
# of expected passes 2994
# of unsupported tests 74
=== objc Summary ===
# of expected passes 5988
# of unsupported tests 148
/home/gccbuild/build/nightly/build-gcc-trunk/gcc/xgcc version 4.9.0 20131210 (experimental) [trunk revision 205854] (GCC)
=== libatomic tests ===
Running target unix/-m32
=== libatomic Summary for unix/-m32 ===
# of expected passes 44
# of unsupported tests 5
Running target unix/-m64
=== libatomic Summary for unix/-m64 ===
# of expected passes 54
=== libatomic Summary ===
# of expected passes 98
# of unsupported tests 5
=== libffi tests ===
Running target unix/-m32
=== libffi Summary for unix/-m32 ===
# of expected passes 1819
# of unsupported tests 55
Running target unix/-m64
=== libffi Summary for unix/-m64 ===
# of expected passes 1819
# of unsupported tests 55
=== libffi Summary ===
# of expected passes 3638
# of unsupported tests 110
=== libgo tests ===
Running target unix
FAIL: math
FAIL: runtime
FAIL: sync/atomic
FAIL: testing/quick
=== libgo Summary for unix ===
# of expected passes 118
# of unexpected failures 4
Running target unix/-m64
FAIL: bytes
FAIL: math
FAIL: net
FAIL: runtime
FAIL: syscall
FAIL: unicode
FAIL: crypto/rand
FAIL: crypto/subtle
FAIL: database/sql
FAIL: net/http
FAIL: net/http/cgi
FAIL: os/exec
FAIL: os/signal
FAIL: os/user
FAIL: sync/atomic
=== libgo Summary for unix/-m64 ===
# of expected passes 107
# of unexpected failures 15
=== libgo Summary ===
# of expected passes 225
# of unexpected failures 19
/home/gccbuild/build/nightly/build-gcc-trunk/./gcc/gccgo version 4.9.0 20131210 (experimental) [trunk revision 205854] (GCC)
=== libgomp tests ===
Running target unix/-m32
FAIL: libgomp.c/pr58392.c execution test
=== libgomp Summary for unix/-m32 ===
# of expected passes 2340
# of unexpected failures 1
# of unsupported tests 1
Running target unix/-m64
FAIL: libgomp.c/pr58392.c execution test
=== libgomp Summary for unix/-m64 ===
# of expected passes 2340
# of unexpected failures 1
# of unsupported tests 1
=== libgomp Summary ===
# of expected passes 4680
# of unexpected failures 2
# of unsupported tests 2
=== libitm tests ===
Running target unix/-m32
=== libitm Summary for unix/-m32 ===
# of expected passes 26
# of expected failures 3
# of unsupported tests 1
Running target unix/-m64
=== libitm Summary for unix/-m64 ===
# of expected passes 26
# of expected failures 3
# of unsupported tests 1
=== libitm Summary ===
# of expected passes 52
# of expected failures 6
# of unsupported tests 2
=== libstdc++ tests ===
Running target unix/-m32
FAIL: libstdc++-abi/abi_check
FAIL: decimal/pr54036-1.cc (test for excess errors)
WARNING: decimal/pr54036-1.cc compilation failed to produce executable
=== libstdc++ Summary for unix/-m32 ===
# of expected passes 9872
# of unexpected failures 2
# of expected failures 40
# of unsupported tests 239
Running target unix/-m64
=== libstdc++ Summary for unix/-m64 ===
# of expected passes 9875
# of expected failures 40
# of unsupported tests 239
=== libstdc++ Summary ===
# of expected passes 19747
# of unexpected failures 2
# of expected failures 80
# of unsupported tests 478
Compiler version: 4.9.0 20131210 (experimental) [trunk revision 205854] (GCC)
Platform: powerpc64-unknown-linux-gnu
configure flags: --prefix=/opt/gcc-nightly/trunk --build=powerpc64-linux --host=powerpc64-linux --target=powerpc64-linux --with-cpu=default32 --with-as=/opt/gcc-nightly/binutils-2.21.1/bin/as --with-ld=/opt/gcc-nightly/binutils-2.21.1/bin/ld --enable-threads=posix --enable-shared --enable-__cxa_atexit --enable-languages=c,c++,fortran,objc,obj-c++,go --with-long-double-128 --enable-secureplt --enable-checking --disable-alsa --enable-decimal-float --with-gmp=/opt/gcc-nightly/gcc-host-libs --with-mpfr=/opt/gcc-nightly/gcc-host-libs --with-mpc=/opt/gcc-nightly/gcc-host-libs --with-libelf=/opt/gcc-nightly/gcc-host-libs --without-ppl --without-cloog --disable-libsanitizer
=== Test Framework Summary ===
# of expected passes 2531
More information about the Gcc-testresults
mailing list