Results for 4.9.0 20131208 (experimental) (GCC) (build config: lto; languages: fortran; trunk revision 205789) testsuite on x86_64-unknown-linux-gnu
Toon Moene
toon@moene.org
Sun Dec 8 13:21:00 GMT 2013
LAST_UPDATED: Sun Dec 8 10:44:21 UTC 2013 (revision 205789)
Native configuration is x86_64-unknown-linux-gnu
=== gcc tests ===
Running target unix
XPASS: gcc.dg/binop-xor1.c scan-tree-dump-times optimized "\\\\^" 1
FAIL: gcc.dg/uninit-pred-8_b.c bogus warning (test for bogus messages, line 20)
FAIL: gcc.dg/uninit-pred-9_b.c bogus warning (test for bogus messages, line 24)
FAIL: gcc.dg/vect/bb-slp-pattern-1.c scan-tree-dump-times slp "vect_recog_widen_mult_pattern: detected" 8
FAIL: gcc.dg/vect/bb-slp-pattern-1.c scan-tree-dump-times slp "pattern recognized" 8
FAIL: gcc.dg/vect/bb-slp-pattern-1.c -flto -ffat-lto-objects scan-tree-dump-times slp "vect_recog_widen_mult_pattern: detected" 8
FAIL: gcc.dg/vect/bb-slp-pattern-1.c -flto -ffat-lto-objects scan-tree-dump-times slp "pattern recognized" 8
FAIL: gcc.dg/vect/no-tree-sra-bb-slp-pr50730.c scan-tree-dump-times slp "not vectorized: more than one data ref in stmt" 0
FAIL: gcc.target/i386/fma4-builtin.c scan-assembler-times vfmaddss 1
FAIL: gcc.target/i386/fma4-builtin.c scan-assembler-times vfmaddsd 1
FAIL: gcc.target/i386/fma4-builtin.c scan-assembler-times vfmsubss 1
FAIL: gcc.target/i386/fma4-builtin.c scan-assembler-times vfmsubsd 1
FAIL: gcc.target/i386/fma4-builtin.c scan-assembler-times vfnmaddss 2
FAIL: gcc.target/i386/fma4-builtin.c scan-assembler-times vfnmaddsd 2
FAIL: gcc.target/i386/fma4-builtin.c scan-assembler-times vfnmsubss 1
FAIL: gcc.target/i386/fma4-builtin.c scan-assembler-times vfnmsubsd 1
FAIL: gcc.target/i386/fma4-fma-2.c scan-assembler vfnmaddss
FAIL: gcc.target/i386/fma4-fma-2.c scan-assembler vfnmaddsd
FAIL: gcc.target/i386/fma4-fma.c scan-assembler vfnmsubss
FAIL: gcc.target/i386/fma4-fma.c scan-assembler vfnmsubsd
FAIL: gcc.target/i386/fma4-vector-2.c scan-assembler vfmaddps
FAIL: gcc.target/i386/fma4-vector.c scan-assembler vfmaddps
FAIL: gcc.target/i386/fma4-vector.c scan-assembler vfmaddpd
FAIL: gcc.target/i386/fma4-vector.c scan-assembler vfmsubps
FAIL: gcc.target/i386/fma4-vector.c scan-assembler vfmsubpd
FAIL: gcc.target/i386/fma4-vector.c scan-assembler vfnmaddps
FAIL: gcc.target/i386/fma4-vector.c scan-assembler vfnmaddpd
FAIL: gcc.target/i386/pr43662.c (internal compiler error)
FAIL: gcc.target/i386/pr43662.c (test for excess errors)
FAIL: gcc.target/i386/pr43869.c (internal compiler error)
FAIL: gcc.target/i386/pr43869.c (test for excess errors)
FAIL: gcc.target/i386/pr57003.c (internal compiler error)
FAIL: gcc.target/i386/pr57003.c (test for excess errors)
UNRESOLVED: gcc.target/i386/pr57003.c compilation failed to produce executable
FAIL: gcc.target/i386/pr57756.c (test for errors, line 6)
FAIL: gcc.target/i386/pr57756.c (test for errors, line 14)
FAIL: gcc.target/i386/pr57848.c (test for excess errors)
FAIL: gcc.target/i386/pr59099.c (test for excess errors)
UNRESOLVED: gcc.target/i386/pr59099.c compilation failed to produce executable
FAIL: gcc.target/i386/xop-imul32widen-vector.c scan-assembler vpmacsdqh
FAIL: gcc.target/i386/xop-imul64-vector.c scan-assembler vpmulld
FAIL: gcc.target/i386/xop-imul64-vector.c scan-assembler vphadddq
FAIL: gcc.target/i386/xop-imul64-vector.c scan-assembler vpmacsdql
FAIL: gcc.target/i386/xop-rotate1-vector.c scan-assembler vprotd
FAIL: gcc.target/i386/xop-rotate2-vector.c scan-assembler vprot
FAIL: gcc.target/i386/xop-rotate3-vector.c scan-assembler vprotd
FAIL: gcc.target/i386/xop-shift1-vector.c scan-assembler vpshad
FAIL: gcc.target/i386/xop-shift2-vector.c scan-assembler vpshad
FAIL: gcc.target/i386/xop-shift3-vector.c scan-assembler vpshld
FAIL: gcc.target/x86_64/abi/callabi/func-1.c (test for excess errors)
UNRESOLVED: gcc.target/x86_64/abi/callabi/func-1.c compilation failed to produce executable
FAIL: gcc.target/x86_64/abi/callabi/func-2a.c (test for excess errors)
UNRESOLVED: gcc.target/x86_64/abi/callabi/func-2a.c compilation failed to produce executable
FAIL: gcc.target/x86_64/abi/callabi/func-indirect-2a.c (internal compiler error)
FAIL: gcc.target/x86_64/abi/callabi/func-indirect-2a.c (test for excess errors)
UNRESOLVED: gcc.target/x86_64/abi/callabi/func-indirect-2a.c compilation failed to produce executable
FAIL: gcc.target/x86_64/abi/callabi/func-indirect.c (test for excess errors)
UNRESOLVED: gcc.target/x86_64/abi/callabi/func-indirect.c compilation failed to produce executable
FAIL: gcc.target/x86_64/abi/callabi/vaarg-1.c (test for excess errors)
UNRESOLVED: gcc.target/x86_64/abi/callabi/vaarg-1.c compilation failed to produce executable
FAIL: gcc.target/x86_64/abi/callabi/vaarg-2.c (test for excess errors)
UNRESOLVED: gcc.target/x86_64/abi/callabi/vaarg-2.c compilation failed to produce executable
FAIL: gcc.target/x86_64/abi/callabi/vaarg-3.c (test for excess errors)
UNRESOLVED: gcc.target/x86_64/abi/callabi/vaarg-3.c compilation failed to produce executable
FAIL: gcc.target/x86_64/abi/callabi/vaarg-4a.c (test for excess errors)
UNRESOLVED: gcc.target/x86_64/abi/callabi/vaarg-4a.c compilation failed to produce executable
FAIL: gcc.target/x86_64/abi/callabi/vaarg-5a.c (test for excess errors)
UNRESOLVED: gcc.target/x86_64/abi/callabi/vaarg-5a.c compilation failed to produce executable
=== gcc Summary ===
# of expected passes 100723
# of unexpected failures 56
# of unexpected successes 1
# of expected failures 262
# of unresolved testcases 11
# of unsupported tests 1426
/scratch/toon/bd6262/gcc/xgcc version 4.9.0 20131208 (experimental) (GCC)
=== gfortran tests ===
Running target unix
FAIL: gfortran.dg/lto/pr45586-2 f_lto_pr45586-2_0.o-f_lto_pr45586-2_0.o link, -O0 -flto -flto-partition=none -fuse-linker-plugin (internal compiler error)
UNRESOLVED: gfortran.dg/lto/pr45586-2 f_lto_pr45586-2_0.o-f_lto_pr45586-2_0.o execute -O0 -flto -flto-partition=none -fuse-linker-plugin
FAIL: gfortran.dg/lto/pr45586-2 f_lto_pr45586-2_0.o-f_lto_pr45586-2_0.o link, -O0 -flto -flto-partition=1to1 -fno-use-linker-plugin (internal compiler error)
UNRESOLVED: gfortran.dg/lto/pr45586-2 f_lto_pr45586-2_0.o-f_lto_pr45586-2_0.o execute -O0 -flto -flto-partition=1to1 -fno-use-linker-plugin
FAIL: gfortran.dg/lto/pr45586-2 f_lto_pr45586-2_0.o-f_lto_pr45586-2_0.o link, -O0 -flto -fuse-linker-plugin -fno-fat-lto-objects (internal compiler error)
UNRESOLVED: gfortran.dg/lto/pr45586-2 f_lto_pr45586-2_0.o-f_lto_pr45586-2_0.o execute -O0 -flto -fuse-linker-plugin -fno-fat-lto-objects
FAIL: gfortran.dg/lto/pr45586 f_lto_pr45586_0.o-f_lto_pr45586_0.o link, -O0 -flto -flto-partition=none -fuse-linker-plugin (internal compiler error)
UNRESOLVED: gfortran.dg/lto/pr45586 f_lto_pr45586_0.o-f_lto_pr45586_0.o execute -O0 -flto -flto-partition=none -fuse-linker-plugin
FAIL: gfortran.dg/lto/pr45586 f_lto_pr45586_0.o-f_lto_pr45586_0.o link, -O0 -flto -flto-partition=1to1 -fno-use-linker-plugin (internal compiler error)
UNRESOLVED: gfortran.dg/lto/pr45586 f_lto_pr45586_0.o-f_lto_pr45586_0.o execute -O0 -flto -flto-partition=1to1 -fno-use-linker-plugin
FAIL: gfortran.dg/lto/pr45586 f_lto_pr45586_0.o-f_lto_pr45586_0.o link, -O0 -flto -fuse-linker-plugin -fno-fat-lto-objects (internal compiler error)
UNRESOLVED: gfortran.dg/lto/pr45586 f_lto_pr45586_0.o-f_lto_pr45586_0.o execute -O0 -flto -fuse-linker-plugin -fno-fat-lto-objects
FAIL: gfortran.dg/vect/fast-math-mgrid-resid.f scan-tree-dump-times optimized "vect_[^\\\\n]*\\\\+ " 13
=== gfortran Summary ===
# of expected passes 45196
# of unexpected failures 7
# of expected failures 53
# of unresolved testcases 6
# of unsupported tests 80
/scratch/toon/bd6262/gcc/testsuite/gfortran/../../gfortran version 4.9.0 20131208 (experimental) (GCC)
=== g++ tests ===
Running target unix
=== g++ Summary ===
# of expected passes 59567
# of expected failures 290
# of unsupported tests 1049
/scratch/toon/bd6262/gcc/testsuite/g++/../../xg++ version 4.9.0 20131208 (experimental) (GCC)
=== libatomic tests ===
Running target unix
=== libatomic Summary ===
# of expected passes 54
=== libgomp tests ===
Running target unix
FAIL: libgomp.graphite/bounds.c scan-tree-dump-times graphite "0 loops carried no dependency" 1
FAIL: libgomp.graphite/force-parallel-4.c execution test
FAIL: libgomp.graphite/force-parallel-4.c scan-tree-dump-times graphite "2 loops carried no dependency" 1
FAIL: libgomp.graphite/force-parallel-6.c scan-tree-dump-times graphite "1 loops carried no dependency" 1
FAIL: libgomp.graphite/pr41118.c scan-tree-dump-times optimized "loopfn" 0
=== libgomp Summary ===
# of expected passes 2387
# of unexpected failures 5
=== libitm tests ===
Running target unix
=== libitm Summary ===
# of expected passes 26
# of expected failures 3
# of unsupported tests 1
=== libstdc++ tests ===
Running target unix
=== libstdc++ Summary ===
# of expected passes 9279
# of expected failures 40
# of unsupported tests 530
Compiler version: 4.9.0 20131208 (experimental) (GCC)
Platform: x86_64-unknown-linux-gnu
configure flags: --prefix=/home/toon/compilers/install --with-gnu-as --with-gnu-ld --with-build-config=bootstrap-lto --enable-languages=fortran --disable-multilib --disable-nls --with-arch=core-avx2 --with-tune=core-avx2
More information about the Gcc-testresults
mailing list