Results for 4.9.0 20131206 (experimental) [trunk revision 205737] (GCC) testsuite on sparc-sun-solaris2.11
Rainer Orth
ro@CeBiTec.Uni-Bielefeld.DE
Sun Dec 8 08:08:00 GMT 2013
LAST_UPDATED: Fri Dec 6 12:45:44 UTC 2013 (revision 205737)
=== acats tests ===
=== acats Summary ===
# of expected passes 2320
# of unexpected failures 0
Native configuration is sparc-sun-solaris2.11
=== g++ tests ===
Running target unix
FAIL: g++.dg/warn/Wunused-3.C -std=gnu++98 (test for excess errors)
FAIL: g++.dg/warn/Wunused-3.C -std=gnu++11 (test for excess errors)
=== g++ Summary for unix ===
# of expected passes 54393
# of unexpected failures 2
# of expected failures 292
# of unsupported tests 1129
Running target unix/-m64
FAIL: g++.dg/warn/Wunused-3.C -std=gnu++98 (test for excess errors)
FAIL: g++.dg/warn/Wunused-3.C -std=gnu++11 (test for excess errors)
=== g++ Summary for unix/-m64 ===
# of expected passes 55631
# of unexpected failures 2
# of expected failures 292
# of unsupported tests 1119
=== g++ Summary ===
# of expected passes 110024
# of unexpected failures 4
# of expected failures 584
# of unsupported tests 2248
/var/gcc/regression/trunk/11-gcc-gas-gld/build/gcc/testsuite/g++/../../xg++ version 4.9.0 20131206 (experimental) [trunk revision 205737] (GCC)
=== gcc tests ===
Running target unix
WARNING: program timed out.
FAIL: gcc.dg/atomic/c11-atomic-exec-3.c -O3 -fomit-frame-pointer -funroll-all-loops -finline-functions (test for excess errors)
WARNING: gcc.dg/atomic/c11-atomic-exec-3.c -O3 -fomit-frame-pointer -funroll-all-loops -finline-functions compilation failed to produce executable
XPASS: gcc.dg/binop-xor1.c scan-tree-dump-times optimized "\\\\^" 1
FAIL: gcc.dg/uninit-pred-8_b.c bogus warning (test for bogus messages, line 20)
FAIL: gcc.dg/uninit-pred-9_b.c bogus warning (test for bogus messages, line 24)
FAIL: gcc.dg/unroll_1.c (test for warnings, line 14)
FAIL: gcc.dg/unroll_1.c (test for warnings, line 24)
FAIL: gcc.dg/simulate-thread/atomic-other-int.c -O0 -g thread simulation test
FAIL: gcc.dg/simulate-thread/atomic-other-int.c -O2 -g thread simulation test
FAIL: gcc.dg/simulate-thread/atomic-other-int.c -O3 -g thread simulation test
FAIL: gcc.dg/simulate-thread/speculative-store-4.c -O0 -g thread simulation test
FAIL: gcc.dg/simulate-thread/speculative-store-4.c -O2 -g thread simulation test
FAIL: gcc.dg/simulate-thread/speculative-store-4.c -O3 -g thread simulation test
FAIL: gcc.dg/simulate-thread/speculative-store.c -O0 -g thread simulation test
FAIL: gcc.dg/vect/pr58508.c scan-tree-dump-times vect "hoist" 8
FAIL: gcc.dg/vect/vect-reduc-pattern-3.c scan-tree-dump-times vect "vectorized 1 loops" 1
FAIL: gcc.dg/vect/pr58508.c -flto -ffat-lto-objects scan-tree-dump-times vect "hoist" 8
FAIL: gcc.dg/vect/vect-reduc-pattern-3.c -flto -ffat-lto-objects scan-tree-dump-times vect "vectorized 1 loops" 1
=== gcc Summary for unix ===
# of expected passes 88059
# of unexpected failures 16
# of unexpected successes 1
# of expected failures 317
# of unsupported tests 1872
Running target unix/-m64
XPASS: gcc.dg/binop-xor1.c scan-tree-dump-times optimized "\\\\^" 1
FAIL: gcc.dg/uninit-pred-8_b.c bogus warning (test for bogus messages, line 20)
FAIL: gcc.dg/uninit-pred-9_b.c bogus warning (test for bogus messages, line 24)
FAIL: gcc.dg/unroll_1.c (test for warnings, line 14)
FAIL: gcc.dg/unroll_1.c (test for warnings, line 24)
FAIL: gcc.dg/vect/pr58508.c scan-tree-dump-times vect "hoist" 8
FAIL: gcc.dg/vect/vect-reduc-pattern-3.c scan-tree-dump-times vect "vectorized 1 loops" 1
FAIL: gcc.dg/vect/pr58508.c -flto -ffat-lto-objects scan-tree-dump-times vect "hoist" 8
FAIL: gcc.dg/vect/vect-reduc-pattern-3.c -flto -ffat-lto-objects scan-tree-dump-times vect "vectorized 1 loops" 1
=== gcc Summary for unix/-m64 ===
# of expected passes 88836
# of unexpected failures 8
# of unexpected successes 1
# of expected failures 306
# of unsupported tests 1814
=== gcc Summary ===
# of expected passes 176895
# of unexpected failures 24
# of unexpected successes 2
# of expected failures 623
# of unsupported tests 3686
/var/gcc/regression/trunk/11-gcc-gas-gld/build/gcc/xgcc version 4.9.0 20131206 (experimental) [trunk revision 205737] (GCC)
=== gfortran tests ===
Running target unix
FAIL: gfortran.dg/class_48.f90 -O2 (test for excess errors)
FAIL: gfortran.dg/class_48.f90 -Os (test for excess errors)
FAIL: gfortran.dg/lto/pr45586-2 f_lto_pr45586-2_0.o-f_lto_pr45586-2_0.o link, -O0 -flto -flto-partition=none -fuse-linker-plugin (internal compiler error)
UNRESOLVED: gfortran.dg/lto/pr45586-2 f_lto_pr45586-2_0.o-f_lto_pr45586-2_0.o execute -O0 -flto -flto-partition=none -fuse-linker-plugin
FAIL: gfortran.dg/lto/pr45586-2 f_lto_pr45586-2_0.o-f_lto_pr45586-2_0.o link, -O0 -flto -flto-partition=1to1 -fno-use-linker-plugin (internal compiler error)
UNRESOLVED: gfortran.dg/lto/pr45586-2 f_lto_pr45586-2_0.o-f_lto_pr45586-2_0.o execute -O0 -flto -flto-partition=1to1 -fno-use-linker-plugin
FAIL: gfortran.dg/lto/pr45586-2 f_lto_pr45586-2_0.o-f_lto_pr45586-2_0.o link, -O0 -flto -fuse-linker-plugin -fno-fat-lto-objects (internal compiler error)
UNRESOLVED: gfortran.dg/lto/pr45586-2 f_lto_pr45586-2_0.o-f_lto_pr45586-2_0.o execute -O0 -flto -fuse-linker-plugin -fno-fat-lto-objects
FAIL: gfortran.dg/lto/pr45586 f_lto_pr45586_0.o-f_lto_pr45586_0.o link, -O0 -flto -flto-partition=none -fuse-linker-plugin (internal compiler error)
UNRESOLVED: gfortran.dg/lto/pr45586 f_lto_pr45586_0.o-f_lto_pr45586_0.o execute -O0 -flto -flto-partition=none -fuse-linker-plugin
FAIL: gfortran.dg/lto/pr45586 f_lto_pr45586_0.o-f_lto_pr45586_0.o link, -O0 -flto -flto-partition=1to1 -fno-use-linker-plugin (internal compiler error)
UNRESOLVED: gfortran.dg/lto/pr45586 f_lto_pr45586_0.o-f_lto_pr45586_0.o execute -O0 -flto -flto-partition=1to1 -fno-use-linker-plugin
FAIL: gfortran.dg/lto/pr45586 f_lto_pr45586_0.o-f_lto_pr45586_0.o link, -O0 -flto -fuse-linker-plugin -fno-fat-lto-objects (internal compiler error)
UNRESOLVED: gfortran.dg/lto/pr45586 f_lto_pr45586_0.o-f_lto_pr45586_0.o execute -O0 -flto -fuse-linker-plugin -fno-fat-lto-objects
=== gfortran Summary for unix ===
# of expected passes 44794
# of unexpected failures 8
# of expected failures 54
# of unresolved testcases 6
# of unsupported tests 267
Running target unix/-m64
FAIL: gfortran.dg/lto/pr45586-2 f_lto_pr45586-2_0.o-f_lto_pr45586-2_0.o link, -O0 -flto -flto-partition=none -fuse-linker-plugin (internal compiler error)
UNRESOLVED: gfortran.dg/lto/pr45586-2 f_lto_pr45586-2_0.o-f_lto_pr45586-2_0.o execute -O0 -flto -flto-partition=none -fuse-linker-plugin
FAIL: gfortran.dg/lto/pr45586-2 f_lto_pr45586-2_0.o-f_lto_pr45586-2_0.o link, -O0 -flto -flto-partition=1to1 -fno-use-linker-plugin (internal compiler error)
UNRESOLVED: gfortran.dg/lto/pr45586-2 f_lto_pr45586-2_0.o-f_lto_pr45586-2_0.o execute -O0 -flto -flto-partition=1to1 -fno-use-linker-plugin
FAIL: gfortran.dg/lto/pr45586-2 f_lto_pr45586-2_0.o-f_lto_pr45586-2_0.o link, -O0 -flto -fuse-linker-plugin -fno-fat-lto-objects (internal compiler error)
UNRESOLVED: gfortran.dg/lto/pr45586-2 f_lto_pr45586-2_0.o-f_lto_pr45586-2_0.o execute -O0 -flto -fuse-linker-plugin -fno-fat-lto-objects
FAIL: gfortran.dg/lto/pr45586 f_lto_pr45586_0.o-f_lto_pr45586_0.o link, -O0 -flto -flto-partition=none -fuse-linker-plugin (internal compiler error)
UNRESOLVED: gfortran.dg/lto/pr45586 f_lto_pr45586_0.o-f_lto_pr45586_0.o execute -O0 -flto -flto-partition=none -fuse-linker-plugin
FAIL: gfortran.dg/lto/pr45586 f_lto_pr45586_0.o-f_lto_pr45586_0.o link, -O0 -flto -flto-partition=1to1 -fno-use-linker-plugin (internal compiler error)
UNRESOLVED: gfortran.dg/lto/pr45586 f_lto_pr45586_0.o-f_lto_pr45586_0.o execute -O0 -flto -flto-partition=1to1 -fno-use-linker-plugin
FAIL: gfortran.dg/lto/pr45586 f_lto_pr45586_0.o-f_lto_pr45586_0.o link, -O0 -flto -fuse-linker-plugin -fno-fat-lto-objects (internal compiler error)
UNRESOLVED: gfortran.dg/lto/pr45586 f_lto_pr45586_0.o-f_lto_pr45586_0.o execute -O0 -flto -fuse-linker-plugin -fno-fat-lto-objects
=== gfortran Summary for unix/-m64 ===
# of expected passes 45123
# of unexpected failures 6
# of expected failures 54
# of unresolved testcases 6
# of unsupported tests 106
=== gfortran Summary ===
# of expected passes 89917
# of unexpected failures 14
# of expected failures 108
# of unresolved testcases 12
# of unsupported tests 373
/var/gcc/regression/trunk/11-gcc-gas-gld/build/gcc/testsuite/gfortran/../../gfortran version 4.9.0 20131206 (experimental) [trunk revision 205737] (GCC)
=== gnat tests ===
Running target unix
FAIL: gnat.dg/pack19.adb execution test
=== gnat Summary for unix ===
# of expected passes 1193
# of unexpected failures 1
# of expected failures 18
# of unsupported tests 13
Running target unix/-m64
FAIL: gnat.dg/pack19.adb execution test
=== gnat Summary for unix/-m64 ===
# of expected passes 1193
# of unexpected failures 1
# of expected failures 18
# of unsupported tests 13
=== gnat Summary ===
# of expected passes 2386
# of unexpected failures 2
# of expected failures 36
# of unsupported tests 26
/var/gcc/regression/trunk/11-gcc-gas-gld/build/gcc/gnatmake version 4.9.0 20131206 (experimental) [trunk revision 205737]
=== go tests ===
Running target unix
FAIL: ./rotate0-out.go compilation, -O0 -g -fno-var-tracking-assignments
FAIL: ./rotate1-out.go compilation, -O0 -g -fno-var-tracking-assignments
FAIL: ./rotate2-out.go compilation, -O0 -g -fno-var-tracking-assignments
FAIL: ./rotate3-out.go compilation, -O0 -g -fno-var-tracking-assignments
FAIL: go.test/test/chan/doubleselect.go execution, -O2 -g
FAIL: go.test/test/fixedbugs/bug370.go execution, -O2 -g
FAIL: go.test/test/mallocfin.go execution, -O2 -g
WARNING: program timed out.
WARNING: program timed out.
WARNING: program timed out.
WARNING: program timed out.
=== go Summary for unix ===
# of expected passes 7235
# of unexpected failures 7
# of expected failures 1
# of untested testcases 10
# of unsupported tests 2
Running target unix/-m64
FAIL: go.go-torture/execute/go-1.go execution, -O3 -g
FAIL: go.go-torture/execute/go-2.go execution, -O0
FAIL: go.go-torture/execute/go-2.go execution, -O3 -g
FAIL: go.go-torture/execute/go-3.go execution, -O1
FAIL: go.go-torture/execute/go-3.go execution, -O3 -g
FAIL: go.go-torture/execute/pointer-1.go execution, -O2 -fomit-frame-pointer -finline-functions -funroll-loops
FAIL: go.go-torture/execute/string-2.go execution, -O2 -fomit-frame-pointer -finline-functions -funroll-loops
FAIL: go.test/test/64bit.go execution
FAIL: go.test/test/append.go execution, -O2 -g
FAIL: go.test/test/bom.go execution
FAIL: go.test/test/chan/doubleselect.go execution, -O2 -g
FAIL: go.test/test/chan/fifo.go execution, -O2 -g
FAIL: go.test/test/chan/goroutines.go execution, -O2 -g
FAIL: go.test/test/chan/nonblock.go execution, -O2 -g
FAIL: go.test/test/chan/powser1.go execution, -O2 -g
FAIL: go.test/test/chan/powser2.go execution, -O2 -g
FAIL: go.test/test/chan/select3.go execution, -O2 -g
FAIL: go.test/test/chan/select5.go execution
FAIL: go.test/test/chan/sieve1.go execution, -O2 -g
FAIL: go.test/test/cmplxdivide.go
FAIL: go.test/test/copy.go execution, -O2 -g
FAIL: go.test/test/crlf.go execution
FAIL: go.test/test/deferprint.go execution
FAIL: go.test/test/fixedbugs/bug054.go execution, -O2 -g
FAIL: go.test/test/fixedbugs/bug059.go execution, -O2 -g
FAIL: go.test/test/fixedbugs/bug147.go execution, -O2 -g
FAIL: go.test/test/fixedbugs/bug234.go execution, -O2 -g
FAIL: go.test/test/fixedbugs/bug257.go execution, -O2 -g
FAIL: go.test/test/fixedbugs/bug259.go execution, -O2 -g
FAIL: go.test/test/fixedbugs/bug303.go execution, -O2 -g
FAIL: go.test/test/fixedbugs/bug347.go execution, -O0 -g
FAIL: go.test/test/fixedbugs/bug369.go
FAIL: go.test/test/fixedbugs/bug370.go execution, -O2 -g
FAIL: go.test/test/fixedbugs/bug414.dir/prog.go execution, -O2 -g
FAIL: go.test/test/fixedbugs/bug447.go execution
FAIL: go.test/test/fixedbugs/bug449.go execution
FAIL: go.test/test/fixedbugs/issue4085b.go execution, -O2 -g
FAIL: go.test/test/fixedbugs/issue4316.go execution, -O2 -g
FAIL: go.test/test/fixedbugs/issue4348.go -O (test for excess errors)
FAIL: go.test/test/fixedbugs/issue4562.go execution, -O2 -g
FAIL: go.test/test/fixedbugs/issue4667.go execution, -O2 -g
FAIL: go.test/test/fixedbugs/issue4909b.go execution
FAIL: go.test/test/fixedbugs/issue5162.go execution
FAIL: go.test/test/gc1.go execution, -O2 -g
FAIL: go.test/test/gc2.go execution, -O2 -g
FAIL: go.test/test/goprint.go execution
FAIL: go.test/test/index0.go execution
FAIL: go.test/test/index1.go execution
FAIL: go.test/test/index2.go execution
FAIL: go.test/test/ken/chan.go execution, -O2 -g
FAIL: go.test/test/ken/chan1.go execution, -O2 -g
FAIL: go.test/test/ken/divconst.go execution, -O2 -g
FAIL: go.test/test/ken/modconst.go execution, -O2 -g
FAIL: go.test/test/ken/rob2.go execution, -O2 -g
FAIL: go.test/test/ken/simparray.go execution, -O2 -g
FAIL: go.test/test/ken/string.go execution
FAIL: go.test/test/mallocfin.go execution, -O2 -g
FAIL: go.test/test/map.go execution, -O2 -g
FAIL: go.test/test/mapnan.go execution, -O2 -g
FAIL: go.test/test/method3.go execution, -O2 -g
FAIL: go.test/test/nil.go execution, -O2 -g
FAIL: go.test/test/nul1.go execution
FAIL: go.test/test/peano.go execution, -O2 -g
FAIL: go.test/test/rotate0.go execution
FAIL: go.test/test/rotate1.go execution
FAIL: go.test/test/rotate2.go execution
FAIL: go.test/test/rotate3.go execution
FAIL: go.test/test/sigchld.go execution
FAIL: go.test/test/turing.go execution, -O2 -g
=== go Summary for unix/-m64 ===
# of expected passes 2938
# of unexpected failures 69
# of expected failures 1
# of untested testcases 10
# of unsupported tests 2
=== go Summary ===
# of expected passes 10173
# of unexpected failures 76
# of expected failures 2
# of untested testcases 20
# of unsupported tests 4
/var/gcc/regression/trunk/11-gcc-gas-gld/build/gcc/testsuite/go/../../gccgo version 4.9.0 20131206 (experimental) [trunk revision 205737] (GCC)
=== obj-c++ tests ===
Running target unix
=== obj-c++ Summary for unix ===
# of expected passes 1449
# of expected failures 2
# of unsupported tests 86
Running target unix/-m64
=== obj-c++ Summary for unix/-m64 ===
# of expected passes 1441
# of expected failures 10
# of unsupported tests 86
=== obj-c++ Summary ===
# of expected passes 2890
# of expected failures 12
# of unsupported tests 172
/var/gcc/regression/trunk/11-gcc-gas-gld/build/gcc/testsuite/obj-c++/../../xg++ version 4.9.0 20131206 (experimental) [trunk revision 205737] (GCC)
=== objc tests ===
Running target unix
=== objc Summary for unix ===
# of expected passes 2994
# of unsupported tests 74
Running target unix/-m64
=== objc Summary for unix/-m64 ===
# of expected passes 2994
# of unsupported tests 74
=== objc Summary ===
# of expected passes 5988
# of unsupported tests 148
/var/gcc/regression/trunk/11-gcc-gas-gld/build/gcc/xgcc version 4.9.0 20131206 (experimental) [trunk revision 205737] (GCC)
=== boehm-gc tests ===
Running target unix
=== boehm-gc Summary for unix ===
# of expected passes 12
# of unsupported tests 1
Running target unix/-m64
=== boehm-gc Summary for unix/-m64 ===
# of expected passes 12
# of unsupported tests 1
=== boehm-gc Summary ===
# of expected passes 24
# of unsupported tests 2
=== libatomic tests ===
Running target unix
=== libatomic Summary for unix ===
# of expected passes 44
# of unsupported tests 5
Running target unix/-m64
=== libatomic Summary for unix/-m64 ===
# of expected passes 54
=== libatomic Summary ===
# of expected passes 98
# of unsupported tests 5
=== libffi tests ===
Running target unix
=== libffi Summary for unix ===
# of expected passes 1819
# of unsupported tests 55
Running target unix/-m64
FAIL: libffi.call/cls_double_va.c -O0 -W -Wall output pattern test, is 7.0
FAIL: libffi.call/cls_double_va.c -O2 output pattern test, is 7.0
FAIL: libffi.call/cls_double_va.c -O3 output pattern test, is 7.0
FAIL: libffi.call/cls_double_va.c -Os output pattern test, is 7.0
FAIL: libffi.call/cls_double_va.c -O2 -fomit-frame-pointer output pattern test, is 7.0
=== libffi Summary for unix/-m64 ===
# of expected passes 1814
# of unexpected failures 5
# of unsupported tests 55
=== libffi Summary ===
# of expected passes 3633
# of unexpected failures 5
# of unsupported tests 110
=== libgo tests ===
Running target unix
FAIL: net
FAIL: runtime
FAIL: sync
FAIL: time
FAIL: database/sql
FAIL: net/http
FAIL: os/signal
FAIL: os/user
FAIL: sync/atomic
FAIL: text/template
FAIL: testing/quick
=== libgo Summary for unix ===
# of expected passes 111
# of unexpected failures 11
Running target unix/-m64
FAIL: bufio
FAIL: bytes
FAIL: expvar
FAIL: flag
FAIL: fmt
FAIL: html
FAIL: image
FAIL: io
FAIL: log
FAIL: math
FAIL: mime
FAIL: net
FAIL: os
FAIL: path
FAIL: reflect
FAIL: regexp
FAIL: runtime
FAIL: sort
FAIL: strconv
FAIL: strings
FAIL: sync
FAIL: syscall
FAIL: time
FAIL: unicode
FAIL: archive/tar
FAIL: archive/zip
FAIL: compress/bzip2
FAIL: compress/flate
FAIL: compress/gzip
FAIL: compress/lzw
FAIL: compress/zlib
FAIL: container/heap
FAIL: container/list
FAIL: container/ring
FAIL: crypto/aes
FAIL: crypto/cipher
FAIL: crypto/des
FAIL: crypto/dsa
FAIL: crypto/ecdsa
FAIL: crypto/elliptic
FAIL: crypto/hmac
FAIL: crypto/md5
FAIL: crypto/rand
FAIL: crypto/rc4
FAIL: crypto/rsa
FAIL: crypto/sha1
FAIL: crypto/sha256
FAIL: crypto/sha512
FAIL: crypto/subtle
FAIL: crypto/tls
FAIL: crypto/x509
FAIL: database/sql
FAIL: database/sql/driver
FAIL: debug/dwarf
FAIL: debug/elf
FAIL: debug/macho
FAIL: debug/pe
FAIL: encoding/ascii85
FAIL: encoding/asn1
FAIL: encoding/base32
FAIL: encoding/base64
FAIL: encoding/binary
FAIL: encoding/csv
FAIL: encoding/gob
FAIL: encoding/hex
FAIL: encoding/json
FAIL: encoding/pem
FAIL: encoding/xml
FAIL: exp/proxy
FAIL: exp/terminal
FAIL: html/template
FAIL: go/ast
FAIL: go/doc
FAIL: go/format
FAIL: go/parser
FAIL: go/printer
FAIL: go/scanner
FAIL: go/token
FAIL: hash/adler32
FAIL: hash/crc32
FAIL: hash/crc64
FAIL: hash/fnv
FAIL: image/color
FAIL: image/draw
FAIL: image/jpeg
FAIL: image/png
FAIL: index/suffixarray
FAIL: io/ioutil
FAIL: log/syslog
FAIL: math/big
FAIL: math/cmplx
FAIL: math/rand
FAIL: mime/multipart
FAIL: net/http
FAIL: net/http/cgi
FAIL: net/http/cookiejar
FAIL: net/http/fcgi
FAIL: net/http/httptest
FAIL: net/http/httputil
FAIL: net/mail
FAIL: net/rpc
FAIL: net/smtp
FAIL: net/textproto
FAIL: net/url
FAIL: net/rpc/jsonrpc
FAIL: old/regexp
FAIL: old/template
FAIL: os/exec
FAIL: os/signal
FAIL: os/user
FAIL: path/filepath
FAIL: regexp/syntax
FAIL: runtime/pprof
FAIL: sync/atomic
FAIL: text/scanner
FAIL: text/tabwriter
FAIL: text/template
FAIL: text/template/parse
FAIL: testing/quick
FAIL: unicode/utf16
FAIL: unicode/utf8
=== libgo Summary for unix/-m64 ===
# of expected passes 1
# of unexpected failures 121
=== libgo Summary ===
# of expected passes 112
# of unexpected failures 132
/var/gcc/regression/trunk/11-gcc-gas-gld/build/./gcc/gccgo version 4.9.0 20131206 (experimental) [trunk revision 205737] (GCC)
=== libgomp tests ===
Running target unix
FAIL: libgomp.c/pr58392.c execution test
FAIL: libgomp.graphite/bounds.c scan-tree-dump-times graphite "0 loops carried no dependency" 1
FAIL: libgomp.graphite/force-parallel-4.c execution test
FAIL: libgomp.graphite/force-parallel-4.c scan-tree-dump-times graphite "2 loops carried no dependency" 1
FAIL: libgomp.graphite/force-parallel-6.c scan-tree-dump-times graphite "1 loops carried no dependency" 1
FAIL: libgomp.graphite/pr41118.c scan-tree-dump-times optimized "loopfn" 0
=== libgomp Summary for unix ===
# of expected passes 2380
# of unexpected failures 6
# of unsupported tests 3
Running target unix/-m64
FAIL: libgomp.c/pr58392.c execution test
FAIL: libgomp.graphite/bounds.c scan-tree-dump-times graphite "0 loops carried no dependency" 1
FAIL: libgomp.graphite/force-parallel-4.c execution test
FAIL: libgomp.graphite/force-parallel-4.c scan-tree-dump-times graphite "2 loops carried no dependency" 1
FAIL: libgomp.graphite/force-parallel-6.c scan-tree-dump-times graphite "1 loops carried no dependency" 1
FAIL: libgomp.graphite/pr41118.c scan-tree-dump-times optimized "loopfn" 0
=== libgomp Summary for unix/-m64 ===
# of expected passes 2380
# of unexpected failures 6
# of unsupported tests 3
=== libgomp Summary ===
# of expected passes 4760
# of unexpected failures 12
# of unsupported tests 6
=== libitm tests ===
Running target unix
=== libitm Summary for unix ===
# of expected passes 26
# of expected failures 3
# of unsupported tests 1
Running target unix/-m64
=== libitm Summary for unix/-m64 ===
# of expected passes 26
# of expected failures 3
# of unsupported tests 1
=== libitm Summary ===
# of expected passes 52
# of expected failures 6
# of unsupported tests 2
=== libjava tests ===
Running target unix
FAIL: sourcelocation output - source compiled test
FAIL: sourcelocation -findirect-dispatch output - source compiled test
FAIL: sourcelocation -O3 output - source compiled test
FAIL: sourcelocation -O3 -findirect-dispatch output - source compiled test
=== libjava Summary for unix ===
# of expected passes 2582
# of unexpected failures 4
Running target unix/-m64
FAIL: sourcelocation output - source compiled test
FAIL: sourcelocation -findirect-dispatch output - source compiled test
FAIL: sourcelocation -O3 output - source compiled test
FAIL: sourcelocation -O3 -findirect-dispatch output - source compiled test
=== libjava Summary for unix/-m64 ===
# of expected passes 2582
# of unexpected failures 4
=== libjava Summary ===
# of expected passes 5164
# of unexpected failures 8
=== libstdc++ tests ===
Running target unix
=== libstdc++ Summary for unix ===
# of expected passes 8913
# of expected failures 40
# of unsupported tests 599
Running target unix/-m64
=== libstdc++ Summary for unix/-m64 ===
# of expected passes 8913
# of expected failures 40
# of unsupported tests 599
=== libstdc++ Summary ===
# of expected passes 17826
# of expected failures 80
# of unsupported tests 1198
Compiler version: 4.9.0 20131206 (experimental) [trunk revision 205737] (GCC)
Platform: sparc-sun-solaris2.11
configure flags: --prefix=/vol/gcc --target=sparc-sun-solaris2.11 --enable-objc-gc --enable-libmudflap --with-as=/vol/gcc/bin/gas-2.24 --with-gnu-as --with-ld=/vol/gcc/bin/gld-2.24 --with-gnu-ld --with-gmp-include=/vol/gcc/include --with-gmp-lib=/vol/gcc/lib --with-mpfr-include=/vol/gcc/include --with-mpfr-lib=/vol/gcc/lib --with-mpc-include=/vol/gcc/include --with-mpc-lib=/vol/gcc/lib --enable-languages=all,ada,obj-c++,go --with-isl-include=/vol/gcc/include --with-isl-lib=/vol/gcc/lib --with-cloog-include=/vol/gcc/include --with-cloog-lib=/vol/gcc/lib --enable-cloog-backend=isl
BOOT_CFLAGS=-g -O2
More information about the Gcc-testresults
mailing list