Results for 4.9.0 20130809 (experimental) [trunk revision 201631] (GCC) g++ testsuite on hppa64-hp-hpux11.11
John David Anglin
dave@hiauly3.hia.nrc.ca
Tue Aug 20 00:15:00 GMT 2013
Native configuration is hppa64-hp-hpux11.11
=== g++ tests ===
Running target unix
FAIL: g++.dg/debug/dwarf2/non-virtual-thunk.C -std=gnu++98 scan-assembler thunk.C:30
FAIL: g++.dg/debug/dwarf2/non-virtual-thunk.C -std=gnu++11 scan-assembler thunk.C:30
FAIL: g++.dg/opt/pr56999.C -std=gnu++98 (test for excess errors)
FAIL: g++.dg/opt/pr56999.C -std=gnu++11 (test for excess errors)
WARNING: program timed out.
FAIL: g++.dg/torture/pr48661.C -O2 -flto -flto-partition=none (internal compiler error)
FAIL: g++.dg/torture/pr48661.C -O2 -flto -flto-partition=none (test for excess errors)
FAIL: g++.dg/torture/pr48661.C -O2 -flto (internal compiler error)
FAIL: g++.dg/torture/pr48661.C -O2 -flto (test for excess errors)
FAIL: g++.dg/torture/vshuf-v2sf.C -O3 -fomit-frame-pointer execution test
FAIL: g++.dg/torture/vshuf-v2sf.C -O3 -g execution test
FAIL: g++.dg/torture/vshuf-v2si.C -O3 -fomit-frame-pointer execution test
FAIL: g++.dg/torture/vshuf-v2si.C -O3 -g execution test
=== g++ Summary ===
# of expected passes 50721
# of unexpected failures 12
# of expected failures 291
# of unsupported tests 1292
/test/gnu/gcc/objdir/gcc/testsuite/g++/../../xg++ version 4.9.0 20130809 (experimental) [trunk revision 201631] (GCC)
Compiler version: 4.9.0 20130809 (experimental) [trunk revision 201631] (GCC) g++
Platform: hppa64-hp-hpux11.11
configure flags:Test Run By dave on Sat Aug 10 09:54:08 2013
More information about the Gcc-testresults
mailing list