Results for 4.9.0 20130412 (experimental) [trunk revision 197843] (GCC) g++ testsuite on hppa64-hp-hpux11.11
John David Anglin
dave@hiauly3.hia.nrc.ca
Mon Aug 5 18:24:00 GMT 2013
Native configuration is hppa64-hp-hpux11.11
=== g++ tests ===
Running target unix
FAIL: g++.dg/debug/dwarf2/non-virtual-thunk.C -std=gnu++98 scan-assembler thunk.C:30
FAIL: g++.dg/debug/dwarf2/non-virtual-thunk.C -std=gnu++11 scan-assembler thunk.C:30
WARNING: program timed out.
FAIL: g++.dg/simulate-thread/atomics-1.C -O0 -g thread simulation test
FAIL: g++.dg/simulate-thread/atomics-2.C -O0 -g thread simulation test
=== g++ Summary ===
# of expected passes 48455
# of unexpected failures 4
# of expected failures 294
# of unsupported tests 1180
/test/gnu/gcc/objdir/gcc/testsuite/g++/../../xg++ version 4.9.0 20130412 (experimental) [trunk revision 197843] (GCC)
Compiler version: 4.9.0 20130412 (experimental) [trunk revision 197843] (GCC) g++
Platform: hppa64-hp-hpux11.11
configure flags:Test Run By dave on Mon Aug 5 05:58:21 2013
More information about the Gcc-testresults
mailing list