Results for 4.7.4 20130427 (prerelease) testsuite on sparc-unknown-linux-gnu
Mikael Pettersson
mikpe@it.uu.se
Mon Apr 29 10:04:00 GMT 2013
LAST_UPDATED: Obtained from SVN: branches/gcc-4_7-branch revision 198362
=== acats tests ===
FAIL: c52103x
FAIL: c52104x
FAIL: c52104y
=== acats Summary ===
# of expected passes 2317
# of unexpected failures 3
Native configuration is sparc-unknown-linux-gnu
=== g++ tests ===
Running target unix
FAIL: g++.dg/guality/redeclaration1.C -O2 line 17 i == 24
FAIL: g++.dg/guality/redeclaration1.C -O3 -fomit-frame-pointer line 17 i == 24
FAIL: g++.dg/guality/redeclaration1.C -O3 -g line 17 i == 24
=== g++ Summary ===
# of expected passes 45280
# of unexpected failures 3
# of expected failures 284
# of unsupported tests 733
/mnt/scratch/objdir47/gcc/testsuite/g++/../../g++ version 4.7.4 20130427 (prerelease) (GCC)
=== gcc tests ===
Running target unix
XPASS: gcc.dg/guality/example.c -O0 execution test
XPASS: gcc.dg/guality/example.c -O1 execution test
XPASS: gcc.dg/guality/example.c -Os execution test
XPASS: gcc.dg/guality/guality.c -O0 execution test
XPASS: gcc.dg/guality/guality.c -O1 execution test
XPASS: gcc.dg/guality/guality.c -O2 execution test
XPASS: gcc.dg/guality/guality.c -O3 -fomit-frame-pointer execution test
XPASS: gcc.dg/guality/guality.c -O3 -g execution test
XPASS: gcc.dg/guality/guality.c -Os execution test
XPASS: gcc.dg/guality/inline-params.c -O2 execution test
XPASS: gcc.dg/guality/inline-params.c -O3 -fomit-frame-pointer execution test
XPASS: gcc.dg/guality/inline-params.c -O3 -g execution test
XPASS: gcc.dg/guality/inline-params.c -Os execution test
XPASS: gcc.dg/guality/pr41353-1.c -O0 line 28 j == 28 + 37
FAIL: gcc.dg/guality/pr41404-1.c -O1 line 10 *foo == 'f'
FAIL: gcc.dg/guality/pr41404-1.c -O2 line 10 *foo == 'f'
FAIL: gcc.dg/guality/pr41404-1.c -O3 -fomit-frame-pointer line 10 *foo == 'f'
FAIL: gcc.dg/guality/pr41404-1.c -O3 -g line 10 *foo == 'f'
FAIL: gcc.dg/guality/pr41404-1.c -Os line 10 *foo == 'f'
XPASS: gcc.dg/guality/pr41447-1.c -O0 execution test
XPASS: gcc.dg/guality/pr41447-1.c -O1 execution test
XPASS: gcc.dg/guality/pr41447-1.c -O2 execution test
XPASS: gcc.dg/guality/pr41447-1.c -O3 -fomit-frame-pointer execution test
XPASS: gcc.dg/guality/pr41447-1.c -O3 -g execution test
XPASS: gcc.dg/guality/pr41447-1.c -Os execution test
XPASS: gcc.dg/guality/pr41616-1.c -O0 execution test
XPASS: gcc.dg/guality/pr41616-1.c -O1 execution test
XPASS: gcc.dg/guality/pr41616-1.c -O2 execution test
XPASS: gcc.dg/guality/pr41616-1.c -O3 -fomit-frame-pointer execution test
XPASS: gcc.dg/guality/pr41616-1.c -O3 -g execution test
XPASS: gcc.dg/guality/pr41616-1.c -Os execution test
FAIL: gcc.dg/guality/pr43479.c -O1 line 13 h == 9
FAIL: gcc.dg/guality/pr43479.c -O2 line 13 h == 9
FAIL: gcc.dg/guality/pr43479.c -O3 -fomit-frame-pointer line 13 h == 9
FAIL: gcc.dg/guality/pr43479.c -O3 -g line 13 h == 9
FAIL: gcc.dg/guality/pr43479.c -Os line 13 h == 9
FAIL: gcc.dg/guality/sra-1.c -O1 line 43 a.i == 4
FAIL: gcc.dg/guality/sra-1.c -O1 line 43 a.j == 14
FAIL: gcc.dg/guality/sra-1.c -O2 line 21 a.i == 4
FAIL: gcc.dg/guality/sra-1.c -O2 line 32 a[0] == 4
FAIL: gcc.dg/guality/sra-1.c -O3 -fomit-frame-pointer line 21 a.i == 4
FAIL: gcc.dg/guality/sra-1.c -O3 -fomit-frame-pointer line 32 a[0] == 4
FAIL: gcc.dg/guality/sra-1.c -O3 -g line 21 a.i == 4
FAIL: gcc.dg/guality/sra-1.c -O3 -g line 32 a[0] == 4
FAIL: gcc.dg/guality/sra-1.c -Os line 43 a.i == 4
FAIL: gcc.dg/guality/sra-1.c -Os line 43 a.j == 14
=== gcc Summary ===
# of expected passes 64217
# of unexpected failures 20
# of unexpected successes 26
# of expected failures 232
# of unsupported tests 1490
/mnt/scratch/objdir47/gcc/xgcc version 4.7.4 20130427 (prerelease) (GCC)
=== gfortran tests ===
Running target unix
=== gfortran Summary ===
# of expected passes 40545
# of expected failures 44
# of unsupported tests 259
/mnt/scratch/objdir47/gcc/testsuite/gfortran/../../gfortran version 4.7.4 20130427 (prerelease) (GCC)
=== gnat tests ===
Running target unix
FAIL: gnat.dg/null_pointer_deref1.adb execution test
FAIL: gnat.dg/null_pointer_deref3.adb execution test
=== gnat Summary ===
# of expected passes 1106
# of unexpected failures 2
# of expected failures 14
# of unsupported tests 10
/mnt/scratch/objdir47/gcc/gnatmake version 4.7.4 20130427 (prerelease)
=== libgomp tests ===
Running target unix
=== libgomp Summary ===
# of expected passes 2944
# of unsupported tests 1
=== libitm tests ===
Running target unix
=== libitm Summary ===
# of expected passes 26
# of expected failures 3
# of unsupported tests 1
=== libstdc++ tests ===
Running target unix
FAIL: 22_locale/messages/members/char/1.cc execution test
FAIL: 22_locale/messages/members/char/2.cc execution test
FAIL: 22_locale/messages/members/char/wrapped_env.cc execution test
FAIL: 22_locale/messages/members/char/wrapped_locale.cc execution test
FAIL: 22_locale/messages_byname/named_equivalence.cc execution test
=== libstdc++ Summary ===
# of expected passes 8741
# of unexpected failures 5
# of expected failures 45
# of unsupported tests 167
Compiler version: 4.7.4 20130427 (prerelease)
Platform: sparc-unknown-linux-gnu
configure flags: --prefix=/mnt/scratch/install47 --with-gmp=/home/mikpe/pkgs/linux-sparc64/gmp-5.1.1 --with-mpfr=/home/mikpe/pkgs/linux-sparc64/mpfr-3.1.2 --with-mpc=/home/mikpe/pkgs/linux-sparc64/mpc-1.0.1 --enable-multilib --disable-plugin --disable-lto --disable-nls --enable-threads=posix --enable-checking=release --disable-libmudflap --enable-languages=c,c++,fortran,ada --disable-build-poststage1-with-cxx --build=sparc-unknown-linux --target=sparc-unknown-linux --with-cpu=ultrasparc --enable-targets=all
BOOT_CFLAGS=-g -O2
More information about the Gcc-testresults
mailing list