Results for 4.9.0 20130429 (experimental) [trunk revision 198386] (GCC) testsuite on ia64-suse-linux-gnu
Andreas Schwab
schwab@linux-m68k.org
Mon Apr 29 09:17:00 GMT 2013
LAST_UPDATED: Mon Apr 29 02:01:39 UTC 2013 (revision 198386)
=== acats tests ===
=== acats Summary ===
# of expected passes 2320
# of unexpected failures 0
Native configuration is ia64-suse-linux-gnu
=== g++ tests ===
Running target unix
FAIL: g++.dg/ext/cleanup-10.C -std=gnu++98 execution test
FAIL: g++.dg/ext/cleanup-10.C -std=gnu++11 execution test
FAIL: g++.dg/ext/cleanup-11.C -std=gnu++98 execution test
FAIL: g++.dg/ext/cleanup-11.C -std=gnu++11 execution test
FAIL: g++.dg/inherit/covariant7.C -std=gnu++98 scan-tree-dump class "48 .*c6::_ZTcv0_n32_v0_n24_NV2c62f2Ev"
FAIL: g++.dg/inherit/covariant7.C -std=gnu++98 scan-tree-dump class "56 .*c6::f2"
FAIL: g++.dg/inherit/covariant7.C -std=gnu++98 scan-tree-dump class "168 .*c6::_ZTv0_n32_NV2c62f2Ev"
FAIL: g++.dg/inherit/covariant7.C -std=gnu++11 scan-tree-dump class "48 .*c6::_ZTcv0_n32_v0_n24_NV2c62f2Ev"
FAIL: g++.dg/inherit/covariant7.C -std=gnu++11 scan-tree-dump class "56 .*c6::f2"
FAIL: g++.dg/inherit/covariant7.C -std=gnu++11 scan-tree-dump class "168 .*c6::_ZTv0_n32_NV2c62f2Ev"
FAIL: g++.dg/other/anon5.C -std=gnu++98 (test for excess errors)
FAIL: g++.dg/other/anon5.C -std=gnu++11 (test for excess errors)
FAIL: g++.dg/tree-ssa/pr45605.C -std=gnu++98 scan-tree-dump-times fre1 "D::Run \\\\(" 1
FAIL: g++.dg/tree-ssa/pr45605.C -std=gnu++11 scan-tree-dump-times fre1 "D::Run \\\\(" 1
FAIL: g++.dg/torture/pr36826.C -O3 -fomit-frame-pointer -funroll-loops (internal compiler error)
FAIL: g++.dg/torture/pr36826.C -O3 -fomit-frame-pointer -funroll-loops (test for excess errors)
FAIL: g++.dg/torture/pr36826.C -O3 -fomit-frame-pointer -funroll-all-loops -finline-functions (internal compiler error)
FAIL: g++.dg/torture/pr36826.C -O3 -fomit-frame-pointer -funroll-all-loops -finline-functions (test for excess errors)
FAIL: g++.dg/torture/pr44295.C -O3 -fomit-frame-pointer (internal compiler error)
FAIL: g++.dg/torture/pr44295.C -O3 -fomit-frame-pointer (test for excess errors)
FAIL: g++.dg/torture/pr44295.C -O3 -fomit-frame-pointer -funroll-loops (internal compiler error)
FAIL: g++.dg/torture/pr44295.C -O3 -fomit-frame-pointer -funroll-loops (test for excess errors)
FAIL: g++.dg/torture/pr44295.C -O3 -fomit-frame-pointer -funroll-all-loops -finline-functions (internal compiler error)
FAIL: g++.dg/torture/pr44295.C -O3 -fomit-frame-pointer -funroll-all-loops -finline-functions (test for excess errors)
FAIL: g++.dg/torture/pr44295.C -O3 -g (internal compiler error)
FAIL: g++.dg/torture/pr44295.C -O3 -g (test for excess errors)
FAIL: g++.dg/torture/pr53693.C -O3 -fomit-frame-pointer -funroll-loops (internal compiler error)
FAIL: g++.dg/torture/pr53693.C -O3 -fomit-frame-pointer -funroll-loops (test for excess errors)
FAIL: g++.dg/torture/pr53693.C -O3 -fomit-frame-pointer -funroll-all-loops -finline-functions (internal compiler error)
FAIL: g++.dg/torture/pr53693.C -O3 -fomit-frame-pointer -funroll-all-loops -finline-functions (test for excess errors)
=== g++ Summary ===
# of expected passes 50562
# of unexpected failures 30
# of expected failures 294
# of unsupported tests 970
/usr/local/gcc/gcc-20130429/Build/gcc/testsuite/g++/../../xg++ version 4.9.0 20130429 (experimental) [trunk revision 198386] (GCC)
=== gcc tests ===
Running target unix
FAIL: gcc.c-torture/compile/20030917-1.c -O3 -fomit-frame-pointer -funroll-loops (internal compiler error)
FAIL: gcc.c-torture/compile/20030917-1.c -O3 -fomit-frame-pointer -funroll-loops (test for excess errors)
FAIL: gcc.c-torture/compile/20030917-1.c -O3 -fomit-frame-pointer -funroll-all-loops -finline-functions (internal compiler error)
FAIL: gcc.c-torture/compile/20030917-1.c -O3 -fomit-frame-pointer -funroll-all-loops -finline-functions (test for excess errors)
FAIL: gcc.c-torture/compile/20040907-1.c -O3 -fomit-frame-pointer -funroll-loops (internal compiler error)
FAIL: gcc.c-torture/compile/20040907-1.c -O3 -fomit-frame-pointer -funroll-loops (test for excess errors)
FAIL: gcc.c-torture/compile/20040907-1.c -O3 -fomit-frame-pointer -funroll-all-loops -finline-functions (internal compiler error)
FAIL: gcc.c-torture/compile/20040907-1.c -O3 -fomit-frame-pointer -funroll-all-loops -finline-functions (test for excess errors)
FAIL: gcc.c-torture/compile/20041018-1.c -O3 -fomit-frame-pointer -funroll-loops (internal compiler error)
FAIL: gcc.c-torture/compile/20041018-1.c -O3 -fomit-frame-pointer -funroll-loops (test for excess errors)
FAIL: gcc.c-torture/compile/20041018-1.c -O3 -fomit-frame-pointer -funroll-all-loops -finline-functions (internal compiler error)
FAIL: gcc.c-torture/compile/20041018-1.c -O3 -fomit-frame-pointer -funroll-all-loops -finline-functions (test for excess errors)
FAIL: gcc.c-torture/compile/20070520-1.c -O3 -fomit-frame-pointer -funroll-loops (internal compiler error)
FAIL: gcc.c-torture/compile/20070520-1.c -O3 -fomit-frame-pointer -funroll-loops (test for excess errors)
FAIL: gcc.c-torture/compile/20070520-1.c -O3 -fomit-frame-pointer -funroll-all-loops -finline-functions (internal compiler error)
FAIL: gcc.c-torture/compile/20070520-1.c -O3 -fomit-frame-pointer -funroll-all-loops -finline-functions (test for excess errors)
FAIL: gcc.c-torture/compile/20070603-1.c -O3 -fomit-frame-pointer -funroll-loops (internal compiler error)
FAIL: gcc.c-torture/compile/20070603-1.c -O3 -fomit-frame-pointer -funroll-loops (test for excess errors)
FAIL: gcc.c-torture/compile/20070603-1.c -O3 -fomit-frame-pointer -funroll-all-loops -finline-functions (internal compiler error)
FAIL: gcc.c-torture/compile/20070603-1.c -O3 -fomit-frame-pointer -funroll-all-loops -finline-functions (test for excess errors)
FAIL: gcc.c-torture/compile/20070603-2.c -O3 -fomit-frame-pointer -funroll-loops (internal compiler error)
FAIL: gcc.c-torture/compile/20070603-2.c -O3 -fomit-frame-pointer -funroll-loops (test for excess errors)
FAIL: gcc.c-torture/compile/20070603-2.c -O3 -fomit-frame-pointer -funroll-all-loops -finline-functions (internal compiler error)
FAIL: gcc.c-torture/compile/20070603-2.c -O3 -fomit-frame-pointer -funroll-all-loops -finline-functions (test for excess errors)
FAIL: gcc.c-torture/compile/20070919-1.c -O3 -fomit-frame-pointer (internal compiler error)
FAIL: gcc.c-torture/compile/20070919-1.c -O3 -fomit-frame-pointer (test for excess errors)
FAIL: gcc.c-torture/compile/20070919-1.c -O3 -fomit-frame-pointer -funroll-loops (internal compiler error)
FAIL: gcc.c-torture/compile/20070919-1.c -O3 -fomit-frame-pointer -funroll-loops (test for excess errors)
FAIL: gcc.c-torture/compile/20070919-1.c -O3 -fomit-frame-pointer -funroll-all-loops -finline-functions (internal compiler error)
FAIL: gcc.c-torture/compile/20070919-1.c -O3 -fomit-frame-pointer -funroll-all-loops -finline-functions (test for excess errors)
FAIL: gcc.c-torture/compile/20070919-1.c -O3 -g (internal compiler error)
FAIL: gcc.c-torture/compile/20070919-1.c -O3 -g (test for excess errors)
FAIL: gcc.c-torture/compile/930325-1.c -O3 -fomit-frame-pointer -funroll-loops (internal compiler error)
FAIL: gcc.c-torture/compile/930325-1.c -O3 -fomit-frame-pointer -funroll-loops (test for excess errors)
FAIL: gcc.c-torture/compile/930325-1.c -O3 -fomit-frame-pointer -funroll-all-loops -finline-functions (internal compiler error)
FAIL: gcc.c-torture/compile/930325-1.c -O3 -fomit-frame-pointer -funroll-all-loops -finline-functions (test for excess errors)
FAIL: gcc.c-torture/compile/980408-1.c -O3 -fomit-frame-pointer -funroll-loops (internal compiler error)
FAIL: gcc.c-torture/compile/980408-1.c -O3 -fomit-frame-pointer -funroll-loops (test for excess errors)
FAIL: gcc.c-torture/compile/980408-1.c -O3 -fomit-frame-pointer -funroll-all-loops -finline-functions (internal compiler error)
FAIL: gcc.c-torture/compile/980408-1.c -O3 -fomit-frame-pointer -funroll-all-loops -finline-functions (test for excess errors)
FAIL: gcc.c-torture/compile/991214-1.c -O3 -fomit-frame-pointer -funroll-loops (internal compiler error)
FAIL: gcc.c-torture/compile/991214-1.c -O3 -fomit-frame-pointer -funroll-loops (test for excess errors)
FAIL: gcc.c-torture/compile/991214-1.c -O3 -fomit-frame-pointer -funroll-all-loops -finline-functions (internal compiler error)
FAIL: gcc.c-torture/compile/991214-1.c -O3 -fomit-frame-pointer -funroll-all-loops -finline-functions (test for excess errors)
FAIL: gcc.c-torture/compile/pr32399.c -O3 -fomit-frame-pointer -funroll-loops (internal compiler error)
FAIL: gcc.c-torture/compile/pr32399.c -O3 -fomit-frame-pointer -funroll-loops (test for excess errors)
FAIL: gcc.c-torture/compile/pr32399.c -O3 -fomit-frame-pointer -funroll-all-loops -finline-functions (internal compiler error)
FAIL: gcc.c-torture/compile/pr32399.c -O3 -fomit-frame-pointer -funroll-all-loops -finline-functions (test for excess errors)
FAIL: gcc.c-torture/compile/pr34334.c -O3 -fomit-frame-pointer -funroll-loops (internal compiler error)
FAIL: gcc.c-torture/compile/pr34334.c -O3 -fomit-frame-pointer -funroll-loops (test for excess errors)
FAIL: gcc.c-torture/compile/pr34334.c -O3 -fomit-frame-pointer -funroll-all-loops -finline-functions (internal compiler error)
FAIL: gcc.c-torture/compile/pr34334.c -O3 -fomit-frame-pointer -funroll-all-loops -finline-functions (test for excess errors)
FAIL: gcc.c-torture/compile/pr37341.c -O3 -fomit-frame-pointer -funroll-loops (internal compiler error)
FAIL: gcc.c-torture/compile/pr37341.c -O3 -fomit-frame-pointer -funroll-loops (test for excess errors)
FAIL: gcc.c-torture/compile/pr37341.c -O3 -fomit-frame-pointer -funroll-all-loops -finline-functions (internal compiler error)
FAIL: gcc.c-torture/compile/pr37341.c -O3 -fomit-frame-pointer -funroll-all-loops -finline-functions (test for excess errors)
FAIL: gcc.c-torture/compile/pr39943.c -O3 -fomit-frame-pointer -funroll-loops (internal compiler error)
FAIL: gcc.c-torture/compile/pr39943.c -O3 -fomit-frame-pointer -funroll-loops (test for excess errors)
FAIL: gcc.c-torture/compile/pr39943.c -O3 -fomit-frame-pointer -funroll-all-loops -finline-functions (internal compiler error)
FAIL: gcc.c-torture/compile/pr39943.c -O3 -fomit-frame-pointer -funroll-all-loops -finline-functions (test for excess errors)
FAIL: gcc.c-torture/compile/pr45047.c -O3 -fomit-frame-pointer -funroll-loops (internal compiler error)
FAIL: gcc.c-torture/compile/pr45047.c -O3 -fomit-frame-pointer -funroll-loops (test for excess errors)
FAIL: gcc.c-torture/compile/pr45047.c -O3 -fomit-frame-pointer -funroll-all-loops -finline-functions (internal compiler error)
FAIL: gcc.c-torture/compile/pr45047.c -O3 -fomit-frame-pointer -funroll-all-loops -finline-functions (test for excess errors)
FAIL: gcc.c-torture/compile/pr45182.c -O3 -fomit-frame-pointer -funroll-loops (internal compiler error)
FAIL: gcc.c-torture/compile/pr45182.c -O3 -fomit-frame-pointer -funroll-loops (test for excess errors)
FAIL: gcc.c-torture/compile/pr45182.c -O3 -fomit-frame-pointer -funroll-all-loops -finline-functions (internal compiler error)
FAIL: gcc.c-torture/compile/pr45182.c -O3 -fomit-frame-pointer -funroll-all-loops -finline-functions (test for excess errors)
FAIL: gcc.c-torture/compile/pr46883.c -O3 -fomit-frame-pointer -funroll-loops (internal compiler error)
FAIL: gcc.c-torture/compile/pr46883.c -O3 -fomit-frame-pointer -funroll-loops (test for excess errors)
FAIL: gcc.c-torture/compile/pr46883.c -O3 -fomit-frame-pointer -funroll-all-loops -finline-functions (internal compiler error)
FAIL: gcc.c-torture/compile/pr46883.c -O3 -fomit-frame-pointer -funroll-all-loops -finline-functions (test for excess errors)
FAIL: gcc.c-torture/execute/builtins/memcpy-chk.c compilation, -O3 -fomit-frame-pointer -funroll-loops (internal compiler error)
UNRESOLVED: gcc.c-torture/execute/builtins/memcpy-chk.c execution, -O3 -fomit-frame-pointer -funroll-loops
FAIL: gcc.c-torture/execute/builtins/memcpy-chk.c compilation, -O3 -fomit-frame-pointer -funroll-all-loops -finline-functions (internal compiler error)
UNRESOLVED: gcc.c-torture/execute/builtins/memcpy-chk.c execution, -O3 -fomit-frame-pointer -funroll-all-loops -finline-functions
FAIL: gcc.c-torture/execute/builtins/memmove-chk.c compilation, -O3 -fomit-frame-pointer -funroll-loops (internal compiler error)
UNRESOLVED: gcc.c-torture/execute/builtins/memmove-chk.c execution, -O3 -fomit-frame-pointer -funroll-loops
FAIL: gcc.c-torture/execute/builtins/memmove-chk.c compilation, -O3 -fomit-frame-pointer -funroll-all-loops -finline-functions (internal compiler error)
UNRESOLVED: gcc.c-torture/execute/builtins/memmove-chk.c execution, -O3 -fomit-frame-pointer -funroll-all-loops -finline-functions
FAIL: gcc.c-torture/execute/builtins/mempcpy-chk.c compilation, -O3 -fomit-frame-pointer -funroll-loops (internal compiler error)
UNRESOLVED: gcc.c-torture/execute/builtins/mempcpy-chk.c execution, -O3 -fomit-frame-pointer -funroll-loops
FAIL: gcc.c-torture/execute/builtins/mempcpy-chk.c compilation, -O3 -fomit-frame-pointer -funroll-all-loops -finline-functions (internal compiler error)
UNRESOLVED: gcc.c-torture/execute/builtins/mempcpy-chk.c execution, -O3 -fomit-frame-pointer -funroll-all-loops -finline-functions
FAIL: gcc.c-torture/execute/builtins/memset-chk.c compilation, -O3 -fomit-frame-pointer -funroll-loops (internal compiler error)
UNRESOLVED: gcc.c-torture/execute/builtins/memset-chk.c execution, -O3 -fomit-frame-pointer -funroll-loops
FAIL: gcc.c-torture/execute/builtins/memset-chk.c compilation, -O3 -fomit-frame-pointer -funroll-all-loops -finline-functions (internal compiler error)
UNRESOLVED: gcc.c-torture/execute/builtins/memset-chk.c execution, -O3 -fomit-frame-pointer -funroll-all-loops -finline-functions
FAIL: gcc.c-torture/execute/builtins/snprintf-chk.c compilation, -O3 -fomit-frame-pointer -funroll-loops (internal compiler error)
UNRESOLVED: gcc.c-torture/execute/builtins/snprintf-chk.c execution, -O3 -fomit-frame-pointer -funroll-loops
FAIL: gcc.c-torture/execute/builtins/snprintf-chk.c compilation, -O3 -fomit-frame-pointer -funroll-all-loops -finline-functions (internal compiler error)
UNRESOLVED: gcc.c-torture/execute/builtins/snprintf-chk.c execution, -O3 -fomit-frame-pointer -funroll-all-loops -finline-functions
FAIL: gcc.c-torture/execute/builtins/sprintf-chk.c compilation, -O3 -fomit-frame-pointer -funroll-loops (internal compiler error)
UNRESOLVED: gcc.c-torture/execute/builtins/sprintf-chk.c execution, -O3 -fomit-frame-pointer -funroll-loops
FAIL: gcc.c-torture/execute/builtins/sprintf-chk.c compilation, -O3 -fomit-frame-pointer -funroll-all-loops -finline-functions (internal compiler error)
UNRESOLVED: gcc.c-torture/execute/builtins/sprintf-chk.c execution, -O3 -fomit-frame-pointer -funroll-all-loops -finline-functions
FAIL: gcc.c-torture/execute/builtins/stpcpy-chk.c compilation, -O3 -fomit-frame-pointer -funroll-loops (internal compiler error)
UNRESOLVED: gcc.c-torture/execute/builtins/stpcpy-chk.c execution, -O3 -fomit-frame-pointer -funroll-loops
FAIL: gcc.c-torture/execute/builtins/stpcpy-chk.c compilation, -O3 -fomit-frame-pointer -funroll-all-loops -finline-functions (internal compiler error)
UNRESOLVED: gcc.c-torture/execute/builtins/stpcpy-chk.c execution, -O3 -fomit-frame-pointer -funroll-all-loops -finline-functions
FAIL: gcc.c-torture/execute/builtins/stpncpy-chk.c compilation, -O3 -fomit-frame-pointer -funroll-loops (internal compiler error)
UNRESOLVED: gcc.c-torture/execute/builtins/stpncpy-chk.c execution, -O3 -fomit-frame-pointer -funroll-loops
FAIL: gcc.c-torture/execute/builtins/stpncpy-chk.c compilation, -O3 -fomit-frame-pointer -funroll-all-loops -finline-functions (internal compiler error)
UNRESOLVED: gcc.c-torture/execute/builtins/stpncpy-chk.c execution, -O3 -fomit-frame-pointer -funroll-all-loops -finline-functions
FAIL: gcc.c-torture/execute/builtins/strcat-chk.c compilation, -O3 -fomit-frame-pointer -funroll-loops (internal compiler error)
UNRESOLVED: gcc.c-torture/execute/builtins/strcat-chk.c execution, -O3 -fomit-frame-pointer -funroll-loops
FAIL: gcc.c-torture/execute/builtins/strcat-chk.c compilation, -O3 -fomit-frame-pointer -funroll-all-loops -finline-functions (internal compiler error)
UNRESOLVED: gcc.c-torture/execute/builtins/strcat-chk.c execution, -O3 -fomit-frame-pointer -funroll-all-loops -finline-functions
FAIL: gcc.c-torture/execute/builtins/strcat.c compilation, -O3 -fomit-frame-pointer -funroll-all-loops -finline-functions (internal compiler error)
UNRESOLVED: gcc.c-torture/execute/builtins/strcat.c execution, -O3 -fomit-frame-pointer -funroll-all-loops -finline-functions
FAIL: gcc.c-torture/execute/builtins/strcpy-2.c compilation, -O3 -fomit-frame-pointer -funroll-all-loops -finline-functions (internal compiler error)
UNRESOLVED: gcc.c-torture/execute/builtins/strcpy-2.c execution, -O3 -fomit-frame-pointer -funroll-all-loops -finline-functions
FAIL: gcc.c-torture/execute/builtins/strcpy-chk.c compilation, -O3 -fomit-frame-pointer -funroll-loops (internal compiler error)
UNRESOLVED: gcc.c-torture/execute/builtins/strcpy-chk.c execution, -O3 -fomit-frame-pointer -funroll-loops
FAIL: gcc.c-torture/execute/builtins/strcpy-chk.c compilation, -O3 -fomit-frame-pointer -funroll-all-loops -finline-functions (internal compiler error)
UNRESOLVED: gcc.c-torture/execute/builtins/strcpy-chk.c execution, -O3 -fomit-frame-pointer -funroll-all-loops -finline-functions
FAIL: gcc.c-torture/execute/builtins/strncat-chk.c compilation, -O3 -fomit-frame-pointer -funroll-loops (internal compiler error)
UNRESOLVED: gcc.c-torture/execute/builtins/strncat-chk.c execution, -O3 -fomit-frame-pointer -funroll-loops
FAIL: gcc.c-torture/execute/builtins/strncat-chk.c compilation, -O3 -fomit-frame-pointer -funroll-all-loops -finline-functions (internal compiler error)
UNRESOLVED: gcc.c-torture/execute/builtins/strncat-chk.c execution, -O3 -fomit-frame-pointer -funroll-all-loops -finline-functions
FAIL: gcc.c-torture/execute/builtins/strncat.c compilation, -O3 -fomit-frame-pointer -funroll-loops (internal compiler error)
UNRESOLVED: gcc.c-torture/execute/builtins/strncat.c execution, -O3 -fomit-frame-pointer -funroll-loops
FAIL: gcc.c-torture/execute/builtins/strncat.c compilation, -O3 -fomit-frame-pointer -funroll-all-loops -finline-functions (internal compiler error)
UNRESOLVED: gcc.c-torture/execute/builtins/strncat.c execution, -O3 -fomit-frame-pointer -funroll-all-loops -finline-functions
FAIL: gcc.c-torture/execute/builtins/strncpy-chk.c compilation, -O3 -fomit-frame-pointer -funroll-loops (internal compiler error)
UNRESOLVED: gcc.c-torture/execute/builtins/strncpy-chk.c execution, -O3 -fomit-frame-pointer -funroll-loops
FAIL: gcc.c-torture/execute/builtins/strncpy-chk.c compilation, -O3 -fomit-frame-pointer -funroll-all-loops -finline-functions (internal compiler error)
UNRESOLVED: gcc.c-torture/execute/builtins/strncpy-chk.c execution, -O3 -fomit-frame-pointer -funroll-all-loops -finline-functions
FAIL: gcc.c-torture/execute/builtins/vsnprintf-chk.c compilation, -O3 -fomit-frame-pointer -funroll-loops (internal compiler error)
UNRESOLVED: gcc.c-torture/execute/builtins/vsnprintf-chk.c execution, -O3 -fomit-frame-pointer -funroll-loops
FAIL: gcc.c-torture/execute/builtins/vsnprintf-chk.c compilation, -O3 -fomit-frame-pointer -funroll-all-loops -finline-functions (internal compiler error)
UNRESOLVED: gcc.c-torture/execute/builtins/vsnprintf-chk.c execution, -O3 -fomit-frame-pointer -funroll-all-loops -finline-functions
FAIL: gcc.c-torture/execute/builtins/vsprintf-chk.c compilation, -O3 -fomit-frame-pointer -funroll-loops (internal compiler error)
UNRESOLVED: gcc.c-torture/execute/builtins/vsprintf-chk.c execution, -O3 -fomit-frame-pointer -funroll-loops
FAIL: gcc.c-torture/execute/builtins/vsprintf-chk.c compilation, -O3 -fomit-frame-pointer -funroll-all-loops -finline-functions (internal compiler error)
UNRESOLVED: gcc.c-torture/execute/builtins/vsprintf-chk.c execution, -O3 -fomit-frame-pointer -funroll-all-loops -finline-functions
FAIL: gcc.c-torture/execute/20000801-1.c compilation, -O3 -fomit-frame-pointer -funroll-loops (internal compiler error)
UNRESOLVED: gcc.c-torture/execute/20000801-1.c execution, -O3 -fomit-frame-pointer -funroll-loops
FAIL: gcc.c-torture/execute/20000801-1.c compilation, -O3 -fomit-frame-pointer -funroll-all-loops -finline-functions (internal compiler error)
UNRESOLVED: gcc.c-torture/execute/20000801-1.c execution, -O3 -fomit-frame-pointer -funroll-all-loops -finline-functions
FAIL: gcc.c-torture/execute/20020406-1.c execution, -O3 -fomit-frame-pointer -funroll-all-loops -finline-functions
FAIL: gcc.c-torture/execute/20060420-1.c compilation, -O3 -fomit-frame-pointer -funroll-loops (internal compiler error)
UNRESOLVED: gcc.c-torture/execute/20060420-1.c execution, -O3 -fomit-frame-pointer -funroll-loops
FAIL: gcc.c-torture/execute/20060420-1.c compilation, -O3 -fomit-frame-pointer -funroll-all-loops -finline-functions (internal compiler error)
UNRESOLVED: gcc.c-torture/execute/20060420-1.c execution, -O3 -fomit-frame-pointer -funroll-all-loops -finline-functions
FAIL: gcc.c-torture/execute/20071219-1.c compilation, -O3 -fomit-frame-pointer -funroll-loops (internal compiler error)
UNRESOLVED: gcc.c-torture/execute/20071219-1.c execution, -O3 -fomit-frame-pointer -funroll-loops
FAIL: gcc.c-torture/execute/20071219-1.c compilation, -O3 -fomit-frame-pointer -funroll-all-loops -finline-functions (internal compiler error)
UNRESOLVED: gcc.c-torture/execute/20071219-1.c execution, -O3 -fomit-frame-pointer -funroll-all-loops -finline-functions
FAIL: gcc.c-torture/execute/960521-1.c compilation, -O3 -fomit-frame-pointer -funroll-all-loops -finline-functions (internal compiler error)
UNRESOLVED: gcc.c-torture/execute/960521-1.c execution, -O3 -fomit-frame-pointer -funroll-all-loops -finline-functions
FAIL: gcc.c-torture/execute/loop-13.c compilation, -O3 -fomit-frame-pointer -funroll-loops (internal compiler error)
UNRESOLVED: gcc.c-torture/execute/loop-13.c execution, -O3 -fomit-frame-pointer -funroll-loops
FAIL: gcc.c-torture/execute/loop-13.c compilation, -O3 -fomit-frame-pointer -funroll-all-loops -finline-functions (internal compiler error)
UNRESOLVED: gcc.c-torture/execute/loop-13.c execution, -O3 -fomit-frame-pointer -funroll-all-loops -finline-functions
FAIL: gcc.c-torture/execute/pr20601-1.c compilation, -O3 -fomit-frame-pointer -funroll-all-loops -finline-functions (internal compiler error)
UNRESOLVED: gcc.c-torture/execute/pr20601-1.c execution, -O3 -fomit-frame-pointer -funroll-all-loops -finline-functions
FAIL: gcc.c-torture/execute/pr53645-2.c execution, -O1
FAIL: gcc.c-torture/execute/pr53645-2.c execution, -O2
FAIL: gcc.c-torture/execute/pr53645-2.c execution, -O3 -fomit-frame-pointer
FAIL: gcc.c-torture/execute/pr53645-2.c execution, -O3 -fomit-frame-pointer -funroll-loops
FAIL: gcc.c-torture/execute/pr53645-2.c execution, -O3 -fomit-frame-pointer -funroll-all-loops -finline-functions
FAIL: gcc.c-torture/execute/pr53645-2.c execution, -O3 -g
FAIL: gcc.c-torture/execute/pr53645-2.c execution, -Os
FAIL: gcc.c-torture/execute/pr53645-2.c execution, -Og -g
FAIL: gcc.c-torture/execute/pr53645-2.c execution, -O2 -flto -flto-partition=none
FAIL: gcc.c-torture/execute/pr53645-2.c execution, -O2 -flto
FAIL: gcc.c-torture/execute/pr53645.c execution, -O1
FAIL: gcc.c-torture/execute/pr53645.c execution, -O2
FAIL: gcc.c-torture/execute/pr53645.c execution, -O3 -fomit-frame-pointer
FAIL: gcc.c-torture/execute/pr53645.c execution, -O3 -fomit-frame-pointer -funroll-loops
FAIL: gcc.c-torture/execute/pr53645.c execution, -O3 -fomit-frame-pointer -funroll-all-loops -finline-functions
FAIL: gcc.c-torture/execute/pr53645.c execution, -O3 -g
FAIL: gcc.c-torture/execute/pr53645.c execution, -Os
FAIL: gcc.c-torture/execute/pr53645.c execution, -Og -g
FAIL: gcc.c-torture/execute/pr53645.c execution, -O2 -flto -flto-partition=none
FAIL: gcc.c-torture/execute/pr53645.c execution, -O2 -flto
FAIL: gcc.c-torture/execute/scal-to-vec1.c execution, -O1
FAIL: gcc.c-torture/execute/scal-to-vec1.c execution, -O2
FAIL: gcc.c-torture/execute/scal-to-vec1.c execution, -O3 -fomit-frame-pointer
FAIL: gcc.c-torture/execute/scal-to-vec1.c execution, -O3 -fomit-frame-pointer -funroll-loops
FAIL: gcc.c-torture/execute/scal-to-vec1.c execution, -O3 -fomit-frame-pointer -funroll-all-loops -finline-functions
FAIL: gcc.c-torture/execute/scal-to-vec1.c execution, -O3 -g
FAIL: gcc.c-torture/execute/scal-to-vec1.c execution, -Os
FAIL: gcc.c-torture/execute/scal-to-vec1.c execution, -Og -g
FAIL: gcc.c-torture/execute/scal-to-vec1.c execution, -O2 -flto -flto-partition=none
FAIL: gcc.c-torture/execute/scal-to-vec1.c execution, -O2 -flto
FAIL: gcc.c-torture/unsorted/bcopy.c, -O3 -fomit-frame-pointer -funroll-loops (internal compiler error)
FAIL: gcc.c-torture/unsorted/bcopy.c, -O3 -fomit-frame-pointer -funroll-all-loops -finline-functions (internal compiler error)
FAIL: gcc.c-torture/unsorted/dump-noaddr.c, -O3 -fomit-frame-pointer -funroll-loops -dumpbase dump1/dump-noaddr.c -DMASK=1 -x c --param ggc-min-heapsize=1 -fdump-ipa-all -fdump-rtl-all -fdump-tree-all -fdump-noaddr (internal compiler error)
FAIL: gcc.c-torture/unsorted/dump-noaddr.c, -O3 -fomit-frame-pointer -funroll-loops -dumpbase dump2/dump-noaddr.c -DMASK=2 -x c -fdump-ipa-all -fdump-rtl-all -fdump-tree-all -fdump-noaddr (internal compiler error)
FAIL: gcc.c-torture/unsorted/dump-noaddr.c, -O3 -fomit-frame-pointer -funroll-all-loops -finline-functions -dumpbase dump1/dump-noaddr.c -DMASK=1 -x c --param ggc-min-heapsize=1 -fdump-ipa-all -fdump-rtl-all -fdump-tree-all -fdump-noaddr (internal compiler error)
FAIL: gcc.c-torture/unsorted/dump-noaddr.c, -O3 -fomit-frame-pointer -funroll-all-loops -finline-functions -dumpbase dump2/dump-noaddr.c -DMASK=2 -x c -fdump-ipa-all -fdump-rtl-all -fdump-tree-all -fdump-noaddr (internal compiler error)
FAIL: gcc.c-torture/unsorted/foo.c, -O3 -fomit-frame-pointer -funroll-all-loops -finline-functions (internal compiler error)
FAIL: gcc.dg/debug/dwarf2/asm-line1.c scan-assembler is_stmt 1
FAIL: gcc.dg/cleanup-10.c execution test
FAIL: gcc.dg/cleanup-11.c execution test
FAIL: gcc.dg/cproj-fails-with-broken-glibc.c execution test
FAIL: gcc.dg/pr41345.c (test for excess errors)
FAIL: gcc.dg/pr48144.c (internal compiler error)
FAIL: gcc.dg/pr48144.c (test for excess errors)
FAIL: gcc.dg/pr53749.c (internal compiler error)
FAIL: gcc.dg/pr53749.c (test for excess errors)
UNRESOLVED: gcc.dg/superblock.c scan-rtl-dump-times sched2 "ADVANCING TO" 2
FAIL: gcc.dg/torture/pr24626-4.c -O3 -fomit-frame-pointer -funroll-loops (internal compiler error)
FAIL: gcc.dg/torture/pr24626-4.c -O3 -fomit-frame-pointer -funroll-loops (test for excess errors)
FAIL: gcc.dg/torture/pr24626-4.c -O3 -fomit-frame-pointer -funroll-all-loops -finline-functions (internal compiler error)
FAIL: gcc.dg/torture/pr24626-4.c -O3 -fomit-frame-pointer -funroll-all-loops -finline-functions (test for excess errors)
FAIL: gcc.dg/torture/pr24750-1.c -O3 -fomit-frame-pointer -funroll-loops (internal compiler error)
FAIL: gcc.dg/torture/pr24750-1.c -O3 -fomit-frame-pointer -funroll-loops (test for excess errors)
FAIL: gcc.dg/torture/pr24750-1.c -O3 -fomit-frame-pointer -funroll-all-loops -finline-functions (internal compiler error)
FAIL: gcc.dg/torture/pr24750-1.c -O3 -fomit-frame-pointer -funroll-all-loops -finline-functions (test for excess errors)
FAIL: gcc.dg/torture/pr44913.c -O3 -fomit-frame-pointer -funroll-loops (internal compiler error)
FAIL: gcc.dg/torture/pr44913.c -O3 -fomit-frame-pointer -funroll-loops (test for excess errors)
WARNING: gcc.dg/torture/pr44913.c -O3 -fomit-frame-pointer -funroll-loops compilation failed to produce executable
FAIL: gcc.dg/torture/pr44913.c -O3 -fomit-frame-pointer -funroll-all-loops -finline-functions (internal compiler error)
FAIL: gcc.dg/torture/pr44913.c -O3 -fomit-frame-pointer -funroll-all-loops -finline-functions (test for excess errors)
WARNING: gcc.dg/torture/pr44913.c -O3 -fomit-frame-pointer -funroll-all-loops -finline-functions compilation failed to produce executable
FAIL: gcc.dg/torture/pr45720.c -O3 -fomit-frame-pointer (internal compiler error)
FAIL: gcc.dg/torture/pr45720.c -O3 -fomit-frame-pointer (test for excess errors)
WARNING: gcc.dg/torture/pr45720.c -O3 -fomit-frame-pointer compilation failed to produce executable
FAIL: gcc.dg/torture/pr45720.c -O3 -g (internal compiler error)
FAIL: gcc.dg/torture/pr45720.c -O3 -g (test for excess errors)
WARNING: gcc.dg/torture/pr45720.c -O3 -g compilation failed to produce executable
FAIL: gcc.dg/torture/pr49603.c -O3 -fomit-frame-pointer -funroll-loops (internal compiler error)
FAIL: gcc.dg/torture/pr49603.c -O3 -fomit-frame-pointer -funroll-loops (test for excess errors)
FAIL: gcc.dg/torture/pr49603.c -O3 -fomit-frame-pointer -funroll-all-loops -finline-functions (internal compiler error)
FAIL: gcc.dg/torture/pr49603.c -O3 -fomit-frame-pointer -funroll-all-loops -finline-functions (test for excess errors)
FAIL: gcc.dg/torture/pr50902.c -O3 -fomit-frame-pointer -funroll-loops (internal compiler error)
FAIL: gcc.dg/torture/pr50902.c -O3 -fomit-frame-pointer -funroll-loops (test for excess errors)
FAIL: gcc.dg/torture/pr50902.c -O3 -fomit-frame-pointer -funroll-all-loops -finline-functions (internal compiler error)
FAIL: gcc.dg/torture/pr50902.c -O3 -fomit-frame-pointer -funroll-all-loops -finline-functions (test for excess errors)
FAIL: gcc.dg/torture/pr51070.c -O3 -fomit-frame-pointer -funroll-loops (internal compiler error)
FAIL: gcc.dg/torture/pr51070.c -O3 -fomit-frame-pointer -funroll-loops (test for excess errors)
FAIL: gcc.dg/torture/pr51070.c -O3 -fomit-frame-pointer -funroll-all-loops -finline-functions (internal compiler error)
FAIL: gcc.dg/torture/pr51070.c -O3 -fomit-frame-pointer -funroll-all-loops -finline-functions (test for excess errors)
FAIL: gcc.dg/torture/pr53366-1.c -O3 -fomit-frame-pointer -funroll-loops (internal compiler error)
FAIL: gcc.dg/torture/pr53366-1.c -O3 -fomit-frame-pointer -funroll-loops (test for excess errors)
WARNING: gcc.dg/torture/pr53366-1.c -O3 -fomit-frame-pointer -funroll-loops compilation failed to produce executable
FAIL: gcc.dg/torture/pr53366-1.c -O3 -fomit-frame-pointer -funroll-all-loops -finline-functions (internal compiler error)
FAIL: gcc.dg/torture/pr53366-1.c -O3 -fomit-frame-pointer -funroll-all-loops -finline-functions (test for excess errors)
WARNING: gcc.dg/torture/pr53366-1.c -O3 -fomit-frame-pointer -funroll-all-loops -finline-functions compilation failed to produce executable
FAIL: gcc.dg/torture/pr54520.c -O3 -fomit-frame-pointer -funroll-all-loops -finline-functions (internal compiler error)
FAIL: gcc.dg/torture/pr54520.c -O3 -fomit-frame-pointer -funroll-all-loops -finline-functions (test for excess errors)
FAIL: gcc.dg/torture/pr56778.c -O3 -fomit-frame-pointer -funroll-loops (internal compiler error)
FAIL: gcc.dg/torture/pr56778.c -O3 -fomit-frame-pointer -funroll-loops (test for excess errors)
FAIL: gcc.dg/torture/pr56778.c -O3 -fomit-frame-pointer -funroll-all-loops -finline-functions (internal compiler error)
FAIL: gcc.dg/torture/pr56778.c -O3 -fomit-frame-pointer -funroll-all-loops -finline-functions (test for excess errors)
XPASS: gcc.dg/tree-ssa/20040204-1.c scan-tree-dump-times optimized "link_error" 0
XPASS: gcc.dg/tree-ssa/loop-1.c scan-assembler-times foo 5
FAIL: gcc.dg/vect/vec-scal-opt.c scan-tree-dump-times veclower21 ">> k.[0-9_]*" 1
FAIL: gcc.dg/vect/vec-scal-opt1.c scan-tree-dump-times veclower21 ">> 2" 1
FAIL: gcc.dg/vect/vec-scal-opt2.c scan-tree-dump-times veclower21 ">> 2" 1
XPASS: gcc.dg/vect/pr33804.c scan-tree-dump-times vect "vectorized 1 loops" 1
XPASS: gcc.dg/vect/pr33804.c scan-tree-dump-times vect "vectorizing stmts using SLP" 1
XPASS: gcc.dg/vect/pr33953.c scan-tree-dump-times vect "vectorized 1 loops" 1
XPASS: gcc.dg/vect/pr33953.c scan-tree-dump-times vect "vectorizing stmts using SLP" 1
FAIL: gcc.dg/vect/pr37539.c (internal compiler error)
FAIL: gcc.dg/vect/pr37539.c (test for excess errors)
WARNING: gcc.dg/vect/pr37539.c compilation failed to produce executable
FAIL: gcc.dg/vect/pr37539.c scan-tree-dump-times vect "vectorized 1 loops" 2
XPASS: gcc.dg/vect/vect-35-big-array.c scan-tree-dump-times vect "vectorized 2 loops" 1
XPASS: gcc.dg/vect/vect-35.c scan-tree-dump-times vect "vectorized 2 loops" 1
XPASS: gcc.dg/vect/vect-outer-5.c scan-tree-dump vect "zero step in outer loop."
FAIL: gcc.dg/vect/slp-perm-9.c scan-tree-dump-times vect "vectorized 1 loops" 1
FAIL: gcc.dg/vect/slp-perm-9.c scan-tree-dump-times vect "vectorizing stmts using SLP" 0
XPASS: gcc.dg/vect/pr33804.c -flto scan-tree-dump-times vect "vectorized 1 loops" 1
XPASS: gcc.dg/vect/pr33804.c -flto scan-tree-dump-times vect "vectorizing stmts using SLP" 1
XPASS: gcc.dg/vect/pr33953.c -flto scan-tree-dump-times vect "vectorized 1 loops" 1
XPASS: gcc.dg/vect/pr33953.c -flto scan-tree-dump-times vect "vectorizing stmts using SLP" 1
FAIL: gcc.dg/vect/pr37539.c -flto (internal compiler error)
FAIL: gcc.dg/vect/pr37539.c -flto (test for excess errors)
WARNING: gcc.dg/vect/pr37539.c -flto compilation failed to produce executable
FAIL: gcc.dg/vect/pr37539.c -flto scan-tree-dump-times vect "vectorized 1 loops" 2
XPASS: gcc.dg/vect/vect-35-big-array.c -flto scan-tree-dump-times vect "vectorized 2 loops" 1
XPASS: gcc.dg/vect/vect-35.c -flto scan-tree-dump-times vect "vectorized 2 loops" 1
XPASS: gcc.dg/vect/vect-outer-5.c -flto scan-tree-dump vect "zero step in outer loop."
FAIL: gcc.dg/vect/slp-perm-9.c -flto scan-tree-dump-times vect "vectorized 1 loops" 1
FAIL: gcc.dg/vect/slp-perm-9.c -flto scan-tree-dump-times vect "vectorizing stmts using SLP" 0
XPASS: gcc.dg/vect/no-scevccp-outer-21.c scan-tree-dump-times vect "OUTER LOOP VECTORIZED." 1
XPASS: gcc.dg/vect/if-cvt-stores-vect-ifcvt-18.c scan-tree-dump-times vect "vectorized 1 loops" 1
=== gcc Summary ===
# of expected passes 83182
# of unexpected failures 212
# of unexpected successes 18
# of expected failures 344
# of unresolved testcases 43
# of unsupported tests 1248
/usr/local/gcc/gcc-20130429/Build/gcc/xgcc version 4.9.0 20130429 (experimental) [trunk revision 198386] (GCC)
=== gfortran tests ===
Running target unix
FAIL: gfortran.dg/alloc_comp_assign_12.f03 -O3 -fomit-frame-pointer -funroll-loops (internal compiler error)
FAIL: gfortran.dg/alloc_comp_assign_12.f03 -O3 -fomit-frame-pointer -funroll-loops (test for excess errors)
WARNING: gfortran.dg/alloc_comp_assign_12.f03 -O3 -fomit-frame-pointer -funroll-loops compilation failed to produce executable
FAIL: gfortran.dg/alloc_comp_assign_12.f03 -O3 -fomit-frame-pointer -funroll-all-loops -finline-functions (internal compiler error)
FAIL: gfortran.dg/alloc_comp_assign_12.f03 -O3 -fomit-frame-pointer -funroll-all-loops -finline-functions (test for excess errors)
WARNING: gfortran.dg/alloc_comp_assign_12.f03 -O3 -fomit-frame-pointer -funroll-all-loops -finline-functions compilation failed to produce executable
FAIL: gfortran.dg/alloc_comp_assign_2.f90 -O3 -fomit-frame-pointer -funroll-loops (internal compiler error)
FAIL: gfortran.dg/alloc_comp_assign_2.f90 -O3 -fomit-frame-pointer -funroll-loops (test for excess errors)
WARNING: gfortran.dg/alloc_comp_assign_2.f90 -O3 -fomit-frame-pointer -funroll-loops compilation failed to produce executable
FAIL: gfortran.dg/alloc_comp_assign_2.f90 -O3 -fomit-frame-pointer -funroll-all-loops -finline-functions (internal compiler error)
FAIL: gfortran.dg/alloc_comp_assign_2.f90 -O3 -fomit-frame-pointer -funroll-all-loops -finline-functions (test for excess errors)
WARNING: gfortran.dg/alloc_comp_assign_2.f90 -O3 -fomit-frame-pointer -funroll-all-loops -finline-functions compilation failed to produce executable
FAIL: gfortran.dg/alloc_comp_assign_8.f90 -O3 -fomit-frame-pointer -funroll-loops (internal compiler error)
FAIL: gfortran.dg/alloc_comp_assign_8.f90 -O3 -fomit-frame-pointer -funroll-loops (test for excess errors)
WARNING: gfortran.dg/alloc_comp_assign_8.f90 -O3 -fomit-frame-pointer -funroll-loops compilation failed to produce executable
FAIL: gfortran.dg/alloc_comp_assign_8.f90 -O3 -fomit-frame-pointer -funroll-all-loops -finline-functions (internal compiler error)
FAIL: gfortran.dg/alloc_comp_assign_8.f90 -O3 -fomit-frame-pointer -funroll-all-loops -finline-functions (test for excess errors)
WARNING: gfortran.dg/alloc_comp_assign_8.f90 -O3 -fomit-frame-pointer -funroll-all-loops -finline-functions compilation failed to produce executable
FAIL: gfortran.dg/array_constructor_10.f90 -O3 -fomit-frame-pointer -funroll-loops (internal compiler error)
FAIL: gfortran.dg/array_constructor_10.f90 -O3 -fomit-frame-pointer -funroll-loops (test for excess errors)
WARNING: gfortran.dg/array_constructor_10.f90 -O3 -fomit-frame-pointer -funroll-loops compilation failed to produce executable
FAIL: gfortran.dg/array_constructor_10.f90 -O3 -fomit-frame-pointer -funroll-all-loops -finline-functions (internal compiler error)
FAIL: gfortran.dg/array_constructor_10.f90 -O3 -fomit-frame-pointer -funroll-all-loops -finline-functions (test for excess errors)
WARNING: gfortran.dg/array_constructor_10.f90 -O3 -fomit-frame-pointer -funroll-all-loops -finline-functions compilation failed to produce executable
FAIL: gfortran.dg/auto_char_len_3.f90 -O3 -fomit-frame-pointer -funroll-loops (internal compiler error)
FAIL: gfortran.dg/auto_char_len_3.f90 -O3 -fomit-frame-pointer -funroll-loops (test for excess errors)
WARNING: gfortran.dg/auto_char_len_3.f90 -O3 -fomit-frame-pointer -funroll-loops compilation failed to produce executable
FAIL: gfortran.dg/auto_char_len_3.f90 -O3 -fomit-frame-pointer -funroll-all-loops -finline-functions (internal compiler error)
FAIL: gfortran.dg/auto_char_len_3.f90 -O3 -fomit-frame-pointer -funroll-all-loops -finline-functions (test for excess errors)
WARNING: gfortran.dg/auto_char_len_3.f90 -O3 -fomit-frame-pointer -funroll-all-loops -finline-functions compilation failed to produce executable
FAIL: gfortran.dg/class_allocate_12.f90 -O3 -fomit-frame-pointer -funroll-loops (internal compiler error)
FAIL: gfortran.dg/class_allocate_12.f90 -O3 -fomit-frame-pointer -funroll-loops (test for excess errors)
WARNING: gfortran.dg/class_allocate_12.f90 -O3 -fomit-frame-pointer -funroll-loops compilation failed to produce executable
FAIL: gfortran.dg/class_allocate_12.f90 -O3 -fomit-frame-pointer -funroll-all-loops -finline-functions (internal compiler error)
FAIL: gfortran.dg/class_allocate_12.f90 -O3 -fomit-frame-pointer -funroll-all-loops -finline-functions (test for excess errors)
WARNING: gfortran.dg/class_allocate_12.f90 -O3 -fomit-frame-pointer -funroll-all-loops -finline-functions compilation failed to produce executable
FAIL: gfortran.dg/common_resize_1.f -O3 -fomit-frame-pointer -funroll-loops (internal compiler error)
FAIL: gfortran.dg/common_resize_1.f -O3 -fomit-frame-pointer -funroll-loops (test for excess errors)
WARNING: gfortran.dg/common_resize_1.f -O3 -fomit-frame-pointer -funroll-loops compilation failed to produce executable
FAIL: gfortran.dg/common_resize_1.f -O3 -fomit-frame-pointer -funroll-all-loops -finline-functions (internal compiler error)
FAIL: gfortran.dg/common_resize_1.f -O3 -fomit-frame-pointer -funroll-all-loops -finline-functions (test for excess errors)
WARNING: gfortran.dg/common_resize_1.f -O3 -fomit-frame-pointer -funroll-all-loops -finline-functions compilation failed to produce executable
FAIL: gfortran.dg/cray_pointers_2.f90 -O (internal compiler error)
FAIL: gfortran.dg/cray_pointers_2.f90 -O (test for excess errors)
WARNING: gfortran.dg/cray_pointers_2.f90 -O compilation failed to produce executable
FAIL: gfortran.dg/defined_assignment_2.f90 -O3 -fomit-frame-pointer (internal compiler error)
FAIL: gfortran.dg/defined_assignment_2.f90 -O3 -fomit-frame-pointer (test for excess errors)
WARNING: gfortran.dg/defined_assignment_2.f90 -O3 -fomit-frame-pointer compilation failed to produce executable
FAIL: gfortran.dg/defined_assignment_2.f90 -O3 -fomit-frame-pointer -funroll-loops (internal compiler error)
FAIL: gfortran.dg/defined_assignment_2.f90 -O3 -fomit-frame-pointer -funroll-loops (test for excess errors)
WARNING: gfortran.dg/defined_assignment_2.f90 -O3 -fomit-frame-pointer -funroll-loops compilation failed to produce executable
FAIL: gfortran.dg/defined_assignment_2.f90 -O3 -fomit-frame-pointer -funroll-all-loops -finline-functions (internal compiler error)
FAIL: gfortran.dg/defined_assignment_2.f90 -O3 -fomit-frame-pointer -funroll-all-loops -finline-functions (test for excess errors)
WARNING: gfortran.dg/defined_assignment_2.f90 -O3 -fomit-frame-pointer -funroll-all-loops -finline-functions compilation failed to produce executable
FAIL: gfortran.dg/defined_assignment_2.f90 -O3 -g (internal compiler error)
FAIL: gfortran.dg/defined_assignment_2.f90 -O3 -g (test for excess errors)
WARNING: gfortran.dg/defined_assignment_2.f90 -O3 -g compilation failed to produce executable
FAIL: gfortran.dg/dummy_procedure_7.f90 -O3 -fomit-frame-pointer -funroll-loops (internal compiler error)
FAIL: gfortran.dg/dummy_procedure_7.f90 -O3 -fomit-frame-pointer -funroll-loops (test for excess errors)
WARNING: gfortran.dg/dummy_procedure_7.f90 -O3 -fomit-frame-pointer -funroll-loops compilation failed to produce executable
FAIL: gfortran.dg/dummy_procedure_7.f90 -O3 -fomit-frame-pointer -funroll-all-loops -finline-functions (internal compiler error)
FAIL: gfortran.dg/dummy_procedure_7.f90 -O3 -fomit-frame-pointer -funroll-all-loops -finline-functions (test for excess errors)
WARNING: gfortran.dg/dummy_procedure_7.f90 -O3 -fomit-frame-pointer -funroll-all-loops -finline-functions compilation failed to produce executable
FAIL: gfortran.dg/dynamic_dispatch_5.f03 -O3 -fomit-frame-pointer -funroll-loops (internal compiler error)
FAIL: gfortran.dg/dynamic_dispatch_5.f03 -O3 -fomit-frame-pointer -funroll-loops (test for excess errors)
WARNING: gfortran.dg/dynamic_dispatch_5.f03 -O3 -fomit-frame-pointer -funroll-loops compilation failed to produce executable
FAIL: gfortran.dg/dynamic_dispatch_5.f03 -O3 -fomit-frame-pointer -funroll-all-loops -finline-functions (internal compiler error)
FAIL: gfortran.dg/dynamic_dispatch_5.f03 -O3 -fomit-frame-pointer -funroll-all-loops -finline-functions (test for excess errors)
WARNING: gfortran.dg/dynamic_dispatch_5.f03 -O3 -fomit-frame-pointer -funroll-all-loops -finline-functions compilation failed to produce executable
FAIL: gfortran.dg/func_result_6.f90 -O3 -fomit-frame-pointer -funroll-loops (internal compiler error)
FAIL: gfortran.dg/func_result_6.f90 -O3 -fomit-frame-pointer -funroll-loops (test for excess errors)
WARNING: gfortran.dg/func_result_6.f90 -O3 -fomit-frame-pointer -funroll-loops compilation failed to produce executable
FAIL: gfortran.dg/func_result_6.f90 -O3 -fomit-frame-pointer -funroll-all-loops -finline-functions (internal compiler error)
FAIL: gfortran.dg/func_result_6.f90 -O3 -fomit-frame-pointer -funroll-all-loops -finline-functions (test for excess errors)
WARNING: gfortran.dg/func_result_6.f90 -O3 -fomit-frame-pointer -funroll-all-loops -finline-functions compilation failed to produce executable
FAIL: gfortran.dg/host_assoc_function_7.f90 -O3 -fomit-frame-pointer -funroll-loops (internal compiler error)
FAIL: gfortran.dg/host_assoc_function_7.f90 -O3 -fomit-frame-pointer -funroll-loops (test for excess errors)
WARNING: gfortran.dg/host_assoc_function_7.f90 -O3 -fomit-frame-pointer -funroll-loops compilation failed to produce executable
FAIL: gfortran.dg/host_assoc_function_7.f90 -O3 -fomit-frame-pointer -funroll-all-loops -finline-functions (internal compiler error)
FAIL: gfortran.dg/host_assoc_function_7.f90 -O3 -fomit-frame-pointer -funroll-all-loops -finline-functions (test for excess errors)
WARNING: gfortran.dg/host_assoc_function_7.f90 -O3 -fomit-frame-pointer -funroll-all-loops -finline-functions compilation failed to produce executable
FAIL: gfortran.dg/inline_transpose_1.f90 -O3 -fomit-frame-pointer -funroll-loops (internal compiler error)
FAIL: gfortran.dg/inline_transpose_1.f90 -O3 -fomit-frame-pointer -funroll-loops (test for excess errors)
WARNING: gfortran.dg/inline_transpose_1.f90 -O3 -fomit-frame-pointer -funroll-loops compilation failed to produce executable
FAIL: gfortran.dg/inline_transpose_1.f90 -O3 -fomit-frame-pointer -funroll-all-loops -finline-functions (internal compiler error)
FAIL: gfortran.dg/inline_transpose_1.f90 -O3 -fomit-frame-pointer -funroll-all-loops -finline-functions (test for excess errors)
WARNING: gfortran.dg/inline_transpose_1.f90 -O3 -fomit-frame-pointer -funroll-all-loops -finline-functions compilation failed to produce executable
FAIL: gfortran.dg/matmul_1.f90 -O3 -fomit-frame-pointer -funroll-loops (internal compiler error)
FAIL: gfortran.dg/matmul_1.f90 -O3 -fomit-frame-pointer -funroll-loops (test for excess errors)
WARNING: gfortran.dg/matmul_1.f90 -O3 -fomit-frame-pointer -funroll-loops compilation failed to produce executable
FAIL: gfortran.dg/matmul_1.f90 -O3 -fomit-frame-pointer -funroll-all-loops -finline-functions (internal compiler error)
FAIL: gfortran.dg/matmul_1.f90 -O3 -fomit-frame-pointer -funroll-all-loops -finline-functions (test for excess errors)
WARNING: gfortran.dg/matmul_1.f90 -O3 -fomit-frame-pointer -funroll-all-loops -finline-functions compilation failed to produce executable
FAIL: gfortran.dg/minloc_3.f90 -O3 -fomit-frame-pointer -funroll-loops (internal compiler error)
FAIL: gfortran.dg/minloc_3.f90 -O3 -fomit-frame-pointer -funroll-loops (test for excess errors)
WARNING: gfortran.dg/minloc_3.f90 -O3 -fomit-frame-pointer -funroll-loops compilation failed to produce executable
FAIL: gfortran.dg/minloc_3.f90 -O3 -fomit-frame-pointer -funroll-all-loops -finline-functions (internal compiler error)
FAIL: gfortran.dg/minloc_3.f90 -O3 -fomit-frame-pointer -funroll-all-loops -finline-functions (test for excess errors)
WARNING: gfortran.dg/minloc_3.f90 -O3 -fomit-frame-pointer -funroll-all-loops -finline-functions compilation failed to produce executable
FAIL: gfortran.dg/minlocval_3.f90 -O3 -fomit-frame-pointer -funroll-loops (internal compiler error)
FAIL: gfortran.dg/minlocval_3.f90 -O3 -fomit-frame-pointer -funroll-loops (test for excess errors)
WARNING: gfortran.dg/minlocval_3.f90 -O3 -fomit-frame-pointer -funroll-loops compilation failed to produce executable
FAIL: gfortran.dg/minlocval_3.f90 -O3 -fomit-frame-pointer -funroll-all-loops -finline-functions (internal compiler error)
FAIL: gfortran.dg/minlocval_3.f90 -O3 -fomit-frame-pointer -funroll-all-loops -finline-functions (test for excess errors)
WARNING: gfortran.dg/minlocval_3.f90 -O3 -fomit-frame-pointer -funroll-all-loops -finline-functions compilation failed to produce executable
FAIL: gfortran.dg/minmaxloc_5.f90 -O3 -fomit-frame-pointer -funroll-loops (internal compiler error)
FAIL: gfortran.dg/minmaxloc_5.f90 -O3 -fomit-frame-pointer -funroll-loops (test for excess errors)
WARNING: gfortran.dg/minmaxloc_5.f90 -O3 -fomit-frame-pointer -funroll-loops compilation failed to produce executable
FAIL: gfortran.dg/minmaxloc_5.f90 -O3 -fomit-frame-pointer -funroll-all-loops -finline-functions (internal compiler error)
FAIL: gfortran.dg/minmaxloc_5.f90 -O3 -fomit-frame-pointer -funroll-all-loops -finline-functions (test for excess errors)
WARNING: gfortran.dg/minmaxloc_5.f90 -O3 -fomit-frame-pointer -funroll-all-loops -finline-functions compilation failed to produce executable
FAIL: gfortran.dg/minmaxloc_6.f90 -O3 -fomit-frame-pointer -funroll-loops (internal compiler error)
FAIL: gfortran.dg/minmaxloc_6.f90 -O3 -fomit-frame-pointer -funroll-loops (test for excess errors)
WARNING: gfortran.dg/minmaxloc_6.f90 -O3 -fomit-frame-pointer -funroll-loops compilation failed to produce executable
FAIL: gfortran.dg/minmaxloc_6.f90 -O3 -fomit-frame-pointer -funroll-all-loops -finline-functions (internal compiler error)
FAIL: gfortran.dg/minmaxloc_6.f90 -O3 -fomit-frame-pointer -funroll-all-loops -finline-functions (test for excess errors)
WARNING: gfortran.dg/minmaxloc_6.f90 -O3 -fomit-frame-pointer -funroll-all-loops -finline-functions compilation failed to produce executable
FAIL: gfortran.dg/module_read_2.f90 -O3 -fomit-frame-pointer -funroll-loops (internal compiler error)
FAIL: gfortran.dg/module_read_2.f90 -O3 -fomit-frame-pointer -funroll-loops (test for excess errors)
WARNING: gfortran.dg/module_read_2.f90 -O3 -fomit-frame-pointer -funroll-loops compilation failed to produce executable
FAIL: gfortran.dg/module_read_2.f90 -O3 -fomit-frame-pointer -funroll-all-loops -finline-functions (internal compiler error)
FAIL: gfortran.dg/module_read_2.f90 -O3 -fomit-frame-pointer -funroll-all-loops -finline-functions (test for excess errors)
WARNING: gfortran.dg/module_read_2.f90 -O3 -fomit-frame-pointer -funroll-all-loops -finline-functions compilation failed to produce executable
FAIL: gfortran.dg/pr37243.f -O3 -fomit-frame-pointer -funroll-loops (internal compiler error)
FAIL: gfortran.dg/pr37243.f -O3 -fomit-frame-pointer -funroll-loops (test for excess errors)
WARNING: gfortran.dg/pr37243.f -O3 -fomit-frame-pointer -funroll-loops compilation failed to produce executable
FAIL: gfortran.dg/pr37243.f -O3 -fomit-frame-pointer -funroll-all-loops -finline-functions (internal compiler error)
FAIL: gfortran.dg/pr37243.f -O3 -fomit-frame-pointer -funroll-all-loops -finline-functions (test for excess errors)
WARNING: gfortran.dg/pr37243.f -O3 -fomit-frame-pointer -funroll-all-loops -finline-functions compilation failed to produce executable
FAIL: gfortran.dg/pr42294.f -O (internal compiler error)
FAIL: gfortran.dg/pr42294.f -O (test for excess errors)
FAIL: gfortran.dg/pr45578.f90 -O3 -fomit-frame-pointer -funroll-loops (internal compiler error)
FAIL: gfortran.dg/pr45578.f90 -O3 -fomit-frame-pointer -funroll-loops (test for excess errors)
WARNING: gfortran.dg/pr45578.f90 -O3 -fomit-frame-pointer -funroll-loops compilation failed to produce executable
FAIL: gfortran.dg/pr45578.f90 -O3 -fomit-frame-pointer -funroll-all-loops -finline-functions (internal compiler error)
FAIL: gfortran.dg/pr45578.f90 -O3 -fomit-frame-pointer -funroll-all-loops -finline-functions (test for excess errors)
WARNING: gfortran.dg/pr45578.f90 -O3 -fomit-frame-pointer -funroll-all-loops -finline-functions compilation failed to produce executable
FAIL: gfortran.dg/proc_decl_18.f90 -O3 -fomit-frame-pointer -funroll-loops (internal compiler error)
FAIL: gfortran.dg/proc_decl_18.f90 -O3 -fomit-frame-pointer -funroll-loops (test for excess errors)
WARNING: gfortran.dg/proc_decl_18.f90 -O3 -fomit-frame-pointer -funroll-loops compilation failed to produce executable
FAIL: gfortran.dg/proc_decl_18.f90 -O3 -fomit-frame-pointer -funroll-all-loops -finline-functions (internal compiler error)
FAIL: gfortran.dg/proc_decl_18.f90 -O3 -fomit-frame-pointer -funroll-all-loops -finline-functions (test for excess errors)
WARNING: gfortran.dg/proc_decl_18.f90 -O3 -fomit-frame-pointer -funroll-all-loops -finline-functions compilation failed to produce executable
FAIL: gfortran.dg/quad_2.f90 -O0 execution test
FAIL: gfortran.dg/quad_2.f90 -O1 execution test
FAIL: gfortran.dg/quad_2.f90 -O2 execution test
FAIL: gfortran.dg/quad_2.f90 -O3 -fomit-frame-pointer execution test
FAIL: gfortran.dg/quad_2.f90 -O3 -fomit-frame-pointer -funroll-loops execution test
FAIL: gfortran.dg/quad_2.f90 -O3 -fomit-frame-pointer -funroll-all-loops -finline-functions execution test
FAIL: gfortran.dg/quad_2.f90 -O3 -g execution test
FAIL: gfortran.dg/quad_2.f90 -Os execution test
FAIL: gfortran.dg/random_seed_3.f90 -O3 -fomit-frame-pointer -funroll-loops (internal compiler error)
FAIL: gfortran.dg/random_seed_3.f90 -O3 -fomit-frame-pointer -funroll-loops (test for excess errors)
WARNING: gfortran.dg/random_seed_3.f90 -O3 -fomit-frame-pointer -funroll-loops compilation failed to produce executable
FAIL: gfortran.dg/random_seed_3.f90 -O3 -fomit-frame-pointer -funroll-all-loops -finline-functions (internal compiler error)
FAIL: gfortran.dg/random_seed_3.f90 -O3 -fomit-frame-pointer -funroll-all-loops -finline-functions (test for excess errors)
WARNING: gfortran.dg/random_seed_3.f90 -O3 -fomit-frame-pointer -funroll-all-loops -finline-functions compilation failed to produce executable
FAIL: gfortran.dg/realloc_on_assign_1.f03 -O3 -fomit-frame-pointer -funroll-loops (internal compiler error)
FAIL: gfortran.dg/realloc_on_assign_1.f03 -O3 -fomit-frame-pointer -funroll-loops (test for excess errors)
WARNING: gfortran.dg/realloc_on_assign_1.f03 -O3 -fomit-frame-pointer -funroll-loops compilation failed to produce executable
FAIL: gfortran.dg/realloc_on_assign_1.f03 -O3 -fomit-frame-pointer -funroll-all-loops -finline-functions (internal compiler error)
FAIL: gfortran.dg/realloc_on_assign_1.f03 -O3 -fomit-frame-pointer -funroll-all-loops -finline-functions (test for excess errors)
WARNING: gfortran.dg/realloc_on_assign_1.f03 -O3 -fomit-frame-pointer -funroll-all-loops -finline-functions compilation failed to produce executable
FAIL: gfortran.dg/realloc_on_assign_7.f03 -O3 -fomit-frame-pointer -funroll-loops (internal compiler error)
FAIL: gfortran.dg/realloc_on_assign_7.f03 -O3 -fomit-frame-pointer -funroll-loops (test for excess errors)
WARNING: gfortran.dg/realloc_on_assign_7.f03 -O3 -fomit-frame-pointer -funroll-loops compilation failed to produce executable
FAIL: gfortran.dg/realloc_on_assign_7.f03 -O3 -fomit-frame-pointer -funroll-all-loops -finline-functions (internal compiler error)
FAIL: gfortran.dg/realloc_on_assign_7.f03 -O3 -fomit-frame-pointer -funroll-all-loops -finline-functions (test for excess errors)
WARNING: gfortran.dg/realloc_on_assign_7.f03 -O3 -fomit-frame-pointer -funroll-all-loops -finline-functions compilation failed to produce executable
FAIL: gfortran.dg/typebound_call_17.f03 -O3 -fomit-frame-pointer -funroll-loops (internal compiler error)
FAIL: gfortran.dg/typebound_call_17.f03 -O3 -fomit-frame-pointer -funroll-loops (test for excess errors)
WARNING: gfortran.dg/typebound_call_17.f03 -O3 -fomit-frame-pointer -funroll-loops compilation failed to produce executable
FAIL: gfortran.dg/typebound_call_17.f03 -O3 -fomit-frame-pointer -funroll-all-loops -finline-functions (internal compiler error)
FAIL: gfortran.dg/typebound_call_17.f03 -O3 -fomit-frame-pointer -funroll-all-loops -finline-functions (test for excess errors)
WARNING: gfortran.dg/typebound_call_17.f03 -O3 -fomit-frame-pointer -funroll-all-loops -finline-functions compilation failed to produce executable
FAIL: gfortran.dg/typebound_operator_12.f03 -O3 -fomit-frame-pointer -funroll-loops (internal compiler error)
FAIL: gfortran.dg/typebound_operator_12.f03 -O3 -fomit-frame-pointer -funroll-loops (test for excess errors)
WARNING: gfortran.dg/typebound_operator_12.f03 -O3 -fomit-frame-pointer -funroll-loops compilation failed to produce executable
FAIL: gfortran.dg/typebound_operator_12.f03 -O3 -fomit-frame-pointer -funroll-all-loops -finline-functions (internal compiler error)
FAIL: gfortran.dg/typebound_operator_12.f03 -O3 -fomit-frame-pointer -funroll-all-loops -finline-functions (test for excess errors)
WARNING: gfortran.dg/typebound_operator_12.f03 -O3 -fomit-frame-pointer -funroll-all-loops -finline-functions compilation failed to produce executable
FAIL: gfortran.dg/typebound_operator_13.f03 -O3 -fomit-frame-pointer -funroll-loops (internal compiler error)
FAIL: gfortran.dg/typebound_operator_13.f03 -O3 -fomit-frame-pointer -funroll-loops (test for excess errors)
WARNING: gfortran.dg/typebound_operator_13.f03 -O3 -fomit-frame-pointer -funroll-loops compilation failed to produce executable
FAIL: gfortran.dg/typebound_operator_13.f03 -O3 -fomit-frame-pointer -funroll-all-loops -finline-functions (internal compiler error)
FAIL: gfortran.dg/typebound_operator_13.f03 -O3 -fomit-frame-pointer -funroll-all-loops -finline-functions (test for excess errors)
WARNING: gfortran.dg/typebound_operator_13.f03 -O3 -fomit-frame-pointer -funroll-all-loops -finline-functions compilation failed to produce executable
FAIL: gfortran.dg/typebound_operator_9.f03 -O3 -fomit-frame-pointer -funroll-loops (internal compiler error)
FAIL: gfortran.dg/typebound_operator_9.f03 -O3 -fomit-frame-pointer -funroll-loops (test for excess errors)
WARNING: gfortran.dg/typebound_operator_9.f03 -O3 -fomit-frame-pointer -funroll-loops compilation failed to produce executable
FAIL: gfortran.dg/typebound_operator_9.f03 -O3 -fomit-frame-pointer -funroll-all-loops -finline-functions (internal compiler error)
FAIL: gfortran.dg/typebound_operator_9.f03 -O3 -fomit-frame-pointer -funroll-all-loops -finline-functions (test for excess errors)
WARNING: gfortran.dg/typebound_operator_9.f03 -O3 -fomit-frame-pointer -funroll-all-loops -finline-functions compilation failed to produce executable
FAIL: gfortran.dg/vector_subscript_1.f90 -O3 -fomit-frame-pointer -funroll-loops (internal compiler error)
FAIL: gfortran.dg/vector_subscript_1.f90 -O3 -fomit-frame-pointer -funroll-loops (test for excess errors)
WARNING: gfortran.dg/vector_subscript_1.f90 -O3 -fomit-frame-pointer -funroll-loops compilation failed to produce executable
FAIL: gfortran.dg/vector_subscript_1.f90 -O3 -fomit-frame-pointer -funroll-all-loops -finline-functions (internal compiler error)
FAIL: gfortran.dg/vector_subscript_1.f90 -O3 -fomit-frame-pointer -funroll-all-loops -finline-functions (test for excess errors)
WARNING: gfortran.dg/vector_subscript_1.f90 -O3 -fomit-frame-pointer -funroll-all-loops -finline-functions compilation failed to produce executable
FAIL: gfortran.dg/vector_subscript_5.f90 -O3 -fomit-frame-pointer -funroll-loops (internal compiler error)
FAIL: gfortran.dg/vector_subscript_5.f90 -O3 -fomit-frame-pointer -funroll-loops (test for excess errors)
WARNING: gfortran.dg/vector_subscript_5.f90 -O3 -fomit-frame-pointer -funroll-loops compilation failed to produce executable
FAIL: gfortran.dg/vector_subscript_5.f90 -O3 -fomit-frame-pointer -funroll-all-loops -finline-functions (internal compiler error)
FAIL: gfortran.dg/vector_subscript_5.f90 -O3 -fomit-frame-pointer -funroll-all-loops -finline-functions (test for excess errors)
WARNING: gfortran.dg/vector_subscript_5.f90 -O3 -fomit-frame-pointer -funroll-all-loops -finline-functions compilation failed to produce executable
FAIL: gfortran.dg/g77/20010430.f -O3 -fomit-frame-pointer -funroll-loops (internal compiler error)
FAIL: gfortran.dg/g77/20010430.f -O3 -fomit-frame-pointer -funroll-loops (test for excess errors)
WARNING: gfortran.dg/g77/20010430.f -O3 -fomit-frame-pointer -funroll-loops compilation failed to produce executable
FAIL: gfortran.dg/g77/20010430.f -O3 -fomit-frame-pointer -funroll-all-loops -finline-functions (internal compiler error)
FAIL: gfortran.dg/g77/20010430.f -O3 -fomit-frame-pointer -funroll-all-loops -finline-functions (test for excess errors)
WARNING: gfortran.dg/g77/20010430.f -O3 -fomit-frame-pointer -funroll-all-loops -finline-functions compilation failed to produce executable
FAIL: gfortran.dg/vect/pr32380.f -O (internal compiler error)
FAIL: gfortran.dg/vect/pr32380.f -O (test for excess errors)
=== gfortran Summary ===
# of expected passes 43963
# of unexpected failures 146
# of expected failures 65
# of unsupported tests 80
/usr/local/gcc/gcc-20130429/Build/gcc/testsuite/gfortran/../../gfortran version 4.9.0 20130429 (experimental) [trunk revision 198386] (GCC)
=== gnat tests ===
Running target unix
=== gnat Summary ===
# of expected passes 1153
# of expected failures 17
# of unsupported tests 9
/usr/local/gcc/gcc-20130429/Build/gcc/gnatmake version 4.9.0 20130429 (experimental) [trunk revision 198386]
=== obj-c++ tests ===
Running target unix
=== obj-c++ Summary ===
# of expected passes 1442
# of expected failures 10
# of unsupported tests 86
/usr/local/gcc/gcc-20130429/Build/gcc/testsuite/obj-c++/../../xg++ version 4.9.0 20130429 (experimental) [trunk revision 198386] (GCC)
=== objc tests ===
Running target unix
=== objc Summary ===
# of expected passes 2992
# of unsupported tests 75
/usr/local/gcc/gcc-20130429/Build/gcc/xgcc version 4.9.0 20130429 (experimental) [trunk revision 198386] (GCC)
=== boehm-gc tests ===
Running target unix
=== boehm-gc Summary ===
# of expected passes 12
# of unsupported tests 1
=== libatomic tests ===
Running target unix
=== libatomic Summary ===
# of expected passes 34
# of unsupported tests 10
=== libffi tests ===
Running target unix
=== libffi Summary ===
# of expected passes 1819
# of unsupported tests 55
=== libgomp tests ===
Running target unix
FAIL: libgomp.c/omp-loop03.c execution test
FAIL: libgomp.c++/for-4.C -O3 -fomit-frame-pointer -funroll-loops (internal compiler error)
FAIL: libgomp.c++/for-4.C -O3 -fomit-frame-pointer -funroll-loops (test for excess errors)
WARNING: libgomp.c++/for-4.C -O3 -fomit-frame-pointer -funroll-loops compilation failed to produce executable
FAIL: libgomp.c++/for-4.C -O3 -fomit-frame-pointer -funroll-all-loops -finline-functions (internal compiler error)
FAIL: libgomp.c++/for-4.C -O3 -fomit-frame-pointer -funroll-all-loops -finline-functions (test for excess errors)
WARNING: libgomp.c++/for-4.C -O3 -fomit-frame-pointer -funroll-all-loops -finline-functions compilation failed to produce executable
FAIL: libgomp.c++/loop-3.C -O execution test
FAIL: libgomp.fortran/allocatable5.f90 -O3 -fomit-frame-pointer -funroll-loops (internal compiler error)
FAIL: libgomp.fortran/allocatable5.f90 -O3 -fomit-frame-pointer -funroll-loops (test for excess errors)
WARNING: libgomp.fortran/allocatable5.f90 -O3 -fomit-frame-pointer -funroll-loops compilation failed to produce executable
FAIL: libgomp.fortran/allocatable5.f90 -O3 -fomit-frame-pointer -funroll-all-loops -finline-functions (internal compiler error)
FAIL: libgomp.fortran/allocatable5.f90 -O3 -fomit-frame-pointer -funroll-all-loops -finline-functions (test for excess errors)
WARNING: libgomp.fortran/allocatable5.f90 -O3 -fomit-frame-pointer -funroll-all-loops -finline-functions compilation failed to produce executable
FAIL: libgomp.fortran/allocatable6.f90 -O3 -fomit-frame-pointer -funroll-loops (internal compiler error)
FAIL: libgomp.fortran/allocatable6.f90 -O3 -fomit-frame-pointer -funroll-loops (test for excess errors)
WARNING: libgomp.fortran/allocatable6.f90 -O3 -fomit-frame-pointer -funroll-loops compilation failed to produce executable
FAIL: libgomp.fortran/allocatable6.f90 -O3 -fomit-frame-pointer -funroll-all-loops -finline-functions (internal compiler error)
FAIL: libgomp.fortran/allocatable6.f90 -O3 -fomit-frame-pointer -funroll-all-loops -finline-functions (test for excess errors)
WARNING: libgomp.fortran/allocatable6.f90 -O3 -fomit-frame-pointer -funroll-all-loops -finline-functions compilation failed to produce executable
FAIL: libgomp.fortran/omp_parse4.f90 -O3 -fomit-frame-pointer -funroll-loops (internal compiler error)
FAIL: libgomp.fortran/omp_parse4.f90 -O3 -fomit-frame-pointer -funroll-loops (test for excess errors)
WARNING: libgomp.fortran/omp_parse4.f90 -O3 -fomit-frame-pointer -funroll-loops compilation failed to produce executable
FAIL: libgomp.fortran/omp_parse4.f90 -O3 -fomit-frame-pointer -funroll-all-loops -finline-functions (internal compiler error)
FAIL: libgomp.fortran/omp_parse4.f90 -O3 -fomit-frame-pointer -funroll-all-loops -finline-functions (test for excess errors)
WARNING: libgomp.fortran/omp_parse4.f90 -O3 -fomit-frame-pointer -funroll-all-loops -finline-functions compilation failed to produce executable
FAIL: libgomp.fortran/pr29629.f90 -O3 -fomit-frame-pointer -funroll-loops (internal compiler error)
FAIL: libgomp.fortran/pr29629.f90 -O3 -fomit-frame-pointer -funroll-loops (test for excess errors)
WARNING: libgomp.fortran/pr29629.f90 -O3 -fomit-frame-pointer -funroll-loops compilation failed to produce executable
FAIL: libgomp.fortran/pr29629.f90 -O3 -fomit-frame-pointer -funroll-all-loops -finline-functions (internal compiler error)
FAIL: libgomp.fortran/pr29629.f90 -O3 -fomit-frame-pointer -funroll-all-loops -finline-functions (test for excess errors)
WARNING: libgomp.fortran/pr29629.f90 -O3 -fomit-frame-pointer -funroll-all-loops -finline-functions compilation failed to produce executable
FAIL: libgomp.fortran/reduction6.f90 -O3 -fomit-frame-pointer -funroll-loops (internal compiler error)
FAIL: libgomp.fortran/reduction6.f90 -O3 -fomit-frame-pointer -funroll-loops (test for excess errors)
WARNING: libgomp.fortran/reduction6.f90 -O3 -fomit-frame-pointer -funroll-loops compilation failed to produce executable
FAIL: libgomp.fortran/reduction6.f90 -O3 -fomit-frame-pointer -funroll-all-loops -finline-functions (internal compiler error)
FAIL: libgomp.fortran/reduction6.f90 -O3 -fomit-frame-pointer -funroll-all-loops -finline-functions (test for excess errors)
WARNING: libgomp.fortran/reduction6.f90 -O3 -fomit-frame-pointer -funroll-all-loops -finline-functions compilation failed to produce executable
FAIL: libgomp.fortran/retval1.f90 -O3 -fomit-frame-pointer (internal compiler error)
FAIL: libgomp.fortran/retval1.f90 -O3 -fomit-frame-pointer (test for excess errors)
WARNING: libgomp.fortran/retval1.f90 -O3 -fomit-frame-pointer compilation failed to produce executable
FAIL: libgomp.fortran/retval1.f90 -O3 -fomit-frame-pointer -funroll-all-loops -finline-functions (internal compiler error)
FAIL: libgomp.fortran/retval1.f90 -O3 -fomit-frame-pointer -funroll-all-loops -finline-functions (test for excess errors)
WARNING: libgomp.fortran/retval1.f90 -O3 -fomit-frame-pointer -funroll-all-loops -finline-functions compilation failed to produce executable
FAIL: libgomp.fortran/retval1.f90 -O3 -g (internal compiler error)
FAIL: libgomp.fortran/retval1.f90 -O3 -g (test for excess errors)
WARNING: libgomp.fortran/retval1.f90 -O3 -g compilation failed to produce executable
FAIL: libgomp.fortran/retval2.f90 -O3 -fomit-frame-pointer (internal compiler error)
FAIL: libgomp.fortran/retval2.f90 -O3 -fomit-frame-pointer (test for excess errors)
WARNING: libgomp.fortran/retval2.f90 -O3 -fomit-frame-pointer compilation failed to produce executable
FAIL: libgomp.fortran/retval2.f90 -O3 -fomit-frame-pointer -funroll-all-loops -finline-functions (internal compiler error)
FAIL: libgomp.fortran/retval2.f90 -O3 -fomit-frame-pointer -funroll-all-loops -finline-functions (test for excess errors)
WARNING: libgomp.fortran/retval2.f90 -O3 -fomit-frame-pointer -funroll-all-loops -finline-functions compilation failed to produce executable
FAIL: libgomp.fortran/retval2.f90 -O3 -g (internal compiler error)
FAIL: libgomp.fortran/retval2.f90 -O3 -g (test for excess errors)
WARNING: libgomp.fortran/retval2.f90 -O3 -g compilation failed to produce executable
=== libgomp Summary ===
# of expected passes 2960
# of unexpected failures 38
=== libjava tests ===
Running target unix
FAIL: getlocalvartable output
FAIL: Throw_3 -O3 output - source compiled test
FAIL: Throw_3 -O3 -findirect-dispatch output - source compiled test
FAIL: sourcelocation output - source compiled test
FAIL: sourcelocation -findirect-dispatch output - source compiled test
FAIL: sourcelocation -O3 output - source compiled test
FAIL: sourcelocation -O3 -findirect-dispatch output - source compiled test
=== libjava Summary ===
# of expected passes 2579
# of unexpected failures 7
=== libmudflap tests ===
Running target unix
FAIL: libmudflap.c/fail17-frag.c (-static) (test for excess errors)
FAIL: libmudflap.c/fail23-frag.c (-static) (test for excess errors)
FAIL: libmudflap.c/fail25-frag.c (-static) (test for excess errors)
FAIL: libmudflap.c/fail4-frag.c (-static) (test for excess errors)
FAIL: libmudflap.c/fail5-frag.c (-static) (test for excess errors)
FAIL: libmudflap.c/fail6-frag.c (-static) (test for excess errors)
FAIL: libmudflap.c/fail7-frag.c (-static) (test for excess errors)
FAIL: libmudflap.c/fail8-frag.c (-static) (test for excess errors)
FAIL: libmudflap.c/fail9-frag.c (-static) (test for excess errors)
FAIL: libmudflap.c/heap-scalestress.c (-static) (test for excess errors)
FAIL: libmudflap.c/hook-allocstuff.c (-static) (test for excess errors)
FAIL: libmudflap.c/pass-stratcliff.c (-static) (test for excess errors)
FAIL: libmudflap.c/pass30-frag.c (-static) (test for excess errors)
FAIL: libmudflap.c/pass30-frag.c (-static) (test for excess errors)
FAIL: libmudflap.c/pass4-frag.c (-static) (test for excess errors)
FAIL: libmudflap.c/pass4-frag.c (-static) (test for excess errors)
FAIL: libmudflap.c/pass45-frag.c (-static) (test for excess errors)
FAIL: libmudflap.c/pass45-frag.c (-static) (test for excess errors)
FAIL: libmudflap.c/pass46-frag.c (-static) (test for excess errors)
FAIL: libmudflap.c/pass46-frag.c (-static) (test for excess errors)
FAIL: libmudflap.c/pass47-frag.c (-static) (test for excess errors)
FAIL: libmudflap.c/pass47-frag.c (-static) (test for excess errors)
FAIL: libmudflap.c/pass49-frag.c (-static) (test for excess errors)
FAIL: libmudflap.c/pass49-frag.c (-static) (test for excess errors)
FAIL: libmudflap.c/pass5-frag.c (-static) (test for excess errors)
FAIL: libmudflap.c/pass5-frag.c (-static) (test for excess errors)
FAIL: libmudflap.c/pass51-frag.c (-static) (test for excess errors)
FAIL: libmudflap.c/pass51-frag.c (-static) (test for excess errors)
FAIL: libmudflap.c/pass52-frag.c (-static) (test for excess errors)
FAIL: libmudflap.c/pass52-frag.c (-static) (test for excess errors)
FAIL: libmudflap.c/pass6-frag.c (-static) (test for excess errors)
FAIL: libmudflap.c/pass6-frag.c (-static) (test for excess errors)
FAIL: libmudflap.c/pass7-frag.c (-static) (test for excess errors)
FAIL: libmudflap.c/pass7-frag.c (-static) (test for excess errors)
FAIL: libmudflap.c/pass8-frag.c (-static) (test for excess errors)
FAIL: libmudflap.c/pass8-frag.c (-static) (test for excess errors)
FAIL: libmudflap.c/pass9-frag.c (-static) (test for excess errors)
FAIL: libmudflap.c/pass9-frag.c (-static) (test for excess errors)
FAIL: libmudflap.c/fail21-frag.c (-O3) (test for excess errors)
WARNING: libmudflap.c/fail21-frag.c (-O3) compilation failed to produce executable
FAIL: libmudflap.c++/fail24-frag.cxx (-static) (test for excess errors)
FAIL: libmudflap.c++/pass31-frag.cxx (-static) (test for excess errors)
FAIL: libmudflap.c++/pass41-frag.cxx (-static) execution test
FAIL: libmudflap.c++/pass41-frag.cxx ( -O) execution test
FAIL: libmudflap.c++/pass41-frag.cxx (-O2) execution test
FAIL: libmudflap.c++/pass41-frag.cxx (-O3) execution test
FAIL: libmudflap.cth/pass37-frag.c (-static -DSTATIC) (test for excess errors)
FAIL: libmudflap.cth/pass39-frag.c (-static -DSTATIC) (test for excess errors)
FAIL: libmudflap.cth/pass40-frag.c (-static -DSTATIC) (test for excess errors)
FAIL: libmudflap.cth/pass59-frag.c (-static -DSTATIC) (test for excess errors)
=== libmudflap Summary ===
# of expected passes 1855
# of unexpected failures 49
=== libstdc++ tests ===
Running target unix
FAIL: libstdc++-abi/abi_check
=== libstdc++ Summary ===
# of expected passes 9039
# of unexpected failures 1
# of expected failures 45
# of unsupported tests 235
Compiler version: 4.9.0 20130429 (experimental) [trunk revision 198386] (GCC)
Platform: ia64-suse-linux-gnu
configure flags: --prefix=/usr --build=ia64-suse-linux --host=ia64-suse-linux --enable-checking=release --enable-shared --enable-threads --enable-__cxa_atexit --with-system-zlib CFLAGS='-O2 -g' CXXFLAGS='-O2 -g'
More information about the Gcc-testresults
mailing list