Results for 4.7.3 (GCC) testsuite on i686-pc-linux-gnu

Dennis Clarke dclarke@blastwave.org
Sun Apr 28 07:21:00 GMT 2013


$ date -u
Sun Apr 28 07:17:13 UTC 2013
$ uname -a
Linux phobos 2.6.32-5-686 #1 SMP Mon Feb 25 01:04:36 UTC 2013 i686 GNU/Linux
$ cat /etc/debian_version 
6.0.7
$ which gcc
/usr/bin/gcc
$ gcc --version
gcc (Debian 4.4.5-8) 4.4.5
Copyright (C) 2010 Free Software Foundation, Inc.
This is free software; see the source for copying conditions.  There is NO
warranty; not even for MERCHANTABILITY or FITNESS FOR A PARTICULAR PURPOSE.

$ which gas
/usr/local/bin/gas
$ gas --version
GNU assembler (GNU Binutils) 2.23.2
Copyright 2012 Free Software Foundation, Inc.
This program is free software; you may redistribute it under the terms of
the GNU General Public License version 3 or later.
This program has absolutely no warranty.
This assembler was configured for a target of `i686-pc-linux-gnu'.
$ which gld
/usr/local/bin/gld
$ ../gcc-4.7.3/contrib/test_summary
cat <<'EOF' |
LAST_UPDATED: Obtained from SVN: tags/gcc_4_7_3_release revision 197739

Native configuration is i686-pc-linux-gnu

                === g++ tests ===


Running target unix

                === g++ Summary ===

# of expected passes            47930
# of expected failures          286
# of unsupported tests          350
/usr/local/build/gcc-4.7.3_i686/gcc/testsuite/g++/../../g++  version 4.7.3 (GCC) 

                === gcc tests ===


Running target unix
FAIL: gcc.dg/cproj-fails-with-broken-glibc.c execution test
XPASS: gcc.dg/inline_3.c (test for excess errors)
XPASS: gcc.dg/inline_4.c (test for excess errors)
XPASS: gcc.dg/unroll_2.c (test for excess errors)
XPASS: gcc.dg/unroll_3.c (test for excess errors)
XPASS: gcc.dg/unroll_4.c (test for excess errors)

                === gcc Summary ===

# of expected passes            85792
# of unexpected failures        1
# of unexpected successes       5
# of expected failures          257
# of unsupported tests          922
/usr/local/build/gcc-4.7.3_i686/gcc/xgcc  version 4.7.3 (GCC) 

                === objc tests ===


Running target unix

                === objc Summary ===

# of expected passes            2988
# of expected failures          6
# of unsupported tests          74
/usr/local/build/gcc-4.7.3_i686/gcc/xgcc  version 4.7.3 (GCC) 

                === libgomp tests ===


Running target unix

                === libgomp Summary ===

# of expected passes            1257
                === libitm tests ===


Running target unix

                === libitm Summary ===

# of expected passes            26
# of expected failures          3
# of unsupported tests          1
                === libmudflap tests ===


Running target unix

                === libmudflap Summary ===

# of expected passes            1906
                === libstdc++ tests ===


Running target unix

                === libstdc++ Summary ===

# of expected passes            8270
# of expected failures          45
# of unsupported tests          478

Compiler version: 4.7.3 (GCC) 
Platform: i686-pc-linux-gnu
configure flags: --prefix=/usr/local/gcc4 --with-gnu-as --with-gnu-ld --with-gmp=/usr/local --with-mpfr=/usr/local --with-mpc=/usr/local --with-ld=/usr/local/bin/gld --disable-nls --enable-threads=posix --enable-shared --libdir=/usr/local/gcc4/lib --libexecdir=/usr/local/gcc4/lib --enable-languages=c,c++,objc --with-as=/usr/local/bin/gas --enable-bootstrap
EOF

-- 
--
http://pgp.mit.edu:11371/pks/lookup?op=vindex&search=0x1D936C72FA35B44B
+-------------------------+-----------------------------------+
| Dennis Clarke           | Solaris and Linux and Open Source |
| dclarke@blastwave.org   | Respect for open standards.       |
+-------------------------+-----------------------------------+



More information about the Gcc-testresults mailing list