Results for 4.6.4 (GCC) testsuite on powerpc-apple-darwin8.11.0
David Fang
fang@hal-00.csl.cornell.edu
Thu Apr 18 06:02:00 GMT 2013
dual G4 (powerpc 7410) 533 MHz, 1.5G RAM
Mac OS X 10.4.11, apple-gcc-5370 (Xcode 2.5)
Using Fink packaging draft 4.6.2-1000 (gcc46-10.4.info by Jack Howarth)
--with-dwarf2 --without-libquadmath
previous report for 4.6:
http://gcc.gnu.org/ml/gcc-testresults/2012-03/msg00497.html
LAST_UPDATED: Obtained from SVN: tags/gcc_4_6_4_release revision 197895
Native configuration is powerpc-apple-darwin8.11.0
=== g++ tests ===
Running target unix
FAIL: g++.dg/eh/simd-3.C execution test
FAIL: g++.dg/eh/simd-4.C execution test
FAIL: g++.dg/ext/alignof2.C execution test
WARNING: g++.dg/ext/label13.C compilation failed to produce executable
XPASS: g++.dg/uninit-pred-3_b.C (test for excess errors)
=== g++ Summary ===
# of expected passes 26633
# of unexpected failures 3
# of unexpected successes 1
# of expected failures 169
# of unsupported tests 405
/Volumes/Mercedes2/sw/src/fink.build/gcc46-4.6.4-1000/darwin_objdir/gcc/testsuite/g++/../../g++ version 4.6.4 (GCC)
=== gcc tests ===
Running target unix
FAIL: gcc.c-torture/compile/limits-exprparen.c -O0 (test for excess errors)
FAIL: gcc.c-torture/compile/limits-exprparen.c -O1 (test for excess errors)
FAIL: gcc.c-torture/compile/limits-exprparen.c -O2 (test for excess errors)
FAIL: gcc.c-torture/compile/limits-exprparen.c -O3 -fomit-frame-pointer (test for excess errors)
FAIL: gcc.c-torture/compile/limits-exprparen.c -O3 -g (test for excess errors)
FAIL: gcc.c-torture/compile/limits-exprparen.c -Os (test for excess errors)
FAIL: gcc.c-torture/compile/limits-exprparen.c -O2 -flto -flto-partition=none (test for excess errors)
FAIL: gcc.c-torture/compile/limits-exprparen.c -O2 -flto (test for excess errors)
FAIL: gcc.dg/and-1.c scan-assembler-not nand
FAIL: gcc.dg/c99-stdint-1.c (test for excess errors)
FAIL: gcc.dg/cproj-fails-with-broken-glibc.c execution test
FAIL: gcc.dg/sms-2.c scan-rtl-dump-times sms "SMS succeeded" 1
FAIL: gcc.dg/sms-3.c scan-rtl-dump-times sms "SMS succeeded" 1
FAIL: gcc.dg/sms-4.c scan-rtl-dump-times sms "SMS succeeded" 1
FAIL: gcc.dg/sms-5.c scan-rtl-dump-times sms "SMS succeeded" 1
FAIL: gcc.dg/sms-6.c scan-rtl-dump-times sms "SMS succeeded" 3
FAIL: gcc.dg/sms-7.c scan-rtl-dump-times sms "SMS succeeded" 3
FAIL: gcc.dg/sms-8.c scan-rtl-dump-times sms "SMS succeeded" 1
FAIL: gcc.dg/ssp-1.c (test for excess errors)
FAIL: gcc.dg/stack-usage-1.c scan-file foo\\t(256|264)\\tstatic
FAIL: gcc.dg/graphite/id-pr46845.c (test for excess errors)
WARNING: program timed out.
FAIL: gcc.dg/graphite/block-8.c (test for excess errors)
WARNING: gcc.dg/graphite/block-8.c compilation failed to produce executable
FAIL: gcc.dg/tls/thr-cse-1.c scan-assembler-not emutls_get_address.*emutls_get_address.*
FAIL: gcc.dg/tree-prof/pr44777.c execution, -fprofile-generate -D_PROFILE_GENERATE
UNRESOLVED: gcc.dg/tree-prof/pr44777.c compilation, -fprofile-use -D_PROFILE_USE
UNRESOLVED: gcc.dg/tree-prof/pr44777.c execution, -fprofile-use -D_PROFILE_USE
FAIL: gcc.dg/tree-ssa/vrp47.c scan-tree-dump-times vrp1 "[xy][^ ]* !=" 0
FAIL: gcc.dg/tree-ssa/vrp47.c scan-tree-dump-times dom1 "x[^ ]* & y" 1
FAIL: gcc.target/powerpc/405-dlmzb-strlen-1.c scan-assembler dlmzb\\\\.
FAIL: gcc.target/powerpc/440-dlmzb-strlen-1.c scan-assembler dlmzb\\\\.
FAIL: gcc.target/powerpc/darwin-abi-12.c scan-assembler .comm[\\t ]_x,12,2
FAIL: gcc.target/powerpc/ppc-vector-memcpy.c scan-assembler lvx
=== gcc Summary ===
# of expected passes 73485
# of unexpected failures 30
# of expected failures 196
# of unresolved testcases 2
# of unsupported tests 1184
/Volumes/Mercedes2/sw/src/fink.build/gcc46-4.6.4-1000/darwin_objdir/gcc/xgcc version 4.6.4 (GCC)
=== gfortran tests ===
Running target unix
FAIL: gfortran.dg/large_real_kind_3.F90 -O0 execution test
=== gfortran Summary ===
# of expected passes 38997
# of unexpected failures 1
# of expected failures 85
# of unsupported tests 241
/Volumes/Mercedes2/sw/src/fink.build/gcc46-4.6.4-1000/darwin_objdir/gcc/testsuite/gfortran/../../gfortran version 4.6.4 (GCC)
=== obj-c++ tests ===
Running target unix
=== obj-c++ Summary ===
# of expected passes 2650
# of expected failures 2
# of unsupported tests 80
/Volumes/Mercedes2/sw/src/fink.build/gcc46-4.6.4-1000/darwin_objdir/gcc/testsuite/obj-c++/../../g++ version 4.6.4 (GCC)
=== objc tests ===
Running target unix
=== objc Summary ===
# of expected passes 5587
# of expected failures 14
# of unsupported tests 100
/Volumes/Mercedes2/sw/src/fink.build/gcc46-4.6.4-1000/darwin_objdir/gcc/xgcc version 4.6.4 (GCC)
=== libffi tests ===
Running target unix
=== libffi Summary ===
# of expected passes 1634
# of expected failures 10
# of unsupported tests 15
=== libgomp tests ===
Running target unix
FAIL: libgomp.fortran/appendix-a/a.15.1.f90 -O (test for excess errors)
FAIL: libgomp.graphite/force-parallel-1.c execution test
=== libgomp Summary ===
# of expected passes 2674
# of unexpected failures 2
# of unsupported tests 3
=== libjava tests ===
Running target unix
FAIL: TestClosureGC run
FAIL: LargeFile execution - source compiled test
FAIL: LargeFile -findirect-dispatch execution - source compiled test
FAIL: LargeFile -O3 execution - source compiled test
FAIL: LargeFile -O3 -findirect-dispatch execution - source compiled test
=== libjava Summary ===
# of expected passes 2565
# of unexpected failures 5
# of untested testcases 5
=== libstdc++ tests ===
Running target unix
FAIL: ext/mt_allocator/deallocate_global_thread-1.cc execution test
FAIL: ext/mt_allocator/deallocate_global_thread-3.cc execution test
=== libstdc++ Summary ===
# of expected passes 7073
# of unexpected failures 2
# of expected failures 82
# of unsupported tests 655
=== libstdc++ Summary ===
Compiler version: 4.6.4 (GCC)
Platform: powerpc-apple-darwin8.11.0
configure flags: --prefix=/sw --prefix=/sw/lib/gcc4.6 --mandir=/sw/share/man --infodir=/sw/lib/gcc4.6/info --enable-languages=c,c++,fortran,lto,objc,obj-c++,java --with-gmp=/sw --with-libiconv-prefix=/sw --with-ppl=/sw --with-cloog=/sw --with-mpc=/sw --with-system-zlib --x-includes=/usr/X11R6/include --x-libraries=/usr/X11R6/lib --program-suffix=-fsf-4.6 --enable-cloog-backend=isl --with-dwarf2 --disable-libjava-multilib --disable-libquadmath
More information about the Gcc-testresults
mailing list