Results for 4.6.4 (Debian 4.6.4-1) testsuite on s390x-ibm-linux-gnu
Matthias Klose
doko@debian.org
Sat Apr 13 17:54:00 GMT 2013
LAST_UPDATED: Obtained from SVN: tags/gcc_4_6_4_release revision 197895
Target: s390x-linux-gnu
gcc version 4.6.4 (Debian 4.6.4-1)
Native configuration is s390x-ibm-linux-gnu
=== g++ tests ===
Running target unix
XPASS: g++.dg/uninit-pred-3_b.C (test for excess errors)
UNRESOLVED: attribute_plugin.c compilation, -I. -I/build/buildd-gcc-4.6_4.6.4-1-s390x-INF1H9/gcc-4.6-4.6.4/src/gcc/testsuite -I/build/buildd-gcc-4.6_4.6.4-1-s390x-INF1H9/gcc-4.6-4.6.4/src/gcc/testsuite/../../gcc -I/build/buildd-gcc-4.6_4.6.4-1-s390x-INF1H9/gcc-4.6-4.6.4/build/gcc/testsuite/g++/../../../gcc -I/build/buildd-gcc-4.6_4.6.4-1-s390x-INF1H9/gcc-4.6-4.6.4/src/gcc/testsuite/../../include -I/build/buildd-gcc-4.6_4.6.4-1-s390x-INF1H9/gcc-4.6-4.6.4/src/gcc/testsuite/../../libcpp/include -I/build/buildd-gcc-4.6_4.6.4-1-s390x-INF1H9/gcc-4.6-4.6.4/build/gcc/testsuite/g++/../../../intl -DIN_GCC -fPIC -shared
UNRESOLVED: pragma_plugin.c compilation, -I. -I/build/buildd-gcc-4.6_4.6.4-1-s390x-INF1H9/gcc-4.6-4.6.4/src/gcc/testsuite -I/build/buildd-gcc-4.6_4.6.4-1-s390x-INF1H9/gcc-4.6-4.6.4/src/gcc/testsuite/../../gcc -I/build/buildd-gcc-4.6_4.6.4-1-s390x-INF1H9/gcc-4.6-4.6.4/build/gcc/testsuite/g++/../../../gcc -I/build/buildd-gcc-4.6_4.6.4-1-s390x-INF1H9/gcc-4.6-4.6.4/src/gcc/testsuite/../../include -I/build/buildd-gcc-4.6_4.6.4-1-s390x-INF1H9/gcc-4.6-4.6.4/src/gcc/testsuite/../../libcpp/include -I/build/buildd-gcc-4.6_4.6.4-1-s390x-INF1H9/gcc-4.6-4.6.4/build/gcc/testsuite/g++/../../../intl -DIN_GCC -fPIC -shared
UNRESOLVED: selfassign.c compilation, -I. -I/build/buildd-gcc-4.6_4.6.4-1-s390x-INF1H9/gcc-4.6-4.6.4/src/gcc/testsuite -I/build/buildd-gcc-4.6_4.6.4-1-s390x-INF1H9/gcc-4.6-4.6.4/src/gcc/testsuite/../../gcc -I/build/buildd-gcc-4.6_4.6.4-1-s390x-INF1H9/gcc-4.6-4.6.4/build/gcc/testsuite/g++/../../../gcc -I/build/buildd-gcc-4.6_4.6.4-1-s390x-INF1H9/gcc-4.6-4.6.4/src/gcc/testsuite/../../include -I/build/buildd-gcc-4.6_4.6.4-1-s390x-INF1H9/gcc-4.6-4.6.4/src/gcc/testsuite/../../libcpp/include -I/build/buildd-gcc-4.6_4.6.4-1-s390x-INF1H9/gcc-4.6-4.6.4/build/gcc/testsuite/g++/../../../intl -O -DIN_GCC -fPIC -shared
UNRESOLVED: dumb_plugin.c compilation, -I. -I/build/buildd-gcc-4.6_4.6.4-1-s390x-INF1H9/gcc-4.6-4.6.4/src/gcc/testsuite -I/build/buildd-gcc-4.6_4.6.4-1-s390x-INF1H9/gcc-4.6-4.6.4/src/gcc/testsuite/../../gcc -I/build/buildd-gcc-4.6_4.6.4-1-s390x-INF1H9/gcc-4.6-4.6.4/build/gcc/testsuite/g++/../../../gcc -I/build/buildd-gcc-4.6_4.6.4-1-s390x-INF1H9/gcc-4.6-4.6.4/src/gcc/testsuite/../../include -I/build/buildd-gcc-4.6_4.6.4-1-s390x-INF1H9/gcc-4.6-4.6.4/src/gcc/testsuite/../../libcpp/include -I/build/buildd-gcc-4.6_4.6.4-1-s390x-INF1H9/gcc-4.6-4.6.4/build/gcc/testsuite/g++/../../../intl -DIN_GCC -fPIC -shared
UNRESOLVED: header_plugin.c compilation, -I. -I/build/buildd-gcc-4.6_4.6.4-1-s390x-INF1H9/gcc-4.6-4.6.4/src/gcc/testsuite -I/build/buildd-gcc-4.6_4.6.4-1-s390x-INF1H9/gcc-4.6-4.6.4/src/gcc/testsuite/../../gcc -I/build/buildd-gcc-4.6_4.6.4-1-s390x-INF1H9/gcc-4.6-4.6.4/build/gcc/testsuite/g++/../../../gcc -I/build/buildd-gcc-4.6_4.6.4-1-s390x-INF1H9/gcc-4.6-4.6.4/src/gcc/testsuite/../../include -I/build/buildd-gcc-4.6_4.6.4-1-s390x-INF1H9/gcc-4.6-4.6.4/src/gcc/testsuite/../../libcpp/include -I/build/buildd-gcc-4.6_4.6.4-1-s390x-INF1H9/gcc-4.6-4.6.4/build/gcc/testsuite/g++/../../../intl -DIN_GCC -fPIC -shared
=== g++ Summary for unix ===
# of expected passes 27546
# of unexpected successes 1
# of expected failures 168
# of unresolved testcases 5
# of unsupported tests 398
Running target unix/-fstack-protector
XPASS: g++.dg/uninit-pred-3_b.C (test for excess errors)
UNRESOLVED: attribute_plugin.c compilation, -I. -I/build/buildd-gcc-4.6_4.6.4-1-s390x-INF1H9/gcc-4.6-4.6.4/src/gcc/testsuite -I/build/buildd-gcc-4.6_4.6.4-1-s390x-INF1H9/gcc-4.6-4.6.4/src/gcc/testsuite/../../gcc -I/build/buildd-gcc-4.6_4.6.4-1-s390x-INF1H9/gcc-4.6-4.6.4/build/gcc/testsuite/g++/../../../gcc -I/build/buildd-gcc-4.6_4.6.4-1-s390x-INF1H9/gcc-4.6-4.6.4/src/gcc/testsuite/../../include -I/build/buildd-gcc-4.6_4.6.4-1-s390x-INF1H9/gcc-4.6-4.6.4/src/gcc/testsuite/../../libcpp/include -I/build/buildd-gcc-4.6_4.6.4-1-s390x-INF1H9/gcc-4.6-4.6.4/build/gcc/testsuite/g++/../../../intl -DIN_GCC -fPIC -shared
UNRESOLVED: pragma_plugin.c compilation, -I. -I/build/buildd-gcc-4.6_4.6.4-1-s390x-INF1H9/gcc-4.6-4.6.4/src/gcc/testsuite -I/build/buildd-gcc-4.6_4.6.4-1-s390x-INF1H9/gcc-4.6-4.6.4/src/gcc/testsuite/../../gcc -I/build/buildd-gcc-4.6_4.6.4-1-s390x-INF1H9/gcc-4.6-4.6.4/build/gcc/testsuite/g++/../../../gcc -I/build/buildd-gcc-4.6_4.6.4-1-s390x-INF1H9/gcc-4.6-4.6.4/src/gcc/testsuite/../../include -I/build/buildd-gcc-4.6_4.6.4-1-s390x-INF1H9/gcc-4.6-4.6.4/src/gcc/testsuite/../../libcpp/include -I/build/buildd-gcc-4.6_4.6.4-1-s390x-INF1H9/gcc-4.6-4.6.4/build/gcc/testsuite/g++/../../../intl -DIN_GCC -fPIC -shared
UNRESOLVED: selfassign.c compilation, -I. -I/build/buildd-gcc-4.6_4.6.4-1-s390x-INF1H9/gcc-4.6-4.6.4/src/gcc/testsuite -I/build/buildd-gcc-4.6_4.6.4-1-s390x-INF1H9/gcc-4.6-4.6.4/src/gcc/testsuite/../../gcc -I/build/buildd-gcc-4.6_4.6.4-1-s390x-INF1H9/gcc-4.6-4.6.4/build/gcc/testsuite/g++/../../../gcc -I/build/buildd-gcc-4.6_4.6.4-1-s390x-INF1H9/gcc-4.6-4.6.4/src/gcc/testsuite/../../include -I/build/buildd-gcc-4.6_4.6.4-1-s390x-INF1H9/gcc-4.6-4.6.4/src/gcc/testsuite/../../libcpp/include -I/build/buildd-gcc-4.6_4.6.4-1-s390x-INF1H9/gcc-4.6-4.6.4/build/gcc/testsuite/g++/../../../intl -O -DIN_GCC -fPIC -shared
UNRESOLVED: dumb_plugin.c compilation, -I. -I/build/buildd-gcc-4.6_4.6.4-1-s390x-INF1H9/gcc-4.6-4.6.4/src/gcc/testsuite -I/build/buildd-gcc-4.6_4.6.4-1-s390x-INF1H9/gcc-4.6-4.6.4/src/gcc/testsuite/../../gcc -I/build/buildd-gcc-4.6_4.6.4-1-s390x-INF1H9/gcc-4.6-4.6.4/build/gcc/testsuite/g++/../../../gcc -I/build/buildd-gcc-4.6_4.6.4-1-s390x-INF1H9/gcc-4.6-4.6.4/src/gcc/testsuite/../../include -I/build/buildd-gcc-4.6_4.6.4-1-s390x-INF1H9/gcc-4.6-4.6.4/src/gcc/testsuite/../../libcpp/include -I/build/buildd-gcc-4.6_4.6.4-1-s390x-INF1H9/gcc-4.6-4.6.4/build/gcc/testsuite/g++/../../../intl -DIN_GCC -fPIC -shared
UNRESOLVED: header_plugin.c compilation, -I. -I/build/buildd-gcc-4.6_4.6.4-1-s390x-INF1H9/gcc-4.6-4.6.4/src/gcc/testsuite -I/build/buildd-gcc-4.6_4.6.4-1-s390x-INF1H9/gcc-4.6-4.6.4/src/gcc/testsuite/../../gcc -I/build/buildd-gcc-4.6_4.6.4-1-s390x-INF1H9/gcc-4.6-4.6.4/build/gcc/testsuite/g++/../../../gcc -I/build/buildd-gcc-4.6_4.6.4-1-s390x-INF1H9/gcc-4.6-4.6.4/src/gcc/testsuite/../../include -I/build/buildd-gcc-4.6_4.6.4-1-s390x-INF1H9/gcc-4.6-4.6.4/src/gcc/testsuite/../../libcpp/include -I/build/buildd-gcc-4.6_4.6.4-1-s390x-INF1H9/gcc-4.6-4.6.4/build/gcc/testsuite/g++/../../../intl -DIN_GCC -fPIC -shared
=== g++ Summary for unix/-fstack-protector ===
# of expected passes 27546
# of unexpected successes 1
# of expected failures 168
# of unresolved testcases 5
# of unsupported tests 398
=== g++ Summary ===
# of expected passes 55092
# of unexpected successes 2
# of expected failures 336
# of unresolved testcases 10
# of unsupported tests 796
/build/buildd-gcc-4.6_4.6.4-1-s390x-INF1H9/gcc-4.6-4.6.4/build/gcc/testsuite/g++/../../g++ version 4.6.4 (Debian 4.6.4-1)
=== gcc tests ===
Running target unix
FAIL: gcc.dg/dfp/pr41049.c execution test
FAIL: gcc.dg/uninit-13.c unconditional (test for warnings, line 8)
FAIL: gcc.dg/uninit-13.c (test for excess errors)
FAIL: gcc.dg/uninit-pred-7_a.c bogus warning (test for bogus messages, line 26)
FAIL: gcc.dg/uninit-pred-8_a.c bogus warning (test for bogus messages, line 26)
UNRESOLVED: selfassign.c compilation, -I. -I/build/buildd-gcc-4.6_4.6.4-1-s390x-INF1H9/gcc-4.6-4.6.4/src/gcc/testsuite -I/build/buildd-gcc-4.6_4.6.4-1-s390x-INF1H9/gcc-4.6-4.6.4/src/gcc/testsuite/../../gcc -I/build/buildd-gcc-4.6_4.6.4-1-s390x-INF1H9/gcc-4.6-4.6.4/build/gcc/testsuite/gcc/../../../gcc -I/build/buildd-gcc-4.6_4.6.4-1-s390x-INF1H9/gcc-4.6-4.6.4/src/gcc/testsuite/../../include -I/build/buildd-gcc-4.6_4.6.4-1-s390x-INF1H9/gcc-4.6-4.6.4/src/gcc/testsuite/../../libcpp/include -I/build/buildd-gcc-4.6_4.6.4-1-s390x-INF1H9/gcc-4.6-4.6.4/build/gcc/testsuite/gcc/../../../intl -O -DIN_GCC -fPIC -shared
UNRESOLVED: ggcplug.c compilation, -I. -I/build/buildd-gcc-4.6_4.6.4-1-s390x-INF1H9/gcc-4.6-4.6.4/src/gcc/testsuite -I/build/buildd-gcc-4.6_4.6.4-1-s390x-INF1H9/gcc-4.6-4.6.4/src/gcc/testsuite/../../gcc -I/build/buildd-gcc-4.6_4.6.4-1-s390x-INF1H9/gcc-4.6-4.6.4/build/gcc/testsuite/gcc/../../../gcc -I/build/buildd-gcc-4.6_4.6.4-1-s390x-INF1H9/gcc-4.6-4.6.4/src/gcc/testsuite/../../include -I/build/buildd-gcc-4.6_4.6.4-1-s390x-INF1H9/gcc-4.6-4.6.4/src/gcc/testsuite/../../libcpp/include -I/build/buildd-gcc-4.6_4.6.4-1-s390x-INF1H9/gcc-4.6-4.6.4/build/gcc/testsuite/gcc/../../../intl -O -DIN_GCC -fPIC -shared
UNRESOLVED: one_time_plugin.c compilation, -I. -I/build/buildd-gcc-4.6_4.6.4-1-s390x-INF1H9/gcc-4.6-4.6.4/src/gcc/testsuite -I/build/buildd-gcc-4.6_4.6.4-1-s390x-INF1H9/gcc-4.6-4.6.4/src/gcc/testsuite/../../gcc -I/build/buildd-gcc-4.6_4.6.4-1-s390x-INF1H9/gcc-4.6-4.6.4/build/gcc/testsuite/gcc/../../../gcc -I/build/buildd-gcc-4.6_4.6.4-1-s390x-INF1H9/gcc-4.6-4.6.4/src/gcc/testsuite/../../include -I/build/buildd-gcc-4.6_4.6.4-1-s390x-INF1H9/gcc-4.6-4.6.4/src/gcc/testsuite/../../libcpp/include -I/build/buildd-gcc-4.6_4.6.4-1-s390x-INF1H9/gcc-4.6-4.6.4/build/gcc/testsuite/gcc/../../../intl -DIN_GCC -fPIC -shared
UNRESOLVED: start_unit_plugin.c compilation, -I. -I/build/buildd-gcc-4.6_4.6.4-1-s390x-INF1H9/gcc-4.6-4.6.4/src/gcc/testsuite -I/build/buildd-gcc-4.6_4.6.4-1-s390x-INF1H9/gcc-4.6-4.6.4/src/gcc/testsuite/../../gcc -I/build/buildd-gcc-4.6_4.6.4-1-s390x-INF1H9/gcc-4.6-4.6.4/build/gcc/testsuite/gcc/../../../gcc -I/build/buildd-gcc-4.6_4.6.4-1-s390x-INF1H9/gcc-4.6-4.6.4/src/gcc/testsuite/../../include -I/build/buildd-gcc-4.6_4.6.4-1-s390x-INF1H9/gcc-4.6-4.6.4/src/gcc/testsuite/../../libcpp/include -I/build/buildd-gcc-4.6_4.6.4-1-s390x-INF1H9/gcc-4.6-4.6.4/build/gcc/testsuite/gcc/../../../intl -DIN_GCC -fPIC -shared
UNRESOLVED: finish_unit_plugin.c compilation, -I. -I/build/buildd-gcc-4.6_4.6.4-1-s390x-INF1H9/gcc-4.6-4.6.4/src/gcc/testsuite -I/build/buildd-gcc-4.6_4.6.4-1-s390x-INF1H9/gcc-4.6-4.6.4/src/gcc/testsuite/../../gcc -I/build/buildd-gcc-4.6_4.6.4-1-s390x-INF1H9/gcc-4.6-4.6.4/build/gcc/testsuite/gcc/../../../gcc -I/build/buildd-gcc-4.6_4.6.4-1-s390x-INF1H9/gcc-4.6-4.6.4/src/gcc/testsuite/../../include -I/build/buildd-gcc-4.6_4.6.4-1-s390x-INF1H9/gcc-4.6-4.6.4/src/gcc/testsuite/../../libcpp/include -I/build/buildd-gcc-4.6_4.6.4-1-s390x-INF1H9/gcc-4.6-4.6.4/build/gcc/testsuite/gcc/../../../intl -DIN_GCC -fPIC -shared
XPASS: gcc.dg/tree-ssa/20040204-1.c scan-tree-dump-times optimized "link_error" 0
=== gcc Summary for unix ===
# of expected passes 71414
# of unexpected failures 5
# of unexpected successes 1
# of expected failures 131
# of unresolved testcases 5
# of unsupported tests 962
Running target unix/-fstack-protector
FAIL: gcc.dg/dfp/pr41049.c execution test
FAIL: gcc.dg/uninit-13.c unconditional (test for warnings, line 8)
FAIL: gcc.dg/uninit-13.c (test for excess errors)
FAIL: gcc.dg/uninit-pred-7_a.c bogus warning (test for bogus messages, line 26)
FAIL: gcc.dg/uninit-pred-8_a.c bogus warning (test for bogus messages, line 26)
UNRESOLVED: selfassign.c compilation, -I. -I/build/buildd-gcc-4.6_4.6.4-1-s390x-INF1H9/gcc-4.6-4.6.4/src/gcc/testsuite -I/build/buildd-gcc-4.6_4.6.4-1-s390x-INF1H9/gcc-4.6-4.6.4/src/gcc/testsuite/../../gcc -I/build/buildd-gcc-4.6_4.6.4-1-s390x-INF1H9/gcc-4.6-4.6.4/build/gcc/testsuite/gcc/../../../gcc -I/build/buildd-gcc-4.6_4.6.4-1-s390x-INF1H9/gcc-4.6-4.6.4/src/gcc/testsuite/../../include -I/build/buildd-gcc-4.6_4.6.4-1-s390x-INF1H9/gcc-4.6-4.6.4/src/gcc/testsuite/../../libcpp/include -I/build/buildd-gcc-4.6_4.6.4-1-s390x-INF1H9/gcc-4.6-4.6.4/build/gcc/testsuite/gcc/../../../intl -O -DIN_GCC -fPIC -shared
UNRESOLVED: ggcplug.c compilation, -I. -I/build/buildd-gcc-4.6_4.6.4-1-s390x-INF1H9/gcc-4.6-4.6.4/src/gcc/testsuite -I/build/buildd-gcc-4.6_4.6.4-1-s390x-INF1H9/gcc-4.6-4.6.4/src/gcc/testsuite/../../gcc -I/build/buildd-gcc-4.6_4.6.4-1-s390x-INF1H9/gcc-4.6-4.6.4/build/gcc/testsuite/gcc/../../../gcc -I/build/buildd-gcc-4.6_4.6.4-1-s390x-INF1H9/gcc-4.6-4.6.4/src/gcc/testsuite/../../include -I/build/buildd-gcc-4.6_4.6.4-1-s390x-INF1H9/gcc-4.6-4.6.4/src/gcc/testsuite/../../libcpp/include -I/build/buildd-gcc-4.6_4.6.4-1-s390x-INF1H9/gcc-4.6-4.6.4/build/gcc/testsuite/gcc/../../../intl -O -DIN_GCC -fPIC -shared
UNRESOLVED: one_time_plugin.c compilation, -I. -I/build/buildd-gcc-4.6_4.6.4-1-s390x-INF1H9/gcc-4.6-4.6.4/src/gcc/testsuite -I/build/buildd-gcc-4.6_4.6.4-1-s390x-INF1H9/gcc-4.6-4.6.4/src/gcc/testsuite/../../gcc -I/build/buildd-gcc-4.6_4.6.4-1-s390x-INF1H9/gcc-4.6-4.6.4/build/gcc/testsuite/gcc/../../../gcc -I/build/buildd-gcc-4.6_4.6.4-1-s390x-INF1H9/gcc-4.6-4.6.4/src/gcc/testsuite/../../include -I/build/buildd-gcc-4.6_4.6.4-1-s390x-INF1H9/gcc-4.6-4.6.4/src/gcc/testsuite/../../libcpp/include -I/build/buildd-gcc-4.6_4.6.4-1-s390x-INF1H9/gcc-4.6-4.6.4/build/gcc/testsuite/gcc/../../../intl -DIN_GCC -fPIC -shared
UNRESOLVED: start_unit_plugin.c compilation, -I. -I/build/buildd-gcc-4.6_4.6.4-1-s390x-INF1H9/gcc-4.6-4.6.4/src/gcc/testsuite -I/build/buildd-gcc-4.6_4.6.4-1-s390x-INF1H9/gcc-4.6-4.6.4/src/gcc/testsuite/../../gcc -I/build/buildd-gcc-4.6_4.6.4-1-s390x-INF1H9/gcc-4.6-4.6.4/build/gcc/testsuite/gcc/../../../gcc -I/build/buildd-gcc-4.6_4.6.4-1-s390x-INF1H9/gcc-4.6-4.6.4/src/gcc/testsuite/../../include -I/build/buildd-gcc-4.6_4.6.4-1-s390x-INF1H9/gcc-4.6-4.6.4/src/gcc/testsuite/../../libcpp/include -I/build/buildd-gcc-4.6_4.6.4-1-s390x-INF1H9/gcc-4.6-4.6.4/build/gcc/testsuite/gcc/../../../intl -DIN_GCC -fPIC -shared
UNRESOLVED: finish_unit_plugin.c compilation, -I. -I/build/buildd-gcc-4.6_4.6.4-1-s390x-INF1H9/gcc-4.6-4.6.4/src/gcc/testsuite -I/build/buildd-gcc-4.6_4.6.4-1-s390x-INF1H9/gcc-4.6-4.6.4/src/gcc/testsuite/../../gcc -I/build/buildd-gcc-4.6_4.6.4-1-s390x-INF1H9/gcc-4.6-4.6.4/build/gcc/testsuite/gcc/../../../gcc -I/build/buildd-gcc-4.6_4.6.4-1-s390x-INF1H9/gcc-4.6-4.6.4/src/gcc/testsuite/../../include -I/build/buildd-gcc-4.6_4.6.4-1-s390x-INF1H9/gcc-4.6-4.6.4/src/gcc/testsuite/../../libcpp/include -I/build/buildd-gcc-4.6_4.6.4-1-s390x-INF1H9/gcc-4.6-4.6.4/build/gcc/testsuite/gcc/../../../intl -DIN_GCC -fPIC -shared
XPASS: gcc.dg/tree-ssa/20040204-1.c scan-tree-dump-times optimized "link_error" 0
=== gcc Summary for unix/-fstack-protector ===
# of expected passes 71414
# of unexpected failures 5
# of unexpected successes 1
# of expected failures 131
# of unresolved testcases 5
# of unsupported tests 962
=== gcc Summary ===
# of expected passes 142828
# of unexpected failures 10
# of unexpected successes 2
# of expected failures 262
# of unresolved testcases 10
# of unsupported tests 1924
/build/buildd-gcc-4.6_4.6.4-1-s390x-INF1H9/gcc-4.6-4.6.4/build/gcc/xgcc version 4.6.4 (Debian 4.6.4-1)
=== gfortran tests ===
Running target unix
FAIL: gfortran.dg/bessel_7.f90 -O0 execution test
FAIL: gfortran.dg/bessel_7.f90 -O1 execution test
FAIL: gfortran.dg/bessel_7.f90 -O2 execution test
FAIL: gfortran.dg/bessel_7.f90 -O3 -fomit-frame-pointer execution test
FAIL: gfortran.dg/bessel_7.f90 -O3 -fomit-frame-pointer -funroll-loops execution test
FAIL: gfortran.dg/bessel_7.f90 -O3 -fomit-frame-pointer -funroll-all-loops -finline-functions execution test
FAIL: gfortran.dg/bessel_7.f90 -O3 -g execution test
FAIL: gfortran.dg/bessel_7.f90 -Os execution test
=== gfortran Summary for unix ===
# of expected passes 38729
# of unexpected failures 8
# of expected failures 41
# of unsupported tests 82
Running target unix/-fstack-protector
FAIL: gfortran.dg/bessel_7.f90 -O0 execution test
FAIL: gfortran.dg/bessel_7.f90 -O1 execution test
FAIL: gfortran.dg/bessel_7.f90 -O2 execution test
FAIL: gfortran.dg/bessel_7.f90 -O3 -fomit-frame-pointer execution test
FAIL: gfortran.dg/bessel_7.f90 -O3 -fomit-frame-pointer -funroll-loops execution test
FAIL: gfortran.dg/bessel_7.f90 -O3 -fomit-frame-pointer -funroll-all-loops -finline-functions execution test
FAIL: gfortran.dg/bessel_7.f90 -O3 -g execution test
FAIL: gfortran.dg/bessel_7.f90 -Os execution test
=== gfortran Summary for unix/-fstack-protector ===
# of expected passes 38729
# of unexpected failures 8
# of expected failures 41
# of unsupported tests 82
=== gfortran Summary ===
# of expected passes 77458
# of unexpected failures 16
# of expected failures 82
# of unsupported tests 164
/build/buildd-gcc-4.6_4.6.4-1-s390x-INF1H9/gcc-4.6-4.6.4/build/gcc/testsuite/gfortran/../../gfortran version 4.6.4 (Debian 4.6.4-1)
=== obj-c++ tests ===
Running target unix
=== obj-c++ Summary for unix ===
# of expected passes 1380
# of expected failures 10
# of unsupported tests 86
Running target unix/-fstack-protector
=== obj-c++ Summary for unix/-fstack-protector ===
# of expected passes 1380
# of expected failures 10
# of unsupported tests 86
=== obj-c++ Summary ===
# of expected passes 2760
# of expected failures 20
# of unsupported tests 172
/build/buildd-gcc-4.6_4.6.4-1-s390x-INF1H9/gcc-4.6-4.6.4/build/gcc/testsuite/obj-c++/../../g++ version 4.6.4 (Debian 4.6.4-1)
=== objc tests ===
Running target unix
=== objc Summary for unix ===
# of expected passes 2916
# of expected failures 10
# of unsupported tests 74
Running target unix/-fstack-protector
=== objc Summary for unix/-fstack-protector ===
# of expected passes 2916
# of expected failures 10
# of unsupported tests 74
=== objc Summary ===
# of expected passes 5832
# of expected failures 20
# of unsupported tests 148
/build/buildd-gcc-4.6_4.6.4-1-s390x-INF1H9/gcc-4.6-4.6.4/build/gcc/xgcc version 4.6.4 (Debian 4.6.4-1)
=== libgomp tests ===
Running target unix
=== libgomp Summary for unix ===
# of expected passes 2634
# of unsupported tests 1
Running target unix/-fstack-protector
=== libgomp Summary for unix/-fstack-protector ===
# of expected passes 2634
# of unsupported tests 1
=== libgomp Summary ===
# of expected passes 5268
# of unsupported tests 2
=== libmudflap tests ===
Running target unix
=== libmudflap Summary for unix ===
# of expected passes 1906
Running target unix/-fstack-protector
=== libmudflap Summary for unix/-fstack-protector ===
# of expected passes 1906
=== libmudflap Summary ===
# of expected passes 3812
=== libstdc++ tests ===
Running target unix
FAIL: 22_locale/time_get/get_date/wchar_t/4.cc execution test
FAIL: decimal/comparison.cc execution test
=== libstdc++ Summary for unix ===
# of expected passes 8338
# of unexpected failures 2
# of expected failures 84
# of unsupported tests 109
Running target unix/-fstack-protector
FAIL: 22_locale/time_get/get_date/wchar_t/4.cc execution test
FAIL: decimal/comparison.cc execution test
=== libstdc++ Summary for unix/-fstack-protector ===
# of expected passes 8338
# of unexpected failures 2
# of expected failures 84
# of unsupported tests 109
=== libstdc++ Summary ===
# of expected passes 16676
# of unexpected failures 4
# of expected failures 168
# of unsupported tests 218
Compiler version: 4.6.4 (Debian 4.6.4-1)
Platform: s390x-ibm-linux-gnu
configure flags: -v --with-pkgversion='Debian 4.6.4-1' --with-bugurl=file:///usr/share/doc/gcc-4.6/README.Bugs --enable-languages=c,c++,fortran,objc,obj-c++ --prefix=/usr --program-suffix=-4.6 --enable-shared --enable-linker-build-id --with-system-zlib --libexecdir=/usr/lib --without-included-gettext --enable-threads=posix --with-gxx-include-dir=/usr/include/c++/4.6 --libdir=/usr/lib --enable-nls --with-sysroot=/ --enable-clocale=gnu --enable-libstdcxx-debug --enable-libstdcxx-time=yes --enable-gnu-unique-object --enable-plugin --enable-objc-gc --with-long-double-128 --enable-checking=release --build=s390x-linux-gnu --host=s390x-linux-gnu --target=s390x-linux-gnu
BOOT_CFLAGS=
Build Dependencies:
Desired=Unknown/Install/Remove/Purge/Hold
| Status=Not/Inst/Conf-files/Unpacked/halF-conf/Half-inst/trig-aWait/Trig-pend
|/ Err?=(none)/Reinst-required (Status,Err: uppercase=bad)
||/ Name Version Architecture Description
+++-==================================-======================-============-======================================================================
ii binutils 2.22-8 s390x GNU assembler, linker and binary utilities
ii g++-4.6 4.6.3-15 s390x GNU C++ compiler
ii g++-4.6-multilib 4.6.3-15 s390x GNU C++ compiler (multilib files)
ii g++-multilib 4:4.6.3-8 s390x GNU C++ compiler (multilib files)
ii libc6:s390x 2.13-38 s390x Embedded GNU C Library: Shared libraries
ii libcloog-ppl-dev:s390x 0.16.1-1 s390x Chunky Loop Generator (development files)
ii libgmp-dev:s390x 2:5.0.5+dfsg-2 s390x Multiprecision arithmetic library developers tools
ii libmpc-dev:s390x 0.9-4+b1 s390x multiple precision complex floating-point library development package
ii libmpfr-dev:s390x 3.1.1-1 s390x multiple precision floating-point computation developers tools
ii libppl0.12-dev:s390x 1:1.0-4 s390x Parma Polyhedra Library (development)
gcc-gfdl-build:
Build a dummy s-tm-texi without access to the texinfo sources
gcc-textdomain:
Set gettext's domain and textdomain to the versioned package name.
gcc-driver-extra-langs:
Add options and specs for languages that are not built from a source
(but built from separate sources).
gcc-hash-style-both:
Link using --hash-style=both (alpha, amd64, armel, armhf, ia64, i386, powerpc, ppc64, s390, sparc)
libstdc++-pic:
Build and install libstdc++_pic.a library.
libstdc++-doclink:
adjust hrefs to point to the local documentation
libstdc++-man-3cxx:
Install libstdc++ man pages with suffix .3cxx instead of .3
libstdc++-test-installed:
Add support to run the libstdc++-v3 testsuite using the
installed shared libraries.
libjava-stacktrace:
libgcj: Lookup source file name and line number in separated
debug files found in /usr/lib/debug
libjava-jnipath:
- Add /usr/lib/jni and /usr/lib/<multiarch>/jni to java.library.path.
- When running the i386 binaries on amd64, look in
- /usr/lib32/gcj-x.y and /usr/lib32/jni instead.
libjava-sjlj:
Don't try to use _Unwind_Backtrace on SJLJ targets.
See bug #387875, #388505, GCC PR 29206.
libjava-disable-plugin:
Don't build the gcjwebplugin, even when configured with --enable-plugin
alpha-no-ev4-directive:
never emit .ev4 directive.
boehm-gc-getnprocs:
boehm-gc/pthread_support.c (GC_get_nprocs): Use sysconf as fallback.
note-gnu-stack:
Add .note.GNU-stack sections for gcc's crt files, libffi and boehm-gc
Taken from FC.
libgomp-omp_h-multilib:
Fix up omp.h for multilibs.
sparc-force-cpu:
On sparc default to ultrasparc (v9a) in 32bit mode
pr24619:
Proposed patch for PR mudflap/24619 (instrumentation of dlopen)
gccgo-version:
Omit the subminor number from the go libdir
no_fpr_in_libgcc:
It does not really harm by including them since nobody should use them
but gas does not wont to assmebly hard float since they are not
available on this cpu. Upstream did not respond.
pr48226:
Fix PR target/48226, Allow Iterator::vector vector on powerpc with VSX.
pr47487:
Fix PR target/47487 powerpc64 ICE building libgo
mudflap-varargs:
Add mudflap support for varargs
mudflapth-link:
Link libmudflapth.so with -lpthread
pr45078:
Proposed patch for PR plugin/45078
pr43804:
Fix for PR target/43804 backported from SVN
pr47818:
Fix PR ada/47818: Pragma Assert is rejected with No_Implementation_Pragmas restriction.
pr48830:
Fix for PR rtl-optimization/{48830,48808,48792}, taken from the trunk.
pr49169:
* Fix PR tree-optimization/49169, optimisations strip the Thumb/ARM mode bit
off function pointers (Richard Sandiford).
pr49756:
Fix PR c++/49756, backport from trunk
pr49940:
Apply proposed patch for PR ada/49940.
pr49944:
apply proposed patch for PR ada/49444.
gcc-cloog-dl:
Link against -ldl instead of -lcloog -lppl. Exit with an error when using
the Graphite loop transformation infrastructure without having the
libcloog-ppl[01] package installed. Packages using these optimizations
should build-depend on libcloog-ppl1 | libcloog-ppl0.
libffi-kfreebsd:
libffi: Define FFI_MMAP_EXEC_WRIT on kfreebsd-*.
libffi-m68k:
Apply #660525 fix to in-tree libffi
gcc-base-version:
Set base version to 4.6, introduce full version 4.6.x.
pr49696:
libffi-powerpc-sf:
libffi-powerpc-sysv-without-string-ops:
pr49030:
Fix PR target/49030 (ARM), taken from Linaro
pr50193:
Fix PR target/50193 (ARM), taken from Linaro.
pr50114:
Fix PR c++/50114, backport from trunk.
pr50946:
Fix PR target/50946, taken from the trunk.
gcc-arm-abi-conformance:
Fix ARM ABI conformance regression.
arm-no-va_list-warn:
Don't warn anymore that 4.4 has changed the \`va_list' mangling.
pr47955:
Backport m68k bugfix from gcc-4.7/trunk
m68k-fp-cmp-zero:
m68k-atomic:
backport atomic builtin backend code for m68k from trunk
and add t-slibgcc-libgcc to m68k configuration by advice
of Mikel Pettersson to avoid running into PR40134 again
gcc-gengtype-fix1:
Backport patch from the 4.7 branch, fixing gengtype memory issue.
gcc-gengtype-fix2:
Write gengtype output to a temporary file before using it
ppl-version:
recognize ppl version 1.0
gcc-d-lang:
Add D options and specs for the gcc driver.
libjava-disable-static:
Disable building the static libjava.
s390-biarch:
Build a bi-arch compiler on s390-linux-gnu.
http://gcc.gnu.org/ml/gcc-patches/2009-03/msg01044.html
mips-triarch:
Build a tri-arch compiler on mips-linux-gnu.
http://gcc.gnu.org/ml/gcc-patches/2009-03/msg01047.html
arm-dynamic-linker:
For ARM hard float, set the dynamic linker to
/lib/ld-linux-armhf.so.3.
arm-multilib-soft:
ARM hard/soft float multilib support
arm-multilib-defaults:
Set MULTILIB_DEFAULTS for ARM multilib builds
gcc-ice-hack:
Retry the build on an ice, save the calling options and preprocessed
source when the ice is reproducible.
gcc-ice-apport:
Report an ICE to apport (if apport is available
and the environment variable GCC_NOAPPORT is not set)
libjava-fixed-symlinks:
Remove unneed '..' elements from symlinks in JAVA_HOME
libstdc++-arm-wno-abi:
Temporary work around:
On arm-linux-gnueabi run the libstdc++v3 testsuite with -Wno-abi
ada-mips:
Improve support for mips.
libffi-ro-eh_frame_sect:
PR libffi/47248, force a read only eh frame section.
gcc-multiarch:
Add multiarch support to GCC (chunks not yet applied upstream).
libjava-multiarch:
Install libjava libraries to multiarch location
libjava-nobiarch-check:
For biarch builds, disable the testsuite for the non-default architecture
for runtime libraries, which are not built by default (libjava).
config-ml:
- Disable some biarch libraries for biarch builds.
- Fix multilib builds on kernels which don't support all multilibs.
gcc-powerpc-nof:
Don't build nof multlib on powerpc.
gcc-powerpc-undef:
Undefine LINK_EH_SPEC before redefining it
http://gcc.gnu.org/ml/gcc-patches/2011-02/msg01082.html
gcc-multilib64-multiarch:
Use lib instead of lib64 as the 64bit system dir on biarch
architectures defaulting to 64bit.
gcc-no-add-needed:
On linux targets pass --no-add-needed to the linker.
mips-fix-loongson2f-nop:
On mips, pass -mfix-loongson2f-nop to as, if -mno-fix-loongson2f-nop
is not passed.
gcc-system-root:
Remove trailing slash from system root directory
libgomp-kfreebsd-testsuite:
Disable lock-2.c test on kfreebsd-*
armhf-triplet:
add support for arm-linux-*eabi* triplets; useful for armhf
Counting all warnings,
there are 0 warnings in stage3 of this bootstrap.
Number of warnings per file:
Number of warning types:
More information about the Gcc-testresults
mailing list