Results for 4.9.0 20130409 (experimental) [trunk revision 197650] (GCC) testsuite on x86_64-apple-darwin10.8.0

Dominique Dhumieres dominiq@lps.ens.fr
Wed Apr 10 14:59:00 GMT 2013


Updated Wed Apr 10 10:52:09 CEST 2013 to revision 197665.

		=== acats tests ===

		=== acats Summary ===
# of expected passes		2320
# of unexpected failures	0
Native configuration is x86_64-apple-darwin10.8.0

		=== g++ tests ===


Running target unix/-m32
UNRESOLVED: g++.dg/ext/label13.C -std=gnu++98 compilation failed to produce executable
UNRESOLVED: g++.dg/ext/label13.C -std=gnu++11 compilation failed to produce executable
FAIL: g++.dg/opt/vt4.C -std=gnu++98  scan-assembler-not _ZTV.A
FAIL: g++.dg/opt/vt4.C -std=gnu++11  scan-assembler-not _ZTV.A

		=== g++ Summary for unix/-m32 ===

# of expected passes		51362
# of unexpected failures	2
# of expected failures		294
# of unresolved testcases	2
# of unsupported tests		786

Running target unix/-m64
UNRESOLVED: g++.dg/ext/label13.C -std=gnu++98 compilation failed to produce executable
UNRESOLVED: g++.dg/ext/label13.C -std=gnu++11 compilation failed to produce executable
FAIL: g++.dg/opt/vt4.C -std=gnu++98  scan-assembler-not _ZTV.A
FAIL: g++.dg/opt/vt4.C -std=gnu++11  scan-assembler-not _ZTV.A

		=== g++ Summary for unix/-m64 ===

# of expected passes		52162
# of unexpected failures	2
# of expected failures		294
# of unresolved testcases	2
# of unsupported tests		1002

		=== g++ Summary ===

# of expected passes		103524
# of unexpected failures	4
# of expected failures		588
# of unresolved testcases	4
# of unsupported tests		1788
/opt/gcc/build_c/gcc/testsuite/g++/../../xg++  version 4.9.0 20130409 (experimental) [trunk revision 197650] (GCC) 

		=== gcc tests ===


Running target unix/-m32
FAIL: gcc.c-torture/execute/pr51447.c execution,  -O0 
FAIL: gcc.c-torture/execute/pr51447.c execution,  -O1 
FAIL: gcc.c-torture/execute/pr51447.c execution,  -O2 
FAIL: gcc.c-torture/execute/pr51447.c execution,  -O3 -fomit-frame-pointer 
FAIL: gcc.c-torture/execute/pr51447.c execution,  -O3 -g 
FAIL: gcc.c-torture/execute/pr51447.c execution,  -Os 
FAIL: gcc.c-torture/execute/pr51447.c execution,  -Og -g 
FAIL: gcc.c-torture/execute/pr51447.c execution,  -O2 -flto -flto-partition=none 
FAIL: gcc.c-torture/execute/pr51447.c execution,  -O2 -flto 

		=== gcc Summary for unix/-m32 ===

# of expected passes		89796
# of unexpected failures	9
# of expected failures		258
# of unsupported tests		2153

Running target unix/-m64
FAIL: gcc.target/i386/pr49866.c (test for excess errors)

		=== gcc Summary for unix/-m64 ===

# of expected passes		90169
# of unexpected failures	1
# of expected failures		261
# of unsupported tests		2434

		=== gcc Summary ===

# of expected passes		179965
# of unexpected failures	10
# of expected failures		519
# of unsupported tests		4587
/opt/gcc/build_c/gcc/xgcc  version 4.9.0 20130409 (experimental) [trunk revision 197650] (GCC) 

		=== gfortran tests ===


Running target unix/-m32
FAIL: gfortran.dg/lto/pr45586-2 f_lto_pr45586-2_0.o-f_lto_pr45586-2_0.o link, -O0 -flto -flto-partition=none  (internal compiler error)
UNRESOLVED: gfortran.dg/lto/pr45586-2 f_lto_pr45586-2_0.o-f_lto_pr45586-2_0.o execute -O0 -flto -flto-partition=none 
FAIL: gfortran.dg/lto/pr45586-2 f_lto_pr45586-2_0.o-f_lto_pr45586-2_0.o link, -O0 -flto -flto-partition=1to1  (internal compiler error)
UNRESOLVED: gfortran.dg/lto/pr45586-2 f_lto_pr45586-2_0.o-f_lto_pr45586-2_0.o execute -O0 -flto -flto-partition=1to1 
FAIL: gfortran.dg/lto/pr45586-2 f_lto_pr45586-2_0.o-f_lto_pr45586-2_0.o link, -O0 -flto  (internal compiler error)
UNRESOLVED: gfortran.dg/lto/pr45586-2 f_lto_pr45586-2_0.o-f_lto_pr45586-2_0.o execute -O0 -flto 
FAIL: gfortran.dg/lto/pr45586 f_lto_pr45586_0.o-f_lto_pr45586_0.o link, -O0 -flto -flto-partition=none  (internal compiler error)
UNRESOLVED: gfortran.dg/lto/pr45586 f_lto_pr45586_0.o-f_lto_pr45586_0.o execute -O0 -flto -flto-partition=none 
FAIL: gfortran.dg/lto/pr45586 f_lto_pr45586_0.o-f_lto_pr45586_0.o link, -O0 -flto -flto-partition=1to1  (internal compiler error)
UNRESOLVED: gfortran.dg/lto/pr45586 f_lto_pr45586_0.o-f_lto_pr45586_0.o execute -O0 -flto -flto-partition=1to1 
FAIL: gfortran.dg/lto/pr45586 f_lto_pr45586_0.o-f_lto_pr45586_0.o link, -O0 -flto  (internal compiler error)
UNRESOLVED: gfortran.dg/lto/pr45586 f_lto_pr45586_0.o-f_lto_pr45586_0.o execute -O0 -flto 

		=== gfortran Summary for unix/-m32 ===

# of expected passes		43438
# of unexpected failures	6
# of expected failures		56
# of unresolved testcases	6
# of unsupported tests		210

Running target unix/-m64
FAIL: gfortran.dg/lto/pr45586-2 f_lto_pr45586-2_0.o-f_lto_pr45586-2_0.o link, -O0 -flto -flto-partition=none  (internal compiler error)
UNRESOLVED: gfortran.dg/lto/pr45586-2 f_lto_pr45586-2_0.o-f_lto_pr45586-2_0.o execute -O0 -flto -flto-partition=none 
FAIL: gfortran.dg/lto/pr45586-2 f_lto_pr45586-2_0.o-f_lto_pr45586-2_0.o link, -O0 -flto -flto-partition=1to1  (internal compiler error)
UNRESOLVED: gfortran.dg/lto/pr45586-2 f_lto_pr45586-2_0.o-f_lto_pr45586-2_0.o execute -O0 -flto -flto-partition=1to1 
FAIL: gfortran.dg/lto/pr45586-2 f_lto_pr45586-2_0.o-f_lto_pr45586-2_0.o link, -O0 -flto  (internal compiler error)
UNRESOLVED: gfortran.dg/lto/pr45586-2 f_lto_pr45586-2_0.o-f_lto_pr45586-2_0.o execute -O0 -flto 
FAIL: gfortran.dg/lto/pr45586 f_lto_pr45586_0.o-f_lto_pr45586_0.o link, -O0 -flto -flto-partition=none  (internal compiler error)
UNRESOLVED: gfortran.dg/lto/pr45586 f_lto_pr45586_0.o-f_lto_pr45586_0.o execute -O0 -flto -flto-partition=none 
FAIL: gfortran.dg/lto/pr45586 f_lto_pr45586_0.o-f_lto_pr45586_0.o link, -O0 -flto -flto-partition=1to1  (internal compiler error)
UNRESOLVED: gfortran.dg/lto/pr45586 f_lto_pr45586_0.o-f_lto_pr45586_0.o execute -O0 -flto -flto-partition=1to1 
FAIL: gfortran.dg/lto/pr45586 f_lto_pr45586_0.o-f_lto_pr45586_0.o link, -O0 -flto  (internal compiler error)
UNRESOLVED: gfortran.dg/lto/pr45586 f_lto_pr45586_0.o-f_lto_pr45586_0.o execute -O0 -flto 

		=== gfortran Summary for unix/-m64 ===

# of expected passes		43725
# of unexpected failures	6
# of expected failures		56
# of unresolved testcases	6
# of unsupported tests		72

		=== gfortran Summary ===

# of expected passes		87163
# of unexpected failures	12
# of expected failures		112
# of unresolved testcases	12
# of unsupported tests		282
/opt/gcc/build_c/gcc/testsuite/gfortran/../../gfortran  version 4.9.0 20130409 (experimental) [trunk revision 197650] (GCC) 

		=== gnat tests ===


Running target unix/-m32

		=== gnat Summary for unix/-m32 ===

# of expected passes		1161
# of expected failures		17
# of unsupported tests		4

Running target unix/-m64

		=== gnat Summary for unix/-m64 ===

# of expected passes		1161
# of expected failures		17
# of unsupported tests		4

		=== gnat Summary ===

# of expected passes		2322
# of expected failures		34
# of unsupported tests		8
/opt/gcc/build_c/gcc/gnatmake version 4.9.0 20130409 (experimental) [trunk revision 197650]

		=== obj-c++ tests ===


Running target unix/-m32

		=== obj-c++ Summary for unix/-m32 ===

# of expected passes		3159
# of expected failures		2
# of unsupported tests		68

Running target unix/-m64

		=== obj-c++ Summary for unix/-m64 ===

# of expected passes		3109
# of expected failures		19
# of unsupported tests		73

		=== obj-c++ Summary ===

# of expected passes		6268
# of expected failures		21
# of unsupported tests		141
/opt/gcc/build_c/gcc/testsuite/obj-c++/../../xg++  version 4.9.0 20130409 (experimental) [trunk revision 197650] (GCC) 

		=== objc tests ===


Running target unix/-m32

		=== objc Summary for unix/-m32 ===

# of expected passes		6099
# of expected failures		6
# of unsupported tests		85

Running target unix/-m64

		=== objc Summary for unix/-m64 ===

# of expected passes		6051
# of expected failures		14
# of unsupported tests		91

		=== objc Summary ===

# of expected passes		12150
# of expected failures		20
# of unsupported tests		176
/opt/gcc/build_c/gcc/xgcc  version 4.9.0 20130409 (experimental) [trunk revision 197650] (GCC) 

		=== boehm-gc tests ===


Running target unix/-m32

		=== boehm-gc Summary for unix/-m32 ===

# of expected passes		12
# of unsupported tests		1

Running target unix/-m64

		=== boehm-gc Summary for unix/-m64 ===

# of expected passes		12
# of unsupported tests		1

		=== boehm-gc Summary ===

# of expected passes		24
# of unsupported tests		2
		=== libatomic tests ===


Running target unix/-m32

		=== libatomic Summary for unix/-m32 ===

# of expected passes		44
# of unsupported tests		5

Running target unix/-m64

		=== libatomic Summary for unix/-m64 ===

# of expected passes		54

		=== libatomic Summary ===

# of expected passes		98
# of unsupported tests		5
		=== libffi tests ===


Running target unix/-m32

		=== libffi Summary for unix/-m32 ===

# of expected passes		1819
# of unsupported tests		55

Running target unix/-m64

		=== libffi Summary for unix/-m64 ===

# of expected passes		1819
# of unsupported tests		55

		=== libffi Summary ===

# of expected passes		3638
# of unsupported tests		110
		=== libgomp tests ===


Running target unix/-m32

		=== libgomp Summary for unix/-m32 ===

# of expected passes		2992
# of unsupported tests		3

Running target unix/-m64

		=== libgomp Summary for unix/-m64 ===

# of expected passes		2992
# of unsupported tests		3

		=== libgomp Summary ===

# of expected passes		5984
# of unsupported tests		6
		=== libitm tests ===


Running target unix/-m32

		=== libitm Summary for unix/-m32 ===

# of expected passes		26
# of expected failures		3
# of unsupported tests		1

Running target unix/-m64

		=== libitm Summary for unix/-m64 ===

# of expected passes		26
# of expected failures		3
# of unsupported tests		1

		=== libitm Summary ===

# of expected passes		52
# of expected failures		6
# of unsupported tests		2
		=== libjava tests ===


Running target unix/-m32
FAIL: sourcelocation output - source compiled test
FAIL: sourcelocation -findirect-dispatch output - source compiled test
FAIL: sourcelocation -O3 output - source compiled test
FAIL: sourcelocation -O3 -findirect-dispatch output - source compiled test

		=== libjava Summary for unix/-m32 ===

# of expected passes		2582
# of unexpected failures	4

Running target unix/-m64
FAIL: Throw_2 execution - source compiled test
FAIL: Throw_2 -findirect-dispatch execution - source compiled test
FAIL: Throw_2 -O3 execution - source compiled test
FAIL: Throw_2 -O3 -findirect-dispatch execution - source compiled test
FAIL: sourcelocation output - source compiled test
FAIL: sourcelocation -findirect-dispatch output - source compiled test
FAIL: sourcelocation -O3 output - source compiled test
FAIL: sourcelocation -O3 -findirect-dispatch output - source compiled test

		=== libjava Summary for unix/-m64 ===

# of expected passes		2574
# of unexpected failures	8
# of untested testcases		4

		=== libjava Summary ===

# of expected passes		5156
# of unexpected failures	12
# of untested testcases		4
		=== libstdc++ tests ===


Running target unix/-m32
WARNING: program timed out.
FAIL: 30_threads/condition_variable/54185.cc execution test

		=== libstdc++ Summary for unix/-m32 ===

# of expected passes		8106
# of unexpected failures	1
# of expected failures		45
# of unsupported tests		639

Running target unix/-m64
WARNING: program timed out.
FAIL: 30_threads/condition_variable/54185.cc execution test

		=== libstdc++ Summary for unix/-m64 ===

# of expected passes		8104
# of unexpected failures	1
# of expected failures		45
# of unsupported tests		640

		=== libstdc++ Summary ===

# of expected passes		16210
# of unexpected failures	2
# of expected failures		90
# of unsupported tests		1279

Compiler version: 4.9.0 20130409 (experimental) [trunk revision 197650] (GCC) 
Platform: x86_64-apple-darwin10.8.0
configure flags: --prefix=/opt/gcc/gcc4.9c --enable-languages=c,c++,fortran,objc,obj-c++,java,ada,lto --with-gmp=/opt/mp --with-system-zlib --with-isl=/opt/mp --enable-lto --enable-plugin



More information about the Gcc-testresults mailing list