Results for 4.8.0 (GCC) testsuite on powerpc-apple-darwin8.11.0
David Fang
fang@hal-00.csl.cornell.edu
Wed Apr 10 00:42:00 GMT 2013
dual G4 (powerpc 7410) 533 MHz, 1.5G RAM
Mac OS X 10.4.11, apple-gcc-5370 (Xcode 2.5)
Using Fink packaging (stable/main/finkinfo/10.4-EOL/languages/gcc48-10.4.info based on Jack Howarth's)
odas -v: Apple Inc version odcctools-698.1od9, GNU assembler version 1.38
../gcc-4.8.0/configure --prefix=/sw \\
AS=odas \\
AS_FOR_TARGET=odas \\
NM_FOR_TARGET=odnm \\
LD_FOR_TARGET=odld \\
AR_FOR_TARGET=odar \\
LIPO_FOR_TARGET=odlipo \\
OBJDUMP_FOR_TARGET=odobjdump \\
RANLIB_FOR_TARGET=odranlib \\
STRIP_FOR_TARGET=odstrip \\
--prefix=/sw/lib/gcc4.8 --mandir=/sw/share/man --infodir=/sw/lib/gcc4.8/info --enable-languages=c,c++,fortran,lto,objc,obj-c++,java --with-gmp=/sw --with-libiconv-prefix=/sw --with-ppl=/sw --with-cloog=/sw --with-mpc=/sw --with-system-zlib --x-includes=/usr/X11R6/include --x-libraries=/usr/X11R6/lib --program-suffix=-fsf-4.8 --enable-cloog-backend=isl --with-dwarf2 --disable-libjava-multilib --disable-libquadmath
previous report for 4.8: none
LAST_UPDATED: Obtained from SVN: tags/gcc_4_8_0_release revision 196953
Native configuration is powerpc-apple-darwin8.11.0
=== g++ tests ===
Running target unix
FAIL: g++.dg/eh/simd-3.C -std=gnu++98 execution test
FAIL: g++.dg/eh/simd-3.C -std=gnu++11 execution test
FAIL: g++.dg/eh/simd-4.C -std=gnu++98 execution test
FAIL: g++.dg/eh/simd-4.C -std=gnu++11 execution test
FAIL: g++.dg/ext/alignof2.C -std=c++98 execution test
FAIL: g++.dg/ext/alignof2.C -std=c++11 execution test
WARNING: g++.dg/ext/label13.C -std=gnu++98 compilation failed to produce executable
WARNING: g++.dg/ext/label13.C -std=gnu++11 compilation failed to produce executable
FAIL: g++.dg/opt/devirt2.C -std=gnu++98 scan-assembler-times xyzzy 2
FAIL: g++.dg/opt/devirt2.C -std=gnu++11 scan-assembler-times xyzzy 2
FAIL: g++.old-deja/g++.pt/repo2.C -std=gnu++11 (test for excess errors)
=== g++ Summary ===
# of expected passes 49988
# of unexpected failures 9
# of expected failures 294
# of unsupported tests 907
/Volumes/Mercedes2/sw/src/fink.build/gcc48-4.8.0-1/darwin_objdir/gcc/testsuite/g++/../../xg++ version 4.8.0 (GCC)
=== gcc tests ===
Running target unix
FAIL: gcc.c-torture/execute/pr51447.c execution, -O0
FAIL: gcc.c-torture/execute/pr51447.c execution, -O1
FAIL: gcc.c-torture/execute/pr51447.c execution, -O2
FAIL: gcc.c-torture/execute/pr51447.c execution, -O3 -fomit-frame-pointer
FAIL: gcc.c-torture/execute/pr51447.c execution, -O3 -g
FAIL: gcc.c-torture/execute/pr51447.c execution, -Os
FAIL: gcc.c-torture/execute/pr51447.c execution, -Og -g
FAIL: gcc.c-torture/execute/pr51447.c execution, -O2 -flto -flto-partition=none
FAIL: gcc.c-torture/execute/pr51447.c execution, -O2 -flto
FAIL: gcc.dg/debug/dwarf2/pr53948.c scan-assembler .loc 1 8 0|[#/!][ \\t]+line 8
FAIL: gcc.dg/and-1.c scan-assembler-not nand
FAIL: gcc.dg/atomic-flag.c execution test
FAIL: gcc.dg/c99-stdint-1.c (test for excess errors)
FAIL: gcc.dg/cproj-fails-with-broken-glibc.c execution test
FAIL: gcc.dg/darwin-segaddr.c (test for excess errors)
WARNING: gcc.dg/darwin-segaddr.c compilation failed to produce executable
FAIL: gcc.dg/pr56228.c (test for excess errors)
FAIL: gcc.dg/stack-usage-1.c scan-file foo\\t(256|264)\\tstatic
FAIL: gcc.dg/lto/pr54709 c_lto_pr54709_0.o-c_lto_pr54709_1.o link, -fPIC -fvisibility=hidden -flto
UNRESOLVED: gcc.dg/lto/pr54709 c_lto_pr54709_0.o-c_lto_pr54709_1.o execute -fPIC -fvisibility=hidden -flto
FAIL: gcc.dg/tls/thr-cse-1.c scan-assembler-not emutls_get_address.*emutls_get_address.*
FAIL: gcc.dg/torture/pr53922.c -O0 execution test
FAIL: gcc.dg/torture/pr53922.c -O1 execution test
FAIL: gcc.dg/torture/pr53922.c -O2 execution test
FAIL: gcc.dg/torture/pr53922.c -O3 -fomit-frame-pointer execution test
FAIL: gcc.dg/torture/pr53922.c -O3 -g execution test
FAIL: gcc.dg/torture/pr53922.c -Os execution test
FAIL: gcc.dg/torture/pr53922.c -O2 -flto -flto-partition=none execution test
FAIL: gcc.dg/torture/pr53922.c -O2 -flto execution test
FAIL: gcc.dg/tree-prof/pr44777.c execution, -fprofile-generate -D_PROFILE_GENERATE
UNRESOLVED: gcc.dg/tree-prof/pr44777.c compilation, -fprofile-use -D_PROFILE_USE
UNRESOLVED: gcc.dg/tree-prof/pr44777.c execution, -fprofile-use -D_PROFILE_USE
FAIL: gcc.dg/tree-ssa/sra-12.c scan-tree-dump-times release_ssa "l;" 0
FAIL: gcc.dg/tree-ssa/ssa-dom-thread-4.c scan-tree-dump-times dom1 "Threaded" 3
FAIL: gcc.dg/tree-ssa/vrp47.c scan-tree-dump-times vrp1 "[xy][^ ]* !=" 0
FAIL: gcc.dg/tree-ssa/vrp47.c scan-tree-dump-times dom2 "x[^ ]* & y" 1
FAIL: gcc.dg/vect/slp-widen-mult-half.c execution test
FAIL: gcc.dg/vect/slp-widen-mult-half.c -flto execution test
FAIL: gcc.target/powerpc/405-dlmzb-strlen-1.c scan-assembler dlmzb\\\\.
FAIL: gcc.target/powerpc/440-dlmzb-strlen-1.c scan-assembler dlmzb\\\\.
FAIL: gcc.target/powerpc/darwin-abi-12.c scan-assembler .comm[\\t ]_x,12,2
UNRESOLVED: gcc.target/powerpc/dfmode_off.c object-size text == 320
UNRESOLVED: gcc.target/powerpc/dimode_off.c object-size text <= 640
FAIL: gcc.target/powerpc/ppc-vector-memcpy.c scan-assembler lvx
UNRESOLVED: gcc.target/powerpc/tfmode_off.c object-size text == 544
=== gcc Summary ===
# of expected passes 85404
# of unexpected failures 38
# of expected failures 230
# of unresolved testcases 6
# of unsupported tests 1550
/Volumes/Mercedes2/sw/src/fink.build/gcc48-4.8.0-1/darwin_objdir/gcc/xgcc version 4.8.0 (GCC)
=== gfortran tests ===
Running target unix
FAIL: gfortran.dg/bind_c_array_params_2.f90 -O scan-assembler-times myBindC 1
XPASS: gfortran.dg/do_1.f90 -O0 execution test
XPASS: gfortran.dg/do_1.f90 -O1 execution test
XPASS: gfortran.dg/do_1.f90 -O2 execution test
XPASS: gfortran.dg/do_1.f90 -O3 -fomit-frame-pointer execution test
XPASS: gfortran.dg/do_1.f90 -O3 -fomit-frame-pointer -funroll-loops execution test
XPASS: gfortran.dg/do_1.f90 -O3 -fomit-frame-pointer -funroll-all-loops -finline-functions execution test
XPASS: gfortran.dg/do_1.f90 -O3 -g execution test
XPASS: gfortran.dg/do_1.f90 -Os execution test
FAIL: gfortran.dg/large_real_kind_3.F90 -O0 execution test
=== gfortran Summary ===
# of expected passes 42945
# of unexpected failures 2
# of unexpected successes 8
# of expected failures 89
# of unsupported tests 248
/Volumes/Mercedes2/sw/src/fink.build/gcc48-4.8.0-1/darwin_objdir/gcc/testsuite/gfortran/../../gfortran version 4.8.0 (GCC)
=== obj-c++ tests ===
Running target unix
=== obj-c++ Summary ===
# of expected passes 2772
# of expected failures 2
# of unsupported tests 81
/Volumes/Mercedes2/sw/src/fink.build/gcc48-4.8.0-1/darwin_objdir/gcc/testsuite/obj-c++/../../xg++ version 4.8.0 (GCC)
=== objc tests ===
Running target unix
FAIL: objc.dg/exceptions-2.m -fnext-runtime execution test
=== objc Summary ===
# of expected passes 5618
# of unexpected failures 1
# of expected failures 4
# of unsupported tests 100
/Volumes/Mercedes2/sw/src/fink.build/gcc48-4.8.0-1/darwin_objdir/gcc/xgcc version 4.8.0 (GCC)
=== boehm-gc tests ===
Running target unix
FAIL: boehm-gc.lib/staticrootstest.c -O2 (test for excess errors)
=== boehm-gc Summary ===
# of expected passes 11
# of unexpected failures 1
# of unsupported tests 1
=== libatomic tests ===
Running target unix
=== libatomic Summary ===
# of expected passes 34
# of unsupported tests 10
=== libffi tests ===
Running target unix
FAIL: libffi.special/unwindtest.cc -shared-libgcc -lstdc++ execution test
FAIL: libffi.special/unwindtest_ffi_call.cc -shared-libgcc -lstdc++ execution test
FAIL: libffi.special/unwindtest.cc -shared-libgcc -lstdc++ execution test
FAIL: libffi.special/unwindtest_ffi_call.cc -shared-libgcc -lstdc++ execution test
FAIL: libffi.special/unwindtest.cc -shared-libgcc -lstdc++ execution test
FAIL: libffi.special/unwindtest_ffi_call.cc -shared-libgcc -lstdc++ execution test
FAIL: libffi.special/unwindtest.cc -shared-libgcc -lstdc++ execution test
FAIL: libffi.special/unwindtest_ffi_call.cc -shared-libgcc -lstdc++ execution test
=== libffi Summary ===
# of expected passes 1803
# of unexpected failures 8
# of unsupported tests 55
=== libgomp tests ===
Running target unix
=== libgomp Summary ===
# of expected passes 2992
# of unsupported tests 3
=== libitm tests ===
Running target unix
FAIL: libitm.c++/dropref.C (test for excess errors)
FAIL: libitm.c++/eh-1.C (test for excess errors)
=== libitm Summary ===
# of expected passes 24
# of unexpected failures 2
# of expected failures 3
# of unsupported tests 1
=== libjava tests ===
Running target unix
FAIL: libjava.jar/TestClosureGC.jar execution - gij test
FAIL: libjava.jar/simple.jar execution - gij test
FAIL: PR15133 execution - gij test
FAIL: PR18116 execution - gij test
FAIL: PR28178 execution - gij test
FAIL: bytebuffer execution - gij test
FAIL: calls execution - gij test
FAIL: cxxtest execution - gij test
FAIL: directbuffer execution - gij test
FAIL: field execution - gij test
FAIL: final_method execution - gij test
FAIL: findclass execution - gij test
FAIL: findclass2 execution - gij test
FAIL: iface execution - gij test
FAIL: init execution - gij test
FAIL: invoke execution - gij test
FAIL: jniutf execution - gij test
FAIL: martin execution - gij test
FAIL: noclass execution - gij test
FAIL: overload execution - gij test
FAIL: pr11951 run
FAIL: pr18278 execution - gij test
FAIL: pr23739 execution - gij test
FAIL: register execution - gij test
FAIL: register2 execution - gij test
FAIL: simple_int execution - gij test
FAIL: throwit execution - gij test
FAIL: virtual execution - gij test
FAIL: PR16923 run
FAIL: pr29812 execution - gij test
FAIL: getargssize run
FAIL: getlocalvartable run
FAIL: getstacktrace run
FAIL: ExtraClassLoader execution - source compiled test
FAIL: ExtraClassLoader -findirect-dispatch execution - source compiled test
FAIL: ExtraClassLoader -O3 execution - source compiled test
FAIL: ExtraClassLoader -O3 -findirect-dispatch execution - source compiled test
FAIL: LargeFile execution - source compiled test
FAIL: LargeFile -findirect-dispatch execution - source compiled test
FAIL: LargeFile -O3 execution - source compiled test
FAIL: LargeFile -O3 -findirect-dispatch execution - source compiled test
FAIL: invokethrow execution - source compiled test
FAIL: invokethrow -findirect-dispatch execution - source compiled test
FAIL: invokethrow -O3 execution - source compiled test
FAIL: invokethrow -O3 -findirect-dispatch execution - source compiled test
FAIL: sourcelocation output - source compiled test
FAIL: sourcelocation -findirect-dispatch output - source compiled test
FAIL: sourcelocation -O3 output - source compiled test
FAIL: sourcelocation -O3 -findirect-dispatch output - source compiled test
=== libjava Summary ===
# of expected passes 2495
# of unexpected failures 49
# of untested testcases 45
=== libstdc++ tests ===
Running target unix
FAIL: 18_support/50594.cc execution test
FAIL: 30_threads/condition_variable/54185.cc execution test
FAIL: 30_threads/thread/native_handle/cancel.cc execution test
WARNING: program timed out.
WARNING: program timed out.
=== libstdc++ Summary ===
# of expected passes 8162
# of unexpected failures 3
# of expected failures 45
# of unsupported tests 643
Compiler version: 4.8.0 (GCC)
Platform: powerpc-apple-darwin8.11.0
configure flags: --prefix=/sw AS=odas AS_FOR_TARGET=odas NM_FOR_TARGET=odnm LD_FOR_TARGET=odld AR_FOR_TARGET=odar LIPO_FOR_TARGET=odlipo OBJDUMP_FOR_TARGET=odobjdump RANLIB_FOR_TARGET=odranlib STRIP_FOR_TARGET=odstrip --prefix=/sw/lib/gcc4.8 --mandir=/sw/share/man --infodir=/sw/lib/gcc4.8/info --enable-languages=c,c++,fortran,lto,objc,obj-c++,java --with-gmp=/sw --with-libiconv-prefix=/sw --with-isl=/sw --with-cloog=/sw --with-mpc=/sw --with-system-zlib --enable-checking=release --x-includes=/usr/X11R6/include --x-libraries=/usr/X11R6/lib --program-suffix=-fsf-4.8 --with-dwarf2 --disable-libjava-multilib --disable-libquadmath
More information about the Gcc-testresults
mailing list