Results for 4.9.0 20130407 (experimental) testsuite on sparc-unknown-linux-gnu
Mikael Pettersson
mikpe@it.uu.se
Mon Apr 8 14:15:00 GMT 2013
LAST_UPDATED: Obtained from SVN: trunk revision 197558
=== acats tests ===
FAIL: c52103x
FAIL: c52104x
FAIL: c52104y
=== acats Summary ===
# of expected passes 2317
# of unexpected failures 3
Native configuration is sparc-unknown-linux-gnu
=== g++ tests ===
Running target unix
=== g++ Summary ===
# of expected passes 48495
# of expected failures 288
# of unsupported tests 963
/mnt/scratch/objdir49/gcc/testsuite/g++/../../xg++ version 4.9.0 20130407 (experimental) (GCC)
=== gcc tests ===
Running target unix
=== gcc Summary ===
# of expected passes 69148
# of expected failures 228
# of unsupported tests 1313
/mnt/scratch/objdir49/gcc/xgcc version 4.9.0 20130407 (experimental) (GCC)
=== gfortran tests ===
Running target unix
FAIL: gfortran.dg/vect/fast-math-pr37021.f90 scan-tree-dump vect "vectorized 1 loops"
=== gfortran Summary ===
# of expected passes 43038
# of unexpected failures 1
# of expected failures 44
# of unsupported tests 275
/mnt/scratch/objdir49/gcc/testsuite/gfortran/../../gfortran version 4.9.0 20130407 (experimental) (GCC)
=== gnat tests ===
Running target unix
FAIL: gnat.dg/null_pointer_deref1.adb execution test
FAIL: gnat.dg/null_pointer_deref3.adb execution test
=== gnat Summary ===
# of expected passes 1148
# of unexpected failures 2
# of expected failures 17
# of unsupported tests 10
/mnt/scratch/objdir49/gcc/gnatmake version 4.9.0 20130407 (experimental)
=== libatomic tests ===
Running target unix
=== libatomic Summary ===
# of expected passes 34
# of unsupported tests 10
=== libgomp tests ===
Running target unix
=== libgomp Summary ===
# of expected passes 2947
# of unsupported tests 1
=== libitm tests ===
Running target unix
=== libitm Summary ===
# of expected passes 26
# of expected failures 3
# of unsupported tests 1
=== libstdc++ tests ===
Running target unix
FAIL: libstdc++-abi/abi_check
FAIL: 22_locale/messages/members/char/1.cc execution test
FAIL: 22_locale/messages/members/char/2.cc execution test
FAIL: 22_locale/messages/members/char/wrapped_env.cc execution test
FAIL: 22_locale/messages/members/char/wrapped_locale.cc execution test
FAIL: 22_locale/messages_byname/named_equivalence.cc execution test
WARNING: libstdc++-prettyprinters/cxx11.cc compilation failed to produce executable
=== libstdc++ Summary ===
# of expected passes 8982
# of unexpected failures 6
# of expected failures 45
# of unsupported tests 246
Compiler version: 4.9.0 20130407 (experimental)
Platform: sparc-unknown-linux-gnu
configure flags: --prefix=/mnt/scratch/install49 --with-gmp=/home/mikpe/pkgs/linux-sparc64/gmp-5.1.1 --with-mpfr=/home/mikpe/pkgs/linux-sparc64/mpfr-3.1.2 --with-mpc=/home/mikpe/pkgs/linux-sparc64/mpc-1.0.1 --enable-multilib --disable-plugin --disable-lto --disable-nls --enable-threads=posix --enable-checking=release --disable-libmudflap --enable-languages=c,c++,fortran,ada --build=sparc-unknown-linux --target=sparc-unknown-linux --with-cpu=ultrasparc --enable-targets=all
BOOT_CFLAGS=-g -O2
More information about the Gcc-testresults
mailing list