Results for 4.6.4 20130405 (prerelease) testsuite on powerpc64-unknown-linux-gnu
Mikael Pettersson
mikpe@it.uu.se
Sat Apr 6 16:36:00 GMT 2013
LAST_UPDATED: Obtained from SVN: branches/gcc-4_6-branch revision 197536
=== acats tests ===
=== acats Summary ===
# of expected passes 2321
# of unexpected failures 0
Native configuration is powerpc64-unknown-linux-gnu
=== g++ tests ===
Running target unix
XPASS: g++.dg/uninit-pred-3_b.C (test for excess errors)
=== g++ Summary ===
# of expected passes 25701
# of unexpected successes 1
# of expected failures 166
# of unsupported tests 367
/mnt/archive/objdir46/gcc/testsuite/g++/../../g++ version 4.6.4 20130405 (prerelease) (GCC)
=== gcc tests ===
Running target unix
FAIL: gcc.c-torture/compile/limits-exprparen.c -O0 (internal compiler error)
FAIL: gcc.c-torture/compile/limits-exprparen.c -O0 (test for excess errors)
FAIL: gcc.c-torture/compile/limits-exprparen.c -O1 (internal compiler error)
FAIL: gcc.c-torture/compile/limits-exprparen.c -O1 (test for excess errors)
FAIL: gcc.c-torture/compile/limits-exprparen.c -O2 (internal compiler error)
FAIL: gcc.c-torture/compile/limits-exprparen.c -O2 (test for excess errors)
FAIL: gcc.c-torture/compile/limits-exprparen.c -O3 -fomit-frame-pointer (internal compiler error)
FAIL: gcc.c-torture/compile/limits-exprparen.c -O3 -fomit-frame-pointer (test for excess errors)
FAIL: gcc.c-torture/compile/limits-exprparen.c -O3 -g (internal compiler error)
FAIL: gcc.c-torture/compile/limits-exprparen.c -O3 -g (test for excess errors)
FAIL: gcc.c-torture/compile/limits-exprparen.c -Os (internal compiler error)
FAIL: gcc.c-torture/compile/limits-exprparen.c -Os (test for excess errors)
FAIL: gcc.dg/and-1.c scan-assembler-not nand
FAIL: gcc.dg/sms-2.c scan-rtl-dump-times sms "SMS succeeded" 1
FAIL: gcc.dg/sms-3.c scan-rtl-dump-times sms "SMS succeeded" 1
FAIL: gcc.dg/sms-4.c scan-rtl-dump-times sms "SMS succeeded" 1
FAIL: gcc.dg/sms-5.c scan-rtl-dump-times sms "SMS succeeded" 1
FAIL: gcc.dg/sms-6.c scan-rtl-dump-times sms "SMS succeeded" 3
FAIL: gcc.dg/sms-7.c scan-rtl-dump-times sms "SMS succeeded" 3
FAIL: gcc.dg/sms-8.c scan-rtl-dump-times sms "SMS succeeded" 1
XPASS: gcc.dg/guality/example.c -O0 execution test
XPASS: gcc.dg/guality/example.c -O1 execution test
XPASS: gcc.dg/guality/example.c -O2 execution test
XPASS: gcc.dg/guality/example.c -Os execution test
XPASS: gcc.dg/guality/guality.c -O0 execution test
XPASS: gcc.dg/guality/guality.c -O1 execution test
XPASS: gcc.dg/guality/guality.c -O2 execution test
XPASS: gcc.dg/guality/guality.c -O3 -fomit-frame-pointer execution test
XPASS: gcc.dg/guality/guality.c -O3 -g execution test
XPASS: gcc.dg/guality/guality.c -Os execution test
XPASS: gcc.dg/guality/inline-params.c -O2 execution test
XPASS: gcc.dg/guality/inline-params.c -O3 -fomit-frame-pointer execution test
XPASS: gcc.dg/guality/inline-params.c -O3 -g execution test
XPASS: gcc.dg/guality/inline-params.c -Os execution test
FAIL: gcc.dg/guality/pr36728-1.c -O1 line 12 arg7 == 30
FAIL: gcc.dg/guality/pr36728-1.c -O1 line 14 arg7 == 30
FAIL: gcc.dg/guality/pr36728-1.c -O2 line 12 arg7 == 30
FAIL: gcc.dg/guality/pr36728-1.c -O2 line 14 arg7 == 30
FAIL: gcc.dg/guality/pr36728-1.c -O3 -fomit-frame-pointer line 12 arg7 == 30
FAIL: gcc.dg/guality/pr36728-1.c -O3 -fomit-frame-pointer line 14 arg7 == 30
FAIL: gcc.dg/guality/pr36728-1.c -O3 -g line 12 arg7 == 30
FAIL: gcc.dg/guality/pr36728-1.c -O3 -g line 14 arg7 == 30
FAIL: gcc.dg/guality/pr36728-1.c -Os line 12 arg7 == 30
FAIL: gcc.dg/guality/pr36728-1.c -Os line 14 arg7 == 30
FAIL: gcc.dg/guality/pr36728-2.c -O1 line 12 arg7 == 30
FAIL: gcc.dg/guality/pr36728-2.c -O1 line 14 arg7 == 30
FAIL: gcc.dg/guality/pr36728-2.c -O2 line 12 arg7 == 30
FAIL: gcc.dg/guality/pr36728-2.c -O2 line 14 arg7 == 30
FAIL: gcc.dg/guality/pr36728-2.c -O3 -fomit-frame-pointer line 12 arg7 == 30
FAIL: gcc.dg/guality/pr36728-2.c -O3 -fomit-frame-pointer line 14 arg7 == 30
FAIL: gcc.dg/guality/pr36728-2.c -O3 -g line 12 arg7 == 30
FAIL: gcc.dg/guality/pr36728-2.c -O3 -g line 14 arg7 == 30
FAIL: gcc.dg/guality/pr36728-2.c -Os line 12 arg7 == 30
FAIL: gcc.dg/guality/pr36728-2.c -Os line 14 arg7 == 30
XPASS: gcc.dg/guality/pr41353-1.c -O0 line 28 j == 28 + 37
XPASS: gcc.dg/guality/pr41353-1.c -O1 line 28 j == 28 + 37
XPASS: gcc.dg/guality/pr41353-1.c -O2 line 28 j == 28 + 37
XPASS: gcc.dg/guality/pr41353-1.c -O3 -fomit-frame-pointer line 28 j == 28 + 37
XPASS: gcc.dg/guality/pr41353-1.c -O3 -g line 28 j == 28 + 37
XPASS: gcc.dg/guality/pr41353-1.c -Os line 28 j == 28 + 37
XPASS: gcc.dg/guality/pr41447-1.c -O0 execution test
XPASS: gcc.dg/guality/pr41447-1.c -O1 execution test
XPASS: gcc.dg/guality/pr41447-1.c -O2 execution test
XPASS: gcc.dg/guality/pr41447-1.c -O3 -fomit-frame-pointer execution test
XPASS: gcc.dg/guality/pr41447-1.c -O3 -g execution test
XPASS: gcc.dg/guality/pr41447-1.c -Os execution test
XPASS: gcc.dg/guality/pr41616-1.c -O0 execution test
XPASS: gcc.dg/guality/pr41616-1.c -O1 execution test
XPASS: gcc.dg/guality/pr41616-1.c -O2 execution test
XPASS: gcc.dg/guality/pr41616-1.c -O3 -fomit-frame-pointer execution test
XPASS: gcc.dg/guality/pr41616-1.c -O3 -g execution test
XPASS: gcc.dg/guality/pr41616-1.c -Os execution test
FAIL: gcc.dg/guality/pr43077-1.c -O1 line 42 c == 3
FAIL: gcc.dg/guality/sra-1.c -O1 line 43 a.j == 14
FAIL: gcc.dg/guality/sra-1.c -O2 line 43 a.j == 14
FAIL: gcc.dg/guality/sra-1.c -O3 -fomit-frame-pointer line 43 a.j == 14
FAIL: gcc.dg/guality/sra-1.c -O3 -g line 43 a.j == 14
FAIL: gcc.dg/guality/sra-1.c -Os line 43 a.j == 14
FAIL: gcc.dg/guality/vla-1.c -O1 line 17 sizeof (a) == 6
FAIL: gcc.dg/guality/vla-1.c -O2 line 17 sizeof (a) == 6
FAIL: gcc.dg/guality/vla-1.c -O3 -fomit-frame-pointer line 17 sizeof (a) == 6
FAIL: gcc.dg/guality/vla-1.c -O3 -g line 17 sizeof (a) == 6
FAIL: gcc.dg/guality/vla-1.c -Os line 17 sizeof (a) == 6
FAIL: gcc.dg/tree-ssa/vrp47.c scan-tree-dump-times vrp1 "[xy][^ ]* !=" 0
FAIL: gcc.dg/tree-ssa/vrp47.c scan-tree-dump-times dom1 "x[^ ]* & y" 1
FAIL: gcc.target/powerpc/405-dlmzb-strlen-1.c scan-assembler dlmzb\\\\.
FAIL: gcc.target/powerpc/440-dlmzb-strlen-1.c scan-assembler dlmzb\\\\.
FAIL: gcc.target/powerpc/ppc-vector-memcpy.c scan-assembler lvx
FAIL: gcc.target/powerpc/pr47755-2.c execution test
=== gcc Summary ===
# of expected passes 63917
# of unexpected failures 57
# of unexpected successes 32
# of expected failures 197
# of unsupported tests 956
/mnt/archive/objdir46/gcc/xgcc version 4.6.4 20130405 (prerelease) (GCC)
=== gfortran tests ===
Running target unix
FAIL: gfortran.dg/bessel_6.f90 -O0 execution test
FAIL: gfortran.dg/bessel_6.f90 -O1 execution test
FAIL: gfortran.dg/bessel_6.f90 -O2 execution test
FAIL: gfortran.dg/bessel_6.f90 -O3 -fomit-frame-pointer execution test
FAIL: gfortran.dg/bessel_6.f90 -O3 -fomit-frame-pointer -funroll-loops execution test
FAIL: gfortran.dg/bessel_6.f90 -O3 -fomit-frame-pointer -funroll-all-loops -finline-functions execution test
FAIL: gfortran.dg/bessel_6.f90 -O3 -g execution test
FAIL: gfortran.dg/bessel_6.f90 -Os execution test
XPASS: gfortran.dg/nint_2.f90 -O0 execution test
=== gfortran Summary ===
# of expected passes 38748
# of unexpected failures 8
# of unexpected successes 1
# of expected failures 65
# of unsupported tests 229
/mnt/archive/objdir46/gcc/testsuite/gfortran/../../gfortran version 4.6.4 20130405 (prerelease) (GCC)
=== gnat tests ===
Running target unix
=== gnat Summary ===
# of expected passes 878
# of expected failures 10
# of unsupported tests 3
/mnt/archive/objdir46/gcc/gnatmake version 4.6.4 20130405 (prerelease)
=== libgomp tests ===
Running target unix
=== libgomp Summary ===
# of expected passes 2634
# of unsupported tests 1
=== libstdc++ tests ===
Running target unix
FAIL: libstdc++-abi/abi_check
=== libstdc++ Summary ===
# of expected passes 8335
# of unexpected failures 1
# of expected failures 84
# of unsupported tests 111
Compiler version: 4.6.4 20130405 (prerelease)
Platform: powerpc64-unknown-linux-gnu
configure flags: --prefix=/mnt/archive/install46 --with-gmp=/home/mikpe/pkgs/linux-ppc64/gmp-5.1.1 --with-mpfr=/home/mikpe/pkgs/linux-ppc64/mpfr-3.1.2 --with-mpc=/home/mikpe/pkgs/linux-ppc64/mpc-1.0.1 --disable-plugin --disable-lto --disable-nls --enable-threads=posix --with-cpu=default32 --enable-checking=release --disable-libmudflap --enable-languages=c,c++,fortran,ada
BOOT_CFLAGS=-g -O2
More information about the Gcc-testresults
mailing list