Results for 4.7.3 20130405 (prerelease) [gcc-4_7-branch revision 197499] (GCC) testsuite on i386-pc-solaris2.8
ro@smtp-relay.CeBiTec.Uni-Bielefeld.DE
ro@smtp-relay.CeBiTec.Uni-Bielefeld.DE
Sat Apr 6 09:47:00 GMT 2013
LAST_UPDATED: Fri Apr 5 12:55:21 UTC 2013 (revision 197499)
=== acats tests ===
=== acats Summary ===
# of expected passes 2320
# of unexpected failures 0
Native configuration is i386-pc-solaris2.8
=== g++ tests ===
Running target unix
FAIL: g++.dg/torture/pr31863.C -O2 -flto (test for excess errors)
=== g++ Summary ===
# of expected passes 46995
# of unexpected failures 1
# of expected failures 290
# of unsupported tests 561
/var/gcc/regression/gcc-4.7-branch/8-gcc/build/gcc/testsuite/g++/../../g++ version 4.7.3 20130405 (prerelease) [gcc-4_7-branch revision 197499] (GCC)
=== gcc tests ===
Running target unix
=== gcc Summary ===
# of expected passes 80503
# of expected failures 257
# of unsupported tests 2479
/var/gcc/regression/gcc-4.7-branch/8-gcc/build/gcc/xgcc version 4.7.3 20130405 (prerelease) [gcc-4_7-branch revision 197499] (GCC)
=== gfortran tests ===
Running target unix
=== gfortran Summary ===
# of expected passes 40020
# of expected failures 42
# of unsupported tests 366
/var/gcc/regression/gcc-4.7-branch/8-gcc/build/gcc/testsuite/gfortran/../../gfortran version 4.7.3 20130405 (prerelease) [gcc-4_7-branch revision 197499] (GCC)
=== gnat tests ===
Running target unix
=== gnat Summary ===
# of expected passes 1114
# of expected failures 14
# of unsupported tests 7
/var/gcc/regression/gcc-4.7-branch/8-gcc/build/gcc/gnatmake version 4.7.3 20130405 (prerelease) [gcc-4_7-branch revision 197499]
=== go tests ===
Running target unix
=== go Summary ===
# of expected passes 3290
# of expected failures 4
# of untested testcases 6
/var/gcc/regression/gcc-4.7-branch/8-gcc/build/gcc/testsuite/go/../../gccgo version 4.7.3 20130405 (prerelease) [gcc-4_7-branch revision 197499] (GCC)
=== obj-c++ tests ===
Running target unix
=== obj-c++ Summary ===
# of expected passes 1450
# of expected failures 2
# of unsupported tests 86
/var/gcc/regression/gcc-4.7-branch/8-gcc/build/gcc/testsuite/obj-c++/../../g++ version 4.7.3 20130405 (prerelease) [gcc-4_7-branch revision 197499] (GCC)
=== objc tests ===
Running target unix
=== objc Summary ===
# of expected passes 2988
# of expected failures 6
# of unsupported tests 74
/var/gcc/regression/gcc-4.7-branch/8-gcc/build/gcc/xgcc version 4.7.3 20130405 (prerelease) [gcc-4_7-branch revision 197499] (GCC)
=== boehm-gc tests ===
Running target unix
=== boehm-gc Summary ===
# of expected passes 12
# of unsupported tests 1
=== libffi tests ===
Running target unix
=== libffi Summary ===
# of expected passes 1634
# of expected failures 10
# of unsupported tests 55
=== libgo tests ===
Running target unix
FAIL: time
FAIL: runtime/pprof
=== libgo Summary ===
# of expected passes 122
# of unexpected failures 2
=== libgomp tests ===
Running target unix
=== libgomp Summary ===
# of expected passes 2940
# of unsupported tests 3
=== libitm tests ===
Running target unix
=== libitm Summary ===
# of expected passes 26
# of expected failures 3
# of unsupported tests 1
=== libjava tests ===
Running target unix
FAIL: PR16923 run
FAIL: Divide_1 output - source compiled test
FAIL: Divide_1 -findirect-dispatch output - source compiled test
FAIL: Divide_1 -O3 output - source compiled test
FAIL: Divide_1 -O3 -findirect-dispatch output - source compiled test
FAIL: InvokeInterface execution - source compiled test
FAIL: InvokeInterface -O3 execution - source compiled test
=== libjava Summary ===
# of expected passes 2565
# of unexpected failures 7
# of untested testcases 3
=== libstdc++ tests ===
Running target unix
=== libstdc++ Summary ===
# of expected passes 7370
# of expected failures 46
# of unsupported tests 819
Compiler version: 4.7.3 20130405 (prerelease) [gcc-4_7-branch revision 197499] (GCC)
Platform: i386-pc-solaris2.8
configure flags: --prefix=/vol/gcc --target=i386-pc-solaris2.8 --enable-obsolete --enable-objc-gc --with-gmp-include=/vol/gcc/include --with-gmp-lib=/vol/gcc/lib --with-mpfr-include=/vol/gcc/include --with-mpfr-lib=/vol/gcc/lib --with-mpc-include=/vol/gcc/include --with-mpc-lib=/vol/gcc/lib --enable-languages=all,ada,obj-c++,go --without-ppl --without-isl --without-cloog
BOOT_CFLAGS=-g -O2
More information about the Gcc-testresults
mailing list