Results for 4.7.2 (Debian 4.7.2-23) testsuite on s390-ibm-linux-gnu
Matthias Klose
doko@debian.org
Fri Apr 5 17:54:00 GMT 2013
LAST_UPDATED: Thu Apr 4 10:59:07 UTC 2013 (revision 197476)
Target: s390-linux-gnu
gcc version 4.7.2 (Debian 4.7.2-23)
Native configuration is s390-ibm-linux-gnu
=== g++ tests ===
Running target unix
UNRESOLVED: attribute_plugin.c compilation, -I. -I/build/buildd-gcc-4.7_4.7.2-23-s390-AOswiY/gcc-4.7-4.7.2/src/gcc/testsuite -I/build/buildd-gcc-4.7_4.7.2-23-s390-AOswiY/gcc-4.7-4.7.2/src/gcc/testsuite/../../gcc -I/build/buildd-gcc-4.7_4.7.2-23-s390-AOswiY/gcc-4.7-4.7.2/build/gcc/testsuite/g++/../../../gcc -I/build/buildd-gcc-4.7_4.7.2-23-s390-AOswiY/gcc-4.7-4.7.2/src/gcc/testsuite/../../include -I/build/buildd-gcc-4.7_4.7.2-23-s390-AOswiY/gcc-4.7-4.7.2/src/gcc/testsuite/../../libcpp/include -I/build/buildd-gcc-4.7_4.7.2-23-s390-AOswiY/gcc-4.7-4.7.2/build/gcc/testsuite/g++/../../../intl -DIN_GCC -fPIC -shared
UNRESOLVED: pragma_plugin.c compilation, -I. -I/build/buildd-gcc-4.7_4.7.2-23-s390-AOswiY/gcc-4.7-4.7.2/src/gcc/testsuite -I/build/buildd-gcc-4.7_4.7.2-23-s390-AOswiY/gcc-4.7-4.7.2/src/gcc/testsuite/../../gcc -I/build/buildd-gcc-4.7_4.7.2-23-s390-AOswiY/gcc-4.7-4.7.2/build/gcc/testsuite/g++/../../../gcc -I/build/buildd-gcc-4.7_4.7.2-23-s390-AOswiY/gcc-4.7-4.7.2/src/gcc/testsuite/../../include -I/build/buildd-gcc-4.7_4.7.2-23-s390-AOswiY/gcc-4.7-4.7.2/src/gcc/testsuite/../../libcpp/include -I/build/buildd-gcc-4.7_4.7.2-23-s390-AOswiY/gcc-4.7-4.7.2/build/gcc/testsuite/g++/../../../intl -DIN_GCC -fPIC -shared
UNRESOLVED: selfassign.c compilation, -I. -I/build/buildd-gcc-4.7_4.7.2-23-s390-AOswiY/gcc-4.7-4.7.2/src/gcc/testsuite -I/build/buildd-gcc-4.7_4.7.2-23-s390-AOswiY/gcc-4.7-4.7.2/src/gcc/testsuite/../../gcc -I/build/buildd-gcc-4.7_4.7.2-23-s390-AOswiY/gcc-4.7-4.7.2/build/gcc/testsuite/g++/../../../gcc -I/build/buildd-gcc-4.7_4.7.2-23-s390-AOswiY/gcc-4.7-4.7.2/src/gcc/testsuite/../../include -I/build/buildd-gcc-4.7_4.7.2-23-s390-AOswiY/gcc-4.7-4.7.2/src/gcc/testsuite/../../libcpp/include -I/build/buildd-gcc-4.7_4.7.2-23-s390-AOswiY/gcc-4.7-4.7.2/build/gcc/testsuite/g++/../../../intl -O -DIN_GCC -fPIC -shared
UNRESOLVED: dumb_plugin.c compilation, -I. -I/build/buildd-gcc-4.7_4.7.2-23-s390-AOswiY/gcc-4.7-4.7.2/src/gcc/testsuite -I/build/buildd-gcc-4.7_4.7.2-23-s390-AOswiY/gcc-4.7-4.7.2/src/gcc/testsuite/../../gcc -I/build/buildd-gcc-4.7_4.7.2-23-s390-AOswiY/gcc-4.7-4.7.2/build/gcc/testsuite/g++/../../../gcc -I/build/buildd-gcc-4.7_4.7.2-23-s390-AOswiY/gcc-4.7-4.7.2/src/gcc/testsuite/../../include -I/build/buildd-gcc-4.7_4.7.2-23-s390-AOswiY/gcc-4.7-4.7.2/src/gcc/testsuite/../../libcpp/include -I/build/buildd-gcc-4.7_4.7.2-23-s390-AOswiY/gcc-4.7-4.7.2/build/gcc/testsuite/g++/../../../intl -DIN_GCC -fPIC -shared
UNRESOLVED: header_plugin.c compilation, -I. -I/build/buildd-gcc-4.7_4.7.2-23-s390-AOswiY/gcc-4.7-4.7.2/src/gcc/testsuite -I/build/buildd-gcc-4.7_4.7.2-23-s390-AOswiY/gcc-4.7-4.7.2/src/gcc/testsuite/../../gcc -I/build/buildd-gcc-4.7_4.7.2-23-s390-AOswiY/gcc-4.7-4.7.2/build/gcc/testsuite/g++/../../../gcc -I/build/buildd-gcc-4.7_4.7.2-23-s390-AOswiY/gcc-4.7-4.7.2/src/gcc/testsuite/../../include -I/build/buildd-gcc-4.7_4.7.2-23-s390-AOswiY/gcc-4.7-4.7.2/src/gcc/testsuite/../../libcpp/include -I/build/buildd-gcc-4.7_4.7.2-23-s390-AOswiY/gcc-4.7-4.7.2/build/gcc/testsuite/g++/../../../intl -DIN_GCC -fPIC -shared
UNRESOLVED: decl_plugin.c compilation, -I. -I/build/buildd-gcc-4.7_4.7.2-23-s390-AOswiY/gcc-4.7-4.7.2/src/gcc/testsuite -I/build/buildd-gcc-4.7_4.7.2-23-s390-AOswiY/gcc-4.7-4.7.2/src/gcc/testsuite/../../gcc -I/build/buildd-gcc-4.7_4.7.2-23-s390-AOswiY/gcc-4.7-4.7.2/build/gcc/testsuite/g++/../../../gcc -I/build/buildd-gcc-4.7_4.7.2-23-s390-AOswiY/gcc-4.7-4.7.2/src/gcc/testsuite/../../include -I/build/buildd-gcc-4.7_4.7.2-23-s390-AOswiY/gcc-4.7-4.7.2/src/gcc/testsuite/../../libcpp/include -I/build/buildd-gcc-4.7_4.7.2-23-s390-AOswiY/gcc-4.7-4.7.2/build/gcc/testsuite/g++/../../../intl -DIN_GCC -fPIC -shared
=== g++ Summary for unix ===
# of expected passes 47213
# of expected failures 286
# of unresolved testcases 6
# of unsupported tests 673
Running target unix/-fstack-protector
UNRESOLVED: attribute_plugin.c compilation, -I. -I/build/buildd-gcc-4.7_4.7.2-23-s390-AOswiY/gcc-4.7-4.7.2/src/gcc/testsuite -I/build/buildd-gcc-4.7_4.7.2-23-s390-AOswiY/gcc-4.7-4.7.2/src/gcc/testsuite/../../gcc -I/build/buildd-gcc-4.7_4.7.2-23-s390-AOswiY/gcc-4.7-4.7.2/build/gcc/testsuite/g++/../../../gcc -I/build/buildd-gcc-4.7_4.7.2-23-s390-AOswiY/gcc-4.7-4.7.2/src/gcc/testsuite/../../include -I/build/buildd-gcc-4.7_4.7.2-23-s390-AOswiY/gcc-4.7-4.7.2/src/gcc/testsuite/../../libcpp/include -I/build/buildd-gcc-4.7_4.7.2-23-s390-AOswiY/gcc-4.7-4.7.2/build/gcc/testsuite/g++/../../../intl -DIN_GCC -fPIC -shared
UNRESOLVED: pragma_plugin.c compilation, -I. -I/build/buildd-gcc-4.7_4.7.2-23-s390-AOswiY/gcc-4.7-4.7.2/src/gcc/testsuite -I/build/buildd-gcc-4.7_4.7.2-23-s390-AOswiY/gcc-4.7-4.7.2/src/gcc/testsuite/../../gcc -I/build/buildd-gcc-4.7_4.7.2-23-s390-AOswiY/gcc-4.7-4.7.2/build/gcc/testsuite/g++/../../../gcc -I/build/buildd-gcc-4.7_4.7.2-23-s390-AOswiY/gcc-4.7-4.7.2/src/gcc/testsuite/../../include -I/build/buildd-gcc-4.7_4.7.2-23-s390-AOswiY/gcc-4.7-4.7.2/src/gcc/testsuite/../../libcpp/include -I/build/buildd-gcc-4.7_4.7.2-23-s390-AOswiY/gcc-4.7-4.7.2/build/gcc/testsuite/g++/../../../intl -DIN_GCC -fPIC -shared
UNRESOLVED: selfassign.c compilation, -I. -I/build/buildd-gcc-4.7_4.7.2-23-s390-AOswiY/gcc-4.7-4.7.2/src/gcc/testsuite -I/build/buildd-gcc-4.7_4.7.2-23-s390-AOswiY/gcc-4.7-4.7.2/src/gcc/testsuite/../../gcc -I/build/buildd-gcc-4.7_4.7.2-23-s390-AOswiY/gcc-4.7-4.7.2/build/gcc/testsuite/g++/../../../gcc -I/build/buildd-gcc-4.7_4.7.2-23-s390-AOswiY/gcc-4.7-4.7.2/src/gcc/testsuite/../../include -I/build/buildd-gcc-4.7_4.7.2-23-s390-AOswiY/gcc-4.7-4.7.2/src/gcc/testsuite/../../libcpp/include -I/build/buildd-gcc-4.7_4.7.2-23-s390-AOswiY/gcc-4.7-4.7.2/build/gcc/testsuite/g++/../../../intl -O -DIN_GCC -fPIC -shared
UNRESOLVED: dumb_plugin.c compilation, -I. -I/build/buildd-gcc-4.7_4.7.2-23-s390-AOswiY/gcc-4.7-4.7.2/src/gcc/testsuite -I/build/buildd-gcc-4.7_4.7.2-23-s390-AOswiY/gcc-4.7-4.7.2/src/gcc/testsuite/../../gcc -I/build/buildd-gcc-4.7_4.7.2-23-s390-AOswiY/gcc-4.7-4.7.2/build/gcc/testsuite/g++/../../../gcc -I/build/buildd-gcc-4.7_4.7.2-23-s390-AOswiY/gcc-4.7-4.7.2/src/gcc/testsuite/../../include -I/build/buildd-gcc-4.7_4.7.2-23-s390-AOswiY/gcc-4.7-4.7.2/src/gcc/testsuite/../../libcpp/include -I/build/buildd-gcc-4.7_4.7.2-23-s390-AOswiY/gcc-4.7-4.7.2/build/gcc/testsuite/g++/../../../intl -DIN_GCC -fPIC -shared
UNRESOLVED: header_plugin.c compilation, -I. -I/build/buildd-gcc-4.7_4.7.2-23-s390-AOswiY/gcc-4.7-4.7.2/src/gcc/testsuite -I/build/buildd-gcc-4.7_4.7.2-23-s390-AOswiY/gcc-4.7-4.7.2/src/gcc/testsuite/../../gcc -I/build/buildd-gcc-4.7_4.7.2-23-s390-AOswiY/gcc-4.7-4.7.2/build/gcc/testsuite/g++/../../../gcc -I/build/buildd-gcc-4.7_4.7.2-23-s390-AOswiY/gcc-4.7-4.7.2/src/gcc/testsuite/../../include -I/build/buildd-gcc-4.7_4.7.2-23-s390-AOswiY/gcc-4.7-4.7.2/src/gcc/testsuite/../../libcpp/include -I/build/buildd-gcc-4.7_4.7.2-23-s390-AOswiY/gcc-4.7-4.7.2/build/gcc/testsuite/g++/../../../intl -DIN_GCC -fPIC -shared
UNRESOLVED: decl_plugin.c compilation, -I. -I/build/buildd-gcc-4.7_4.7.2-23-s390-AOswiY/gcc-4.7-4.7.2/src/gcc/testsuite -I/build/buildd-gcc-4.7_4.7.2-23-s390-AOswiY/gcc-4.7-4.7.2/src/gcc/testsuite/../../gcc -I/build/buildd-gcc-4.7_4.7.2-23-s390-AOswiY/gcc-4.7-4.7.2/build/gcc/testsuite/g++/../../../gcc -I/build/buildd-gcc-4.7_4.7.2-23-s390-AOswiY/gcc-4.7-4.7.2/src/gcc/testsuite/../../include -I/build/buildd-gcc-4.7_4.7.2-23-s390-AOswiY/gcc-4.7-4.7.2/src/gcc/testsuite/../../libcpp/include -I/build/buildd-gcc-4.7_4.7.2-23-s390-AOswiY/gcc-4.7-4.7.2/build/gcc/testsuite/g++/../../../intl -DIN_GCC -fPIC -shared
=== g++ Summary for unix/-fstack-protector ===
# of expected passes 47213
# of expected failures 286
# of unresolved testcases 6
# of unsupported tests 673
Running target unix/-m64
FAIL: g++.dg/cdce3.C -std=gnu++98 (test for excess errors)
UNRESOLVED: g++.dg/cdce3.C -std=gnu++98 compilation failed to produce executable
UNRESOLVED: g++.dg/cdce3.C -std=gnu++98 scan-tree-dump cdce "cdce3.C:93: note: function call is shrink-wrapped into error conditions."
UNRESOLVED: g++.dg/cdce3.C -std=gnu++98 scan-tree-dump cdce "cdce3.C:94: note: function call is shrink-wrapped into error conditions."
UNRESOLVED: g++.dg/cdce3.C -std=gnu++98 scan-tree-dump cdce "cdce3.C:96: note: function call is shrink-wrapped into error conditions."
UNRESOLVED: g++.dg/cdce3.C -std=gnu++98 scan-tree-dump cdce "cdce3.C:97: note: function call is shrink-wrapped into error conditions."
UNRESOLVED: g++.dg/cdce3.C -std=gnu++98 scan-tree-dump cdce "cdce3.C:98: note: function call is shrink-wrapped into error conditions."
UNRESOLVED: g++.dg/cdce3.C -std=gnu++98 scan-tree-dump cdce "cdce3.C:99: note: function call is shrink-wrapped into error conditions."
UNRESOLVED: g++.dg/cdce3.C -std=gnu++98 scan-tree-dump cdce "cdce3.C:100: note: function call is shrink-wrapped into error conditions."
UNRESOLVED: g++.dg/cdce3.C -std=gnu++98 scan-tree-dump cdce "cdce3.C:101: note: function call is shrink-wrapped into error conditions."
UNRESOLVED: g++.dg/cdce3.C -std=gnu++98 scan-tree-dump cdce "cdce3.C:102: note: function call is shrink-wrapped into error conditions."
UNRESOLVED: g++.dg/cdce3.C -std=gnu++98 scan-tree-dump cdce "cdce3.C:103: note: function call is shrink-wrapped into error conditions."
UNRESOLVED: g++.dg/cdce3.C -std=gnu++98 scan-tree-dump cdce "cdce3.C:104: note: function call is shrink-wrapped into error conditions."
UNRESOLVED: g++.dg/cdce3.C -std=gnu++98 scan-tree-dump cdce "cdce3.C:105: note: function call is shrink-wrapped into error conditions."
UNRESOLVED: g++.dg/cdce3.C -std=gnu++98 scan-tree-dump cdce "cdce3.C:106: note: function call is shrink-wrapped into error conditions."
UNRESOLVED: g++.dg/cdce3.C -std=gnu++98 scan-tree-dump cdce "cdce3.C:107: note: function call is shrink-wrapped into error conditions."
UNRESOLVED: g++.dg/cdce3.C -std=gnu++98 scan-tree-dump cdce "cdce3.C:108: note: function call is shrink-wrapped into error conditions."
UNRESOLVED: g++.dg/cdce3.C -std=gnu++98 scan-tree-dump cdce "cdce3.C:109: note: function call is shrink-wrapped into error conditions."
FAIL: g++.dg/cdce3.C -std=gnu++11 (test for excess errors)
UNRESOLVED: g++.dg/cdce3.C -std=gnu++11 compilation failed to produce executable
UNRESOLVED: g++.dg/cdce3.C -std=gnu++11 scan-tree-dump cdce "cdce3.C:93: note: function call is shrink-wrapped into error conditions."
UNRESOLVED: g++.dg/cdce3.C -std=gnu++11 scan-tree-dump cdce "cdce3.C:94: note: function call is shrink-wrapped into error conditions."
UNRESOLVED: g++.dg/cdce3.C -std=gnu++11 scan-tree-dump cdce "cdce3.C:96: note: function call is shrink-wrapped into error conditions."
UNRESOLVED: g++.dg/cdce3.C -std=gnu++11 scan-tree-dump cdce "cdce3.C:97: note: function call is shrink-wrapped into error conditions."
UNRESOLVED: g++.dg/cdce3.C -std=gnu++11 scan-tree-dump cdce "cdce3.C:98: note: function call is shrink-wrapped into error conditions."
UNRESOLVED: g++.dg/cdce3.C -std=gnu++11 scan-tree-dump cdce "cdce3.C:99: note: function call is shrink-wrapped into error conditions."
UNRESOLVED: g++.dg/cdce3.C -std=gnu++11 scan-tree-dump cdce "cdce3.C:100: note: function call is shrink-wrapped into error conditions."
UNRESOLVED: g++.dg/cdce3.C -std=gnu++11 scan-tree-dump cdce "cdce3.C:101: note: function call is shrink-wrapped into error conditions."
UNRESOLVED: g++.dg/cdce3.C -std=gnu++11 scan-tree-dump cdce "cdce3.C:102: note: function call is shrink-wrapped into error conditions."
UNRESOLVED: g++.dg/cdce3.C -std=gnu++11 scan-tree-dump cdce "cdce3.C:103: note: function call is shrink-wrapped into error conditions."
UNRESOLVED: g++.dg/cdce3.C -std=gnu++11 scan-tree-dump cdce "cdce3.C:104: note: function call is shrink-wrapped into error conditions."
UNRESOLVED: g++.dg/cdce3.C -std=gnu++11 scan-tree-dump cdce "cdce3.C:105: note: function call is shrink-wrapped into error conditions."
UNRESOLVED: g++.dg/cdce3.C -std=gnu++11 scan-tree-dump cdce "cdce3.C:106: note: function call is shrink-wrapped into error conditions."
UNRESOLVED: g++.dg/cdce3.C -std=gnu++11 scan-tree-dump cdce "cdce3.C:107: note: function call is shrink-wrapped into error conditions."
UNRESOLVED: g++.dg/cdce3.C -std=gnu++11 scan-tree-dump cdce "cdce3.C:108: note: function call is shrink-wrapped into error conditions."
UNRESOLVED: g++.dg/cdce3.C -std=gnu++11 scan-tree-dump cdce "cdce3.C:109: note: function call is shrink-wrapped into error conditions."
FAIL: g++.dg/cpp0x/initlist13.C (test for excess errors)
FAIL: g++.dg/cpp0x/initlist25.C (test for excess errors)
UNRESOLVED: g++.dg/cpp0x/initlist25.C compilation failed to produce executable
FAIL: g++.dg/cpp0x/initlist54.C (test for excess errors)
FAIL: g++.dg/cpp0x/lambda/lambda-pass.C (test for excess errors)
UNRESOLVED: g++.dg/cpp0x/lambda/lambda-pass.C compilation failed to produce executable
FAIL: g++.dg/cpp0x/udlit-concat-neg.C (test for errors, line 9)
FAIL: g++.dg/cpp0x/udlit-concat-neg.C (test for excess errors)
FAIL: g++.dg/cpp0x/udlit-concat.C (test for excess errors)
FAIL: g++.dg/cpp0x/udlit-general.C (test for excess errors)
UNRESOLVED: g++.dg/cpp0x/udlit-general.C compilation failed to produce executable
FAIL: g++.dg/cpp0x/udlit-raw-str.C (test for excess errors)
FAIL: g++.dg/cpp0x/udlit-suffix-neg.C (test for errors, line 5)
FAIL: g++.dg/cpp0x/udlit-suffix-neg.C (test for excess errors)
FAIL: g++.dg/cpp0x/variadic-tuple.C (test for excess errors)
UNRESOLVED: g++.dg/cpp0x/variadic-tuple.C compilation failed to produce executable
FAIL: g++.dg/eh/crossjump1.C -std=gnu++11 (test for excess errors)
UNRESOLVED: g++.dg/eh/crossjump1.C -std=gnu++11 compilation failed to produce executable
FAIL: g++.dg/eh/omit-frame-pointer.C -std=gnu++11 (test for excess errors)
UNRESOLVED: g++.dg/eh/omit-frame-pointer.C -std=gnu++11 compilation failed to produce executable
FAIL: g++.dg/eh/simd-2.C -std=gnu++98 (test for excess errors)
UNRESOLVED: g++.dg/eh/simd-2.C -std=gnu++98 compilation failed to produce executable
FAIL: g++.dg/eh/simd-2.C -std=gnu++11 (test for excess errors)
UNRESOLVED: g++.dg/eh/simd-2.C -std=gnu++11 compilation failed to produce executable
FAIL: g++.dg/ext/cleanup-10.C -std=gnu++98 (test for excess errors)
UNRESOLVED: g++.dg/ext/cleanup-10.C -std=gnu++98 compilation failed to produce executable
FAIL: g++.dg/ext/cleanup-10.C -std=gnu++11 (test for excess errors)
UNRESOLVED: g++.dg/ext/cleanup-10.C -std=gnu++11 compilation failed to produce executable
FAIL: g++.dg/ext/cleanup-11.C -std=gnu++98 (test for excess errors)
UNRESOLVED: g++.dg/ext/cleanup-11.C -std=gnu++98 compilation failed to produce executable
FAIL: g++.dg/ext/cleanup-11.C -std=gnu++11 (test for excess errors)
UNRESOLVED: g++.dg/ext/cleanup-11.C -std=gnu++11 compilation failed to produce executable
FAIL: g++.dg/ext/cleanup-8.C -std=gnu++98 (test for excess errors)
UNRESOLVED: g++.dg/ext/cleanup-8.C -std=gnu++98 compilation failed to produce executable
FAIL: g++.dg/ext/cleanup-8.C -std=gnu++11 (test for excess errors)
UNRESOLVED: g++.dg/ext/cleanup-8.C -std=gnu++11 compilation failed to produce executable
FAIL: g++.dg/ext/cleanup-9.C -std=gnu++98 (test for excess errors)
UNRESOLVED: g++.dg/ext/cleanup-9.C -std=gnu++98 compilation failed to produce executable
FAIL: g++.dg/ext/cleanup-9.C -std=gnu++11 (test for excess errors)
UNRESOLVED: g++.dg/ext/cleanup-9.C -std=gnu++11 compilation failed to produce executable
FAIL: g++.dg/init/array4.C -std=c++11 (test for excess errors)
FAIL: g++.dg/init/const9.C -std=c++98 scan-assembler-not rodata
FAIL: g++.dg/init/const9.C -std=c++11 scan-assembler-not rodata
FAIL: g++.dg/opt/nrv17.C -std=c++11 (test for excess errors)
UNRESOLVED: g++.dg/opt/nrv17.C -std=c++11 compilation failed to produce executable
FAIL: g++.dg/opt/pr15551.C -std=gnu++11 (test for excess errors)
UNRESOLVED: g++.dg/opt/pr15551.C -std=gnu++11 compilation failed to produce executable
FAIL: g++.dg/opt/pr30965.C -std=gnu++11 (test for excess errors)
UNRESOLVED: g++.dg/opt/pr30965.C -std=gnu++11 scan-tree-dump-times optimized ";; Function" 2
UNRESOLVED: g++.dg/opt/pr30965.C -std=gnu++11 scan-tree-dump-times optimized "variable_..D. = v_..D." 2
FAIL: g++.dg/other/profile1.C -std=gnu++11 (test for excess errors)
UNRESOLVED: g++.dg/other/profile1.C -std=gnu++11 compilation failed to produce executable
FAIL: g++.dg/parse/parse5.C -std=c++11 (test for excess errors)
FAIL: g++.dg/rtti/typeid4.C -std=gnu++11 (test for excess errors)
UNRESOLVED: g++.dg/rtti/typeid4.C -std=gnu++11 compilation failed to produce executable
FAIL: g++.dg/template/friend10.C -std=c++11 (test for excess errors)
UNRESOLVED: g++.dg/template/friend10.C -std=c++11 compilation failed to produce executable
FAIL: g++.dg/tree-ssa/inline-3.C -std=gnu++11 (test for excess errors)
UNRESOLVED: g++.dg/tree-ssa/inline-3.C -std=gnu++11 scan-tree-dump-times einline "Inlining void inline_me\\\\(" 1
UNRESOLVED: g++.dg/tree-ssa/inline-3.C -std=gnu++11 scan-tree-dump-times einline "Inlining void inline_me_too\\\\(" 1
FAIL: g++.dg/tree-ssa/pr14703.C -std=gnu++11 (test for excess errors)
UNRESOLVED: g++.dg/tree-ssa/pr14703.C -std=gnu++11 scan-tree-dump-not optimized "fibconst"
FAIL: g++.dg/warn/Wstrict-aliasing-bogus-escape.C -std=gnu++11 (test for excess errors)
FAIL: g++.dg/warn/string1.C -std=gnu++11 (test for warnings, line 17)
FAIL: g++.dg/warn/string1.C -std=gnu++11 (test for excess errors)
FAIL: g++.dg/gcov/gcov-14.C -std=gnu++11 (test for excess errors)
UNRESOLVED: g++.dg/gcov/gcov-14.C -std=gnu++11 compilation failed to produce executable
FAIL: g++.dg/gcov/gcov-14.C -std=gnu++11 gcov failed: gcov-14.C.gov does not exist
UNRESOLVED: attribute_plugin.c compilation, -I. -I/build/buildd-gcc-4.7_4.7.2-23-s390-AOswiY/gcc-4.7-4.7.2/src/gcc/testsuite -I/build/buildd-gcc-4.7_4.7.2-23-s390-AOswiY/gcc-4.7-4.7.2/src/gcc/testsuite/../../gcc -I/build/buildd-gcc-4.7_4.7.2-23-s390-AOswiY/gcc-4.7-4.7.2/build/gcc/testsuite/g++/../../../gcc -I/build/buildd-gcc-4.7_4.7.2-23-s390-AOswiY/gcc-4.7-4.7.2/src/gcc/testsuite/../../include -I/build/buildd-gcc-4.7_4.7.2-23-s390-AOswiY/gcc-4.7-4.7.2/src/gcc/testsuite/../../libcpp/include -I/build/buildd-gcc-4.7_4.7.2-23-s390-AOswiY/gcc-4.7-4.7.2/build/gcc/testsuite/g++/../../../intl -DIN_GCC -fPIC -shared
UNRESOLVED: pragma_plugin.c compilation, -I. -I/build/buildd-gcc-4.7_4.7.2-23-s390-AOswiY/gcc-4.7-4.7.2/src/gcc/testsuite -I/build/buildd-gcc-4.7_4.7.2-23-s390-AOswiY/gcc-4.7-4.7.2/src/gcc/testsuite/../../gcc -I/build/buildd-gcc-4.7_4.7.2-23-s390-AOswiY/gcc-4.7-4.7.2/build/gcc/testsuite/g++/../../../gcc -I/build/buildd-gcc-4.7_4.7.2-23-s390-AOswiY/gcc-4.7-4.7.2/src/gcc/testsuite/../../include -I/build/buildd-gcc-4.7_4.7.2-23-s390-AOswiY/gcc-4.7-4.7.2/src/gcc/testsuite/../../libcpp/include -I/build/buildd-gcc-4.7_4.7.2-23-s390-AOswiY/gcc-4.7-4.7.2/build/gcc/testsuite/g++/../../../intl -DIN_GCC -fPIC -shared
UNRESOLVED: selfassign.c compilation, -I. -I/build/buildd-gcc-4.7_4.7.2-23-s390-AOswiY/gcc-4.7-4.7.2/src/gcc/testsuite -I/build/buildd-gcc-4.7_4.7.2-23-s390-AOswiY/gcc-4.7-4.7.2/src/gcc/testsuite/../../gcc -I/build/buildd-gcc-4.7_4.7.2-23-s390-AOswiY/gcc-4.7-4.7.2/build/gcc/testsuite/g++/../../../gcc -I/build/buildd-gcc-4.7_4.7.2-23-s390-AOswiY/gcc-4.7-4.7.2/src/gcc/testsuite/../../include -I/build/buildd-gcc-4.7_4.7.2-23-s390-AOswiY/gcc-4.7-4.7.2/src/gcc/testsuite/../../libcpp/include -I/build/buildd-gcc-4.7_4.7.2-23-s390-AOswiY/gcc-4.7-4.7.2/build/gcc/testsuite/g++/../../../intl -O -DIN_GCC -fPIC -shared
UNRESOLVED: dumb_plugin.c compilation, -I. -I/build/buildd-gcc-4.7_4.7.2-23-s390-AOswiY/gcc-4.7-4.7.2/src/gcc/testsuite -I/build/buildd-gcc-4.7_4.7.2-23-s390-AOswiY/gcc-4.7-4.7.2/src/gcc/testsuite/../../gcc -I/build/buildd-gcc-4.7_4.7.2-23-s390-AOswiY/gcc-4.7-4.7.2/build/gcc/testsuite/g++/../../../gcc -I/build/buildd-gcc-4.7_4.7.2-23-s390-AOswiY/gcc-4.7-4.7.2/src/gcc/testsuite/../../include -I/build/buildd-gcc-4.7_4.7.2-23-s390-AOswiY/gcc-4.7-4.7.2/src/gcc/testsuite/../../libcpp/include -I/build/buildd-gcc-4.7_4.7.2-23-s390-AOswiY/gcc-4.7-4.7.2/build/gcc/testsuite/g++/../../../intl -DIN_GCC -fPIC -shared
UNRESOLVED: header_plugin.c compilation, -I. -I/build/buildd-gcc-4.7_4.7.2-23-s390-AOswiY/gcc-4.7-4.7.2/src/gcc/testsuite -I/build/buildd-gcc-4.7_4.7.2-23-s390-AOswiY/gcc-4.7-4.7.2/src/gcc/testsuite/../../gcc -I/build/buildd-gcc-4.7_4.7.2-23-s390-AOswiY/gcc-4.7-4.7.2/build/gcc/testsuite/g++/../../../gcc -I/build/buildd-gcc-4.7_4.7.2-23-s390-AOswiY/gcc-4.7-4.7.2/src/gcc/testsuite/../../include -I/build/buildd-gcc-4.7_4.7.2-23-s390-AOswiY/gcc-4.7-4.7.2/src/gcc/testsuite/../../libcpp/include -I/build/buildd-gcc-4.7_4.7.2-23-s390-AOswiY/gcc-4.7-4.7.2/build/gcc/testsuite/g++/../../../intl -DIN_GCC -fPIC -shared
UNRESOLVED: decl_plugin.c compilation, -I. -I/build/buildd-gcc-4.7_4.7.2-23-s390-AOswiY/gcc-4.7-4.7.2/src/gcc/testsuite -I/build/buildd-gcc-4.7_4.7.2-23-s390-AOswiY/gcc-4.7-4.7.2/src/gcc/testsuite/../../gcc -I/build/buildd-gcc-4.7_4.7.2-23-s390-AOswiY/gcc-4.7-4.7.2/build/gcc/testsuite/g++/../../../gcc -I/build/buildd-gcc-4.7_4.7.2-23-s390-AOswiY/gcc-4.7-4.7.2/src/gcc/testsuite/../../include -I/build/buildd-gcc-4.7_4.7.2-23-s390-AOswiY/gcc-4.7-4.7.2/src/gcc/testsuite/../../libcpp/include -I/build/buildd-gcc-4.7_4.7.2-23-s390-AOswiY/gcc-4.7-4.7.2/build/gcc/testsuite/g++/../../../intl -DIN_GCC -fPIC -shared
FAIL: g++.old-deja/g++.benjamin/15071.C -std=c++11 (test for excess errors)
UNRESOLVED: g++.old-deja/g++.benjamin/15071.C -std=c++11 compilation failed to produce executable
FAIL: g++.old-deja/g++.brendan/copy9.C -std=c++11 (test for excess errors)
UNRESOLVED: g++.old-deja/g++.brendan/copy9.C -std=c++11 compilation failed to produce executable
FAIL: g++.old-deja/g++.brendan/crash15.C -std=c++11 (test for excess errors)
FAIL: g++.old-deja/g++.brendan/crash20.C -std=c++11 (test for excess errors)
FAIL: g++.old-deja/g++.brendan/crash30.C -std=c++11 (test for excess errors)
FAIL: g++.old-deja/g++.brendan/crash38.C -std=c++11 (test for excess errors)
FAIL: g++.old-deja/g++.brendan/crash39.C -std=gnu++11 (test for excess errors)
FAIL: g++.old-deja/g++.brendan/crash49.C -std=c++11 (test for errors, line 8)
FAIL: g++.old-deja/g++.brendan/crash49.C -std=c++11 (test for excess errors)
FAIL: g++.old-deja/g++.brendan/crash52.C -std=gnu++11 (test for errors, line 8)
FAIL: g++.old-deja/g++.brendan/crash52.C -std=gnu++11 (test for errors, line 11)
FAIL: g++.old-deja/g++.brendan/crash52.C -std=gnu++11 (test for warnings, line 13)
FAIL: g++.old-deja/g++.brendan/crash52.C -std=gnu++11 (test for excess errors)
FAIL: g++.old-deja/g++.brendan/crash62.C -std=c++11 (test for errors, line 29)
FAIL: g++.old-deja/g++.brendan/crash62.C -std=c++11 (test for excess errors)
FAIL: g++.old-deja/g++.brendan/cvt1.C -std=c++11 (test for excess errors)
FAIL: g++.old-deja/g++.brendan/err-msg3.C -std=c++11 (test for excess errors)
FAIL: g++.old-deja/g++.brendan/nest21.C -std=c++11 (test for excess errors)
UNRESOLVED: g++.old-deja/g++.brendan/nest21.C -std=c++11 compilation failed to produce executable
FAIL: g++.old-deja/g++.brendan/ptolemy2.C -std=c++11 (test for excess errors)
UNRESOLVED: g++.old-deja/g++.brendan/ptolemy2.C -std=c++11 compilation failed to produce executable
FAIL: g++.old-deja/g++.jason/2371.C -std=gnu++11 (test for excess errors)
UNRESOLVED: g++.old-deja/g++.jason/2371.C -std=gnu++11 compilation failed to produce executable
FAIL: g++.old-deja/g++.jason/template24.C -std=c++11 (test for excess errors)
UNRESOLVED: g++.old-deja/g++.jason/template24.C -std=c++11 compilation failed to produce executable
FAIL: g++.old-deja/g++.jason/template31.C -std=c++11 (test for excess errors)
UNRESOLVED: g++.old-deja/g++.jason/template31.C -std=c++11 compilation failed to produce executable
FAIL: g++.old-deja/g++.jason/typeid1.C -std=c++11 (test for errors, line 11)
FAIL: g++.old-deja/g++.jason/typeid1.C -std=c++11 (test for excess errors)
FAIL: g++.old-deja/g++.law/arg1.C -std=c++11 (test for warnings, line 12)
FAIL: g++.old-deja/g++.law/arg1.C -std=c++11 (test for warnings, line 13)
FAIL: g++.old-deja/g++.law/arg1.C -std=c++11 (test for warnings, line 18)
FAIL: g++.old-deja/g++.law/arg1.C -std=c++11 (test for warnings, line 19)
FAIL: g++.old-deja/g++.law/arg1.C -std=c++11 (test for errors, line 27)
FAIL: g++.old-deja/g++.law/arg1.C -std=c++11 candidate note (test for warnings, line 27)
FAIL: g++.old-deja/g++.law/arg1.C -std=c++11 (test for errors, line 29)
FAIL: g++.old-deja/g++.law/arg1.C -std=c++11 candidate note (test for warnings, line 29)
FAIL: g++.old-deja/g++.law/arg1.C -std=c++11 (test for excess errors)
FAIL: g++.old-deja/g++.law/arg8.C -std=c++11 (test for excess errors)
UNRESOLVED: g++.old-deja/g++.law/arg8.C -std=c++11 compilation failed to produce executable
FAIL: g++.old-deja/g++.law/arm12.C -std=c++11 (test for errors, line 25)
FAIL: g++.old-deja/g++.law/arm12.C -std=c++11 (test for errors, line 35)
FAIL: g++.old-deja/g++.law/arm12.C -std=c++11 (test for excess errors)
FAIL: g++.old-deja/g++.law/arm9.C -std=c++11 (test for warnings, line 22)
FAIL: g++.old-deja/g++.law/arm9.C -std=c++11 (test for errors, line 26)
FAIL: g++.old-deja/g++.law/arm9.C -std=c++11 candidate note (test for warnings, line 26)
FAIL: g++.old-deja/g++.law/arm9.C -std=c++11 (test for excess errors)
FAIL: g++.old-deja/g++.law/bad-error7.C -std=c++11 (test for excess errors)
FAIL: g++.old-deja/g++.law/code-gen5.C -std=c++11 (test for excess errors)
UNRESOLVED: g++.old-deja/g++.law/code-gen5.C -std=c++11 compilation failed to produce executable
FAIL: g++.old-deja/g++.law/ctors10.C -std=c++11 (test for errors, line 21)
FAIL: g++.old-deja/g++.law/ctors10.C -std=c++11 (test for excess errors)
FAIL: g++.old-deja/g++.law/ctors12.C -std=c++11 (test for excess errors)
UNRESOLVED: g++.old-deja/g++.law/ctors12.C -std=c++11 compilation failed to produce executable
FAIL: g++.old-deja/g++.law/ctors13.C -std=c++11 (test for errors, line 6)
FAIL: g++.old-deja/g++.law/ctors13.C -std=c++11 (test for errors, line 10)
FAIL: g++.old-deja/g++.law/ctors13.C -std=c++11 (test for excess errors)
FAIL: g++.old-deja/g++.law/ctors17.C -std=c++11 (test for warnings, line 16)
FAIL: g++.old-deja/g++.law/ctors17.C -std=c++11 (test for errors, line 22)
FAIL: g++.old-deja/g++.law/ctors17.C -std=c++11 candidate note (test for warnings, line 22)
FAIL: g++.old-deja/g++.law/ctors17.C -std=c++11 (test for excess errors)
FAIL: g++.old-deja/g++.law/ctors6.C -std=c++11 (test for excess errors)
FAIL: g++.old-deja/g++.law/cvt16.C -std=c++11 (test for excess errors)
FAIL: g++.old-deja/g++.law/cvt2.C -std=c++11 (test for excess errors)
UNRESOLVED: g++.old-deja/g++.law/cvt2.C -std=c++11 compilation failed to produce executable
FAIL: g++.old-deja/g++.law/except5.C -std=gnu++11 (test for excess errors)
FAIL: g++.old-deja/g++.law/missed-error2.C -std=c++11 (test for warnings, line 17)
FAIL: g++.old-deja/g++.law/missed-error2.C -std=c++11 extra ; (test for errors, line 17)
FAIL: g++.old-deja/g++.law/missed-error2.C -std=c++11 (test for warnings, line 19)
FAIL: g++.old-deja/g++.law/missed-error2.C -std=c++11 extra ; (test for errors, line 19)
FAIL: g++.old-deja/g++.law/missed-error2.C -std=c++11 (test for errors, line 23)
FAIL: g++.old-deja/g++.law/missed-error2.C -std=c++11 (test for errors, line 34)
FAIL: g++.old-deja/g++.law/missed-error2.C -std=c++11 candidate note (test for warnings, line 34)
FAIL: g++.old-deja/g++.law/missed-error2.C -std=c++11 (test for excess errors)
FAIL: g++.old-deja/g++.law/nest3.C -std=c++11 (test for excess errors)
FAIL: g++.old-deja/g++.law/operators32.C -std=c++11 (test for excess errors)
FAIL: g++.old-deja/g++.law/operators4.C -std=c++11 (test for errors, line 18)
FAIL: g++.old-deja/g++.law/operators4.C -std=c++11 (test for excess errors)
FAIL: g++.old-deja/g++.law/vbase1.C -std=c++11 (test for excess errors)
FAIL: g++.old-deja/g++.law/virtual3.C -std=c++11 (test for excess errors)
UNRESOLVED: g++.old-deja/g++.law/virtual3.C -std=c++11 compilation failed to produce executable
FAIL: g++.old-deja/g++.law/visibility1.C -std=c++11 (test for excess errors)
FAIL: g++.old-deja/g++.law/visibility10.C -std=c++11 (test for errors, line 13)
FAIL: g++.old-deja/g++.law/visibility10.C -std=c++11 (test for excess errors)
FAIL: g++.old-deja/g++.law/visibility13.C -std=c++11 (test for errors, line 19)
FAIL: g++.old-deja/g++.law/visibility13.C -std=c++11 (test for errors, line 79)
FAIL: g++.old-deja/g++.law/visibility13.C -std=c++11 (test for errors, line 80)
FAIL: g++.old-deja/g++.law/visibility13.C -std=c++11 (test for excess errors)
FAIL: g++.old-deja/g++.law/visibility17.C -std=c++11 (test for errors, line 34)
FAIL: g++.old-deja/g++.law/visibility17.C -std=c++11 (test for errors, line 39)
FAIL: g++.old-deja/g++.law/visibility17.C -std=c++11 (test for errors, line 45)
FAIL: g++.old-deja/g++.law/visibility17.C -std=c++11 (test for errors, line 50)
FAIL: g++.old-deja/g++.law/visibility17.C -std=c++11 (test for excess errors)
FAIL: g++.old-deja/g++.law/visibility2.C -std=c++11 (test for excess errors)
FAIL: g++.old-deja/g++.law/visibility22.C -std=c++11 (test for warnings, line 22)
FAIL: g++.old-deja/g++.law/visibility22.C -std=c++11 (test for warnings, line 24)
FAIL: g++.old-deja/g++.law/visibility22.C -std=c++11 (test for excess errors)
FAIL: g++.old-deja/g++.law/visibility25.C -std=c++11 (test for excess errors)
FAIL: g++.old-deja/g++.law/visibility7.C -std=c++11 (test for errors, line 18)
FAIL: g++.old-deja/g++.law/visibility7.C -std=c++11 (test for errors, line 20)
FAIL: g++.old-deja/g++.law/visibility7.C -std=c++11 (test for errors, line 56)
FAIL: g++.old-deja/g++.law/visibility7.C -std=c++11 (test for errors, line 58)
FAIL: g++.old-deja/g++.law/visibility7.C -std=c++11 (test for excess errors)
FAIL: g++.old-deja/g++.martin/bitset1.C -std=c++11 (test for excess errors)
UNRESOLVED: g++.old-deja/g++.martin/bitset1.C -std=c++11 compilation failed to produce executable
FAIL: g++.old-deja/g++.mike/dyncast7.C -std=gnu++11 (test for excess errors)
UNRESOLVED: g++.old-deja/g++.mike/dyncast7.C -std=gnu++11 compilation failed to produce executable
FAIL: g++.old-deja/g++.mike/eh13.C -std=gnu++11 (test for excess errors)
UNRESOLVED: g++.old-deja/g++.mike/eh13.C -std=gnu++11 compilation failed to produce executable
FAIL: g++.old-deja/g++.mike/eh2.C -std=gnu++11 (test for excess errors)
UNRESOLVED: g++.old-deja/g++.mike/eh2.C -std=gnu++11 compilation failed to produce executable
FAIL: g++.old-deja/g++.mike/net34.C -std=gnu++11 (test for excess errors)
UNRESOLVED: g++.old-deja/g++.mike/net34.C -std=gnu++11 compilation failed to produce executable
FAIL: g++.old-deja/g++.mike/net46.C -std=c++11 (test for excess errors)
UNRESOLVED: g++.old-deja/g++.mike/net46.C -std=c++11 compilation failed to produce executable
FAIL: g++.old-deja/g++.mike/p658.C -std=c++11 (test for excess errors)
UNRESOLVED: g++.old-deja/g++.mike/p658.C -std=c++11 compilation failed to produce executable
FAIL: g++.old-deja/g++.mike/rtti1.C -std=c++11 (test for excess errors)
FAIL: g++.old-deja/g++.other/defarg6.C -std=c++11 (test for excess errors)
FAIL: g++.old-deja/g++.other/headers1.C -std=c++98 (test for excess errors)
UNRESOLVED: g++.old-deja/g++.other/headers1.C -std=c++98 compilation failed to produce executable
FAIL: g++.old-deja/g++.other/headers1.C -std=c++11 (test for excess errors)
UNRESOLVED: g++.old-deja/g++.other/headers1.C -std=c++11 compilation failed to produce executable
FAIL: g++.old-deja/g++.other/inline14.C -std=c++11 (test for excess errors)
FAIL: g++.old-deja/g++.other/sibcall1.C -std=gnu++11 (test for excess errors)
UNRESOLVED: g++.old-deja/g++.other/sibcall1.C -std=gnu++11 compilation failed to produce executable
FAIL: g++.old-deja/g++.other/unchanging1.C -std=gnu++11 (test for excess errors)
UNRESOLVED: g++.old-deja/g++.other/unchanging1.C -std=gnu++11 compilation failed to produce executable
FAIL: g++.old-deja/g++.pt/crash68.C -std=c++11 (test for excess errors)
FAIL: g++.old-deja/g++.pt/instantiate10.C -std=c++11 (test for excess errors)
FAIL: g++.old-deja/g++.pt/memtemp100.C -std=gnu++11 (test for excess errors)
FAIL: g++.old-deja/g++.robertl/eb109.C -std=c++11 (test for warnings, line 22)
FAIL: g++.old-deja/g++.robertl/eb109.C -std=c++11 (test for errors, line 45)
FAIL: g++.old-deja/g++.robertl/eb109.C -std=c++11 (test for errors, line 47)
FAIL: g++.old-deja/g++.robertl/eb109.C -std=c++11 (test for errors, line 51)
FAIL: g++.old-deja/g++.robertl/eb109.C -std=c++11 (test for errors, line 52)
FAIL: g++.old-deja/g++.robertl/eb109.C -std=c++11 (test for errors, line 56)
FAIL: g++.old-deja/g++.robertl/eb109.C -std=c++11 (test for errors, line 68)
FAIL: g++.old-deja/g++.robertl/eb109.C -std=c++11 candidate note (test for warnings, line 68)
FAIL: g++.old-deja/g++.robertl/eb109.C -std=c++11 (test for excess errors)
FAIL: g++.old-deja/g++.robertl/eb113.C -std=c++11 (test for excess errors)
FAIL: g++.old-deja/g++.robertl/eb115.C -std=gnu++11 (test for excess errors)
UNRESOLVED: g++.old-deja/g++.robertl/eb115.C -std=gnu++11 compilation failed to produce executable
FAIL: g++.old-deja/g++.robertl/eb124.C -std=c++11 (test for excess errors)
FAIL: g++.old-deja/g++.robertl/eb127.C -std=c++11 (test for errors, line 51)
FAIL: g++.old-deja/g++.robertl/eb127.C -std=c++11 (test for excess errors)
FAIL: g++.old-deja/g++.robertl/eb129.C -std=c++11 (test for errors, line 20)
FAIL: g++.old-deja/g++.robertl/eb129.C -std=c++11 (test for excess errors)
FAIL: g++.old-deja/g++.robertl/eb129a.C -std=c++11 (test for errors, line 19)
FAIL: g++.old-deja/g++.robertl/eb129a.C -std=c++11 (test for excess errors)
FAIL: g++.old-deja/g++.robertl/eb130.C -std=gnu++11 (test for excess errors)
FAIL: g++.old-deja/g++.robertl/eb132.C -std=gnu++11 (test for excess errors)
FAIL: g++.old-deja/g++.robertl/eb15.C -std=c++11 (test for excess errors)
FAIL: g++.old-deja/g++.robertl/eb21.C -std=c++11 (test for excess errors)
UNRESOLVED: g++.old-deja/g++.robertl/eb21.C -std=c++11 compilation failed to produce executable
FAIL: g++.old-deja/g++.robertl/eb24.C -std=c++11 (test for excess errors)
FAIL: g++.old-deja/g++.robertl/eb27.C -std=gnu++11 (test for errors, line 32)
FAIL: g++.old-deja/g++.robertl/eb27.C -std=gnu++11 (test for errors, line 33)
FAIL: g++.old-deja/g++.robertl/eb27.C -std=gnu++11 (test for excess errors)
FAIL: g++.old-deja/g++.robertl/eb3.C -std=c++11 (test for excess errors)
FAIL: g++.old-deja/g++.robertl/eb30.C -std=c++11 (test for excess errors)
FAIL: g++.old-deja/g++.robertl/eb31.C -std=c++11 (test for excess errors)
UNRESOLVED: g++.old-deja/g++.robertl/eb31.C -std=c++11 compilation failed to produce executable
FAIL: g++.old-deja/g++.robertl/eb33.C -std=c++11 (test for excess errors)
UNRESOLVED: g++.old-deja/g++.robertl/eb33.C -std=c++11 compilation failed to produce executable
FAIL: g++.old-deja/g++.robertl/eb39.C -std=c++11 (test for excess errors)
FAIL: g++.old-deja/g++.robertl/eb4.C -std=c++11 (test for warnings, line 10)
FAIL: g++.old-deja/g++.robertl/eb4.C -std=c++11 (test for warnings, line 19)
FAIL: g++.old-deja/g++.robertl/eb4.C -std=c++11 type (test for errors, line 33)
FAIL: g++.old-deja/g++.robertl/eb4.C -std=c++11 exp (test for errors, line 33)
FAIL: g++.old-deja/g++.robertl/eb4.C -std=c++11 (test for errors, line 42)
FAIL: g++.old-deja/g++.robertl/eb4.C -std=c++11 (test for errors, line 43)
FAIL: g++.old-deja/g++.robertl/eb4.C -std=c++11 (test for errors, line 48)
FAIL: g++.old-deja/g++.robertl/eb4.C -std=c++11 (test for excess errors)
FAIL: g++.old-deja/g++.robertl/eb41.C -std=c++11 (test for excess errors)
UNRESOLVED: g++.old-deja/g++.robertl/eb41.C -std=c++11 compilation failed to produce executable
FAIL: g++.old-deja/g++.robertl/eb43.C -std=c++11 (test for errors, line 33)
FAIL: g++.old-deja/g++.robertl/eb43.C -std=c++11 (test for excess errors)
FAIL: g++.old-deja/g++.robertl/eb44.C -std=c++11 warn (test for warnings, line 17)
FAIL: g++.old-deja/g++.robertl/eb44.C -std=c++11 note (test for warnings, line 17)
FAIL: g++.old-deja/g++.robertl/eb44.C -std=c++11 (test for excess errors)
FAIL: g++.old-deja/g++.robertl/eb46.C -std=c++11 (test for excess errors)
UNRESOLVED: g++.old-deja/g++.robertl/eb46.C -std=c++11 compilation failed to produce executable
FAIL: g++.old-deja/g++.robertl/eb54.C -std=c++11 (test for excess errors)
UNRESOLVED: g++.old-deja/g++.robertl/eb54.C -std=c++11 compilation failed to produce executable
FAIL: g++.old-deja/g++.robertl/eb55.C -std=c++11 (test for errors, line 10)
FAIL: g++.old-deja/g++.robertl/eb55.C -std=c++11 (test for excess errors)
FAIL: g++.old-deja/g++.robertl/eb60.C -std=c++11 (test for excess errors)
FAIL: g++.old-deja/g++.robertl/eb65.C -std=c++11 (test for excess errors)
UNRESOLVED: g++.old-deja/g++.robertl/eb65.C -std=c++11 compilation failed to produce executable
FAIL: g++.old-deja/g++.robertl/eb66.C -std=c++11 (test for excess errors)
UNRESOLVED: g++.old-deja/g++.robertl/eb66.C -std=c++11 compilation failed to produce executable
FAIL: g++.old-deja/g++.robertl/eb73.C -std=gnu++11 (test for excess errors)
UNRESOLVED: g++.old-deja/g++.robertl/eb73.C -std=gnu++11 compilation failed to produce executable
FAIL: g++.old-deja/g++.robertl/eb77.C -std=c++11 (test for excess errors)
UNRESOLVED: g++.old-deja/g++.robertl/eb77.C -std=c++11 compilation failed to produce executable
FAIL: g++.old-deja/g++.robertl/eb79.C -std=c++11 (test for errors, line 21)
FAIL: g++.old-deja/g++.robertl/eb79.C -std=c++11 (test for errors, line 30)
FAIL: g++.old-deja/g++.robertl/eb79.C -std=c++11 (test for errors, line 31)
FAIL: g++.old-deja/g++.robertl/eb79.C -std=c++11 (test for excess errors)
FAIL: g++.old-deja/g++.robertl/eb91.C -std=c++11 (test for excess errors)
UNRESOLVED: g++.old-deja/g++.robertl/eb91.C -std=c++11 compilation failed to produce executable
FAIL: g++.old-deja/g++.warn/iomanip.C -std=gnu++11 (test for excess errors)
=== g++ Summary for unix/-m64 ===
# of expected passes 48139
# of unexpected failures 213
# of expected failures 286
# of unresolved testcases 102
# of unsupported tests 666
=== g++ Summary ===
# of expected passes 142565
# of unexpected failures 213
# of expected failures 858
# of unresolved testcases 114
# of unsupported tests 2012
/build/buildd-gcc-4.7_4.7.2-23-s390-AOswiY/gcc-4.7-4.7.2/build/gcc/testsuite/g++/../../g++ version 4.7.2 (Debian 4.7.2-23)
=== gcc tests ===
Running target unix
FAIL: gcc.dg/c99-stdint-1.c (test for excess errors)
FAIL: gcc.dg/uninit-13.c unconditional (test for warnings, line 8)
FAIL: gcc.dg/uninit-13.c (test for excess errors)
UNRESOLVED: selfassign.c compilation, -I. -I/build/buildd-gcc-4.7_4.7.2-23-s390-AOswiY/gcc-4.7-4.7.2/src/gcc/testsuite -I/build/buildd-gcc-4.7_4.7.2-23-s390-AOswiY/gcc-4.7-4.7.2/src/gcc/testsuite/../../gcc -I/build/buildd-gcc-4.7_4.7.2-23-s390-AOswiY/gcc-4.7-4.7.2/build/gcc/testsuite/gcc/../../../gcc -I/build/buildd-gcc-4.7_4.7.2-23-s390-AOswiY/gcc-4.7-4.7.2/src/gcc/testsuite/../../include -I/build/buildd-gcc-4.7_4.7.2-23-s390-AOswiY/gcc-4.7-4.7.2/src/gcc/testsuite/../../libcpp/include -I/build/buildd-gcc-4.7_4.7.2-23-s390-AOswiY/gcc-4.7-4.7.2/build/gcc/testsuite/gcc/../../../intl -O -DIN_GCC -fPIC -shared
UNRESOLVED: ggcplug.c compilation, -I. -I/build/buildd-gcc-4.7_4.7.2-23-s390-AOswiY/gcc-4.7-4.7.2/src/gcc/testsuite -I/build/buildd-gcc-4.7_4.7.2-23-s390-AOswiY/gcc-4.7-4.7.2/src/gcc/testsuite/../../gcc -I/build/buildd-gcc-4.7_4.7.2-23-s390-AOswiY/gcc-4.7-4.7.2/build/gcc/testsuite/gcc/../../../gcc -I/build/buildd-gcc-4.7_4.7.2-23-s390-AOswiY/gcc-4.7-4.7.2/src/gcc/testsuite/../../include -I/build/buildd-gcc-4.7_4.7.2-23-s390-AOswiY/gcc-4.7-4.7.2/src/gcc/testsuite/../../libcpp/include -I/build/buildd-gcc-4.7_4.7.2-23-s390-AOswiY/gcc-4.7-4.7.2/build/gcc/testsuite/gcc/../../../intl -O -DIN_GCC -fPIC -shared
UNRESOLVED: one_time_plugin.c compilation, -I. -I/build/buildd-gcc-4.7_4.7.2-23-s390-AOswiY/gcc-4.7-4.7.2/src/gcc/testsuite -I/build/buildd-gcc-4.7_4.7.2-23-s390-AOswiY/gcc-4.7-4.7.2/src/gcc/testsuite/../../gcc -I/build/buildd-gcc-4.7_4.7.2-23-s390-AOswiY/gcc-4.7-4.7.2/build/gcc/testsuite/gcc/../../../gcc -I/build/buildd-gcc-4.7_4.7.2-23-s390-AOswiY/gcc-4.7-4.7.2/src/gcc/testsuite/../../include -I/build/buildd-gcc-4.7_4.7.2-23-s390-AOswiY/gcc-4.7-4.7.2/src/gcc/testsuite/../../libcpp/include -I/build/buildd-gcc-4.7_4.7.2-23-s390-AOswiY/gcc-4.7-4.7.2/build/gcc/testsuite/gcc/../../../intl -DIN_GCC -fPIC -shared
UNRESOLVED: start_unit_plugin.c compilation, -I. -I/build/buildd-gcc-4.7_4.7.2-23-s390-AOswiY/gcc-4.7-4.7.2/src/gcc/testsuite -I/build/buildd-gcc-4.7_4.7.2-23-s390-AOswiY/gcc-4.7-4.7.2/src/gcc/testsuite/../../gcc -I/build/buildd-gcc-4.7_4.7.2-23-s390-AOswiY/gcc-4.7-4.7.2/build/gcc/testsuite/gcc/../../../gcc -I/build/buildd-gcc-4.7_4.7.2-23-s390-AOswiY/gcc-4.7-4.7.2/src/gcc/testsuite/../../include -I/build/buildd-gcc-4.7_4.7.2-23-s390-AOswiY/gcc-4.7-4.7.2/src/gcc/testsuite/../../libcpp/include -I/build/buildd-gcc-4.7_4.7.2-23-s390-AOswiY/gcc-4.7-4.7.2/build/gcc/testsuite/gcc/../../../intl -DIN_GCC -fPIC -shared
UNRESOLVED: finish_unit_plugin.c compilation, -I. -I/build/buildd-gcc-4.7_4.7.2-23-s390-AOswiY/gcc-4.7-4.7.2/src/gcc/testsuite -I/build/buildd-gcc-4.7_4.7.2-23-s390-AOswiY/gcc-4.7-4.7.2/src/gcc/testsuite/../../gcc -I/build/buildd-gcc-4.7_4.7.2-23-s390-AOswiY/gcc-4.7-4.7.2/build/gcc/testsuite/gcc/../../../gcc -I/build/buildd-gcc-4.7_4.7.2-23-s390-AOswiY/gcc-4.7-4.7.2/src/gcc/testsuite/../../include -I/build/buildd-gcc-4.7_4.7.2-23-s390-AOswiY/gcc-4.7-4.7.2/src/gcc/testsuite/../../libcpp/include -I/build/buildd-gcc-4.7_4.7.2-23-s390-AOswiY/gcc-4.7-4.7.2/build/gcc/testsuite/gcc/../../../intl -DIN_GCC -fPIC -shared
FAIL: gcc.dg/torture/tls/run-gd.c -O0 (test for excess errors)
FAIL: gcc.dg/torture/tls/run-gd.c -O0 execution test
FAIL: gcc.dg/torture/tls/run-gd.c -O1 (test for excess errors)
FAIL: gcc.dg/torture/tls/run-gd.c -O2 (test for excess errors)
FAIL: gcc.dg/torture/tls/run-gd.c -O3 -fomit-frame-pointer (test for excess errors)
FAIL: gcc.dg/torture/tls/run-gd.c -O3 -g (test for excess errors)
FAIL: gcc.dg/torture/tls/run-gd.c -Os (test for excess errors)
FAIL: gcc.dg/torture/tls/run-gd.c -O2 -flto -fno-use-linker-plugin -flto-partition=none (test for excess errors)
FAIL: gcc.dg/torture/tls/run-ld.c -O0 (test for excess errors)
FAIL: gcc.dg/torture/tls/run-ld.c -O0 execution test
FAIL: gcc.dg/torture/tls/run-ld.c -O1 (test for excess errors)
FAIL: gcc.dg/torture/tls/run-ld.c -O1 execution test
FAIL: gcc.dg/torture/tls/run-ld.c -O2 (test for excess errors)
FAIL: gcc.dg/torture/tls/run-ld.c -O2 execution test
FAIL: gcc.dg/torture/tls/run-ld.c -O3 -fomit-frame-pointer (test for excess errors)
FAIL: gcc.dg/torture/tls/run-ld.c -O3 -fomit-frame-pointer execution test
FAIL: gcc.dg/torture/tls/run-ld.c -O3 -g (test for excess errors)
FAIL: gcc.dg/torture/tls/run-ld.c -O3 -g execution test
FAIL: gcc.dg/torture/tls/run-ld.c -Os (test for excess errors)
FAIL: gcc.dg/torture/tls/run-ld.c -Os execution test
FAIL: gcc.dg/torture/tls/run-ld.c -O2 -flto -fno-use-linker-plugin -flto-partition=none (test for excess errors)
FAIL: gcc.dg/torture/tls/run-ld.c -O2 -flto -fno-use-linker-plugin -flto-partition=none execution test
XPASS: gcc.dg/tree-ssa/20040204-1.c scan-tree-dump-times optimized "link_error" 0
=== gcc Summary for unix ===
# of expected passes 74896
# of unexpected failures 25
# of unexpected successes 1
# of expected failures 112
# of unresolved testcases 5
# of unsupported tests 1182
Running target unix/-fstack-protector
FAIL: gcc.dg/c99-stdint-1.c (test for excess errors)
FAIL: gcc.dg/uninit-13.c unconditional (test for warnings, line 8)
FAIL: gcc.dg/uninit-13.c (test for excess errors)
UNRESOLVED: selfassign.c compilation, -I. -I/build/buildd-gcc-4.7_4.7.2-23-s390-AOswiY/gcc-4.7-4.7.2/src/gcc/testsuite -I/build/buildd-gcc-4.7_4.7.2-23-s390-AOswiY/gcc-4.7-4.7.2/src/gcc/testsuite/../../gcc -I/build/buildd-gcc-4.7_4.7.2-23-s390-AOswiY/gcc-4.7-4.7.2/build/gcc/testsuite/gcc/../../../gcc -I/build/buildd-gcc-4.7_4.7.2-23-s390-AOswiY/gcc-4.7-4.7.2/src/gcc/testsuite/../../include -I/build/buildd-gcc-4.7_4.7.2-23-s390-AOswiY/gcc-4.7-4.7.2/src/gcc/testsuite/../../libcpp/include -I/build/buildd-gcc-4.7_4.7.2-23-s390-AOswiY/gcc-4.7-4.7.2/build/gcc/testsuite/gcc/../../../intl -O -DIN_GCC -fPIC -shared
UNRESOLVED: ggcplug.c compilation, -I. -I/build/buildd-gcc-4.7_4.7.2-23-s390-AOswiY/gcc-4.7-4.7.2/src/gcc/testsuite -I/build/buildd-gcc-4.7_4.7.2-23-s390-AOswiY/gcc-4.7-4.7.2/src/gcc/testsuite/../../gcc -I/build/buildd-gcc-4.7_4.7.2-23-s390-AOswiY/gcc-4.7-4.7.2/build/gcc/testsuite/gcc/../../../gcc -I/build/buildd-gcc-4.7_4.7.2-23-s390-AOswiY/gcc-4.7-4.7.2/src/gcc/testsuite/../../include -I/build/buildd-gcc-4.7_4.7.2-23-s390-AOswiY/gcc-4.7-4.7.2/src/gcc/testsuite/../../libcpp/include -I/build/buildd-gcc-4.7_4.7.2-23-s390-AOswiY/gcc-4.7-4.7.2/build/gcc/testsuite/gcc/../../../intl -O -DIN_GCC -fPIC -shared
UNRESOLVED: one_time_plugin.c compilation, -I. -I/build/buildd-gcc-4.7_4.7.2-23-s390-AOswiY/gcc-4.7-4.7.2/src/gcc/testsuite -I/build/buildd-gcc-4.7_4.7.2-23-s390-AOswiY/gcc-4.7-4.7.2/src/gcc/testsuite/../../gcc -I/build/buildd-gcc-4.7_4.7.2-23-s390-AOswiY/gcc-4.7-4.7.2/build/gcc/testsuite/gcc/../../../gcc -I/build/buildd-gcc-4.7_4.7.2-23-s390-AOswiY/gcc-4.7-4.7.2/src/gcc/testsuite/../../include -I/build/buildd-gcc-4.7_4.7.2-23-s390-AOswiY/gcc-4.7-4.7.2/src/gcc/testsuite/../../libcpp/include -I/build/buildd-gcc-4.7_4.7.2-23-s390-AOswiY/gcc-4.7-4.7.2/build/gcc/testsuite/gcc/../../../intl -DIN_GCC -fPIC -shared
UNRESOLVED: start_unit_plugin.c compilation, -I. -I/build/buildd-gcc-4.7_4.7.2-23-s390-AOswiY/gcc-4.7-4.7.2/src/gcc/testsuite -I/build/buildd-gcc-4.7_4.7.2-23-s390-AOswiY/gcc-4.7-4.7.2/src/gcc/testsuite/../../gcc -I/build/buildd-gcc-4.7_4.7.2-23-s390-AOswiY/gcc-4.7-4.7.2/build/gcc/testsuite/gcc/../../../gcc -I/build/buildd-gcc-4.7_4.7.2-23-s390-AOswiY/gcc-4.7-4.7.2/src/gcc/testsuite/../../include -I/build/buildd-gcc-4.7_4.7.2-23-s390-AOswiY/gcc-4.7-4.7.2/src/gcc/testsuite/../../libcpp/include -I/build/buildd-gcc-4.7_4.7.2-23-s390-AOswiY/gcc-4.7-4.7.2/build/gcc/testsuite/gcc/../../../intl -DIN_GCC -fPIC -shared
UNRESOLVED: finish_unit_plugin.c compilation, -I. -I/build/buildd-gcc-4.7_4.7.2-23-s390-AOswiY/gcc-4.7-4.7.2/src/gcc/testsuite -I/build/buildd-gcc-4.7_4.7.2-23-s390-AOswiY/gcc-4.7-4.7.2/src/gcc/testsuite/../../gcc -I/build/buildd-gcc-4.7_4.7.2-23-s390-AOswiY/gcc-4.7-4.7.2/build/gcc/testsuite/gcc/../../../gcc -I/build/buildd-gcc-4.7_4.7.2-23-s390-AOswiY/gcc-4.7-4.7.2/src/gcc/testsuite/../../include -I/build/buildd-gcc-4.7_4.7.2-23-s390-AOswiY/gcc-4.7-4.7.2/src/gcc/testsuite/../../libcpp/include -I/build/buildd-gcc-4.7_4.7.2-23-s390-AOswiY/gcc-4.7-4.7.2/build/gcc/testsuite/gcc/../../../intl -DIN_GCC -fPIC -shared
FAIL: gcc.dg/torture/tls/run-gd.c -O0 (test for excess errors)
FAIL: gcc.dg/torture/tls/run-gd.c -O0 execution test
FAIL: gcc.dg/torture/tls/run-gd.c -O1 (test for excess errors)
FAIL: gcc.dg/torture/tls/run-gd.c -O2 (test for excess errors)
FAIL: gcc.dg/torture/tls/run-gd.c -O3 -fomit-frame-pointer (test for excess errors)
FAIL: gcc.dg/torture/tls/run-gd.c -O3 -g (test for excess errors)
FAIL: gcc.dg/torture/tls/run-gd.c -Os (test for excess errors)
FAIL: gcc.dg/torture/tls/run-gd.c -O2 -flto -fno-use-linker-plugin -flto-partition=none (test for excess errors)
FAIL: gcc.dg/torture/tls/run-ld.c -O0 (test for excess errors)
FAIL: gcc.dg/torture/tls/run-ld.c -O0 execution test
FAIL: gcc.dg/torture/tls/run-ld.c -O1 (test for excess errors)
FAIL: gcc.dg/torture/tls/run-ld.c -O1 execution test
FAIL: gcc.dg/torture/tls/run-ld.c -O2 (test for excess errors)
FAIL: gcc.dg/torture/tls/run-ld.c -O2 execution test
FAIL: gcc.dg/torture/tls/run-ld.c -O3 -fomit-frame-pointer (test for excess errors)
FAIL: gcc.dg/torture/tls/run-ld.c -O3 -fomit-frame-pointer execution test
FAIL: gcc.dg/torture/tls/run-ld.c -O3 -g (test for excess errors)
FAIL: gcc.dg/torture/tls/run-ld.c -O3 -g execution test
FAIL: gcc.dg/torture/tls/run-ld.c -Os (test for excess errors)
FAIL: gcc.dg/torture/tls/run-ld.c -Os execution test
FAIL: gcc.dg/torture/tls/run-ld.c -O2 -flto -fno-use-linker-plugin -flto-partition=none (test for excess errors)
FAIL: gcc.dg/torture/tls/run-ld.c -O2 -flto -fno-use-linker-plugin -flto-partition=none execution test
XPASS: gcc.dg/tree-ssa/20040204-1.c scan-tree-dump-times optimized "link_error" 0
=== gcc Summary for unix/-fstack-protector ===
# of expected passes 74896
# of unexpected failures 25
# of unexpected successes 1
# of expected failures 112
# of unresolved testcases 5
# of unsupported tests 1182
Running target unix/-m64
FAIL: gcc.c-torture/execute/20101011-1.c compilation, -O0
UNRESOLVED: gcc.c-torture/execute/20101011-1.c execution, -O0
FAIL: gcc.c-torture/execute/20101011-1.c compilation, -O1
UNRESOLVED: gcc.c-torture/execute/20101011-1.c execution, -O1
FAIL: gcc.c-torture/execute/20101011-1.c compilation, -O2
UNRESOLVED: gcc.c-torture/execute/20101011-1.c execution, -O2
FAIL: gcc.c-torture/execute/20101011-1.c compilation, -O3 -fomit-frame-pointer
UNRESOLVED: gcc.c-torture/execute/20101011-1.c execution, -O3 -fomit-frame-pointer
FAIL: gcc.c-torture/execute/20101011-1.c compilation, -O3 -g
UNRESOLVED: gcc.c-torture/execute/20101011-1.c execution, -O3 -g
FAIL: gcc.c-torture/execute/20101011-1.c compilation, -Os
UNRESOLVED: gcc.c-torture/execute/20101011-1.c execution, -Os
FAIL: gcc.c-torture/execute/20101011-1.c compilation, -O2 -flto -fno-use-linker-plugin -flto-partition=none
UNRESOLVED: gcc.c-torture/execute/20101011-1.c execution, -O2 -flto -fno-use-linker-plugin -flto-partition=none
FAIL: gcc.c-torture/execute/20101011-1.c compilation, -O2 -flto -fuse-linker-plugin -fno-fat-lto-objects
UNRESOLVED: gcc.c-torture/execute/20101011-1.c execution, -O2 -flto -fuse-linker-plugin -fno-fat-lto-objects
FAIL: gcc.c-torture/execute/ieee/fp-cmp-1.c compilation, -O0
UNRESOLVED: gcc.c-torture/execute/ieee/fp-cmp-1.c execution, -O0
FAIL: gcc.c-torture/execute/ieee/fp-cmp-1.c compilation, -O1
UNRESOLVED: gcc.c-torture/execute/ieee/fp-cmp-1.c execution, -O1
FAIL: gcc.c-torture/execute/ieee/fp-cmp-1.c compilation, -O2
UNRESOLVED: gcc.c-torture/execute/ieee/fp-cmp-1.c execution, -O2
FAIL: gcc.c-torture/execute/ieee/fp-cmp-1.c compilation, -O3 -fomit-frame-pointer
UNRESOLVED: gcc.c-torture/execute/ieee/fp-cmp-1.c execution, -O3 -fomit-frame-pointer
FAIL: gcc.c-torture/execute/ieee/fp-cmp-1.c compilation, -O3 -fomit-frame-pointer -funroll-loops
UNRESOLVED: gcc.c-torture/execute/ieee/fp-cmp-1.c execution, -O3 -fomit-frame-pointer -funroll-loops
FAIL: gcc.c-torture/execute/ieee/fp-cmp-1.c compilation, -O3 -fomit-frame-pointer -funroll-all-loops -finline-functions
UNRESOLVED: gcc.c-torture/execute/ieee/fp-cmp-1.c execution, -O3 -fomit-frame-pointer -funroll-all-loops -finline-functions
FAIL: gcc.c-torture/execute/ieee/fp-cmp-1.c compilation, -O3 -g
UNRESOLVED: gcc.c-torture/execute/ieee/fp-cmp-1.c execution, -O3 -g
FAIL: gcc.c-torture/execute/ieee/fp-cmp-1.c compilation, -Os
UNRESOLVED: gcc.c-torture/execute/ieee/fp-cmp-1.c execution, -Os
FAIL: gcc.c-torture/execute/ieee/fp-cmp-1.c compilation, -O2 -flto -fno-use-linker-plugin -flto-partition=none
UNRESOLVED: gcc.c-torture/execute/ieee/fp-cmp-1.c execution, -O2 -flto -fno-use-linker-plugin -flto-partition=none
FAIL: gcc.c-torture/execute/ieee/fp-cmp-1.c compilation, -O2 -flto -fuse-linker-plugin -fno-fat-lto-objects
UNRESOLVED: gcc.c-torture/execute/ieee/fp-cmp-1.c execution, -O2 -flto -fuse-linker-plugin -fno-fat-lto-objects
FAIL: gcc.c-torture/execute/ieee/fp-cmp-2.c compilation, -O0
UNRESOLVED: gcc.c-torture/execute/ieee/fp-cmp-2.c execution, -O0
FAIL: gcc.c-torture/execute/ieee/fp-cmp-2.c compilation, -O1
UNRESOLVED: gcc.c-torture/execute/ieee/fp-cmp-2.c execution, -O1
FAIL: gcc.c-torture/execute/ieee/fp-cmp-2.c compilation, -O2
UNRESOLVED: gcc.c-torture/execute/ieee/fp-cmp-2.c execution, -O2
FAIL: gcc.c-torture/execute/ieee/fp-cmp-2.c compilation, -O3 -fomit-frame-pointer
UNRESOLVED: gcc.c-torture/execute/ieee/fp-cmp-2.c execution, -O3 -fomit-frame-pointer
FAIL: gcc.c-torture/execute/ieee/fp-cmp-2.c compilation, -O3 -fomit-frame-pointer -funroll-loops
UNRESOLVED: gcc.c-torture/execute/ieee/fp-cmp-2.c execution, -O3 -fomit-frame-pointer -funroll-loops
FAIL: gcc.c-torture/execute/ieee/fp-cmp-2.c compilation, -O3 -fomit-frame-pointer -funroll-all-loops -finline-functions
UNRESOLVED: gcc.c-torture/execute/ieee/fp-cmp-2.c execution, -O3 -fomit-frame-pointer -funroll-all-loops -finline-functions
FAIL: gcc.c-torture/execute/ieee/fp-cmp-2.c compilation, -O3 -g
UNRESOLVED: gcc.c-torture/execute/ieee/fp-cmp-2.c execution, -O3 -g
FAIL: gcc.c-torture/execute/ieee/fp-cmp-2.c compilation, -Os
UNRESOLVED: gcc.c-torture/execute/ieee/fp-cmp-2.c execution, -Os
FAIL: gcc.c-torture/execute/ieee/fp-cmp-2.c compilation, -O2 -flto -fno-use-linker-plugin -flto-partition=none
UNRESOLVED: gcc.c-torture/execute/ieee/fp-cmp-2.c execution, -O2 -flto -fno-use-linker-plugin -flto-partition=none
FAIL: gcc.c-torture/execute/ieee/fp-cmp-2.c compilation, -O2 -flto -fuse-linker-plugin -fno-fat-lto-objects
UNRESOLVED: gcc.c-torture/execute/ieee/fp-cmp-2.c execution, -O2 -flto -fuse-linker-plugin -fno-fat-lto-objects
FAIL: gcc.c-torture/execute/ieee/fp-cmp-3.c compilation, -O0
UNRESOLVED: gcc.c-torture/execute/ieee/fp-cmp-3.c execution, -O0
FAIL: gcc.c-torture/execute/ieee/fp-cmp-3.c compilation, -O1
UNRESOLVED: gcc.c-torture/execute/ieee/fp-cmp-3.c execution, -O1
FAIL: gcc.c-torture/execute/ieee/fp-cmp-3.c compilation, -O2
UNRESOLVED: gcc.c-torture/execute/ieee/fp-cmp-3.c execution, -O2
FAIL: gcc.c-torture/execute/ieee/fp-cmp-3.c compilation, -O3 -fomit-frame-pointer
UNRESOLVED: gcc.c-torture/execute/ieee/fp-cmp-3.c execution, -O3 -fomit-frame-pointer
FAIL: gcc.c-torture/execute/ieee/fp-cmp-3.c compilation, -O3 -fomit-frame-pointer -funroll-loops
UNRESOLVED: gcc.c-torture/execute/ieee/fp-cmp-3.c execution, -O3 -fomit-frame-pointer -funroll-loops
FAIL: gcc.c-torture/execute/ieee/fp-cmp-3.c compilation, -O3 -fomit-frame-pointer -funroll-all-loops -finline-functions
UNRESOLVED: gcc.c-torture/execute/ieee/fp-cmp-3.c execution, -O3 -fomit-frame-pointer -funroll-all-loops -finline-functions
FAIL: gcc.c-torture/execute/ieee/fp-cmp-3.c compilation, -O3 -g
UNRESOLVED: gcc.c-torture/execute/ieee/fp-cmp-3.c execution, -O3 -g
FAIL: gcc.c-torture/execute/ieee/fp-cmp-3.c compilation, -Os
UNRESOLVED: gcc.c-torture/execute/ieee/fp-cmp-3.c execution, -Os
FAIL: gcc.c-torture/execute/ieee/fp-cmp-3.c compilation, -O2 -flto -fno-use-linker-plugin -flto-partition=none
UNRESOLVED: gcc.c-torture/execute/ieee/fp-cmp-3.c execution, -O2 -flto -fno-use-linker-plugin -flto-partition=none
FAIL: gcc.c-torture/execute/ieee/fp-cmp-3.c compilation, -O2 -flto -fuse-linker-plugin -fno-fat-lto-objects
UNRESOLVED: gcc.c-torture/execute/ieee/fp-cmp-3.c execution, -O2 -flto -fuse-linker-plugin -fno-fat-lto-objects
FAIL: gcc.dg/cdce1.c (test for excess errors)
UNRESOLVED: gcc.dg/cdce1.c compilation failed to produce executable
UNRESOLVED: gcc.dg/cdce1.c scan-tree-dump cdce "cdce1.c:16: note: function call is shrink-wrapped into error conditions."
FAIL: gcc.dg/cdce2.c (test for excess errors)
UNRESOLVED: gcc.dg/cdce2.c compilation failed to produce executable
UNRESOLVED: gcc.dg/cdce2.c scan-tree-dump cdce "cdce2.c:16: note: function call is shrink-wrapped into error conditions."
FAIL: gcc.dg/cleanup-10.c (test for excess errors)
UNRESOLVED: gcc.dg/cleanup-10.c compilation failed to produce executable
FAIL: gcc.dg/cleanup-11.c (test for excess errors)
UNRESOLVED: gcc.dg/cleanup-11.c compilation failed to produce executable
FAIL: gcc.dg/cleanup-8.c (test for excess errors)
UNRESOLVED: gcc.dg/cleanup-8.c compilation failed to produce executable
FAIL: gcc.dg/cleanup-9.c (test for excess errors)
UNRESOLVED: gcc.dg/cleanup-9.c compilation failed to produce executable
FAIL: gcc.dg/errno-1.c (test for excess errors)
UNRESOLVED: gcc.dg/errno-1.c scan-assembler do_not_optimize_away
FAIL: gcc.dg/struct-ret-3.c (test for excess errors)
UNRESOLVED: gcc.dg/struct-ret-3.c compilation failed to produce executable
FAIL: gcc.dg/uninit-13.c unconditional (test for warnings, line 8)
FAIL: gcc.dg/uninit-13.c (test for excess errors)
UNRESOLVED: selfassign.c compilation, -I. -I/build/buildd-gcc-4.7_4.7.2-23-s390-AOswiY/gcc-4.7-4.7.2/src/gcc/testsuite -I/build/buildd-gcc-4.7_4.7.2-23-s390-AOswiY/gcc-4.7-4.7.2/src/gcc/testsuite/../../gcc -I/build/buildd-gcc-4.7_4.7.2-23-s390-AOswiY/gcc-4.7-4.7.2/build/gcc/testsuite/gcc/../../../gcc -I/build/buildd-gcc-4.7_4.7.2-23-s390-AOswiY/gcc-4.7-4.7.2/src/gcc/testsuite/../../include -I/build/buildd-gcc-4.7_4.7.2-23-s390-AOswiY/gcc-4.7-4.7.2/src/gcc/testsuite/../../libcpp/include -I/build/buildd-gcc-4.7_4.7.2-23-s390-AOswiY/gcc-4.7-4.7.2/build/gcc/testsuite/gcc/../../../intl -O -DIN_GCC -fPIC -shared
UNRESOLVED: ggcplug.c compilation, -I. -I/build/buildd-gcc-4.7_4.7.2-23-s390-AOswiY/gcc-4.7-4.7.2/src/gcc/testsuite -I/build/buildd-gcc-4.7_4.7.2-23-s390-AOswiY/gcc-4.7-4.7.2/src/gcc/testsuite/../../gcc -I/build/buildd-gcc-4.7_4.7.2-23-s390-AOswiY/gcc-4.7-4.7.2/build/gcc/testsuite/gcc/../../../gcc -I/build/buildd-gcc-4.7_4.7.2-23-s390-AOswiY/gcc-4.7-4.7.2/src/gcc/testsuite/../../include -I/build/buildd-gcc-4.7_4.7.2-23-s390-AOswiY/gcc-4.7-4.7.2/src/gcc/testsuite/../../libcpp/include -I/build/buildd-gcc-4.7_4.7.2-23-s390-AOswiY/gcc-4.7-4.7.2/build/gcc/testsuite/gcc/../../../intl -O -DIN_GCC -fPIC -shared
UNRESOLVED: one_time_plugin.c compilation, -I. -I/build/buildd-gcc-4.7_4.7.2-23-s390-AOswiY/gcc-4.7-4.7.2/src/gcc/testsuite -I/build/buildd-gcc-4.7_4.7.2-23-s390-AOswiY/gcc-4.7-4.7.2/src/gcc/testsuite/../../gcc -I/build/buildd-gcc-4.7_4.7.2-23-s390-AOswiY/gcc-4.7-4.7.2/build/gcc/testsuite/gcc/../../../gcc -I/build/buildd-gcc-4.7_4.7.2-23-s390-AOswiY/gcc-4.7-4.7.2/src/gcc/testsuite/../../include -I/build/buildd-gcc-4.7_4.7.2-23-s390-AOswiY/gcc-4.7-4.7.2/src/gcc/testsuite/../../libcpp/include -I/build/buildd-gcc-4.7_4.7.2-23-s390-AOswiY/gcc-4.7-4.7.2/build/gcc/testsuite/gcc/../../../intl -DIN_GCC -fPIC -shared
UNRESOLVED: start_unit_plugin.c compilation, -I. -I/build/buildd-gcc-4.7_4.7.2-23-s390-AOswiY/gcc-4.7-4.7.2/src/gcc/testsuite -I/build/buildd-gcc-4.7_4.7.2-23-s390-AOswiY/gcc-4.7-4.7.2/src/gcc/testsuite/../../gcc -I/build/buildd-gcc-4.7_4.7.2-23-s390-AOswiY/gcc-4.7-4.7.2/build/gcc/testsuite/gcc/../../../gcc -I/build/buildd-gcc-4.7_4.7.2-23-s390-AOswiY/gcc-4.7-4.7.2/src/gcc/testsuite/../../include -I/build/buildd-gcc-4.7_4.7.2-23-s390-AOswiY/gcc-4.7-4.7.2/src/gcc/testsuite/../../libcpp/include -I/build/buildd-gcc-4.7_4.7.2-23-s390-AOswiY/gcc-4.7-4.7.2/build/gcc/testsuite/gcc/../../../intl -DIN_GCC -fPIC -shared
UNRESOLVED: finish_unit_plugin.c compilation, -I. -I/build/buildd-gcc-4.7_4.7.2-23-s390-AOswiY/gcc-4.7-4.7.2/src/gcc/testsuite -I/build/buildd-gcc-4.7_4.7.2-23-s390-AOswiY/gcc-4.7-4.7.2/src/gcc/testsuite/../../gcc -I/build/buildd-gcc-4.7_4.7.2-23-s390-AOswiY/gcc-4.7-4.7.2/build/gcc/testsuite/gcc/../../../gcc -I/build/buildd-gcc-4.7_4.7.2-23-s390-AOswiY/gcc-4.7-4.7.2/src/gcc/testsuite/../../include -I/build/buildd-gcc-4.7_4.7.2-23-s390-AOswiY/gcc-4.7-4.7.2/src/gcc/testsuite/../../libcpp/include -I/build/buildd-gcc-4.7_4.7.2-23-s390-AOswiY/gcc-4.7-4.7.2/build/gcc/testsuite/gcc/../../../intl -DIN_GCC -fPIC -shared
XPASS: gcc.dg/tree-ssa/20040204-1.c scan-tree-dump-times optimized "link_error" 0
FAIL: gcc.target/s390/20020926-1.c (test for excess errors)
UNRESOLVED: gcc.target/s390/20020926-1.c scan-assembler -4096
UNRESOLVED: gcc.target/s390/20020926-1.c scan-assembler-not ahi
=== gcc Summary for unix/-m64 ===
# of expected passes 75489
# of unexpected failures 49
# of unexpected successes 1
# of expected failures 113
# of unresolved testcases 55
# of unsupported tests 1160
=== gcc Summary ===
# of expected passes 225281
# of unexpected failures 99
# of unexpected successes 3
# of expected failures 337
# of unresolved testcases 65
# of unsupported tests 3524
/build/buildd-gcc-4.7_4.7.2-23-s390-AOswiY/gcc-4.7-4.7.2/build/gcc/xgcc version 4.7.2 (Debian 4.7.2-23)
=== gfortran tests ===
Running target unix
=== gfortran Summary for unix ===
# of expected passes 40326
# of expected failures 56
# of unsupported tests 246
Running target unix/-fstack-protector
=== gfortran Summary for unix/-fstack-protector ===
# of expected passes 40326
# of expected failures 56
# of unsupported tests 246
Running target unix/-m64
=== gfortran Summary for unix/-m64 ===
# of expected passes 40653
# of expected failures 56
# of unsupported tests 85
=== gfortran Summary ===
# of expected passes 121305
# of expected failures 168
# of unsupported tests 577
/build/buildd-gcc-4.7_4.7.2-23-s390-AOswiY/gcc-4.7-4.7.2/build/gcc/testsuite/gfortran/../../gfortran version 4.7.2 (Debian 4.7.2-23)
=== go tests ===
Running target unix
FAIL: ./tmp.go execution, -O0 -g
UNRESOLVED: go.test/test/235.go compilation, -O2 -g
UNRESOLVED: go.test/test/64bit.go -O (test for excess errors)
UNRESOLVED: go.test/test/chan/doubleselect.go compilation, -O2 -g
FAIL: go.test/test/chan/select3.go execution, -O2 -g
FAIL: go.test/test/closedchan.go execution, -O2 -g
FAIL: go.test/test/cmp.go execution, -O2 -g
FAIL: go.test/test/env.go execution, -O2 -g
FAIL: go.test/test/fixedbugs/bug113.go execution, -O2 -g
FAIL: go.test/test/fixedbugs/bug148.go execution, -O2 -g
FAIL: go.test/test/fixedbugs/bug266.go execution, -O2 -g
FAIL: go.test/test/fixedbugs/bug272.go execution, -O2 -g
FAIL: go.test/test/fixedbugs/bug273.go execution, -O2 -g
FAIL: go.test/test/fixedbugs/bug324.go
UNRESOLVED: go.test/test/if.go compilation, -O2 -g
FAIL: go.test/test/interface/fail.go execution, -O2 -g
FAIL: go.test/test/interface/noeq.go execution, -O2 -g
FAIL: go.test/test/interface/returntype.go execution, -O2 -g
FAIL: go.test/test/nil.go execution, -O2 -g
FAIL: go.test/test/nilptr.go execution, -O2 -g
FAIL: go.test/test/recover.go execution, -O2 -g
FAIL: go.test/test/recover1.go execution, -O2 -g
FAIL: go.test/test/recover2.go execution, -O2 -g
FAIL: go.test/test/recover3.go execution, -O2 -g
FAIL: go.test/test/reorder.go execution, -O2 -g
ERROR: s390-ibm-linux-gnu: unhandled architecture
ERROR: s390-ibm-linux-gnu: unhandled architecture
ERROR: s390-ibm-linux-gnu: unhandled architecture
ERROR: s390-ibm-linux-gnu: unhandled architecture
=== go Summary for unix ===
# of expected passes 3265
# of unexpected failures 21
# of expected failures 4
# of untested testcases 6
# of unresolved testcases 4
Running target unix/-fstack-protector
FAIL: ./tmp.go execution, -O0 -g
UNRESOLVED: go.test/test/235.go compilation, -O2 -g
UNRESOLVED: go.test/test/64bit.go -O (test for excess errors)
UNRESOLVED: go.test/test/chan/doubleselect.go compilation, -O2 -g
FAIL: go.test/test/chan/select3.go execution, -O2 -g
FAIL: go.test/test/closedchan.go execution, -O2 -g
FAIL: go.test/test/cmp.go execution, -O2 -g
FAIL: go.test/test/env.go execution, -O2 -g
FAIL: go.test/test/fixedbugs/bug113.go execution, -O2 -g
FAIL: go.test/test/fixedbugs/bug148.go execution, -O2 -g
FAIL: go.test/test/fixedbugs/bug266.go execution, -O2 -g
FAIL: go.test/test/fixedbugs/bug272.go execution, -O2 -g
FAIL: go.test/test/fixedbugs/bug273.go execution, -O2 -g
FAIL: go.test/test/fixedbugs/bug324.go
UNRESOLVED: go.test/test/if.go compilation, -O2 -g
FAIL: go.test/test/interface/fail.go execution, -O2 -g
FAIL: go.test/test/interface/noeq.go execution, -O2 -g
FAIL: go.test/test/interface/returntype.go execution, -O2 -g
FAIL: go.test/test/nil.go execution, -O2 -g
FAIL: go.test/test/nilptr.go execution, -O2 -g
FAIL: go.test/test/recover.go execution, -O2 -g
FAIL: go.test/test/recover1.go execution, -O2 -g
FAIL: go.test/test/recover2.go execution, -O2 -g
FAIL: go.test/test/recover3.go execution, -O2 -g
FAIL: go.test/test/reorder.go execution, -O2 -g
ERROR: s390-ibm-linux-gnu: unhandled architecture
ERROR: s390-ibm-linux-gnu: unhandled architecture
ERROR: s390-ibm-linux-gnu: unhandled architecture
ERROR: s390-ibm-linux-gnu: unhandled architecture
=== go Summary for unix/-fstack-protector ===
# of expected passes 3265
# of unexpected failures 21
# of expected failures 4
# of untested testcases 6
# of unresolved testcases 4
Running target unix/-m64
UNRESOLVED: go.test/test/235.go compilation, -O2 -g
UNRESOLVED: go.test/test/64bit.go -O (test for excess errors)
UNRESOLVED: go.test/test/chan/doubleselect.go compilation, -O2 -g
FAIL: go.test/test/env.go execution, -O2 -g
UNRESOLVED: go.test/test/if.go compilation, -O2 -g
FAIL: go.test/test/nilptr.go execution, -O2 -g
ERROR: s390-ibm-linux-gnu: unhandled architecture
ERROR: s390-ibm-linux-gnu: unhandled architecture
ERROR: s390-ibm-linux-gnu: unhandled architecture
ERROR: s390-ibm-linux-gnu: unhandled architecture
=== go Summary for unix/-m64 ===
# of expected passes 3284
# of unexpected failures 2
# of expected failures 4
# of untested testcases 6
# of unresolved testcases 4
=== go Summary ===
# of expected passes 9814
# of unexpected failures 44
# of expected failures 12
# of untested testcases 18
# of unresolved testcases 12
/build/buildd-gcc-4.7_4.7.2-23-s390-AOswiY/gcc-4.7-4.7.2/build/gcc/testsuite/go/../../gccgo version 4.7.2 (Debian 4.7.2-23)
=== obj-c++ tests ===
Running target unix
=== obj-c++ Summary for unix ===
# of expected passes 1450
# of expected failures 2
# of unsupported tests 86
Running target unix/-fstack-protector
=== obj-c++ Summary for unix/-fstack-protector ===
# of expected passes 1450
# of expected failures 2
# of unsupported tests 86
Running target unix/-m64
=== obj-c++ Summary for unix/-m64 ===
# of expected passes 1442
# of expected failures 10
# of unsupported tests 86
=== obj-c++ Summary ===
# of expected passes 4342
# of expected failures 14
# of unsupported tests 258
/build/buildd-gcc-4.7_4.7.2-23-s390-AOswiY/gcc-4.7-4.7.2/build/gcc/testsuite/obj-c++/../../g++ version 4.7.2 (Debian 4.7.2-23)
=== objc tests ===
Running target unix
=== objc Summary for unix ===
# of expected passes 2994
# of unsupported tests 74
Running target unix/-fstack-protector
=== objc Summary for unix/-fstack-protector ===
# of expected passes 2994
# of unsupported tests 74
Running target unix/-m64
=== objc Summary for unix/-m64 ===
# of expected passes 2994
# of unsupported tests 74
=== objc Summary ===
# of expected passes 8982
# of unsupported tests 222
/build/buildd-gcc-4.7_4.7.2-23-s390-AOswiY/gcc-4.7-4.7.2/build/gcc/xgcc version 4.7.2 (Debian 4.7.2-23)
=== boehm-gc tests ===
Running target unix
=== boehm-gc Summary for unix ===
# of expected passes 12
# of unsupported tests 1
Running target unix/-fstack-protector
=== boehm-gc Summary for unix/-fstack-protector ===
# of expected passes 12
# of unsupported tests 1
Running target unix/-m64
FAIL: boehm-gc.c/gctest.c -O2 (test for excess errors)
UNRESOLVED: boehm-gc.c/gctest.c -O2 compilation failed to produce executable
FAIL: boehm-gc.c/leak_test.c -O2 (test for excess errors)
UNRESOLVED: boehm-gc.c/leak_test.c -O2 compilation failed to produce executable
FAIL: boehm-gc.c/middle.c -O2 (test for excess errors)
UNRESOLVED: boehm-gc.c/middle.c -O2 compilation failed to produce executable
FAIL: boehm-gc.c/thread_leak_test.c -O2 (test for excess errors)
UNRESOLVED: boehm-gc.c/thread_leak_test.c -O2 compilation failed to produce executable
FAIL: boehm-gc.lib/staticrootslib.c -O2 (test for excess errors)
ERROR: boehm-gc.lib/staticrootstest.c -O2: couldn't open "staticrootslib.lo": no such file or directory for " dg-add-shlib 1 "staticrootslib.c" "
UNRESOLVED: boehm-gc.lib/staticrootstest.c -O2: couldn't open "staticrootslib.lo": no such file or directory for " dg-add-shlib 1 "staticrootslib.c" "
=== boehm-gc Summary for unix/-m64 ===
# of unexpected failures 5
# of unresolved testcases 5
# of unsupported tests 1
=== boehm-gc Summary ===
# of expected passes 24
# of unexpected failures 5
# of unresolved testcases 5
# of unsupported tests 3
=== libffi tests ===
Running target unix
FAIL: libffi.call/cls_struct_va1.c -O0 -W -Wall (test for excess errors)
UNRESOLVED: libffi.call/cls_struct_va1.c -O0 -W -Wall compilation failed to produce executable
FAIL: libffi.call/cls_uchar_va.c -O0 -W -Wall (test for excess errors)
UNRESOLVED: libffi.call/cls_uchar_va.c -O0 -W -Wall compilation failed to produce executable
FAIL: libffi.call/cls_uint_va.c -O0 -W -Wall (test for excess errors)
UNRESOLVED: libffi.call/cls_uint_va.c -O0 -W -Wall compilation failed to produce executable
FAIL: libffi.call/cls_ulong_va.c -O0 -W -Wall (test for excess errors)
UNRESOLVED: libffi.call/cls_ulong_va.c -O0 -W -Wall compilation failed to produce executable
FAIL: libffi.call/cls_ushort_va.c -O0 -W -Wall (test for excess errors)
UNRESOLVED: libffi.call/cls_ushort_va.c -O0 -W -Wall compilation failed to produce executable
FAIL: libffi.call/va_1.c -O0 -W -Wall (test for excess errors)
UNRESOLVED: libffi.call/va_1.c -O0 -W -Wall compilation failed to produce executable
FAIL: libffi.call/va_struct1.c -O0 -W -Wall (test for excess errors)
UNRESOLVED: libffi.call/va_struct1.c -O0 -W -Wall compilation failed to produce executable
FAIL: libffi.call/va_struct2.c -O0 -W -Wall (test for excess errors)
UNRESOLVED: libffi.call/va_struct2.c -O0 -W -Wall compilation failed to produce executable
FAIL: libffi.call/va_struct3.c -O0 -W -Wall (test for excess errors)
UNRESOLVED: libffi.call/va_struct3.c -O0 -W -Wall compilation failed to produce executable
FAIL: libffi.call/cls_struct_va1.c -O2 (test for excess errors)
UNRESOLVED: libffi.call/cls_struct_va1.c -O2 compilation failed to produce executable
FAIL: libffi.call/cls_uchar_va.c -O2 (test for excess errors)
UNRESOLVED: libffi.call/cls_uchar_va.c -O2 compilation failed to produce executable
FAIL: libffi.call/cls_uint_va.c -O2 (test for excess errors)
UNRESOLVED: libffi.call/cls_uint_va.c -O2 compilation failed to produce executable
FAIL: libffi.call/cls_ulong_va.c -O2 (test for excess errors)
UNRESOLVED: libffi.call/cls_ulong_va.c -O2 compilation failed to produce executable
FAIL: libffi.call/cls_ushort_va.c -O2 (test for excess errors)
UNRESOLVED: libffi.call/cls_ushort_va.c -O2 compilation failed to produce executable
FAIL: libffi.call/va_1.c -O2 (test for excess errors)
UNRESOLVED: libffi.call/va_1.c -O2 compilation failed to produce executable
FAIL: libffi.call/va_struct1.c -O2 (test for excess errors)
UNRESOLVED: libffi.call/va_struct1.c -O2 compilation failed to produce executable
FAIL: libffi.call/va_struct2.c -O2 (test for excess errors)
UNRESOLVED: libffi.call/va_struct2.c -O2 compilation failed to produce executable
FAIL: libffi.call/va_struct3.c -O2 (test for excess errors)
UNRESOLVED: libffi.call/va_struct3.c -O2 compilation failed to produce executable
FAIL: libffi.call/cls_struct_va1.c -O3 (test for excess errors)
UNRESOLVED: libffi.call/cls_struct_va1.c -O3 compilation failed to produce executable
FAIL: libffi.call/cls_uchar_va.c -O3 (test for excess errors)
UNRESOLVED: libffi.call/cls_uchar_va.c -O3 compilation failed to produce executable
FAIL: libffi.call/cls_uint_va.c -O3 (test for excess errors)
UNRESOLVED: libffi.call/cls_uint_va.c -O3 compilation failed to produce executable
FAIL: libffi.call/cls_ulong_va.c -O3 (test for excess errors)
UNRESOLVED: libffi.call/cls_ulong_va.c -O3 compilation failed to produce executable
FAIL: libffi.call/cls_ushort_va.c -O3 (test for excess errors)
UNRESOLVED: libffi.call/cls_ushort_va.c -O3 compilation failed to produce executable
FAIL: libffi.call/va_1.c -O3 (test for excess errors)
UNRESOLVED: libffi.call/va_1.c -O3 compilation failed to produce executable
FAIL: libffi.call/va_struct1.c -O3 (test for excess errors)
UNRESOLVED: libffi.call/va_struct1.c -O3 compilation failed to produce executable
FAIL: libffi.call/va_struct2.c -O3 (test for excess errors)
UNRESOLVED: libffi.call/va_struct2.c -O3 compilation failed to produce executable
FAIL: libffi.call/va_struct3.c -O3 (test for excess errors)
UNRESOLVED: libffi.call/va_struct3.c -O3 compilation failed to produce executable
FAIL: libffi.call/cls_struct_va1.c -Os (test for excess errors)
UNRESOLVED: libffi.call/cls_struct_va1.c -Os compilation failed to produce executable
FAIL: libffi.call/cls_uchar_va.c -Os (test for excess errors)
UNRESOLVED: libffi.call/cls_uchar_va.c -Os compilation failed to produce executable
FAIL: libffi.call/cls_uint_va.c -Os (test for excess errors)
UNRESOLVED: libffi.call/cls_uint_va.c -Os compilation failed to produce executable
FAIL: libffi.call/cls_ulong_va.c -Os (test for excess errors)
UNRESOLVED: libffi.call/cls_ulong_va.c -Os compilation failed to produce executable
FAIL: libffi.call/cls_ushort_va.c -Os (test for excess errors)
UNRESOLVED: libffi.call/cls_ushort_va.c -Os compilation failed to produce executable
FAIL: libffi.call/va_1.c -Os (test for excess errors)
UNRESOLVED: libffi.call/va_1.c -Os compilation failed to produce executable
FAIL: libffi.call/va_struct1.c -Os (test for excess errors)
UNRESOLVED: libffi.call/va_struct1.c -Os compilation failed to produce executable
FAIL: libffi.call/va_struct2.c -Os (test for excess errors)
UNRESOLVED: libffi.call/va_struct2.c -Os compilation failed to produce executable
FAIL: libffi.call/va_struct3.c -Os (test for excess errors)
UNRESOLVED: libffi.call/va_struct3.c -Os compilation failed to produce executable
FAIL: libffi.call/cls_struct_va1.c -O2 -fomit-frame-pointer (test for excess errors)
UNRESOLVED: libffi.call/cls_struct_va1.c -O2 -fomit-frame-pointer compilation failed to produce executable
FAIL: libffi.call/cls_uchar_va.c -O2 -fomit-frame-pointer (test for excess errors)
UNRESOLVED: libffi.call/cls_uchar_va.c -O2 -fomit-frame-pointer compilation failed to produce executable
FAIL: libffi.call/cls_uint_va.c -O2 -fomit-frame-pointer (test for excess errors)
UNRESOLVED: libffi.call/cls_uint_va.c -O2 -fomit-frame-pointer compilation failed to produce executable
FAIL: libffi.call/cls_ulong_va.c -O2 -fomit-frame-pointer (test for excess errors)
UNRESOLVED: libffi.call/cls_ulong_va.c -O2 -fomit-frame-pointer compilation failed to produce executable
FAIL: libffi.call/cls_ushort_va.c -O2 -fomit-frame-pointer (test for excess errors)
UNRESOLVED: libffi.call/cls_ushort_va.c -O2 -fomit-frame-pointer compilation failed to produce executable
FAIL: libffi.call/va_1.c -O2 -fomit-frame-pointer (test for excess errors)
UNRESOLVED: libffi.call/va_1.c -O2 -fomit-frame-pointer compilation failed to produce executable
FAIL: libffi.call/va_struct1.c -O2 -fomit-frame-pointer (test for excess errors)
UNRESOLVED: libffi.call/va_struct1.c -O2 -fomit-frame-pointer compilation failed to produce executable
FAIL: libffi.call/va_struct2.c -O2 -fomit-frame-pointer (test for excess errors)
UNRESOLVED: libffi.call/va_struct2.c -O2 -fomit-frame-pointer compilation failed to produce executable
FAIL: libffi.call/va_struct3.c -O2 -fomit-frame-pointer (test for excess errors)
UNRESOLVED: libffi.call/va_struct3.c -O2 -fomit-frame-pointer compilation failed to produce executable
=== libffi Summary for unix ===
# of expected passes 1659
# of unexpected failures 45
# of expected failures 10
# of unresolved testcases 45
# of unsupported tests 55
Running target unix/-fstack-protector
FAIL: libffi.call/cls_struct_va1.c -O0 -W -Wall (test for excess errors)
UNRESOLVED: libffi.call/cls_struct_va1.c -O0 -W -Wall compilation failed to produce executable
FAIL: libffi.call/cls_uchar_va.c -O0 -W -Wall (test for excess errors)
UNRESOLVED: libffi.call/cls_uchar_va.c -O0 -W -Wall compilation failed to produce executable
FAIL: libffi.call/cls_uint_va.c -O0 -W -Wall (test for excess errors)
UNRESOLVED: libffi.call/cls_uint_va.c -O0 -W -Wall compilation failed to produce executable
FAIL: libffi.call/cls_ulong_va.c -O0 -W -Wall (test for excess errors)
UNRESOLVED: libffi.call/cls_ulong_va.c -O0 -W -Wall compilation failed to produce executable
FAIL: libffi.call/cls_ushort_va.c -O0 -W -Wall (test for excess errors)
UNRESOLVED: libffi.call/cls_ushort_va.c -O0 -W -Wall compilation failed to produce executable
FAIL: libffi.call/va_1.c -O0 -W -Wall (test for excess errors)
UNRESOLVED: libffi.call/va_1.c -O0 -W -Wall compilation failed to produce executable
FAIL: libffi.call/va_struct1.c -O0 -W -Wall (test for excess errors)
UNRESOLVED: libffi.call/va_struct1.c -O0 -W -Wall compilation failed to produce executable
FAIL: libffi.call/va_struct2.c -O0 -W -Wall (test for excess errors)
UNRESOLVED: libffi.call/va_struct2.c -O0 -W -Wall compilation failed to produce executable
FAIL: libffi.call/va_struct3.c -O0 -W -Wall (test for excess errors)
UNRESOLVED: libffi.call/va_struct3.c -O0 -W -Wall compilation failed to produce executable
FAIL: libffi.call/cls_struct_va1.c -O2 (test for excess errors)
UNRESOLVED: libffi.call/cls_struct_va1.c -O2 compilation failed to produce executable
FAIL: libffi.call/cls_uchar_va.c -O2 (test for excess errors)
UNRESOLVED: libffi.call/cls_uchar_va.c -O2 compilation failed to produce executable
FAIL: libffi.call/cls_uint_va.c -O2 (test for excess errors)
UNRESOLVED: libffi.call/cls_uint_va.c -O2 compilation failed to produce executable
FAIL: libffi.call/cls_ulong_va.c -O2 (test for excess errors)
UNRESOLVED: libffi.call/cls_ulong_va.c -O2 compilation failed to produce executable
FAIL: libffi.call/cls_ushort_va.c -O2 (test for excess errors)
UNRESOLVED: libffi.call/cls_ushort_va.c -O2 compilation failed to produce executable
FAIL: libffi.call/va_1.c -O2 (test for excess errors)
UNRESOLVED: libffi.call/va_1.c -O2 compilation failed to produce executable
FAIL: libffi.call/va_struct1.c -O2 (test for excess errors)
UNRESOLVED: libffi.call/va_struct1.c -O2 compilation failed to produce executable
FAIL: libffi.call/va_struct2.c -O2 (test for excess errors)
UNRESOLVED: libffi.call/va_struct2.c -O2 compilation failed to produce executable
FAIL: libffi.call/va_struct3.c -O2 (test for excess errors)
UNRESOLVED: libffi.call/va_struct3.c -O2 compilation failed to produce executable
FAIL: libffi.call/cls_struct_va1.c -O3 (test for excess errors)
UNRESOLVED: libffi.call/cls_struct_va1.c -O3 compilation failed to produce executable
FAIL: libffi.call/cls_uchar_va.c -O3 (test for excess errors)
UNRESOLVED: libffi.call/cls_uchar_va.c -O3 compilation failed to produce executable
FAIL: libffi.call/cls_uint_va.c -O3 (test for excess errors)
UNRESOLVED: libffi.call/cls_uint_va.c -O3 compilation failed to produce executable
FAIL: libffi.call/cls_ulong_va.c -O3 (test for excess errors)
UNRESOLVED: libffi.call/cls_ulong_va.c -O3 compilation failed to produce executable
FAIL: libffi.call/cls_ushort_va.c -O3 (test for excess errors)
UNRESOLVED: libffi.call/cls_ushort_va.c -O3 compilation failed to produce executable
FAIL: libffi.call/va_1.c -O3 (test for excess errors)
UNRESOLVED: libffi.call/va_1.c -O3 compilation failed to produce executable
FAIL: libffi.call/va_struct1.c -O3 (test for excess errors)
UNRESOLVED: libffi.call/va_struct1.c -O3 compilation failed to produce executable
FAIL: libffi.call/va_struct2.c -O3 (test for excess errors)
UNRESOLVED: libffi.call/va_struct2.c -O3 compilation failed to produce executable
FAIL: libffi.call/va_struct3.c -O3 (test for excess errors)
UNRESOLVED: libffi.call/va_struct3.c -O3 compilation failed to produce executable
FAIL: libffi.call/cls_struct_va1.c -Os (test for excess errors)
UNRESOLVED: libffi.call/cls_struct_va1.c -Os compilation failed to produce executable
FAIL: libffi.call/cls_uchar_va.c -Os (test for excess errors)
UNRESOLVED: libffi.call/cls_uchar_va.c -Os compilation failed to produce executable
FAIL: libffi.call/cls_uint_va.c -Os (test for excess errors)
UNRESOLVED: libffi.call/cls_uint_va.c -Os compilation failed to produce executable
FAIL: libffi.call/cls_ulong_va.c -Os (test for excess errors)
UNRESOLVED: libffi.call/cls_ulong_va.c -Os compilation failed to produce executable
FAIL: libffi.call/cls_ushort_va.c -Os (test for excess errors)
UNRESOLVED: libffi.call/cls_ushort_va.c -Os compilation failed to produce executable
FAIL: libffi.call/va_1.c -Os (test for excess errors)
UNRESOLVED: libffi.call/va_1.c -Os compilation failed to produce executable
FAIL: libffi.call/va_struct1.c -Os (test for excess errors)
UNRESOLVED: libffi.call/va_struct1.c -Os compilation failed to produce executable
FAIL: libffi.call/va_struct2.c -Os (test for excess errors)
UNRESOLVED: libffi.call/va_struct2.c -Os compilation failed to produce executable
FAIL: libffi.call/va_struct3.c -Os (test for excess errors)
UNRESOLVED: libffi.call/va_struct3.c -Os compilation failed to produce executable
FAIL: libffi.call/cls_struct_va1.c -O2 -fomit-frame-pointer (test for excess errors)
UNRESOLVED: libffi.call/cls_struct_va1.c -O2 -fomit-frame-pointer compilation failed to produce executable
FAIL: libffi.call/cls_uchar_va.c -O2 -fomit-frame-pointer (test for excess errors)
UNRESOLVED: libffi.call/cls_uchar_va.c -O2 -fomit-frame-pointer compilation failed to produce executable
FAIL: libffi.call/cls_uint_va.c -O2 -fomit-frame-pointer (test for excess errors)
UNRESOLVED: libffi.call/cls_uint_va.c -O2 -fomit-frame-pointer compilation failed to produce executable
FAIL: libffi.call/cls_ulong_va.c -O2 -fomit-frame-pointer (test for excess errors)
UNRESOLVED: libffi.call/cls_ulong_va.c -O2 -fomit-frame-pointer compilation failed to produce executable
FAIL: libffi.call/cls_ushort_va.c -O2 -fomit-frame-pointer (test for excess errors)
UNRESOLVED: libffi.call/cls_ushort_va.c -O2 -fomit-frame-pointer compilation failed to produce executable
FAIL: libffi.call/va_1.c -O2 -fomit-frame-pointer (test for excess errors)
UNRESOLVED: libffi.call/va_1.c -O2 -fomit-frame-pointer compilation failed to produce executable
FAIL: libffi.call/va_struct1.c -O2 -fomit-frame-pointer (test for excess errors)
UNRESOLVED: libffi.call/va_struct1.c -O2 -fomit-frame-pointer compilation failed to produce executable
FAIL: libffi.call/va_struct2.c -O2 -fomit-frame-pointer (test for excess errors)
UNRESOLVED: libffi.call/va_struct2.c -O2 -fomit-frame-pointer compilation failed to produce executable
FAIL: libffi.call/va_struct3.c -O2 -fomit-frame-pointer (test for excess errors)
UNRESOLVED: libffi.call/va_struct3.c -O2 -fomit-frame-pointer compilation failed to produce executable
=== libffi Summary for unix/-fstack-protector ===
# of expected passes 1659
# of unexpected failures 45
# of expected failures 10
# of unresolved testcases 45
# of unsupported tests 55
Running target unix/-m64
FAIL: libffi.call/cls_struct_va1.c -O0 -W -Wall (test for excess errors)
UNRESOLVED: libffi.call/cls_struct_va1.c -O0 -W -Wall compilation failed to produce executable
FAIL: libffi.call/cls_uchar_va.c -O0 -W -Wall (test for excess errors)
UNRESOLVED: libffi.call/cls_uchar_va.c -O0 -W -Wall compilation failed to produce executable
FAIL: libffi.call/cls_uint_va.c -O0 -W -Wall (test for excess errors)
UNRESOLVED: libffi.call/cls_uint_va.c -O0 -W -Wall compilation failed to produce executable
FAIL: libffi.call/cls_ulong_va.c -O0 -W -Wall (test for excess errors)
UNRESOLVED: libffi.call/cls_ulong_va.c -O0 -W -Wall compilation failed to produce executable
FAIL: libffi.call/cls_ushort_va.c -O0 -W -Wall (test for excess errors)
UNRESOLVED: libffi.call/cls_ushort_va.c -O0 -W -Wall compilation failed to produce executable
FAIL: libffi.call/va_1.c -O0 -W -Wall (test for excess errors)
UNRESOLVED: libffi.call/va_1.c -O0 -W -Wall compilation failed to produce executable
FAIL: libffi.call/va_struct1.c -O0 -W -Wall (test for excess errors)
UNRESOLVED: libffi.call/va_struct1.c -O0 -W -Wall compilation failed to produce executable
FAIL: libffi.call/va_struct2.c -O0 -W -Wall (test for excess errors)
UNRESOLVED: libffi.call/va_struct2.c -O0 -W -Wall compilation failed to produce executable
FAIL: libffi.call/va_struct3.c -O0 -W -Wall (test for excess errors)
UNRESOLVED: libffi.call/va_struct3.c -O0 -W -Wall compilation failed to produce executable
FAIL: libffi.call/cls_struct_va1.c -O2 (test for excess errors)
UNRESOLVED: libffi.call/cls_struct_va1.c -O2 compilation failed to produce executable
FAIL: libffi.call/cls_uchar_va.c -O2 (test for excess errors)
UNRESOLVED: libffi.call/cls_uchar_va.c -O2 compilation failed to produce executable
FAIL: libffi.call/cls_uint_va.c -O2 (test for excess errors)
UNRESOLVED: libffi.call/cls_uint_va.c -O2 compilation failed to produce executable
FAIL: libffi.call/cls_ulong_va.c -O2 (test for excess errors)
UNRESOLVED: libffi.call/cls_ulong_va.c -O2 compilation failed to produce executable
FAIL: libffi.call/cls_ushort_va.c -O2 (test for excess errors)
UNRESOLVED: libffi.call/cls_ushort_va.c -O2 compilation failed to produce executable
FAIL: libffi.call/va_1.c -O2 (test for excess errors)
UNRESOLVED: libffi.call/va_1.c -O2 compilation failed to produce executable
FAIL: libffi.call/va_struct1.c -O2 (test for excess errors)
UNRESOLVED: libffi.call/va_struct1.c -O2 compilation failed to produce executable
FAIL: libffi.call/va_struct2.c -O2 (test for excess errors)
UNRESOLVED: libffi.call/va_struct2.c -O2 compilation failed to produce executable
FAIL: libffi.call/va_struct3.c -O2 (test for excess errors)
UNRESOLVED: libffi.call/va_struct3.c -O2 compilation failed to produce executable
FAIL: libffi.call/cls_struct_va1.c -O3 (test for excess errors)
UNRESOLVED: libffi.call/cls_struct_va1.c -O3 compilation failed to produce executable
FAIL: libffi.call/cls_uchar_va.c -O3 (test for excess errors)
UNRESOLVED: libffi.call/cls_uchar_va.c -O3 compilation failed to produce executable
FAIL: libffi.call/cls_uint_va.c -O3 (test for excess errors)
UNRESOLVED: libffi.call/cls_uint_va.c -O3 compilation failed to produce executable
FAIL: libffi.call/cls_ulong_va.c -O3 (test for excess errors)
UNRESOLVED: libffi.call/cls_ulong_va.c -O3 compilation failed to produce executable
FAIL: libffi.call/cls_ushort_va.c -O3 (test for excess errors)
UNRESOLVED: libffi.call/cls_ushort_va.c -O3 compilation failed to produce executable
FAIL: libffi.call/va_1.c -O3 (test for excess errors)
UNRESOLVED: libffi.call/va_1.c -O3 compilation failed to produce executable
FAIL: libffi.call/va_struct1.c -O3 (test for excess errors)
UNRESOLVED: libffi.call/va_struct1.c -O3 compilation failed to produce executable
FAIL: libffi.call/va_struct2.c -O3 (test for excess errors)
UNRESOLVED: libffi.call/va_struct2.c -O3 compilation failed to produce executable
FAIL: libffi.call/va_struct3.c -O3 (test for excess errors)
UNRESOLVED: libffi.call/va_struct3.c -O3 compilation failed to produce executable
FAIL: libffi.call/cls_struct_va1.c -Os (test for excess errors)
UNRESOLVED: libffi.call/cls_struct_va1.c -Os compilation failed to produce executable
FAIL: libffi.call/cls_uchar_va.c -Os (test for excess errors)
UNRESOLVED: libffi.call/cls_uchar_va.c -Os compilation failed to produce executable
FAIL: libffi.call/cls_uint_va.c -Os (test for excess errors)
UNRESOLVED: libffi.call/cls_uint_va.c -Os compilation failed to produce executable
FAIL: libffi.call/cls_ulong_va.c -Os (test for excess errors)
UNRESOLVED: libffi.call/cls_ulong_va.c -Os compilation failed to produce executable
FAIL: libffi.call/cls_ushort_va.c -Os (test for excess errors)
UNRESOLVED: libffi.call/cls_ushort_va.c -Os compilation failed to produce executable
FAIL: libffi.call/va_1.c -Os (test for excess errors)
UNRESOLVED: libffi.call/va_1.c -Os compilation failed to produce executable
FAIL: libffi.call/va_struct1.c -Os (test for excess errors)
UNRESOLVED: libffi.call/va_struct1.c -Os compilation failed to produce executable
FAIL: libffi.call/va_struct2.c -Os (test for excess errors)
UNRESOLVED: libffi.call/va_struct2.c -Os compilation failed to produce executable
FAIL: libffi.call/va_struct3.c -Os (test for excess errors)
UNRESOLVED: libffi.call/va_struct3.c -Os compilation failed to produce executable
FAIL: libffi.call/cls_struct_va1.c -O2 -fomit-frame-pointer (test for excess errors)
UNRESOLVED: libffi.call/cls_struct_va1.c -O2 -fomit-frame-pointer compilation failed to produce executable
FAIL: libffi.call/cls_uchar_va.c -O2 -fomit-frame-pointer (test for excess errors)
UNRESOLVED: libffi.call/cls_uchar_va.c -O2 -fomit-frame-pointer compilation failed to produce executable
FAIL: libffi.call/cls_uint_va.c -O2 -fomit-frame-pointer (test for excess errors)
UNRESOLVED: libffi.call/cls_uint_va.c -O2 -fomit-frame-pointer compilation failed to produce executable
FAIL: libffi.call/cls_ulong_va.c -O2 -fomit-frame-pointer (test for excess errors)
UNRESOLVED: libffi.call/cls_ulong_va.c -O2 -fomit-frame-pointer compilation failed to produce executable
FAIL: libffi.call/cls_ushort_va.c -O2 -fomit-frame-pointer (test for excess errors)
UNRESOLVED: libffi.call/cls_ushort_va.c -O2 -fomit-frame-pointer compilation failed to produce executable
FAIL: libffi.call/va_1.c -O2 -fomit-frame-pointer (test for excess errors)
UNRESOLVED: libffi.call/va_1.c -O2 -fomit-frame-pointer compilation failed to produce executable
FAIL: libffi.call/va_struct1.c -O2 -fomit-frame-pointer (test for excess errors)
UNRESOLVED: libffi.call/va_struct1.c -O2 -fomit-frame-pointer compilation failed to produce executable
FAIL: libffi.call/va_struct2.c -O2 -fomit-frame-pointer (test for excess errors)
UNRESOLVED: libffi.call/va_struct2.c -O2 -fomit-frame-pointer compilation failed to produce executable
FAIL: libffi.call/va_struct3.c -O2 -fomit-frame-pointer (test for excess errors)
UNRESOLVED: libffi.call/va_struct3.c -O2 -fomit-frame-pointer compilation failed to produce executable
=== libffi Summary for unix/-m64 ===
# of expected passes 1659
# of unexpected failures 45
# of expected failures 10
# of unresolved testcases 45
# of unsupported tests 55
=== libffi Summary ===
# of expected passes 4977
# of unexpected failures 135
# of expected failures 30
# of unresolved testcases 135
# of unsupported tests 165
=== libgo tests ===
Running target unix
=== libgo Summary for unix ===
Running target unix/-m64
=== libgo Summary for unix/-m64 ===
=== libgo Summary ===
/build/buildd-gcc-4.7_4.7.2-23-s390-AOswiY/gcc-4.7-4.7.2/build/./gcc/gccgo version 4.7.2 (Debian 4.7.2-23)
=== libgomp tests ===
Running target unix
=== libgomp Summary for unix ===
# of expected passes 2990
# of unsupported tests 1
Running target unix/-fstack-protector
=== libgomp Summary for unix/-fstack-protector ===
# of expected passes 2990
# of unsupported tests 1
Running target unix/-m64
=== libgomp Summary for unix/-m64 ===
# of expected passes 2990
# of unsupported tests 1
=== libgomp Summary ===
# of expected passes 8970
# of unsupported tests 3
=== libmudflap tests ===
Running target unix
=== libmudflap Summary for unix ===
# of expected passes 1906
Running target unix/-fstack-protector
=== libmudflap Summary for unix/-fstack-protector ===
# of expected passes 1906
Running target unix/-m64
FAIL: libmudflap.c/pass-stratcliff.c (test for excess errors)
WARNING: libmudflap.c/pass-stratcliff.c compilation failed to produce executable
FAIL: libmudflap.c/pass36-frag.c (test for excess errors)
WARNING: libmudflap.c/pass36-frag.c compilation failed to produce executable
FAIL: libmudflap.c/pass36-frag.c (test for excess errors)
WARNING: libmudflap.c/pass36-frag.c compilation failed to produce executable
FAIL: libmudflap.c/pass-stratcliff.c (-static) (test for excess errors)
WARNING: libmudflap.c/pass-stratcliff.c (-static) compilation failed to produce executable
FAIL: libmudflap.c/pass36-frag.c (-static) (test for excess errors)
WARNING: libmudflap.c/pass36-frag.c (-static) compilation failed to produce executable
FAIL: libmudflap.c/pass36-frag.c (-static) (test for excess errors)
WARNING: libmudflap.c/pass36-frag.c (-static) compilation failed to produce executable
FAIL: libmudflap.c/pass-stratcliff.c (-O2) (test for excess errors)
WARNING: libmudflap.c/pass-stratcliff.c (-O2) compilation failed to produce executable
FAIL: libmudflap.c/pass36-frag.c (-O2) (test for excess errors)
WARNING: libmudflap.c/pass36-frag.c (-O2) compilation failed to produce executable
FAIL: libmudflap.c/pass36-frag.c (-O2) (test for excess errors)
WARNING: libmudflap.c/pass36-frag.c (-O2) compilation failed to produce executable
FAIL: libmudflap.c/pass-stratcliff.c (-O3) (test for excess errors)
WARNING: libmudflap.c/pass-stratcliff.c (-O3) compilation failed to produce executable
FAIL: libmudflap.c/pass36-frag.c (-O3) (test for excess errors)
WARNING: libmudflap.c/pass36-frag.c (-O3) compilation failed to produce executable
FAIL: libmudflap.c/pass36-frag.c (-O3) (test for excess errors)
WARNING: libmudflap.c/pass36-frag.c (-O3) compilation failed to produce executable
=== libmudflap Summary for unix/-m64 ===
# of expected passes 1874
# of unexpected failures 12
=== libmudflap Summary ===
# of expected passes 5686
# of unexpected failures 12
=== libstdc++ tests ===
Running target unix
FAIL: 22_locale/time_get/get_date/wchar_t/4.cc execution test
=== libstdc++ Summary for unix ===
# of expected passes 8937
# of unexpected failures 1
# of expected failures 45
# of unsupported tests 144
Running target unix/-fstack-protector
FAIL: 22_locale/time_get/get_date/wchar_t/4.cc execution test
=== libstdc++ Summary for unix/-fstack-protector ===
# of expected passes 8937
# of unexpected failures 1
# of expected failures 45
# of unsupported tests 144
Running target unix/-m64
FAIL: libstdc++-abi/abi_check
FAIL: 22_locale/time_get/get_date/wchar_t/4.cc execution test
=== libstdc++ Summary for unix/-m64 ===
# of expected passes 8936
# of unexpected failures 2
# of expected failures 45
# of unsupported tests 144
=== libstdc++ Summary ===
# of expected passes 26810
# of unexpected failures 4
# of expected failures 135
# of unsupported tests 432
Compiler version: 4.7.2 (Debian 4.7.2-23)
Platform: s390-ibm-linux-gnu
configure flags: -v --with-pkgversion='Debian 4.7.2-23' --with-bugurl=file:///usr/share/doc/gcc-4.7/README.Bugs --enable-languages=c,c++,go,fortran,objc,obj-c++ --prefix=/usr --program-suffix=-4.7 --enable-shared --enable-linker-build-id --libexecdir=/usr/lib --without-included-gettext --enable-threads=posix --with-gxx-include-dir=/usr/include/c++/4.7 --libdir=/usr/lib --enable-nls --with-sysroot=/ --enable-clocale=gnu --enable-libstdcxx-debug --enable-libstdcxx-time=yes --enable-gnu-unique-object --disable-libitm --enable-plugin --with-system-zlib --enable-objc-gc --with-cloog --enable-cloog-backend=ppl --disable-cloog-version-check --disable-ppl-version-check --enable-multiarch --with-long-double-128 --enable-targets=all --enable-checking=release --build=s390-linux-gnu --host=s390-linux-gnu --target=s390-linux-gnu
BOOT_CFLAGS=
Build Dependencies:
Desired=Unknown/Install/Remove/Purge/Hold
| Status=Not/Inst/Conf-files/Unpacked/halF-conf/Half-inst/trig-aWait/Trig-pend
|/ Err?=(none)/Reinst-required (Status,Err: uppercase=bad)
||/ Name Version Architecture Description
+++-==================================-======================-============-======================================================================
ii binutils 2.22-8 s390 GNU assembler, linker and binary utilities
ii g++-4.6 4.6.3-15 s390 GNU C++ compiler
ii libc6:s390 2.13-38 s390 Embedded GNU C Library: Shared libraries
ii libcloog-ppl-dev:s390 0.16.1-1 s390 Chunky Loop Generator (development files)
ii libgmp-dev:s390 2:5.0.5+dfsg-2 s390 Multiprecision arithmetic library developers tools
ii libmpc-dev:s390 0.9-4 s390 multiple precision complex floating-point library development package
ii libmpfr-dev:s390 3.1.1-1 s390 multiple precision floating-point computation developers tools
ii libppl0.12-dev:s390 1:1.0-4 s390 Parma Polyhedra Library (development)
svn-updates:
updates from the 4.7 branch upto 20130404 (r197476).
hjl-x32-gcc-4_7-branch:
gcc-gfdl-build:
Build a dummy s-tm-texi without access to the texinfo sources
aarch64-libffi:
aarch64-libffi-testsuite:
gcc-textdomain:
Set gettext's domain and textdomain to the versioned package name.
gcc-driver-extra-langs:
Add options and specs for languages that are not built from a source
(but built from separate sources).
gcc-hash-style-both:
Link using --hash-style=both (alpha, amd64, armel, armhf, ia64, i386, powerpc, ppc64, s390, sparc)
libstdc++-pic:
Build and install libstdc++_pic.a library.
libstdc++-doclink:
adjust hrefs to point to the local documentation
libstdc++-man-3cxx:
Install libstdc++ man pages with suffix .3cxx instead of .3
libstdc++-test-installed:
Add support to run the libstdc++-v3 testsuite using the
installed shared libraries.
libjava-stacktrace:
libgcj: Lookup source file name and line number in separated
debug files found in /usr/lib/debug
libjava-jnipath:
- Add /usr/lib/jni and /usr/lib/<multiarch>/jni to java.library.path.
- When running the i386 binaries on amd64, look in
- /usr/lib32/gcj-x.y and /usr/lib32/jni instead.
libjava-sjlj:
Don't try to use _Unwind_Backtrace on SJLJ targets.
See bug #387875, #388505, GCC PR 29206.
libjava-disable-plugin:
Don't build the gcjwebplugin, even when configured with --enable-plugin
alpha-no-ev4-directive:
never emit .ev4 directive.
boehm-gc-getnprocs:
boehm-gc/pthread_support.c (GC_get_nprocs): Use sysconf as fallback.
note-gnu-stack:
Add .note.GNU-stack sections for gcc's crt files, libffi and boehm-gc
Taken from FC.
libgomp-omp_h-multilib:
Fix up omp.h for multilibs.
sparc-force-cpu:
On sparc default to ultrasparc (v9a) in 32bit mode
pr24619:
Proposed patch for PR mudflap/24619 (instrumentation of dlopen)
gccgo-version:
Omit the subminor number from the go libdir
pr45078:
Proposed patch for PR plugin/45078
pr47818:
Fix PR ada/47818: Pragma Assert is rejected with No_Implementation_Pragmas restriction.
pr49940:
Apply proposed patch for PR ada/49940.
pr49944:
apply proposed patch for PR ada/49444.
libffi-kfreebsd:
libffi: Define FFI_MMAP_EXEC_WRIT on kfreebsd-*.
gcc-base-version:
Set base version to 4.7, introduce full version 4.7.x.
libffi-powerpc-sf:
libffi-powerpc-sysv-without-string-ops:
mudflapth-link:
Link libmudflapth.so with -lpthread
libffi-m68k:
pr26155:
Fix PR c++/26155, taken from the trunk.
arm-no-va_list-warn:
Don't warn anymore that 4.4 has changed the \`va_list' mangling.
libmudflap-x32:
Fix libmudflap build failure for x32 multilibs
pr54411:
Fix PR other/54411, libiberty: objalloc_alloc integer overflows (CVE-2012-3509)
hurd-pthread:
pr54974:
Fix PR target/54974: Thumb literal pools don't handle PC rounding.
libgo-testsuite:
Only run the libgo testsuite for flags configured in RUNTESTFLAGS
gcc-target-include-asm:
Search \$(builddir)/sys-include for the asm header files
libgcc-backports:
libgcc backports from the trunk:
- Always define USE_PT_GNU_EH_FRAME in crtstuff.c for glibc.
- Build static libgcc with hidden visibility even with --disable-shared.
ppl-version:
recognize ppl version 1.0
arm-dynamic-linker:
For ARM hard float, set the dynamic linker to
/lib/ld-linux-armhf.so.3.
gcc-sysroot:
arm-multilib-soft:
ARM hard/soft float multilib support
arm-multilib-defaults:
Set MULTILIB_DEFAULTS for ARM multilib builds
gcc-ice-hack:
Retry the build on an ice, save the calling options and preprocessed
source when the ice is reproducible.
gcc-ice-apport:
Report an ICE to apport (if apport is available
and the environment variable GCC_NOAPPORT is not set)
gold-and-ld:
Enable both gold and ld in a single toolchain.
New option -fuse-ld=bfd, -fuse-ld=gold.
libjava-fixed-symlinks:
Remove unneed '..' elements from symlinks in JAVA_HOME
libstdc++-arm-wno-abi:
Temporary work around:
On arm-linux-gnueabi run the libstdc++v3 testsuite with -Wno-abi
ada-mips:
Improve support for mips.
libffi-ro-eh_frame_sect:
PR libffi/47248, force a read only eh frame section.
gcc-multiarch:
Add multiarch support to GCC (chunks not yet applied upstream).
gcc-powerpc-nof:
Don't build nof multlib on powerpc.
gcc-multiarch-no-multilib:
Add MULTIARCH_DIRNAME definitions for multilib configurations,
which are used for the non-multilib builds.
libjava-multiarch:
Install libjava libraries to multiarch location
libjava-nobiarch-check:
For biarch builds, disable the testsuite for the non-default architecture
for runtime libraries, which are not built by default (libjava).
config-ml:
- Disable some biarch libraries for biarch builds.
- Fix multilib builds on kernels which don't support all multilibs.
g++-multiarch-incdir:
Use /usr/include/<multiarch>/c++/4.x as the include directory
for host dependent c++ header files.
gcc-powerpc-undef:
Undefine LINK_EH_SPEC before redefining it
http://gcc.gnu.org/ml/gcc-patches/2011-02/msg01082.html
gcc-multilib-multiarch:
Don't auto-detect multilib osdirnames.
mips-fix-loongson2f-nop:
On mips, pass -mfix-loongson2f-nop to as, if -mno-fix-loongson2f-nop
is not passed.
libgomp-kfreebsd-testsuite:
Disable lock-2.c test on kfreebsd-*
Counting all warnings,
there are 0 warnings in stage3 of this bootstrap.
Number of warnings per file:
Number of warning types:
More information about the Gcc-testresults
mailing list