Results for 4.8.0(GCC) testsuite on x86_64-unknown-linux-gnu

Jeremy Brown mrmschf@gmail.com
Tue Apr 2 18:32:00 GMT 2013


Built on a VPS running Debian Squeeze. I do wish there was some way to
know if the unexpected failures are a result of the tests where such
errors are normal or if I should be more concerned.

LAST_UPDATED: Obtained from SVN: tags/gcc_4_8_0_release revision 196953


Native configuration is x86_64-unknown-linux-gnu


=== gcc tests ===



Running target unix

FAIL: gcc.dg/cproj-fails-with-broken-glibc.c execution test

FAIL: gcc.target/i386/pr56114.c (test for excess errors)


=== gcc Summary ===


# of expected passes 92447

# of unexpected failures 2

# of expected failures 261

# of unsupported tests 1613

/home/mischif/stage1/gcc/xgcc  version 4.8.0 (GCC)


=== g++ tests ===



Running target unix

FAIL: g++.dg/other/anon5.C -std=gnu++98 (test for excess errors)

FAIL: g++.dg/other/anon5.C -std=gnu++11 (test for excess errors)


=== g++ Summary ===


# of expected passes 53771

# of unexpected failures 2

# of expected failures 290

# of unsupported tests 825

/home/mischif/stage1/gcc/testsuite/g++/../../xg++  version 4.8.0 (GCC)


=== go tests ===



Running target unix


=== go Summary ===


# of expected passes 4967

# of expected failures 1

# of untested testcases 3

/home/mischif/stage1/gcc/testsuite/go/../../gccgo  version 4.8.0 (GCC)


=== libatomic tests ===



Running target unix


=== libatomic Summary ===


# of expected passes 54

=== libffi tests ===



Running target unix


=== libffi Summary ===


# of expected passes 1819

# of unsupported tests 55

=== libgo tests ===



Running target unix


=== libgo Summary ===


# of expected passes 131

/home/mischif/stage1/./gcc/gccgo version 4.8.0 (GCC)


=== libgomp tests ===



Running target unix


=== libgomp Summary ===


# of expected passes 1259

=== libitm tests ===



Running target unix


=== libitm Summary ===


# of expected passes 26

# of expected failures 3

# of unsupported tests 1

=== libmudflap tests ===



Running target unix

FAIL: libmudflap.c++/pass41-frag.cxx ( -O) execution test

FAIL: libmudflap.c++/pass41-frag.cxx (-O2) execution test

FAIL: libmudflap.c++/pass41-frag.cxx (-O3) execution test


=== libmudflap Summary ===


# of expected passes 1433

# of unexpected failures 3

=== libstdc++ tests ===



Running target unix

FAIL: 22_locale/messages/members/char/1.cc execution test

FAIL: 22_locale/messages/members/char/2.cc execution test

FAIL: 22_locale/messages/members/char/wrapped_env.cc execution test

FAIL: 22_locale/messages/members/char/wrapped_locale.cc execution test

FAIL: 22_locale/messages_byname/named_equivalence.cc execution test

FAIL: 22_locale/time_get/get_date/wchar_t/4.cc execution test


=== libstdc++ Summary ===


# of expected passes 9212

# of unexpected failures 6

# of expected failures 45

# of unsupported tests 211


Compiler version: 4.8.0(GCC)

Platform: x86_64-unknown-linux-gnu

configure flags: --enable-languages=c,c++,go --enable-lto --disable-multilib



More information about the Gcc-testresults mailing list