Results for 4.9.0 20130330 (experimental) [trunk revision 197260] (Debian 20130330-1) testsuite on mipsel-unknown-linux-gnu
Matthias Klose
doko@debian.org
Tue Apr 2 17:54:00 GMT 2013
LAST_UPDATED: Sat Mar 30 09:48:02 UTC 2013 (revision 197260)
Target: mipsel-linux-gnu
gcc version 4.9.0 20130330 (experimental) [trunk revision 197260] (Debian 20130330-1)
=== acats tests ===
=== acats Summary ===
# of expected passes 2320
# of unexpected failures 0
Native configuration is mipsel-unknown-linux-gnu
=== g++ tests ===
Running target unix
FAIL: g++.dg/debug/dwarf2/lineno-simple1.C -std=gnu++98 scan-assembler \\\\t\\\\.loc [0-9]+ 4 0( [^\\\\n]*)?\\\\n(\\\\t.cfi_startproc[^\\\\t]*\\\\n)*\\\\t\\\\.set\\\\t(no)?mips16\\\\n\\\\t\\\\.ent\\\\t_ZN1CC[12]Ev\\\\n\\\\t\\\\.type\\\\t_ZN1CC[12]Ev, @function\\\\n_ZN1CC[12]Ev:\\\\n
FAIL: g++.dg/debug/dwarf2/lineno-simple1.C -std=gnu++98 scan-assembler \\\\t\\\\.loc [0-9]+ 7 0( [^\\\\n]*)?\\\\n(\\\\t.cfi_startproc[^\\\\t]*\\\\n)*\\\\t\\\\.set\\\\t(no)?mips16\\\\n\\\\t\\\\.ent\\\\t_ZN1C3fooEv\\\\n\\\\t\\\\.type\\\\t_ZN1C3fooEv, @function\\\\n_ZN1C3fooEv:\\\\n
FAIL: g++.dg/debug/dwarf2/lineno-simple1.C -std=gnu++98 scan-assembler \\\\t\\\\.loc [0-9]+ 13 0( [^\\\\n]*)?\\\\n(\\\\t.cfi_startproc[^\\\\t]*\\\\n)*\\\\t\\\\.set\\\\t(no)?mips16\\\\n\\\\t\\\\.ent\\\\tmain\\\\n\\\\t\\\\.type\\\\tmain, @function\\\\nmain:\\\\n
FAIL: g++.dg/debug/dwarf2/lineno-simple1.C -std=gnu++11 scan-assembler \\\\t\\\\.loc [0-9]+ 4 0( [^\\\\n]*)?\\\\n(\\\\t.cfi_startproc[^\\\\t]*\\\\n)*\\\\t\\\\.set\\\\t(no)?mips16\\\\n\\\\t\\\\.ent\\\\t_ZN1CC[12]Ev\\\\n\\\\t\\\\.type\\\\t_ZN1CC[12]Ev, @function\\\\n_ZN1CC[12]Ev:\\\\n
FAIL: g++.dg/debug/dwarf2/lineno-simple1.C -std=gnu++11 scan-assembler \\\\t\\\\.loc [0-9]+ 7 0( [^\\\\n]*)?\\\\n(\\\\t.cfi_startproc[^\\\\t]*\\\\n)*\\\\t\\\\.set\\\\t(no)?mips16\\\\n\\\\t\\\\.ent\\\\t_ZN1C3fooEv\\\\n\\\\t\\\\.type\\\\t_ZN1C3fooEv, @function\\\\n_ZN1C3fooEv:\\\\n
FAIL: g++.dg/debug/dwarf2/lineno-simple1.C -std=gnu++11 scan-assembler \\\\t\\\\.loc [0-9]+ 13 0( [^\\\\n]*)?\\\\n(\\\\t.cfi_startproc[^\\\\t]*\\\\n)*\\\\t\\\\.set\\\\t(no)?mips16\\\\n\\\\t\\\\.ent\\\\tmain\\\\n\\\\t\\\\.type\\\\tmain, @function\\\\nmain:\\\\n
FAIL: g++.dg/debug/dwarf2/pr44641.C -std=gnu++98 scan-assembler \\\\t\\\\.loc [0-9]+ 22 0( [^\\\\n]*)?\\\\n(\\\\t.cfi_startproc[^\\\\t]*\\\\n)*\\\\t\\\\.set\\\\t(no)?mips16\\\\n\\\\t\\\\.ent\\\\t_ZN12MisplacedDbgI4FullEC[12]Ev\\\\n\\\\t\\\\.type\\\\t_ZN12MisplacedDbgI4FullEC[12]Ev, @function\\\\n_ZN12MisplacedDbgI4FullEC[12]Ev:\\\\n
FAIL: g++.dg/debug/dwarf2/pr44641.C -std=gnu++98 scan-assembler \\\\t\\\\.loc [0-9]+ 22 0( [^\\\\n]*)?\\\\n(\\\\t.cfi_startproc[^\\\\t]*\\\\n)*\\\\t\\\\.set\\\\t(no)?mips16\\\\n\\\\t\\\\.ent\\\\t_ZN12MisplacedDbgI4FullED0Ev\\\\n\\\\t\\\\.type\\\\t_ZN12MisplacedDbgI4FullED0Ev, @function\\\\n_ZN12MisplacedDbgI4FullED0Ev:\\\\n
FAIL: g++.dg/debug/dwarf2/pr44641.C -std=gnu++98 scan-assembler \\\\t\\\\.loc [0-9]+ 29 0( [^\\\\n]*)?\\\\n(\\\\t.cfi_startproc[^\\\\t]*\\\\n)*\\\\t\\\\.set\\\\t(no)?mips16\\\\n\\\\t\\\\.ent\\\\t_ZN12MisplacedDbgIP3ArgEC[12]Ev\\\\n\\\\t\\\\.type\\\\t_ZN12MisplacedDbgIP3ArgEC[12]Ev, @function\\\\n_ZN12MisplacedDbgIP3ArgEC[12]Ev:\\\\n
FAIL: g++.dg/debug/dwarf2/pr44641.C -std=gnu++98 scan-assembler \\\\t\\\\.loc [0-9]+ 29 0( [^\\\\n]*)?\\\\n(\\\\t.cfi_startproc[^\\\\t]*\\\\n)*\\\\t\\\\.set\\\\t(no)?mips16\\\\n\\\\t\\\\.ent\\\\t_ZN12MisplacedDbgIP3ArgED0Ev\\\\n\\\\t\\\\.type\\\\t_ZN12MisplacedDbgIP3ArgED0Ev, @function\\\\n_ZN12MisplacedDbgIP3ArgED0Ev:\\\\n
FAIL: g++.dg/debug/dwarf2/pr44641.C -std=gnu++98 scan-assembler \\\\t\\\\.loc [0-9]+ 35 0( [^\\\\n]*)?\\\\n(\\\\t.cfi_startproc[^\\\\t]*\\\\n)*\\\\t\\\\.set\\\\t(no)?mips16\\\\n\\\\t\\\\.ent\\\\t_ZN12MisplacedDbgI3ArgEC[12]Ev\\\\n\\\\t\\\\.type\\\\t_ZN12MisplacedDbgI3ArgEC[12]Ev, @function\\\\n_ZN12MisplacedDbgI3ArgEC[12]Ev:\\\\n
FAIL: g++.dg/debug/dwarf2/pr44641.C -std=gnu++98 scan-assembler \\\\t\\\\.loc [0-9]+ 35 0( [^\\\\n]*)?\\\\n(\\\\t.cfi_startproc[^\\\\t]*\\\\n)*\\\\t\\\\.set\\\\t(no)?mips16\\\\n\\\\t\\\\.ent\\\\t_ZN12MisplacedDbgI3ArgED0Ev\\\\n\\\\t\\\\.type\\\\t_ZN12MisplacedDbgI3ArgED0Ev, @function\\\\n_ZN12MisplacedDbgI3ArgED0Ev:\\\\n
FAIL: g++.dg/debug/dwarf2/pr44641.C -std=gnu++11 scan-assembler \\\\t\\\\.loc [0-9]+ 22 0( [^\\\\n]*)?\\\\n(\\\\t.cfi_startproc[^\\\\t]*\\\\n)*\\\\t\\\\.set\\\\t(no)?mips16\\\\n\\\\t\\\\.ent\\\\t_ZN12MisplacedDbgI4FullEC[12]Ev\\\\n\\\\t\\\\.type\\\\t_ZN12MisplacedDbgI4FullEC[12]Ev, @function\\\\n_ZN12MisplacedDbgI4FullEC[12]Ev:\\\\n
FAIL: g++.dg/debug/dwarf2/pr44641.C -std=gnu++11 scan-assembler \\\\t\\\\.loc [0-9]+ 22 0( [^\\\\n]*)?\\\\n(\\\\t.cfi_startproc[^\\\\t]*\\\\n)*\\\\t\\\\.set\\\\t(no)?mips16\\\\n\\\\t\\\\.ent\\\\t_ZN12MisplacedDbgI4FullED0Ev\\\\n\\\\t\\\\.type\\\\t_ZN12MisplacedDbgI4FullED0Ev, @function\\\\n_ZN12MisplacedDbgI4FullED0Ev:\\\\n
FAIL: g++.dg/debug/dwarf2/pr44641.C -std=gnu++11 scan-assembler \\\\t\\\\.loc [0-9]+ 29 0( [^\\\\n]*)?\\\\n(\\\\t.cfi_startproc[^\\\\t]*\\\\n)*\\\\t\\\\.set\\\\t(no)?mips16\\\\n\\\\t\\\\.ent\\\\t_ZN12MisplacedDbgIP3ArgEC[12]Ev\\\\n\\\\t\\\\.type\\\\t_ZN12MisplacedDbgIP3ArgEC[12]Ev, @function\\\\n_ZN12MisplacedDbgIP3ArgEC[12]Ev:\\\\n
FAIL: g++.dg/debug/dwarf2/pr44641.C -std=gnu++11 scan-assembler \\\\t\\\\.loc [0-9]+ 29 0( [^\\\\n]*)?\\\\n(\\\\t.cfi_startproc[^\\\\t]*\\\\n)*\\\\t\\\\.set\\\\t(no)?mips16\\\\n\\\\t\\\\.ent\\\\t_ZN12MisplacedDbgIP3ArgED0Ev\\\\n\\\\t\\\\.type\\\\t_ZN12MisplacedDbgIP3ArgED0Ev, @function\\\\n_ZN12MisplacedDbgIP3ArgED0Ev:\\\\n
FAIL: g++.dg/debug/dwarf2/pr44641.C -std=gnu++11 scan-assembler \\\\t\\\\.loc [0-9]+ 35 0( [^\\\\n]*)?\\\\n(\\\\t.cfi_startproc[^\\\\t]*\\\\n)*\\\\t\\\\.set\\\\t(no)?mips16\\\\n\\\\t\\\\.ent\\\\t_ZN12MisplacedDbgI3ArgEC[12]Ev\\\\n\\\\t\\\\.type\\\\t_ZN12MisplacedDbgI3ArgEC[12]Ev, @function\\\\n_ZN12MisplacedDbgI3ArgEC[12]Ev:\\\\n
FAIL: g++.dg/debug/dwarf2/pr44641.C -std=gnu++11 scan-assembler \\\\t\\\\.loc [0-9]+ 35 0( [^\\\\n]*)?\\\\n(\\\\t.cfi_startproc[^\\\\t]*\\\\n)*\\\\t\\\\.set\\\\t(no)?mips16\\\\n\\\\t\\\\.ent\\\\t_ZN12MisplacedDbgI3ArgED0Ev\\\\n\\\\t\\\\.type\\\\t_ZN12MisplacedDbgI3ArgED0Ev, @function\\\\n_ZN12MisplacedDbgI3ArgED0Ev:\\\\n
FAIL: g++.dg/debug/dwarf2/pr46527.C -std=gnu++98 scan-assembler \\\\t\\\\.loc [0-9]+ 12 0( [^\\\\n]*)?\\\\n(\\\\t.cfi_startproc[^\\\\t]*\\\\n)*\\\\t\\\\.set\\\\t(no)?mips16\\\\n\\\\t\\\\.ent\\\\t_ZN6StructIdE13defined_laterEv\\\\n\\\\t\\\\.type\\\\t_ZN6StructIdE13defined_laterEv, @function\\\\n_ZN6StructIdE13defined_laterEv:\\\\n
FAIL: g++.dg/debug/dwarf2/pr46527.C -std=gnu++11 scan-assembler \\\\t\\\\.loc [0-9]+ 12 0( [^\\\\n]*)?\\\\n(\\\\t.cfi_startproc[^\\\\t]*\\\\n)*\\\\t\\\\.set\\\\t(no)?mips16\\\\n\\\\t\\\\.ent\\\\t_ZN6StructIdE13defined_laterEv\\\\n\\\\t\\\\.type\\\\t_ZN6StructIdE13defined_laterEv, @function\\\\n_ZN6StructIdE13defined_laterEv:\\\\n
FAIL: g++.dg/plugin/attribute_plugin.c compilation
FAIL: g++.dg/plugin/pragma_plugin.c compilation
FAIL: g++.dg/plugin/selfassign.c compilation
FAIL: g++.dg/plugin/dumb_plugin.c compilation
FAIL: g++.dg/plugin/header_plugin.c compilation
FAIL: g++.dg/plugin/decl_plugin.c compilation
=== g++ Summary for unix ===
# of expected passes 50026
# of unexpected failures 26
# of expected failures 291
# of unsupported tests 913
Running target unix/-mabi=64
FAIL: g++.dg/debug/dwarf2/lineno-simple1.C -std=gnu++98 scan-assembler \\\\t\\\\.loc [0-9]+ 4 0( [^\\\\n]*)?\\\\n(\\\\t.cfi_startproc[^\\\\t]*\\\\n)*\\\\t\\\\.set\\\\t(no)?mips16\\\\n\\\\t\\\\.ent\\\\t_ZN1CC[12]Ev\\\\n\\\\t\\\\.type\\\\t_ZN1CC[12]Ev, @function\\\\n_ZN1CC[12]Ev:\\\\n
FAIL: g++.dg/debug/dwarf2/lineno-simple1.C -std=gnu++98 scan-assembler \\\\t\\\\.loc [0-9]+ 7 0( [^\\\\n]*)?\\\\n(\\\\t.cfi_startproc[^\\\\t]*\\\\n)*\\\\t\\\\.set\\\\t(no)?mips16\\\\n\\\\t\\\\.ent\\\\t_ZN1C3fooEv\\\\n\\\\t\\\\.type\\\\t_ZN1C3fooEv, @function\\\\n_ZN1C3fooEv:\\\\n
FAIL: g++.dg/debug/dwarf2/lineno-simple1.C -std=gnu++98 scan-assembler \\\\t\\\\.loc [0-9]+ 13 0( [^\\\\n]*)?\\\\n(\\\\t.cfi_startproc[^\\\\t]*\\\\n)*\\\\t\\\\.set\\\\t(no)?mips16\\\\n\\\\t\\\\.ent\\\\tmain\\\\n\\\\t\\\\.type\\\\tmain, @function\\\\nmain:\\\\n
FAIL: g++.dg/debug/dwarf2/lineno-simple1.C -std=gnu++11 scan-assembler \\\\t\\\\.loc [0-9]+ 4 0( [^\\\\n]*)?\\\\n(\\\\t.cfi_startproc[^\\\\t]*\\\\n)*\\\\t\\\\.set\\\\t(no)?mips16\\\\n\\\\t\\\\.ent\\\\t_ZN1CC[12]Ev\\\\n\\\\t\\\\.type\\\\t_ZN1CC[12]Ev, @function\\\\n_ZN1CC[12]Ev:\\\\n
FAIL: g++.dg/debug/dwarf2/lineno-simple1.C -std=gnu++11 scan-assembler \\\\t\\\\.loc [0-9]+ 7 0( [^\\\\n]*)?\\\\n(\\\\t.cfi_startproc[^\\\\t]*\\\\n)*\\\\t\\\\.set\\\\t(no)?mips16\\\\n\\\\t\\\\.ent\\\\t_ZN1C3fooEv\\\\n\\\\t\\\\.type\\\\t_ZN1C3fooEv, @function\\\\n_ZN1C3fooEv:\\\\n
FAIL: g++.dg/debug/dwarf2/lineno-simple1.C -std=gnu++11 scan-assembler \\\\t\\\\.loc [0-9]+ 13 0( [^\\\\n]*)?\\\\n(\\\\t.cfi_startproc[^\\\\t]*\\\\n)*\\\\t\\\\.set\\\\t(no)?mips16\\\\n\\\\t\\\\.ent\\\\tmain\\\\n\\\\t\\\\.type\\\\tmain, @function\\\\nmain:\\\\n
FAIL: g++.dg/debug/dwarf2/pr44641.C -std=gnu++98 scan-assembler \\\\t\\\\.loc [0-9]+ 22 0( [^\\\\n]*)?\\\\n(\\\\t.cfi_startproc[^\\\\t]*\\\\n)*\\\\t\\\\.set\\\\t(no)?mips16\\\\n\\\\t\\\\.ent\\\\t_ZN12MisplacedDbgI4FullEC[12]Ev\\\\n\\\\t\\\\.type\\\\t_ZN12MisplacedDbgI4FullEC[12]Ev, @function\\\\n_ZN12MisplacedDbgI4FullEC[12]Ev:\\\\n
FAIL: g++.dg/debug/dwarf2/pr44641.C -std=gnu++98 scan-assembler \\\\t\\\\.loc [0-9]+ 22 0( [^\\\\n]*)?\\\\n(\\\\t.cfi_startproc[^\\\\t]*\\\\n)*\\\\t\\\\.set\\\\t(no)?mips16\\\\n\\\\t\\\\.ent\\\\t_ZN12MisplacedDbgI4FullED0Ev\\\\n\\\\t\\\\.type\\\\t_ZN12MisplacedDbgI4FullED0Ev, @function\\\\n_ZN12MisplacedDbgI4FullED0Ev:\\\\n
FAIL: g++.dg/debug/dwarf2/pr44641.C -std=gnu++98 scan-assembler \\\\t\\\\.loc [0-9]+ 29 0( [^\\\\n]*)?\\\\n(\\\\t.cfi_startproc[^\\\\t]*\\\\n)*\\\\t\\\\.set\\\\t(no)?mips16\\\\n\\\\t\\\\.ent\\\\t_ZN12MisplacedDbgIP3ArgEC[12]Ev\\\\n\\\\t\\\\.type\\\\t_ZN12MisplacedDbgIP3ArgEC[12]Ev, @function\\\\n_ZN12MisplacedDbgIP3ArgEC[12]Ev:\\\\n
FAIL: g++.dg/debug/dwarf2/pr44641.C -std=gnu++98 scan-assembler \\\\t\\\\.loc [0-9]+ 29 0( [^\\\\n]*)?\\\\n(\\\\t.cfi_startproc[^\\\\t]*\\\\n)*\\\\t\\\\.set\\\\t(no)?mips16\\\\n\\\\t\\\\.ent\\\\t_ZN12MisplacedDbgIP3ArgED0Ev\\\\n\\\\t\\\\.type\\\\t_ZN12MisplacedDbgIP3ArgED0Ev, @function\\\\n_ZN12MisplacedDbgIP3ArgED0Ev:\\\\n
FAIL: g++.dg/debug/dwarf2/pr44641.C -std=gnu++98 scan-assembler \\\\t\\\\.loc [0-9]+ 35 0( [^\\\\n]*)?\\\\n(\\\\t.cfi_startproc[^\\\\t]*\\\\n)*\\\\t\\\\.set\\\\t(no)?mips16\\\\n\\\\t\\\\.ent\\\\t_ZN12MisplacedDbgI3ArgEC[12]Ev\\\\n\\\\t\\\\.type\\\\t_ZN12MisplacedDbgI3ArgEC[12]Ev, @function\\\\n_ZN12MisplacedDbgI3ArgEC[12]Ev:\\\\n
FAIL: g++.dg/debug/dwarf2/pr44641.C -std=gnu++98 scan-assembler \\\\t\\\\.loc [0-9]+ 35 0( [^\\\\n]*)?\\\\n(\\\\t.cfi_startproc[^\\\\t]*\\\\n)*\\\\t\\\\.set\\\\t(no)?mips16\\\\n\\\\t\\\\.ent\\\\t_ZN12MisplacedDbgI3ArgED0Ev\\\\n\\\\t\\\\.type\\\\t_ZN12MisplacedDbgI3ArgED0Ev, @function\\\\n_ZN12MisplacedDbgI3ArgED0Ev:\\\\n
FAIL: g++.dg/debug/dwarf2/pr44641.C -std=gnu++11 scan-assembler \\\\t\\\\.loc [0-9]+ 22 0( [^\\\\n]*)?\\\\n(\\\\t.cfi_startproc[^\\\\t]*\\\\n)*\\\\t\\\\.set\\\\t(no)?mips16\\\\n\\\\t\\\\.ent\\\\t_ZN12MisplacedDbgI4FullEC[12]Ev\\\\n\\\\t\\\\.type\\\\t_ZN12MisplacedDbgI4FullEC[12]Ev, @function\\\\n_ZN12MisplacedDbgI4FullEC[12]Ev:\\\\n
FAIL: g++.dg/debug/dwarf2/pr44641.C -std=gnu++11 scan-assembler \\\\t\\\\.loc [0-9]+ 22 0( [^\\\\n]*)?\\\\n(\\\\t.cfi_startproc[^\\\\t]*\\\\n)*\\\\t\\\\.set\\\\t(no)?mips16\\\\n\\\\t\\\\.ent\\\\t_ZN12MisplacedDbgI4FullED0Ev\\\\n\\\\t\\\\.type\\\\t_ZN12MisplacedDbgI4FullED0Ev, @function\\\\n_ZN12MisplacedDbgI4FullED0Ev:\\\\n
FAIL: g++.dg/debug/dwarf2/pr44641.C -std=gnu++11 scan-assembler \\\\t\\\\.loc [0-9]+ 29 0( [^\\\\n]*)?\\\\n(\\\\t.cfi_startproc[^\\\\t]*\\\\n)*\\\\t\\\\.set\\\\t(no)?mips16\\\\n\\\\t\\\\.ent\\\\t_ZN12MisplacedDbgIP3ArgEC[12]Ev\\\\n\\\\t\\\\.type\\\\t_ZN12MisplacedDbgIP3ArgEC[12]Ev, @function\\\\n_ZN12MisplacedDbgIP3ArgEC[12]Ev:\\\\n
FAIL: g++.dg/debug/dwarf2/pr44641.C -std=gnu++11 scan-assembler \\\\t\\\\.loc [0-9]+ 29 0( [^\\\\n]*)?\\\\n(\\\\t.cfi_startproc[^\\\\t]*\\\\n)*\\\\t\\\\.set\\\\t(no)?mips16\\\\n\\\\t\\\\.ent\\\\t_ZN12MisplacedDbgIP3ArgED0Ev\\\\n\\\\t\\\\.type\\\\t_ZN12MisplacedDbgIP3ArgED0Ev, @function\\\\n_ZN12MisplacedDbgIP3ArgED0Ev:\\\\n
FAIL: g++.dg/debug/dwarf2/pr44641.C -std=gnu++11 scan-assembler \\\\t\\\\.loc [0-9]+ 35 0( [^\\\\n]*)?\\\\n(\\\\t.cfi_startproc[^\\\\t]*\\\\n)*\\\\t\\\\.set\\\\t(no)?mips16\\\\n\\\\t\\\\.ent\\\\t_ZN12MisplacedDbgI3ArgEC[12]Ev\\\\n\\\\t\\\\.type\\\\t_ZN12MisplacedDbgI3ArgEC[12]Ev, @function\\\\n_ZN12MisplacedDbgI3ArgEC[12]Ev:\\\\n
FAIL: g++.dg/debug/dwarf2/pr44641.C -std=gnu++11 scan-assembler \\\\t\\\\.loc [0-9]+ 35 0( [^\\\\n]*)?\\\\n(\\\\t.cfi_startproc[^\\\\t]*\\\\n)*\\\\t\\\\.set\\\\t(no)?mips16\\\\n\\\\t\\\\.ent\\\\t_ZN12MisplacedDbgI3ArgED0Ev\\\\n\\\\t\\\\.type\\\\t_ZN12MisplacedDbgI3ArgED0Ev, @function\\\\n_ZN12MisplacedDbgI3ArgED0Ev:\\\\n
FAIL: g++.dg/debug/dwarf2/pr46527.C -std=gnu++98 scan-assembler \\\\t\\\\.loc [0-9]+ 12 0( [^\\\\n]*)?\\\\n(\\\\t.cfi_startproc[^\\\\t]*\\\\n)*\\\\t\\\\.set\\\\t(no)?mips16\\\\n\\\\t\\\\.ent\\\\t_ZN6StructIdE13defined_laterEv\\\\n\\\\t\\\\.type\\\\t_ZN6StructIdE13defined_laterEv, @function\\\\n_ZN6StructIdE13defined_laterEv:\\\\n
FAIL: g++.dg/debug/dwarf2/pr46527.C -std=gnu++11 scan-assembler \\\\t\\\\.loc [0-9]+ 12 0( [^\\\\n]*)?\\\\n(\\\\t.cfi_startproc[^\\\\t]*\\\\n)*\\\\t\\\\.set\\\\t(no)?mips16\\\\n\\\\t\\\\.ent\\\\t_ZN6StructIdE13defined_laterEv\\\\n\\\\t\\\\.type\\\\t_ZN6StructIdE13defined_laterEv, @function\\\\n_ZN6StructIdE13defined_laterEv:\\\\n
FAIL: g++.dg/plugin/attribute_plugin.c compilation
FAIL: g++.dg/plugin/pragma_plugin.c compilation
FAIL: g++.dg/plugin/selfassign.c compilation
FAIL: g++.dg/plugin/dumb_plugin.c compilation
FAIL: g++.dg/plugin/header_plugin.c compilation
FAIL: g++.dg/plugin/decl_plugin.c compilation
=== g++ Summary for unix/-mabi=64 ===
# of expected passes 51218
# of unexpected failures 26
# of expected failures 287
# of unsupported tests 920
Running target unix/-mabi=n32
FAIL: g++.dg/debug/dwarf2/lineno-simple1.C -std=gnu++98 scan-assembler \\\\t\\\\.loc [0-9]+ 4 0( [^\\\\n]*)?\\\\n(\\\\t.cfi_startproc[^\\\\t]*\\\\n)*\\\\t\\\\.set\\\\t(no)?mips16\\\\n\\\\t\\\\.ent\\\\t_ZN1CC[12]Ev\\\\n\\\\t\\\\.type\\\\t_ZN1CC[12]Ev, @function\\\\n_ZN1CC[12]Ev:\\\\n
FAIL: g++.dg/debug/dwarf2/lineno-simple1.C -std=gnu++98 scan-assembler \\\\t\\\\.loc [0-9]+ 7 0( [^\\\\n]*)?\\\\n(\\\\t.cfi_startproc[^\\\\t]*\\\\n)*\\\\t\\\\.set\\\\t(no)?mips16\\\\n\\\\t\\\\.ent\\\\t_ZN1C3fooEv\\\\n\\\\t\\\\.type\\\\t_ZN1C3fooEv, @function\\\\n_ZN1C3fooEv:\\\\n
FAIL: g++.dg/debug/dwarf2/lineno-simple1.C -std=gnu++98 scan-assembler \\\\t\\\\.loc [0-9]+ 13 0( [^\\\\n]*)?\\\\n(\\\\t.cfi_startproc[^\\\\t]*\\\\n)*\\\\t\\\\.set\\\\t(no)?mips16\\\\n\\\\t\\\\.ent\\\\tmain\\\\n\\\\t\\\\.type\\\\tmain, @function\\\\nmain:\\\\n
FAIL: g++.dg/debug/dwarf2/lineno-simple1.C -std=gnu++11 scan-assembler \\\\t\\\\.loc [0-9]+ 4 0( [^\\\\n]*)?\\\\n(\\\\t.cfi_startproc[^\\\\t]*\\\\n)*\\\\t\\\\.set\\\\t(no)?mips16\\\\n\\\\t\\\\.ent\\\\t_ZN1CC[12]Ev\\\\n\\\\t\\\\.type\\\\t_ZN1CC[12]Ev, @function\\\\n_ZN1CC[12]Ev:\\\\n
FAIL: g++.dg/debug/dwarf2/lineno-simple1.C -std=gnu++11 scan-assembler \\\\t\\\\.loc [0-9]+ 7 0( [^\\\\n]*)?\\\\n(\\\\t.cfi_startproc[^\\\\t]*\\\\n)*\\\\t\\\\.set\\\\t(no)?mips16\\\\n\\\\t\\\\.ent\\\\t_ZN1C3fooEv\\\\n\\\\t\\\\.type\\\\t_ZN1C3fooEv, @function\\\\n_ZN1C3fooEv:\\\\n
FAIL: g++.dg/debug/dwarf2/lineno-simple1.C -std=gnu++11 scan-assembler \\\\t\\\\.loc [0-9]+ 13 0( [^\\\\n]*)?\\\\n(\\\\t.cfi_startproc[^\\\\t]*\\\\n)*\\\\t\\\\.set\\\\t(no)?mips16\\\\n\\\\t\\\\.ent\\\\tmain\\\\n\\\\t\\\\.type\\\\tmain, @function\\\\nmain:\\\\n
FAIL: g++.dg/debug/dwarf2/pr44641.C -std=gnu++98 scan-assembler \\\\t\\\\.loc [0-9]+ 22 0( [^\\\\n]*)?\\\\n(\\\\t.cfi_startproc[^\\\\t]*\\\\n)*\\\\t\\\\.set\\\\t(no)?mips16\\\\n\\\\t\\\\.ent\\\\t_ZN12MisplacedDbgI4FullEC[12]Ev\\\\n\\\\t\\\\.type\\\\t_ZN12MisplacedDbgI4FullEC[12]Ev, @function\\\\n_ZN12MisplacedDbgI4FullEC[12]Ev:\\\\n
FAIL: g++.dg/debug/dwarf2/pr44641.C -std=gnu++98 scan-assembler \\\\t\\\\.loc [0-9]+ 22 0( [^\\\\n]*)?\\\\n(\\\\t.cfi_startproc[^\\\\t]*\\\\n)*\\\\t\\\\.set\\\\t(no)?mips16\\\\n\\\\t\\\\.ent\\\\t_ZN12MisplacedDbgI4FullED0Ev\\\\n\\\\t\\\\.type\\\\t_ZN12MisplacedDbgI4FullED0Ev, @function\\\\n_ZN12MisplacedDbgI4FullED0Ev:\\\\n
FAIL: g++.dg/debug/dwarf2/pr44641.C -std=gnu++98 scan-assembler \\\\t\\\\.loc [0-9]+ 29 0( [^\\\\n]*)?\\\\n(\\\\t.cfi_startproc[^\\\\t]*\\\\n)*\\\\t\\\\.set\\\\t(no)?mips16\\\\n\\\\t\\\\.ent\\\\t_ZN12MisplacedDbgIP3ArgEC[12]Ev\\\\n\\\\t\\\\.type\\\\t_ZN12MisplacedDbgIP3ArgEC[12]Ev, @function\\\\n_ZN12MisplacedDbgIP3ArgEC[12]Ev:\\\\n
FAIL: g++.dg/debug/dwarf2/pr44641.C -std=gnu++98 scan-assembler \\\\t\\\\.loc [0-9]+ 29 0( [^\\\\n]*)?\\\\n(\\\\t.cfi_startproc[^\\\\t]*\\\\n)*\\\\t\\\\.set\\\\t(no)?mips16\\\\n\\\\t\\\\.ent\\\\t_ZN12MisplacedDbgIP3ArgED0Ev\\\\n\\\\t\\\\.type\\\\t_ZN12MisplacedDbgIP3ArgED0Ev, @function\\\\n_ZN12MisplacedDbgIP3ArgED0Ev:\\\\n
FAIL: g++.dg/debug/dwarf2/pr44641.C -std=gnu++98 scan-assembler \\\\t\\\\.loc [0-9]+ 35 0( [^\\\\n]*)?\\\\n(\\\\t.cfi_startproc[^\\\\t]*\\\\n)*\\\\t\\\\.set\\\\t(no)?mips16\\\\n\\\\t\\\\.ent\\\\t_ZN12MisplacedDbgI3ArgEC[12]Ev\\\\n\\\\t\\\\.type\\\\t_ZN12MisplacedDbgI3ArgEC[12]Ev, @function\\\\n_ZN12MisplacedDbgI3ArgEC[12]Ev:\\\\n
FAIL: g++.dg/debug/dwarf2/pr44641.C -std=gnu++98 scan-assembler \\\\t\\\\.loc [0-9]+ 35 0( [^\\\\n]*)?\\\\n(\\\\t.cfi_startproc[^\\\\t]*\\\\n)*\\\\t\\\\.set\\\\t(no)?mips16\\\\n\\\\t\\\\.ent\\\\t_ZN12MisplacedDbgI3ArgED0Ev\\\\n\\\\t\\\\.type\\\\t_ZN12MisplacedDbgI3ArgED0Ev, @function\\\\n_ZN12MisplacedDbgI3ArgED0Ev:\\\\n
FAIL: g++.dg/debug/dwarf2/pr44641.C -std=gnu++11 scan-assembler \\\\t\\\\.loc [0-9]+ 22 0( [^\\\\n]*)?\\\\n(\\\\t.cfi_startproc[^\\\\t]*\\\\n)*\\\\t\\\\.set\\\\t(no)?mips16\\\\n\\\\t\\\\.ent\\\\t_ZN12MisplacedDbgI4FullEC[12]Ev\\\\n\\\\t\\\\.type\\\\t_ZN12MisplacedDbgI4FullEC[12]Ev, @function\\\\n_ZN12MisplacedDbgI4FullEC[12]Ev:\\\\n
FAIL: g++.dg/debug/dwarf2/pr44641.C -std=gnu++11 scan-assembler \\\\t\\\\.loc [0-9]+ 22 0( [^\\\\n]*)?\\\\n(\\\\t.cfi_startproc[^\\\\t]*\\\\n)*\\\\t\\\\.set\\\\t(no)?mips16\\\\n\\\\t\\\\.ent\\\\t_ZN12MisplacedDbgI4FullED0Ev\\\\n\\\\t\\\\.type\\\\t_ZN12MisplacedDbgI4FullED0Ev, @function\\\\n_ZN12MisplacedDbgI4FullED0Ev:\\\\n
FAIL: g++.dg/debug/dwarf2/pr44641.C -std=gnu++11 scan-assembler \\\\t\\\\.loc [0-9]+ 29 0( [^\\\\n]*)?\\\\n(\\\\t.cfi_startproc[^\\\\t]*\\\\n)*\\\\t\\\\.set\\\\t(no)?mips16\\\\n\\\\t\\\\.ent\\\\t_ZN12MisplacedDbgIP3ArgEC[12]Ev\\\\n\\\\t\\\\.type\\\\t_ZN12MisplacedDbgIP3ArgEC[12]Ev, @function\\\\n_ZN12MisplacedDbgIP3ArgEC[12]Ev:\\\\n
FAIL: g++.dg/debug/dwarf2/pr44641.C -std=gnu++11 scan-assembler \\\\t\\\\.loc [0-9]+ 29 0( [^\\\\n]*)?\\\\n(\\\\t.cfi_startproc[^\\\\t]*\\\\n)*\\\\t\\\\.set\\\\t(no)?mips16\\\\n\\\\t\\\\.ent\\\\t_ZN12MisplacedDbgIP3ArgED0Ev\\\\n\\\\t\\\\.type\\\\t_ZN12MisplacedDbgIP3ArgED0Ev, @function\\\\n_ZN12MisplacedDbgIP3ArgED0Ev:\\\\n
FAIL: g++.dg/debug/dwarf2/pr44641.C -std=gnu++11 scan-assembler \\\\t\\\\.loc [0-9]+ 35 0( [^\\\\n]*)?\\\\n(\\\\t.cfi_startproc[^\\\\t]*\\\\n)*\\\\t\\\\.set\\\\t(no)?mips16\\\\n\\\\t\\\\.ent\\\\t_ZN12MisplacedDbgI3ArgEC[12]Ev\\\\n\\\\t\\\\.type\\\\t_ZN12MisplacedDbgI3ArgEC[12]Ev, @function\\\\n_ZN12MisplacedDbgI3ArgEC[12]Ev:\\\\n
FAIL: g++.dg/debug/dwarf2/pr44641.C -std=gnu++11 scan-assembler \\\\t\\\\.loc [0-9]+ 35 0( [^\\\\n]*)?\\\\n(\\\\t.cfi_startproc[^\\\\t]*\\\\n)*\\\\t\\\\.set\\\\t(no)?mips16\\\\n\\\\t\\\\.ent\\\\t_ZN12MisplacedDbgI3ArgED0Ev\\\\n\\\\t\\\\.type\\\\t_ZN12MisplacedDbgI3ArgED0Ev, @function\\\\n_ZN12MisplacedDbgI3ArgED0Ev:\\\\n
FAIL: g++.dg/debug/dwarf2/pr46527.C -std=gnu++98 scan-assembler \\\\t\\\\.loc [0-9]+ 12 0( [^\\\\n]*)?\\\\n(\\\\t.cfi_startproc[^\\\\t]*\\\\n)*\\\\t\\\\.set\\\\t(no)?mips16\\\\n\\\\t\\\\.ent\\\\t_ZN6StructIdE13defined_laterEv\\\\n\\\\t\\\\.type\\\\t_ZN6StructIdE13defined_laterEv, @function\\\\n_ZN6StructIdE13defined_laterEv:\\\\n
FAIL: g++.dg/debug/dwarf2/pr46527.C -std=gnu++11 scan-assembler \\\\t\\\\.loc [0-9]+ 12 0( [^\\\\n]*)?\\\\n(\\\\t.cfi_startproc[^\\\\t]*\\\\n)*\\\\t\\\\.set\\\\t(no)?mips16\\\\n\\\\t\\\\.ent\\\\t_ZN6StructIdE13defined_laterEv\\\\n\\\\t\\\\.type\\\\t_ZN6StructIdE13defined_laterEv, @function\\\\n_ZN6StructIdE13defined_laterEv:\\\\n
FAIL: g++.dg/plugin/attribute_plugin.c compilation
FAIL: g++.dg/plugin/pragma_plugin.c compilation
FAIL: g++.dg/plugin/selfassign.c compilation
FAIL: g++.dg/plugin/dumb_plugin.c compilation
FAIL: g++.dg/plugin/header_plugin.c compilation
FAIL: g++.dg/plugin/decl_plugin.c compilation
=== g++ Summary for unix/-mabi=n32 ===
# of expected passes 51347
# of unexpected failures 26
# of expected failures 291
# of unsupported tests 898
=== g++ Summary ===
# of expected passes 152591
# of unexpected failures 78
# of expected failures 869
# of unsupported tests 2731
/build/buildd-gcc-snapshot_20130330-1-mipsel-LJp9Sb/gcc-snapshot-20130330/build/gcc/testsuite/g++/../../xg++ version 4.9.0 20130330 (experimental) [trunk revision 197260] (Debian 20130330-1)
=== gcc tests ===
Running target unix
FAIL: gcc.dg/graphite/id-pr46845.c (internal compiler error)
FAIL: gcc.dg/graphite/id-pr46845.c (test for excess errors)
FAIL: gcc.dg/plugin/selfassign.c compilation
FAIL: gcc.dg/plugin/ggcplug.c compilation
FAIL: gcc.dg/plugin/one_time_plugin.c compilation
FAIL: gcc.dg/plugin/start_unit_plugin.c compilation
FAIL: gcc.dg/plugin/finish_unit_plugin.c compilation
FAIL: gcc.target/mips/mips-sched-madd.c -O2 scan-assembler \\tmult\\t
FAIL: gcc.target/mips/mips-sched-madd.c -O3 -fomit-frame-pointer scan-assembler \\tmult\\t
FAIL: gcc.target/mips/mips-sched-madd.c -O3 -g scan-assembler \\tmult\\t
FAIL: gcc.target/mips/mips-sched-madd.c -O2 -flto -fno-use-linker-plugin -flto-partition=none scan-assembler \\tmult\\t
FAIL: gcc.target/mips/mips-sched-madd.c -O2 -flto -fuse-linker-plugin -fno-fat-lto-objects scan-assembler \\tmult\\t
FAIL: gcc.target/mips/octeon-pipe-1.c -O1 scan-rtl-dump sched2 "octeon_mult\\\\*71"
FAIL: gcc.target/mips/octeon-pipe-1.c -O2 scan-rtl-dump sched2 "octeon_mult\\\\*71"
FAIL: gcc.target/mips/octeon-pipe-1.c -O3 -fomit-frame-pointer scan-rtl-dump sched2 "octeon_mult\\\\*71"
FAIL: gcc.target/mips/octeon-pipe-1.c -O3 -g scan-rtl-dump sched2 "octeon_mult\\\\*71"
FAIL: gcc.target/mips/octeon-pipe-1.c -Os scan-rtl-dump sched2 "octeon_mult\\\\*71"
FAIL: gcc.target/mips/octeon-pipe-1.c -O2 -flto -fno-use-linker-plugin -flto-partition=none scan-rtl-dump sched2 "octeon_mult\\\\*71"
FAIL: gcc.target/mips/octeon-pipe-1.c -O2 -flto -fuse-linker-plugin -fno-fat-lto-objects scan-rtl-dump sched2 "octeon_mult\\\\*71"
FAIL: gcc.target/mips/octeon2-pipe-1.c -O1 scan-rtl-dump sched2 "octeon_mult\\\\*17"
FAIL: gcc.target/mips/octeon2-pipe-1.c -O2 scan-rtl-dump sched2 "octeon_mult\\\\*17"
FAIL: gcc.target/mips/octeon2-pipe-1.c -O3 -fomit-frame-pointer scan-rtl-dump sched2 "octeon_mult\\\\*17"
FAIL: gcc.target/mips/octeon2-pipe-1.c -O3 -g scan-rtl-dump sched2 "octeon_mult\\\\*17"
FAIL: gcc.target/mips/octeon2-pipe-1.c -Os scan-rtl-dump sched2 "octeon_mult\\\\*17"
FAIL: gcc.target/mips/octeon2-pipe-1.c -O2 -flto -fno-use-linker-plugin -flto-partition=none scan-rtl-dump sched2 "octeon_mult\\\\*17"
UNRESOLVED: gcc.target/mips/octeon2-pipe-1.c -O2 -flto -fuse-linker-plugin -fno-fat-lto-objects scan-rtl-dump sched2 "octeon_mult\\\\*17"
UNRESOLVED: gcc.target/mips/pr54240.c -O2 -flto -fuse-linker-plugin -fno-fat-lto-objects scan-tree-dump phiopt1 "Hoisting adjacent loads"
=== gcc Summary for unix ===
# of expected passes 91226
# of unexpected failures 25
# of expected failures 151
# of unresolved testcases 2
# of unsupported tests 1341
Running target unix/-mabi=64
FAIL: gcc.dg/graphite/id-pr46845.c (internal compiler error)
FAIL: gcc.dg/graphite/id-pr46845.c (test for excess errors)
FAIL: gcc.dg/plugin/selfassign.c compilation
FAIL: gcc.dg/plugin/ggcplug.c compilation
FAIL: gcc.dg/plugin/one_time_plugin.c compilation
FAIL: gcc.dg/plugin/start_unit_plugin.c compilation
FAIL: gcc.dg/plugin/finish_unit_plugin.c compilation
FAIL: gcc.target/mips/mips-sched-madd.c -O2 scan-assembler \\tmult\\t
FAIL: gcc.target/mips/mips-sched-madd.c -O3 -fomit-frame-pointer scan-assembler \\tmult\\t
FAIL: gcc.target/mips/mips-sched-madd.c -O3 -g scan-assembler \\tmult\\t
FAIL: gcc.target/mips/mips-sched-madd.c -O2 -flto -fno-use-linker-plugin -flto-partition=none scan-assembler \\tmult\\t
FAIL: gcc.target/mips/mips-sched-madd.c -O2 -flto -fuse-linker-plugin -fno-fat-lto-objects scan-assembler \\tmult\\t
FAIL: gcc.target/mips/octeon-pipe-1.c -O1 scan-rtl-dump sched2 "octeon_mult\\\\*71"
FAIL: gcc.target/mips/octeon-pipe-1.c -O2 scan-rtl-dump sched2 "octeon_mult\\\\*71"
FAIL: gcc.target/mips/octeon-pipe-1.c -O3 -fomit-frame-pointer scan-rtl-dump sched2 "octeon_mult\\\\*71"
FAIL: gcc.target/mips/octeon-pipe-1.c -O3 -g scan-rtl-dump sched2 "octeon_mult\\\\*71"
FAIL: gcc.target/mips/octeon-pipe-1.c -Os scan-rtl-dump sched2 "octeon_mult\\\\*71"
FAIL: gcc.target/mips/octeon-pipe-1.c -O2 -flto -fno-use-linker-plugin -flto-partition=none scan-rtl-dump sched2 "octeon_mult\\\\*71"
FAIL: gcc.target/mips/octeon-pipe-1.c -O2 -flto -fuse-linker-plugin -fno-fat-lto-objects scan-rtl-dump sched2 "octeon_mult\\\\*71"
FAIL: gcc.target/mips/octeon2-pipe-1.c -O1 scan-rtl-dump sched2 "octeon_mult\\\\*17"
FAIL: gcc.target/mips/octeon2-pipe-1.c -O2 scan-rtl-dump sched2 "octeon_mult\\\\*17"
FAIL: gcc.target/mips/octeon2-pipe-1.c -O3 -fomit-frame-pointer scan-rtl-dump sched2 "octeon_mult\\\\*17"
FAIL: gcc.target/mips/octeon2-pipe-1.c -O3 -g scan-rtl-dump sched2 "octeon_mult\\\\*17"
FAIL: gcc.target/mips/octeon2-pipe-1.c -Os scan-rtl-dump sched2 "octeon_mult\\\\*17"
FAIL: gcc.target/mips/octeon2-pipe-1.c -O2 -flto -fno-use-linker-plugin -flto-partition=none scan-rtl-dump sched2 "octeon_mult\\\\*17"
UNRESOLVED: gcc.target/mips/octeon2-pipe-1.c -O2 -flto -fuse-linker-plugin -fno-fat-lto-objects scan-rtl-dump sched2 "octeon_mult\\\\*17"
UNRESOLVED: gcc.target/mips/pr54240.c -O2 -flto -fuse-linker-plugin -fno-fat-lto-objects scan-tree-dump phiopt1 "Hoisting adjacent loads"
FAIL: gcc.target/mips/umips-swp-2.c -O2 scan-assembler \\tswp\\t\\\\\$5,0\\\\(\\\\\$4\\\\)
FAIL: gcc.target/mips/umips-swp-2.c -O3 -fomit-frame-pointer scan-assembler \\tswp\\t\\\\\$5,0\\\\(\\\\\$4\\\\)
FAIL: gcc.target/mips/umips-swp-2.c -O3 -g scan-assembler \\tswp\\t\\\\\$5,0\\\\(\\\\\$4\\\\)
FAIL: gcc.target/mips/umips-swp-2.c -O2 -flto -fno-use-linker-plugin -flto-partition=none scan-assembler \\tswp\\t\\\\\$5,0\\\\(\\\\\$4\\\\)
FAIL: gcc.target/mips/umips-swp-2.c -O2 -flto -fuse-linker-plugin -fno-fat-lto-objects scan-assembler \\tswp\\t\\\\\$5,0\\\\(\\\\\$4\\\\)
FAIL: gcc.target/mips/umips-swp-3.c -O2 scan-assembler \\tswp\\t\\\\\$5,0\\\\(\\\\\$4\\\\)
FAIL: gcc.target/mips/umips-swp-3.c -O3 -fomit-frame-pointer scan-assembler \\tswp\\t\\\\\$5,0\\\\(\\\\\$4\\\\)
FAIL: gcc.target/mips/umips-swp-3.c -O3 -g scan-assembler \\tswp\\t\\\\\$5,0\\\\(\\\\\$4\\\\)
FAIL: gcc.target/mips/umips-swp-3.c -O2 -flto -fno-use-linker-plugin -flto-partition=none scan-assembler \\tswp\\t\\\\\$5,0\\\\(\\\\\$4\\\\)
FAIL: gcc.target/mips/umips-swp-3.c -O2 -flto -fuse-linker-plugin -fno-fat-lto-objects scan-assembler \\tswp\\t\\\\\$5,0\\\\(\\\\\$4\\\\)
FAIL: gcc.target/mips/umips-swp-4.c -O2 scan-assembler \\tswp\\t\\\\\$5,2044\\\\(\\\\\$4\\\\)
FAIL: gcc.target/mips/umips-swp-4.c -O3 -fomit-frame-pointer scan-assembler \\tswp\\t\\\\\$5,2044\\\\(\\\\\$4\\\\)
FAIL: gcc.target/mips/umips-swp-4.c -O3 -g scan-assembler \\tswp\\t\\\\\$5,2044\\\\(\\\\\$4\\\\)
FAIL: gcc.target/mips/umips-swp-4.c -O2 -flto -fno-use-linker-plugin -flto-partition=none scan-assembler \\tswp\\t\\\\\$5,2044\\\\(\\\\\$4\\\\)
FAIL: gcc.target/mips/umips-swp-4.c -O2 -flto -fuse-linker-plugin -fno-fat-lto-objects scan-assembler \\tswp\\t\\\\\$5,2044\\\\(\\\\\$4\\\\)
FAIL: gcc.target/mips/umips-swp-5.c -O2 scan-assembler \\tswp\\t\\\\\$5,2044\\\\(\\\\\$4\\\\)
FAIL: gcc.target/mips/umips-swp-5.c -O3 -fomit-frame-pointer scan-assembler \\tswp\\t\\\\\$5,2044\\\\(\\\\\$4\\\\)
FAIL: gcc.target/mips/umips-swp-5.c -O3 -g scan-assembler \\tswp\\t\\\\\$5,2044\\\\(\\\\\$4\\\\)
FAIL: gcc.target/mips/umips-swp-5.c -O2 -flto -fno-use-linker-plugin -flto-partition=none scan-assembler \\tswp\\t\\\\\$5,2044\\\\(\\\\\$4\\\\)
FAIL: gcc.target/mips/umips-swp-5.c -O2 -flto -fuse-linker-plugin -fno-fat-lto-objects scan-assembler \\tswp\\t\\\\\$5,2044\\\\(\\\\\$4\\\\)
=== gcc Summary for unix/-mabi=64 ===
# of expected passes 91846
# of unexpected failures 45
# of expected failures 154
# of unresolved testcases 2
# of unsupported tests 1313
Running target unix/-mabi=n32
FAIL: gcc.dg/graphite/id-pr46845.c (internal compiler error)
FAIL: gcc.dg/graphite/id-pr46845.c (test for excess errors)
FAIL: gcc.dg/plugin/selfassign.c compilation
FAIL: gcc.dg/plugin/ggcplug.c compilation
FAIL: gcc.dg/plugin/one_time_plugin.c compilation
FAIL: gcc.dg/plugin/start_unit_plugin.c compilation
FAIL: gcc.dg/plugin/finish_unit_plugin.c compilation
FAIL: gcc.target/mips/mips-sched-madd.c -O2 scan-assembler \\tmult\\t
FAIL: gcc.target/mips/mips-sched-madd.c -O3 -fomit-frame-pointer scan-assembler \\tmult\\t
FAIL: gcc.target/mips/mips-sched-madd.c -O3 -g scan-assembler \\tmult\\t
FAIL: gcc.target/mips/mips-sched-madd.c -O2 -flto -fno-use-linker-plugin -flto-partition=none scan-assembler \\tmult\\t
FAIL: gcc.target/mips/mips-sched-madd.c -O2 -flto -fuse-linker-plugin -fno-fat-lto-objects scan-assembler \\tmult\\t
FAIL: gcc.target/mips/octeon-pipe-1.c -O1 scan-rtl-dump sched2 "octeon_mult\\\\*71"
FAIL: gcc.target/mips/octeon-pipe-1.c -O2 scan-rtl-dump sched2 "octeon_mult\\\\*71"
FAIL: gcc.target/mips/octeon-pipe-1.c -O3 -fomit-frame-pointer scan-rtl-dump sched2 "octeon_mult\\\\*71"
FAIL: gcc.target/mips/octeon-pipe-1.c -O3 -g scan-rtl-dump sched2 "octeon_mult\\\\*71"
FAIL: gcc.target/mips/octeon-pipe-1.c -Os scan-rtl-dump sched2 "octeon_mult\\\\*71"
FAIL: gcc.target/mips/octeon-pipe-1.c -O2 -flto -fno-use-linker-plugin -flto-partition=none scan-rtl-dump sched2 "octeon_mult\\\\*71"
FAIL: gcc.target/mips/octeon-pipe-1.c -O2 -flto -fuse-linker-plugin -fno-fat-lto-objects scan-rtl-dump sched2 "octeon_mult\\\\*71"
FAIL: gcc.target/mips/octeon2-pipe-1.c -O1 scan-rtl-dump sched2 "octeon_mult\\\\*17"
FAIL: gcc.target/mips/octeon2-pipe-1.c -O2 scan-rtl-dump sched2 "octeon_mult\\\\*17"
FAIL: gcc.target/mips/octeon2-pipe-1.c -O3 -fomit-frame-pointer scan-rtl-dump sched2 "octeon_mult\\\\*17"
FAIL: gcc.target/mips/octeon2-pipe-1.c -O3 -g scan-rtl-dump sched2 "octeon_mult\\\\*17"
FAIL: gcc.target/mips/octeon2-pipe-1.c -Os scan-rtl-dump sched2 "octeon_mult\\\\*17"
FAIL: gcc.target/mips/octeon2-pipe-1.c -O2 -flto -fno-use-linker-plugin -flto-partition=none scan-rtl-dump sched2 "octeon_mult\\\\*17"
UNRESOLVED: gcc.target/mips/octeon2-pipe-1.c -O2 -flto -fuse-linker-plugin -fno-fat-lto-objects scan-rtl-dump sched2 "octeon_mult\\\\*17"
UNRESOLVED: gcc.target/mips/pr54240.c -O2 -flto -fuse-linker-plugin -fno-fat-lto-objects scan-tree-dump phiopt1 "Hoisting adjacent loads"
=== gcc Summary for unix/-mabi=n32 ===
# of expected passes 91937
# of unexpected failures 25
# of expected failures 151
# of unresolved testcases 2
# of unsupported tests 1303
=== gcc Summary ===
# of expected passes 275009
# of unexpected failures 95
# of expected failures 456
# of unresolved testcases 6
# of unsupported tests 3957
/build/buildd-gcc-snapshot_20130330-1-mipsel-LJp9Sb/gcc-snapshot-20130330/build/gcc/xgcc version 4.9.0 20130330 (experimental) [trunk revision 197260] (Debian 20130330-1)
=== gfortran tests ===
Running target unix
FAIL: gfortran.dg/lto/pr45586-2 f_lto_pr45586-2_0.o-f_lto_pr45586-2_0.o link, -O0 -flto -flto-partition=none -fuse-linker-plugin (internal compiler error)
UNRESOLVED: gfortran.dg/lto/pr45586-2 f_lto_pr45586-2_0.o-f_lto_pr45586-2_0.o execute -O0 -flto -flto-partition=none -fuse-linker-plugin
FAIL: gfortran.dg/lto/pr45586-2 f_lto_pr45586-2_0.o-f_lto_pr45586-2_0.o link, -O0 -flto -flto-partition=1to1 -fno-use-linker-plugin (internal compiler error)
UNRESOLVED: gfortran.dg/lto/pr45586-2 f_lto_pr45586-2_0.o-f_lto_pr45586-2_0.o execute -O0 -flto -flto-partition=1to1 -fno-use-linker-plugin
FAIL: gfortran.dg/lto/pr45586-2 f_lto_pr45586-2_0.o-f_lto_pr45586-2_0.o link, -O0 -flto -fuse-linker-plugin -fno-fat-lto-objects (internal compiler error)
UNRESOLVED: gfortran.dg/lto/pr45586-2 f_lto_pr45586-2_0.o-f_lto_pr45586-2_0.o execute -O0 -flto -fuse-linker-plugin -fno-fat-lto-objects
FAIL: gfortran.dg/lto/pr45586 f_lto_pr45586_0.o-f_lto_pr45586_0.o link, -O0 -flto -flto-partition=none -fuse-linker-plugin (internal compiler error)
UNRESOLVED: gfortran.dg/lto/pr45586 f_lto_pr45586_0.o-f_lto_pr45586_0.o execute -O0 -flto -flto-partition=none -fuse-linker-plugin
FAIL: gfortran.dg/lto/pr45586 f_lto_pr45586_0.o-f_lto_pr45586_0.o link, -O0 -flto -flto-partition=1to1 -fno-use-linker-plugin (internal compiler error)
UNRESOLVED: gfortran.dg/lto/pr45586 f_lto_pr45586_0.o-f_lto_pr45586_0.o execute -O0 -flto -flto-partition=1to1 -fno-use-linker-plugin
FAIL: gfortran.dg/lto/pr45586 f_lto_pr45586_0.o-f_lto_pr45586_0.o link, -O0 -flto -fuse-linker-plugin -fno-fat-lto-objects (internal compiler error)
UNRESOLVED: gfortran.dg/lto/pr45586 f_lto_pr45586_0.o-f_lto_pr45586_0.o execute -O0 -flto -fuse-linker-plugin -fno-fat-lto-objects
=== gfortran Summary for unix ===
# of expected passes 42417
# of unexpected failures 6
# of expected failures 56
# of unresolved testcases 6
# of unsupported tests 396
Running target unix/-mabi=64
FAIL: gfortran.dg/lto/pr45586-2 f_lto_pr45586-2_0.o-f_lto_pr45586-2_0.o link, -O0 -flto -flto-partition=none -fuse-linker-plugin (internal compiler error)
UNRESOLVED: gfortran.dg/lto/pr45586-2 f_lto_pr45586-2_0.o-f_lto_pr45586-2_0.o execute -O0 -flto -flto-partition=none -fuse-linker-plugin
FAIL: gfortran.dg/lto/pr45586-2 f_lto_pr45586-2_0.o-f_lto_pr45586-2_0.o link, -O0 -flto -flto-partition=1to1 -fno-use-linker-plugin (internal compiler error)
UNRESOLVED: gfortran.dg/lto/pr45586-2 f_lto_pr45586-2_0.o-f_lto_pr45586-2_0.o execute -O0 -flto -flto-partition=1to1 -fno-use-linker-plugin
FAIL: gfortran.dg/lto/pr45586-2 f_lto_pr45586-2_0.o-f_lto_pr45586-2_0.o link, -O0 -flto -fuse-linker-plugin -fno-fat-lto-objects (internal compiler error)
UNRESOLVED: gfortran.dg/lto/pr45586-2 f_lto_pr45586-2_0.o-f_lto_pr45586-2_0.o execute -O0 -flto -fuse-linker-plugin -fno-fat-lto-objects
FAIL: gfortran.dg/lto/pr45586 f_lto_pr45586_0.o-f_lto_pr45586_0.o link, -O0 -flto -flto-partition=none -fuse-linker-plugin (internal compiler error)
UNRESOLVED: gfortran.dg/lto/pr45586 f_lto_pr45586_0.o-f_lto_pr45586_0.o execute -O0 -flto -flto-partition=none -fuse-linker-plugin
FAIL: gfortran.dg/lto/pr45586 f_lto_pr45586_0.o-f_lto_pr45586_0.o link, -O0 -flto -flto-partition=1to1 -fno-use-linker-plugin (internal compiler error)
UNRESOLVED: gfortran.dg/lto/pr45586 f_lto_pr45586_0.o-f_lto_pr45586_0.o execute -O0 -flto -flto-partition=1to1 -fno-use-linker-plugin
FAIL: gfortran.dg/lto/pr45586 f_lto_pr45586_0.o-f_lto_pr45586_0.o link, -O0 -flto -fuse-linker-plugin -fno-fat-lto-objects (internal compiler error)
UNRESOLVED: gfortran.dg/lto/pr45586 f_lto_pr45586_0.o-f_lto_pr45586_0.o execute -O0 -flto -fuse-linker-plugin -fno-fat-lto-objects
=== gfortran Summary for unix/-mabi=64 ===
# of expected passes 43049
# of unexpected failures 6
# of expected failures 56
# of unresolved testcases 6
# of unsupported tests 87
Running target unix/-mabi=n32
FAIL: gfortran.dg/lto/pr45586-2 f_lto_pr45586-2_0.o-f_lto_pr45586-2_0.o link, -O0 -flto -flto-partition=none -fuse-linker-plugin (internal compiler error)
UNRESOLVED: gfortran.dg/lto/pr45586-2 f_lto_pr45586-2_0.o-f_lto_pr45586-2_0.o execute -O0 -flto -flto-partition=none -fuse-linker-plugin
FAIL: gfortran.dg/lto/pr45586-2 f_lto_pr45586-2_0.o-f_lto_pr45586-2_0.o link, -O0 -flto -flto-partition=1to1 -fno-use-linker-plugin (internal compiler error)
UNRESOLVED: gfortran.dg/lto/pr45586-2 f_lto_pr45586-2_0.o-f_lto_pr45586-2_0.o execute -O0 -flto -flto-partition=1to1 -fno-use-linker-plugin
FAIL: gfortran.dg/lto/pr45586-2 f_lto_pr45586-2_0.o-f_lto_pr45586-2_0.o link, -O0 -flto -fuse-linker-plugin -fno-fat-lto-objects (internal compiler error)
UNRESOLVED: gfortran.dg/lto/pr45586-2 f_lto_pr45586-2_0.o-f_lto_pr45586-2_0.o execute -O0 -flto -fuse-linker-plugin -fno-fat-lto-objects
FAIL: gfortran.dg/lto/pr45586 f_lto_pr45586_0.o-f_lto_pr45586_0.o link, -O0 -flto -flto-partition=none -fuse-linker-plugin (internal compiler error)
UNRESOLVED: gfortran.dg/lto/pr45586 f_lto_pr45586_0.o-f_lto_pr45586_0.o execute -O0 -flto -flto-partition=none -fuse-linker-plugin
FAIL: gfortran.dg/lto/pr45586 f_lto_pr45586_0.o-f_lto_pr45586_0.o link, -O0 -flto -flto-partition=1to1 -fno-use-linker-plugin (internal compiler error)
UNRESOLVED: gfortran.dg/lto/pr45586 f_lto_pr45586_0.o-f_lto_pr45586_0.o execute -O0 -flto -flto-partition=1to1 -fno-use-linker-plugin
FAIL: gfortran.dg/lto/pr45586 f_lto_pr45586_0.o-f_lto_pr45586_0.o link, -O0 -flto -fuse-linker-plugin -fno-fat-lto-objects (internal compiler error)
UNRESOLVED: gfortran.dg/lto/pr45586 f_lto_pr45586_0.o-f_lto_pr45586_0.o execute -O0 -flto -fuse-linker-plugin -fno-fat-lto-objects
=== gfortran Summary for unix/-mabi=n32 ===
# of expected passes 43049
# of unexpected failures 6
# of expected failures 56
# of unresolved testcases 6
# of unsupported tests 87
=== gfortran Summary ===
# of expected passes 128515
# of unexpected failures 18
# of expected failures 168
# of unresolved testcases 18
# of unsupported tests 570
/build/buildd-gcc-snapshot_20130330-1-mipsel-LJp9Sb/gcc-snapshot-20130330/build/gcc/testsuite/gfortran/../../gfortran version 4.9.0 20130330 (experimental) [trunk revision 197260] (Debian 20130330-1)
=== gnat tests ===
Running target unix
XPASS: gnat.dg/specs/addr1.ads (test for bogus messages, line 24)
XPASS: gnat.dg/specs/atomic1.ads (test for errors, line 9)
XPASS: gnat.dg/specs/atomic1.ads (test for errors, line 13)
=== gnat Summary for unix ===
# of expected passes 1142
# of unexpected successes 3
# of expected failures 17
# of unsupported tests 11
Running target unix/-mabi=64
UNRESOLVED: gnat.dg/abstract_with_anonymous_result.adb compilation failed to produce executable
UNRESOLVED: gnat.dg/access4.adb compilation failed to produce executable
UNRESOLVED: gnat.dg/access_discr2.adb compilation failed to produce executable
UNRESOLVED: gnat.dg/access_test.adb compilation failed to produce executable
UNRESOLVED: gnat.dg/addr2.adb compilation failed to produce executable
UNRESOLVED: gnat.dg/address_conversion.adb compilation failed to produce executable
UNRESOLVED: gnat.dg/aggr1.adb compilation failed to produce executable
UNRESOLVED: gnat.dg/aggr12.adb scan-tree-dump-not original "{.i1=0, .i2=2}"
UNRESOLVED: gnat.dg/aggr13.adb scan-tree-dump-not gimple "= {}"
UNRESOLVED: gnat.dg/aggr14.adb compilation failed to produce executable
UNRESOLVED: gnat.dg/aggr19.adb compilation failed to produce executable
UNRESOLVED: gnat.dg/aggr3.adb compilation failed to produce executable
UNRESOLVED: gnat.dg/aliased_prefix_accessibility.adb compilation failed to produce executable
UNRESOLVED: gnat.dg/aliasing1.adb scan-tree-dump-not optimized "__gnat_rcheck"
UNRESOLVED: gnat.dg/aliasing2.adb scan-tree-dump-not optimized "gnat_rcheck"
UNRESOLVED: gnat.dg/aliasing3.adb compilation failed to produce executable
UNRESOLVED: gnat.dg/align_check.adb compilation failed to produce executable
UNRESOLVED: gnat.dg/align_max.adb compilation failed to produce executable
UNRESOLVED: gnat.dg/aligned_vla.adb compilation failed to produce executable
UNRESOLVED: gnat.dg/alignment1.adb compilation failed to produce executable
UNRESOLVED: gnat.dg/alignment10.adb compilation failed to produce executable
UNRESOLVED: gnat.dg/alignment2.adb compilation failed to produce executable
UNRESOLVED: gnat.dg/alignment4.adb scan-tree-dump-not gimple ".F"
UNRESOLVED: gnat.dg/alignment5.adb scan-tree-dump-not gimple ".F"
UNRESOLVED: gnat.dg/alignment6.adb scan-tree-dump-not gimple "VIEW_CONVERT_EXPR"
UNRESOLVED: gnat.dg/alignment7.adb compilation failed to produce executable
UNRESOLVED: gnat.dg/alignment8.adb compilation failed to produce executable
UNRESOLVED: gnat.dg/alignment9.adb compilation failed to produce executable
UNRESOLVED: gnat.dg/allocator_maxalign1.adb compilation failed to produce executable
FAIL: gnat.dg/ancestor_type.adb (test for errors, line 8)
UNRESOLVED: gnat.dg/array10.adb compilation failed to produce executable
FAIL: gnat.dg/array11.adb (test for warnings, line 8)
FAIL: gnat.dg/array11.adb (test for warnings, line 9)
FAIL: gnat.dg/array11.adb (test for warnings, line 12)
UNRESOLVED: gnat.dg/array12.adb compilation failed to produce executable
UNRESOLVED: gnat.dg/array16.adb scan-tree-dump-not optimized "secondary_stack"
UNRESOLVED: gnat.dg/array21.adb compilation failed to produce executable
UNRESOLVED: gnat.dg/array3.adb compilation failed to produce executable
UNRESOLVED: gnat.dg/array4.adb compilation failed to produce executable
UNRESOLVED: gnat.dg/array5.adb compilation failed to produce executable
UNRESOLVED: gnat.dg/array6.adb compilation failed to produce executable
UNRESOLVED: gnat.dg/array7.adb scan-tree-dump-not optimized "MAX_EXPR"
UNRESOLVED: gnat.dg/array9.adb compilation failed to produce executable
UNRESOLVED: gnat.dg/array_bounds_test.adb compilation failed to produce executable
UNRESOLVED: gnat.dg/assert1.adb compilation failed to produce executable
UNRESOLVED: gnat.dg/assign_from_packed.adb compilation failed to produce executable
UNRESOLVED: gnat.dg/atomic1.adb scan-tree-dump-times gimple "v_16" 1
UNRESOLVED: gnat.dg/atomic1.adb scan-tree-dump-times gimple "v_32" 1
FAIL: gnat.dg/atomic2.adb (test for warnings, line 7)
UNRESOLVED: gnat.dg/atomic6_1.adb scan-tree-dump-times gimple "atomic_load[^\\n\\r]*&atomic6_pkg__counter1" 2
UNRESOLVED: gnat.dg/atomic6_1.adb scan-tree-dump-times gimple "atomic_load[^\\n\\r]*&atomic6_pkg__counter2" 1
UNRESOLVED: gnat.dg/atomic6_1.adb scan-tree-dump-times gimple "atomic_load[^\\n\\r]*&atomic6_pkg__timer1" 2
UNRESOLVED: gnat.dg/atomic6_1.adb scan-tree-dump-times gimple "atomic_load[^\\n\\r]*&atomic6_pkg__timer2" 1
UNRESOLVED: gnat.dg/atomic6_1.adb scan-tree-dump-times gimple "atomic_load[^\\n\\r]*&temp" 0
UNRESOLVED: gnat.dg/atomic6_1.adb scan-tree-dump-times gimple "atomic_load[^\\n\\r]*ptr" 0
UNRESOLVED: gnat.dg/atomic6_1.adb scan-tree-dump-times gimple "atomic_store[^\\n\\r]*&atomic6_pkg__counter1" 3
UNRESOLVED: gnat.dg/atomic6_1.adb scan-tree-dump-times gimple "atomic_store[^\\n\\r]*&atomic6_pkg__counter2" 0
UNRESOLVED: gnat.dg/atomic6_1.adb scan-tree-dump-times gimple "atomic_store[^\\n\\r]*&atomic6_pkg__timer1" 3
UNRESOLVED: gnat.dg/atomic6_1.adb scan-tree-dump-times gimple "atomic_store[^\\n\\r]*&atomic6_pkg__timer2" 0
UNRESOLVED: gnat.dg/atomic6_1.adb scan-tree-dump-times gimple "atomic_store[^\\n\\r]*&temp" 0
UNRESOLVED: gnat.dg/atomic6_1.adb scan-tree-dump-times gimple "atomic_store[^\\n\\r]*ptr" 0
UNRESOLVED: gnat.dg/atomic6_2.adb scan-tree-dump-times gimple "atomic_load[^\\n\\r]*&atomic6_pkg__counter1" 6
UNRESOLVED: gnat.dg/atomic6_2.adb scan-tree-dump-times gimple "atomic_load[^\\n\\r]*&atomic6_pkg__counter2" 2
UNRESOLVED: gnat.dg/atomic6_2.adb scan-tree-dump-times gimple "atomic_load[^\\n\\r]*&atomic6_pkg__timer1" 6
UNRESOLVED: gnat.dg/atomic6_2.adb scan-tree-dump-times gimple "atomic_load[^\\n\\r]*&atomic6_pkg__timer2" 2
UNRESOLVED: gnat.dg/atomic6_2.adb scan-tree-dump-times gimple "atomic_load[^\\n\\r]*&temp" 0
UNRESOLVED: gnat.dg/atomic6_2.adb scan-tree-dump-times gimple "atomic_load[^\\n\\r]*ptr" 0
UNRESOLVED: gnat.dg/atomic6_2.adb scan-tree-dump-times gimple "atomic_store[^\\n\\r]*&atomic6_pkg__counter1" 3
UNRESOLVED: gnat.dg/atomic6_2.adb scan-tree-dump-times gimple "atomic_store[^\\n\\r]*&atomic6_pkg__counter2" 0
UNRESOLVED: gnat.dg/atomic6_2.adb scan-tree-dump-times gimple "atomic_store[^\\n\\r]*&atomic6_pkg__timer1" 3
UNRESOLVED: gnat.dg/atomic6_2.adb scan-tree-dump-times gimple "atomic_store[^\\n\\r]*&atomic6_pkg__timer2" 0
UNRESOLVED: gnat.dg/atomic6_2.adb scan-tree-dump-times gimple "atomic_store[^\\n\\r]*&temp" 0
UNRESOLVED: gnat.dg/atomic6_2.adb scan-tree-dump-times gimple "atomic_store[^\\n\\r]*ptr" 0
UNRESOLVED: gnat.dg/atomic6_3.adb scan-tree-dump-times gimple "atomic_load[^\\n\\r]*&atomic6_pkg__counter1" 3
UNRESOLVED: gnat.dg/atomic6_3.adb scan-tree-dump-times gimple "atomic_load[^\\n\\r]*&atomic6_pkg__counter2" 1
UNRESOLVED: gnat.dg/atomic6_3.adb scan-tree-dump-times gimple "atomic_load[^\\n\\r]*&atomic6_pkg__timer1" 3
UNRESOLVED: gnat.dg/atomic6_3.adb scan-tree-dump-times gimple "atomic_load[^\\n\\r]*&atomic6_pkg__timer2" 1
UNRESOLVED: gnat.dg/atomic6_3.adb scan-tree-dump-times gimple "atomic_load[^\\n\\r]*&temp" 0
UNRESOLVED: gnat.dg/atomic6_3.adb scan-tree-dump-times gimple "atomic_load[^\\n\\r]*ptr" 0
UNRESOLVED: gnat.dg/atomic6_3.adb scan-tree-dump-times gimple "atomic_store[^\\n\\r]*&atomic6_pkg__counter1" 3
UNRESOLVED: gnat.dg/atomic6_3.adb scan-tree-dump-times gimple "atomic_store[^\\n\\r]*&atomic6_pkg__counter2" 0
UNRESOLVED: gnat.dg/atomic6_3.adb scan-tree-dump-times gimple "atomic_store[^\\n\\r]*&atomic6_pkg__timer1" 3
UNRESOLVED: gnat.dg/atomic6_3.adb scan-tree-dump-times gimple "atomic_store[^\\n\\r]*&atomic6_pkg__timer2" 0
UNRESOLVED: gnat.dg/atomic6_3.adb scan-tree-dump-times gimple "atomic_store[^\\n\\r]*&temp" 0
UNRESOLVED: gnat.dg/atomic6_3.adb scan-tree-dump-times gimple "atomic_store[^\\n\\r]*ptr" 0
UNRESOLVED: gnat.dg/atomic6_4.adb scan-tree-dump-times gimple "atomic_load[^\\n\\r]*&atomic6_pkg__counter1" 2
UNRESOLVED: gnat.dg/atomic6_4.adb scan-tree-dump-times gimple "atomic_load[^\\n\\r]*&atomic6_pkg__counter2" 1
UNRESOLVED: gnat.dg/atomic6_4.adb scan-tree-dump-times gimple "atomic_load[^\\n\\r]*&atomic6_pkg__timer1" 2
UNRESOLVED: gnat.dg/atomic6_4.adb scan-tree-dump-times gimple "atomic_load[^\\n\\r]*&atomic6_pkg__timer2" 1
UNRESOLVED: gnat.dg/atomic6_4.adb scan-tree-dump-times gimple "atomic_load[^\\n\\r]*&temp" 0
UNRESOLVED: gnat.dg/atomic6_4.adb scan-tree-dump-times gimple "atomic_load[^\\n\\r]*ptr" 0
UNRESOLVED: gnat.dg/atomic6_4.adb scan-tree-dump-times gimple "atomic_store[^\\n\\r]*&atomic6_pkg__counter1" 3
UNRESOLVED: gnat.dg/atomic6_4.adb scan-tree-dump-times gimple "atomic_store[^\\n\\r]*&atomic6_pkg__counter2" 0
UNRESOLVED: gnat.dg/atomic6_4.adb scan-tree-dump-times gimple "atomic_store[^\\n\\r]*&atomic6_pkg__timer1" 3
UNRESOLVED: gnat.dg/atomic6_4.adb scan-tree-dump-times gimple "atomic_store[^\\n\\r]*&atomic6_pkg__timer2" 0
UNRESOLVED: gnat.dg/atomic6_4.adb scan-tree-dump-times gimple "atomic_store[^\\n\\r]*&temp" 0
UNRESOLVED: gnat.dg/atomic6_4.adb scan-tree-dump-times gimple "atomic_store[^\\n\\r]*ptr" 0
UNRESOLVED: gnat.dg/atomic6_5.adb scan-tree-dump-times gimple "atomic_load[^\\n\\r]*&atomic6_pkg__counter1" 2
UNRESOLVED: gnat.dg/atomic6_5.adb scan-tree-dump-times gimple "atomic_load[^\\n\\r]*&atomic6_pkg__counter2" 0
UNRESOLVED: gnat.dg/atomic6_5.adb scan-tree-dump-times gimple "atomic_load[^\\n\\r]*&atomic6_pkg__timer1" 2
UNRESOLVED: gnat.dg/atomic6_5.adb scan-tree-dump-times gimple "atomic_load[^\\n\\r]*&atomic6_pkg__timer2" 0
UNRESOLVED: gnat.dg/atomic6_5.adb scan-tree-dump-times gimple "atomic_load[^\\n\\r]*&temp" 0
UNRESOLVED: gnat.dg/atomic6_5.adb scan-tree-dump-times gimple "atomic_load[^\\n\\r]*ptr" 0
UNRESOLVED: gnat.dg/atomic6_5.adb scan-tree-dump-times gimple "atomic_store[^\\n\\r]*&atomic6_pkg__counter1" 0
UNRESOLVED: gnat.dg/atomic6_5.adb scan-tree-dump-times gimple "atomic_store[^\\n\\r]*&atomic6_pkg__counter2" 0
UNRESOLVED: gnat.dg/atomic6_5.adb scan-tree-dump-times gimple "atomic_store[^\\n\\r]*&atomic6_pkg__timer1" 0
UNRESOLVED: gnat.dg/atomic6_5.adb scan-tree-dump-times gimple "atomic_store[^\\n\\r]*&atomic6_pkg__timer2" 0
UNRESOLVED: gnat.dg/atomic6_5.adb scan-tree-dump-times gimple "atomic_store[^\\n\\r]*&temp" 0
UNRESOLVED: gnat.dg/atomic6_5.adb scan-tree-dump-times gimple "atomic_store[^\\n\\r]*ptr" 0
UNRESOLVED: gnat.dg/atomic6_6.adb scan-tree-dump-times gimple "atomic_load[^\\n\\r]*&atomic6_pkg__counter\\\\[1" 2
UNRESOLVED: gnat.dg/atomic6_6.adb scan-tree-dump-times gimple "atomic_load[^\\n\\r]*&atomic6_pkg__counter\\\\[2" 1
UNRESOLVED: gnat.dg/atomic6_6.adb scan-tree-dump-times gimple "atomic_load[^\\n\\r]*&atomic6_pkg__timer\\\\[1" 2
UNRESOLVED: gnat.dg/atomic6_6.adb scan-tree-dump-times gimple "atomic_load[^\\n\\r]*&atomic6_pkg__timer\\\\[2" 1
UNRESOLVED: gnat.dg/atomic6_6.adb scan-tree-dump-times gimple "atomic_load[^\\n\\r]*&temp" 0
UNRESOLVED: gnat.dg/atomic6_6.adb scan-tree-dump-times gimple "atomic_load[^\\n\\r]*ptr" 0
UNRESOLVED: gnat.dg/atomic6_6.adb scan-tree-dump-times gimple "atomic_store[^\\n\\r]*&atomic6_pkg__counter\\\\[1" 3
UNRESOLVED: gnat.dg/atomic6_6.adb scan-tree-dump-times gimple "atomic_store[^\\n\\r]*&atomic6_pkg__counter\\\\[2" 0
UNRESOLVED: gnat.dg/atomic6_6.adb scan-tree-dump-times gimple "atomic_store[^\\n\\r]*&atomic6_pkg__timer\\\\[1" 3
UNRESOLVED: gnat.dg/atomic6_6.adb scan-tree-dump-times gimple "atomic_store[^\\n\\r]*&atomic6_pkg__timer\\\\[2" 0
UNRESOLVED: gnat.dg/atomic6_6.adb scan-tree-dump-times gimple "atomic_store[^\\n\\r]*&temp" 0
UNRESOLVED: gnat.dg/atomic6_6.adb scan-tree-dump-times gimple "atomic_store[^\\n\\r]*ptr" 0
UNRESOLVED: gnat.dg/atomic6_7.adb scan-tree-dump-times gimple "atomic_load[^\\n\\r]*&my_atomic.counter1" 2
UNRESOLVED: gnat.dg/atomic6_7.adb scan-tree-dump-times gimple "atomic_load[^\\n\\r]*&atomic6_pkg__counter2" 1
UNRESOLVED: gnat.dg/atomic6_7.adb scan-tree-dump-times gimple "atomic_load[^\\n\\r]*&my_atomic.timer1" 2
UNRESOLVED: gnat.dg/atomic6_7.adb scan-tree-dump-times gimple "atomic_load[^\\n\\r]*&atomic6_pkg__timer2" 1
UNRESOLVED: gnat.dg/atomic6_7.adb scan-tree-dump-times gimple "atomic_load[^\\n\\r]*&temp" 0
UNRESOLVED: gnat.dg/atomic6_7.adb scan-tree-dump-times gimple "atomic_load[^\\n\\r]*ptr" 0
UNRESOLVED: gnat.dg/atomic6_7.adb scan-tree-dump-times gimple "atomic_store[^\\n\\r]*&my_atomic.counter1" 3
UNRESOLVED: gnat.dg/atomic6_7.adb scan-tree-dump-times gimple "atomic_store[^\\n\\r]*&atomic6_pkg__counter2" 0
UNRESOLVED: gnat.dg/atomic6_7.adb scan-tree-dump-times gimple "atomic_store[^\\n\\r]*&my_atomic.timer1" 3
UNRESOLVED: gnat.dg/atomic6_7.adb scan-tree-dump-times gimple "atomic_store[^\\n\\r]*&atomic6_pkg__timer2" 0
UNRESOLVED: gnat.dg/atomic6_7.adb scan-tree-dump-times gimple "atomic_store[^\\n\\r]*&temp" 0
UNRESOLVED: gnat.dg/atomic6_7.adb scan-tree-dump-times gimple "atomic_store[^\\n\\r]*ptr" 0
UNRESOLVED: gnat.dg/atomic6_8.adb scan-tree-dump-times gimple "atomic_load[^\\n\\r]*&atomic6_pkg__counter1" 1
UNRESOLVED: gnat.dg/atomic6_8.adb scan-tree-dump-times gimple "atomic_load[^\\n\\r]*&atomic6_pkg__counter2" 0
UNRESOLVED: gnat.dg/atomic6_8.adb scan-tree-dump-times gimple "atomic_load[^\\n\\r]*&atomic6_pkg__timer1" 1
UNRESOLVED: gnat.dg/atomic6_8.adb scan-tree-dump-times gimple "atomic_load[^\\n\\r]*&atomic6_pkg__timer2" 0
UNRESOLVED: gnat.dg/atomic6_8.adb scan-tree-dump-times gimple "atomic_load[^\\n\\r]*&temp" 0
UNRESOLVED: gnat.dg/atomic6_8.adb scan-tree-dump-times gimple "atomic_load[^\\n\\r]*ptr" 3
UNRESOLVED: gnat.dg/atomic6_8.adb scan-tree-dump-times gimple "atomic_store[^\\n\\r]*&atomic6_pkg__counter1" 1
UNRESOLVED: gnat.dg/atomic6_8.adb scan-tree-dump-times gimple "atomic_store[^\\n\\r]*&atomic6_pkg__counter2" 0
UNRESOLVED: gnat.dg/atomic6_8.adb scan-tree-dump-times gimple "atomic_store[^\\n\\r]*&atomic6_pkg__timer1" 1
UNRESOLVED: gnat.dg/atomic6_8.adb scan-tree-dump-times gimple "atomic_store[^\\n\\r]*&atomic6_pkg__timer2" 0
UNRESOLVED: gnat.dg/atomic6_8.adb scan-tree-dump-times gimple "atomic_store[^\\n\\r]*&temp" 0
UNRESOLVED: gnat.dg/atomic6_8.adb scan-tree-dump-times gimple "atomic_store[^\\n\\r]*ptr" 3
UNRESOLVED: gnat.dg/biased_uc.adb compilation failed to produce executable
UNRESOLVED: gnat.dg/bip_aggregate_bug.adb compilation failed to produce executable
UNRESOLVED: gnat.dg/bit_packed_array3.adb compilation failed to produce executable
UNRESOLVED: gnat.dg/blkextract_from_reg.adb compilation failed to produce executable
UNRESOLVED: gnat.dg/bltins.adb compilation failed to produce executable
UNRESOLVED: gnat.dg/boolean_bitfield.adb compilation failed to produce executable
UNRESOLVED: gnat.dg/boolean_conv.adb compilation failed to produce executable
UNRESOLVED: gnat.dg/boolean_expr2.adb compilation failed to produce executable
UNRESOLVED: gnat.dg/capture_value.adb compilation failed to produce executable
UNRESOLVED: gnat.dg/case_optimization2.adb compilation failed to produce executable
UNRESOLVED: gnat.dg/check_displace_generation.adb compilation failed to produce executable
UNRESOLVED: gnat.dg/check_elaboration_code.adb compilation failed to produce executable
UNRESOLVED: gnat.dg/compose.adb compilation failed to produce executable
UNRESOLVED: gnat.dg/concat1.adb compilation failed to produce executable
UNRESOLVED: gnat.dg/concat_length.adb compilation failed to produce executable
UNRESOLVED: gnat.dg/constant2.adb compilation failed to produce executable
UNRESOLVED: gnat.dg/controlled5.adb compilation failed to produce executable
UNRESOLVED: gnat.dg/conv_bug.adb compilation failed to produce executable
UNRESOLVED: gnat.dg/conv_decimal.adb compilation failed to produce executable
UNRESOLVED: gnat.dg/conv_real.adb compilation failed to produce executable
UNRESOLVED: gnat.dg/curr_task.adb compilation failed to produce executable
FAIL: gnat.dg/deferred_const1.adb (test for warnings, line 8)
UNRESOLVED: gnat.dg/deferred_const2.adb compilation failed to produce executable
UNRESOLVED: gnat.dg/deferred_const3.adb compilation failed to produce executable
UNRESOLVED: gnat.dg/derived_aggregate.adb compilation failed to produce executable
UNRESOLVED: gnat.dg/derived_type1.adb scan-tree-dump-not original "VIEW_CONVERT_EXPR<struct derived_type1__root>"
UNRESOLVED: gnat.dg/derived_type1.adb scan-tree-dump-not original "VIEW_CONVERT_EXPR<struct derived_type1__derived1>"
UNRESOLVED: gnat.dg/derived_type2.adb compilation failed to produce executable
UNRESOLVED: gnat.dg/derived_type3.adb compilation failed to produce executable
UNRESOLVED: gnat.dg/discr24.adb compilation failed to produce executable
UNRESOLVED: gnat.dg/discr32.adb compilation failed to produce executable
UNRESOLVED: gnat.dg/discr33.adb compilation failed to produce executable
UNRESOLVED: gnat.dg/discr39.adb compilation failed to produce executable
UNRESOLVED: gnat.dg/discr4.adb compilation failed to produce executable
UNRESOLVED: gnat.dg/dispatch1.adb compilation failed to produce executable
UNRESOLVED: gnat.dg/dispatch2.adb compilation failed to produce executable
UNRESOLVED: gnat.dg/elim2.adb compilation failed to produce executable
UNRESOLVED: gnat.dg/empty_vector_length.adb compilation failed to produce executable
UNRESOLVED: gnat.dg/entry_queues.adb compilation failed to produce executable
UNRESOLVED: gnat.dg/enum1.adb compilation failed to produce executable
UNRESOLVED: gnat.dg/enum2.adb compilation failed to produce executable
UNRESOLVED: gnat.dg/exp0_eval.adb compilation failed to produce executable
UNRESOLVED: gnat.dg/expect1.adb compilation failed to produce executable
UNRESOLVED: gnat.dg/fixce.adb compilation failed to produce executable
UNRESOLVED: gnat.dg/fixedpnt.adb compilation failed to produce executable
FAIL: gnat.dg/frame_overflow.adb (test for errors, line 5)
FAIL: gnat.dg/frame_overflow.adb (test for errors, line 14)
UNRESOLVED: gnat.dg/generic_dispatch.adb compilation failed to produce executable
UNRESOLVED: gnat.dg/gnat_malloc.adb compilation failed to produce executable
UNRESOLVED: gnat.dg/handle_and_return.adb compilation failed to produce executable
UNRESOLVED: gnat.dg/handle_raise_from_pure.adb compilation failed to produce executable
UNRESOLVED: gnat.dg/hyper_flat.adb compilation failed to produce executable
UNRESOLVED: gnat.dg/in_out_parameter.adb compilation failed to produce executable
UNRESOLVED: gnat.dg/in_out_parameter2.adb compilation failed to produce executable
UNRESOLVED: gnat.dg/in_out_parameter3.adb compilation failed to produce executable
FAIL: gnat.dg/include.adb (test for errors, line )
XPASS: gnat.dg/incomplete2.adb (test for excess errors)
UNRESOLVED: gnat.dg/init_scalar1.adb compilation failed to produce executable
UNRESOLVED: gnat.dg/inline_tagged.adb compilation failed to produce executable
UNRESOLVED: gnat.dg/interface1.adb compilation failed to produce executable
UNRESOLVED: gnat.dg/interface2.adb compilation failed to produce executable
UNRESOLVED: gnat.dg/interface3.adb compilation failed to produce executable
UNRESOLVED: gnat.dg/interface_conv.adb compilation failed to produce executable
UNRESOLVED: gnat.dg/invalid1.adb compilation failed to produce executable
UNRESOLVED: gnat.dg/iprot_test.adb compilation failed to produce executable
UNRESOLVED: gnat.dg/kill_value.adb compilation failed to produce executable
UNRESOLVED: gnat.dg/lhs_view_convert.adb compilation failed to produce executable
UNRESOLVED: gnat.dg/loop_boolean.adb compilation failed to produce executable
UNRESOLVED: gnat.dg/loop_optimization3.adb compilation failed to produce executable
UNRESOLVED: gnat.dg/loop_optimization4.adb compilation failed to produce executable
UNRESOLVED: gnat.dg/loop_optimization6.adb scan-tree-dump-not optimized "goto"
UNRESOLVED: gnat.dg/loop_optimization8.adb compilation failed to produce executable
UNRESOLVED: gnat.dg/lto1.adb compilation failed to produce executable
UNRESOLVED: gnat.dg/lto10.adb compilation failed to produce executable
UNRESOLVED: gnat.dg/lto5.adb compilation failed to produce executable
UNRESOLVED: gnat.dg/lto6.adb compilation failed to produce executable
UNRESOLVED: gnat.dg/lto7.adb compilation failed to produce executable
UNRESOLVED: gnat.dg/lto8.adb compilation failed to produce executable
UNRESOLVED: gnat.dg/lto9.adb compilation failed to produce executable
UNRESOLVED: gnat.dg/md5_test.adb compilation failed to produce executable
UNRESOLVED: gnat.dg/memtrap.adb scan-assembler __gnat_begin_handler|__gnat_raise_nodefer
UNRESOLVED: gnat.dg/misaligned_nest.adb compilation failed to produce executable
UNRESOLVED: gnat.dg/misaligned_param.adb compilation failed to produce executable
UNRESOLVED: gnat.dg/missing_acc_check.adb compilation failed to produce executable
UNRESOLVED: gnat.dg/modular1.adb compilation failed to produce executable
UNRESOLVED: gnat.dg/modular2.adb compilation failed to produce executable
UNRESOLVED: gnat.dg/modular3.adb compilation failed to produce executable
UNRESOLVED: gnat.dg/mutable1.adb compilation failed to produce executable
UNRESOLVED: gnat.dg/named_test.adb compilation failed to produce executable
UNRESOLVED: gnat.dg/nat1r.adb compilation failed to produce executable
UNRESOLVED: gnat.dg/nested_controlled_alloc.adb compilation failed to produce executable
UNRESOLVED: gnat.dg/nested_proc1.adb compilation failed to produce executable
UNRESOLVED: gnat.dg/nested_return_test.adb compilation failed to produce executable
UNRESOLVED: gnat.dg/no_final.adb compilation failed to produce executable
UNRESOLVED: gnat.dg/not_null.adb compilation failed to produce executable
FAIL: gnat.dg/notnot.adb (test for warnings, line 6)
UNRESOLVED: gnat.dg/null_pointer_deref1.adb compilation failed to produce executable
UNRESOLVED: gnat.dg/null_pointer_deref2.adb compilation failed to produce executable
UNRESOLVED: gnat.dg/null_pointer_deref3.adb compilation failed to produce executable
FAIL: gnat.dg/object_overflow1.adb (test for warnings, line 8)
FAIL: gnat.dg/object_overflow2.adb (test for warnings, line 8)
FAIL: gnat.dg/object_overflow3.adb (test for warnings, line 14)
FAIL: gnat.dg/object_overflow4.adb (test for warnings, line 11)
FAIL: gnat.dg/object_overflow4.adb (test for warnings, line 15)
UNRESOLVED: gnat.dg/oconst1.adb scan-assembler-not elabs
UNRESOLVED: gnat.dg/oconst2.adb scan-assembler-not elabs
UNRESOLVED: gnat.dg/oconst3.adb scan-assembler-not elabs
UNRESOLVED: gnat.dg/oconst4.adb scan-assembler-not elabs
UNRESOLVED: gnat.dg/oconst5.adb scan-assembler-not elabs
UNRESOLVED: gnat.dg/opt12.adb compilation failed to produce executable
UNRESOLVED: gnat.dg/opt13.adb compilation failed to produce executable
UNRESOLVED: gnat.dg/opt14.adb compilation failed to produce executable
UNRESOLVED: gnat.dg/opt15.adb scan-tree-dump-not optimized "trace_inlined"
UNRESOLVED: gnat.dg/opt2.adb compilation failed to produce executable
UNRESOLVED: gnat.dg/opt21.adb compilation failed to produce executable
UNRESOLVED: gnat.dg/opt22.adb compilation failed to produce executable
UNRESOLVED: gnat.dg/opt26.adb compilation failed to produce executable
UNRESOLVED: gnat.dg/opt4.adb compilation failed to produce executable
UNRESOLVED: gnat.dg/opt5.adb compilation failed to produce executable
UNRESOLVED: gnat.dg/outer_agg_bitfield_constructor.adb compilation failed to produce executable
UNRESOLVED: gnat.dg/overflow_sum.adb compilation failed to produce executable
UNRESOLVED: gnat.dg/pack10.adb compilation failed to produce executable
UNRESOLVED: gnat.dg/pack11.adb compilation failed to produce executable
UNRESOLVED: gnat.dg/pack12.adb compilation failed to produce executable
UNRESOLVED: gnat.dg/pack17.adb compilation failed to produce executable
UNRESOLVED: gnat.dg/pack18.adb compilation failed to produce executable
UNRESOLVED: gnat.dg/pack3.adb compilation failed to produce executable
UNRESOLVED: gnat.dg/pack4.adb compilation failed to produce executable
FAIL: gnat.dg/pack8.adb (test for errors, line 19)
UNRESOLVED: gnat.dg/pack9.adb scan-tree-dump-not optimized "gnat_rcheck"
UNRESOLVED: gnat.dg/packed_subtype.adb compilation failed to produce executable
UNRESOLVED: gnat.dg/pointer_conversion.adb compilation failed to produce executable
UNRESOLVED: gnat.dg/prot_def.adb compilation failed to produce executable
UNRESOLVED: gnat.dg/protected_self_ref1.adb compilation failed to produce executable
FAIL: gnat.dg/protected_self_ref2.adb (test for errors, line 12)
UNRESOLVED: gnat.dg/quote.adb compilation failed to produce executable
UNRESOLVED: gnat.dg/range_check.adb compilation failed to produce executable
UNRESOLVED: gnat.dg/regpat1.adb compilation failed to produce executable
UNRESOLVED: gnat.dg/release_unc_maxalign.adb compilation failed to produce executable
UNRESOLVED: gnat.dg/renaming2.adb compilation failed to produce executable
UNRESOLVED: gnat.dg/renaming3.adb compilation failed to produce executable
UNRESOLVED: gnat.dg/renaming5.adb scan-tree-dump-times optimized "goto" 3
UNRESOLVED: gnat.dg/rep_clause4.adb compilation failed to produce executable
UNRESOLVED: gnat.dg/requeue1.adb compilation failed to produce executable
UNRESOLVED: gnat.dg/return3.adb scan-assembler loc 1 6
UNRESOLVED: gnat.dg/scalar_mode_agg_compare.adb compilation failed to produce executable
UNRESOLVED: gnat.dg/self_aggregate_with_array.adb compilation failed to produce executable
UNRESOLVED: gnat.dg/self_aggregate_with_call.adb compilation failed to produce executable
UNRESOLVED: gnat.dg/self_aggregate_with_pointer.adb compilation failed to produce executable
UNRESOLVED: gnat.dg/self_aggregate_with_zeros.adb compilation failed to produce executable
UNRESOLVED: gnat.dg/sizetype1.adb compilation failed to produce executable
UNRESOLVED: gnat.dg/sizetype2.adb compilation failed to produce executable
UNRESOLVED: gnat.dg/sizetype4.adb compilation failed to produce executable
UNRESOLVED: gnat.dg/slice3.adb compilation failed to produce executable
UNRESOLVED: gnat.dg/slice4.adb compilation failed to produce executable
FAIL: gnat.dg/slice5.adb (test for warnings, line 15)
FAIL: gnat.dg/slice5.adb (test for warnings, line 21)
UNRESOLVED: gnat.dg/small_alignment.adb compilation failed to produce executable
UNRESOLVED: gnat.dg/socket1.adb compilation failed to produce executable
UNRESOLVED: gnat.dg/sort2.adb compilation failed to produce executable
UNRESOLVED: gnat.dg/spipaterr.adb compilation failed to produce executable
UNRESOLVED: gnat.dg/stack_check1.adb compilation failed to produce executable
UNRESOLVED: gnat.dg/stack_check2.adb compilation failed to produce executable
UNRESOLVED: gnat.dg/string_slice.adb compilation failed to produce executable
FAIL: gnat.dg/subp_elim_errors.adb (test for errors, line 25)
FAIL: gnat.dg/subp_elim_errors.adb (test for errors, line 27)
FAIL: gnat.dg/subp_elim_errors.adb (test for errors, line 29)
FAIL: gnat.dg/subp_elim_errors.adb (test for errors, line 31)
UNRESOLVED: gnat.dg/taft_type1.adb compilation failed to produce executable
UNRESOLVED: gnat.dg/tag1.adb compilation failed to produce executable
UNRESOLVED: gnat.dg/tagged_alloc_free.adb compilation failed to produce executable
UNRESOLVED: gnat.dg/tail_call.adb compilation failed to produce executable
UNRESOLVED: gnat.dg/task_stack_align.adb compilation failed to produce executable
UNRESOLVED: gnat.dg/test_8bitlong_overflow.adb compilation failed to produce executable
UNRESOLVED: gnat.dg/test_address_null_init.adb compilation failed to produce executable
UNRESOLVED: gnat.dg/test_allocator_maxalign2.adb compilation failed to produce executable
UNRESOLVED: gnat.dg/test_bounded.adb compilation failed to produce executable
UNRESOLVED: gnat.dg/test_delay.adb compilation failed to produce executable
UNRESOLVED: gnat.dg/test_direct_io.adb compilation failed to produce executable
UNRESOLVED: gnat.dg/test_enum_io.adb compilation failed to produce executable
UNRESOLVED: gnat.dg/test_fixed_io.adb compilation failed to produce executable
UNRESOLVED: gnat.dg/test_iface_aggr.adb compilation failed to produce executable
UNRESOLVED: gnat.dg/test_ifaces.adb compilation failed to produce executable
UNRESOLVED: gnat.dg/test_image.adb compilation failed to produce executable
UNRESOLVED: gnat.dg/test_nested_subtype_byref.adb compilation failed to produce executable
UNRESOLVED: gnat.dg/test_oalign.adb compilation failed to produce executable
UNRESOLVED: gnat.dg/test_oconst.adb compilation failed to produce executable
UNRESOLVED: gnat.dg/test_prefix1.adb compilation failed to produce executable
UNRESOLVED: gnat.dg/test_prio.adb compilation failed to produce executable
UNRESOLVED: gnat.dg/test_raise_from_pure.adb compilation failed to produce executable
UNRESOLVED: gnat.dg/test_self.adb compilation failed to produce executable
UNRESOLVED: gnat.dg/test_self_ref.adb compilation failed to produce executable
UNRESOLVED: gnat.dg/test_table1.adb compilation failed to produce executable
UNRESOLVED: gnat.dg/test_time_stamp.adb compilation failed to produce executable
UNRESOLVED: gnat.dg/test_version.adb compilation failed to produce executable
UNRESOLVED: gnat.dg/testint.adb compilation failed to produce executable
UNRESOLVED: gnat.dg/tfren.adb compilation failed to produce executable
UNRESOLVED: gnat.dg/thin_pointer2.adb compilation failed to produce executable
UNRESOLVED: gnat.dg/timer_cancel.adb compilation failed to produce executable
UNRESOLVED: gnat.dg/timing_events.adb compilation failed to produce executable
UNRESOLVED: gnat.dg/trampoline1.adb scan-assembler-not GNU-stack.*x
UNRESOLVED: gnat.dg/trampoline2.adb compilation failed to produce executable
UNRESOLVED: gnat.dg/tree_static_use.adb compilation failed to produce executable
UNRESOLVED: gnat.dg/unc_memfree.adb compilation failed to produce executable
UNRESOLVED: gnat.dg/unchecked_convert1.adb compilation failed to produce executable
UNRESOLVED: gnat.dg/unchecked_convert2.adb compilation failed to produce executable
UNRESOLVED: gnat.dg/unchecked_convert3.adb compilation failed to produce executable
UNRESOLVED: gnat.dg/unchecked_convert9.adb scan-rtl-dump-times final "set \\\\(mem/v" 1
UNRESOLVED: gnat.dg/unchecked_union1.adb compilation failed to produce executable
FAIL: gnat.dg/uninit_func.adb (test for warnings, line 12)
UNRESOLVED: gnat.dg/valid1.adb compilation failed to produce executable
UNRESOLVED: gnat.dg/view_conversion1.adb compilation failed to produce executable
UNRESOLVED: gnat.dg/volatile3.adb scan-assembler __gnat_rcheck
UNRESOLVED: gnat.dg/volatile4.adb compilation failed to produce executable
UNRESOLVED: gnat.dg/volatile6.adb scan-tree-dump optimized "goto"
UNRESOLVED: gnat.dg/volatile7.adb scan-tree-dump optimized "goto"
UNRESOLVED: gnat.dg/volatile8.adb scan-tree-dump optimized "goto"
UNRESOLVED: gnat.dg/volatile9.adb scan-tree-dump optimized "goto"
UNRESOLVED: gnat.dg/warn1.adb compilation failed to produce executable
FAIL: gnat.dg/warn4.adb (test for warnings, line 14)
FAIL: gnat.dg/warn4.adb (test for warnings, line 14)
FAIL: gnat.dg/warn5.adb (test for warnings, line 29)
FAIL: gnat.dg/warn8.adb (test for warnings, line 3)
UNRESOLVED: gnat.dg/wide_boolean.adb compilation failed to produce executable
UNRESOLVED: gnat.dg/wide_test.adb compilation failed to produce executable
FAIL: gnat.dg/specs/abstract_private.ads (test for errors, line 12)
FAIL: gnat.dg/specs/access_constant.ads (test for errors, line 10)
FAIL: gnat.dg/specs/access_constant_decl.ads (test for errors, line 9)
XPASS: gnat.dg/specs/addr1.ads (test for bogus messages, line 24)
FAIL: gnat.dg/specs/addr1.ads (test for warnings, line 30)
XPASS: gnat.dg/specs/aggr4_pkg.ads (test for excess errors)
FAIL: gnat.dg/specs/alignment2.ads (test for warnings, line 12)
FAIL: gnat.dg/specs/alignment2.ads (test for warnings, line 18)
FAIL: gnat.dg/specs/alignment2.ads (test for warnings, line 36)
FAIL: gnat.dg/specs/alignment2.ads (test for warnings, line 40)
FAIL: gnat.dg/specs/clause_on_volatile.ads (test for errors, line 32)
FAIL: gnat.dg/specs/clause_on_volatile.ads (test for errors, line 42)
FAIL: gnat.dg/specs/clause_on_volatile.ads (test for errors, line 52)
FAIL: gnat.dg/specs/clause_on_volatile.ads (test for errors, line 62)
FAIL: gnat.dg/specs/clause_on_volatile.ads (test for errors, line 72)
FAIL: gnat.dg/specs/clause_on_volatile.ads (test for errors, line 82)
XPASS: gnat.dg/specs/controlled1_pkg.ads (test for excess errors)
UNRESOLVED: gnat.dg/specs/debug1.ads scan-assembler-times DW_AT_artificial 8
XPASS: gnat.dg/specs/elab2_pkg.ads (test for excess errors)
XPASS: gnat.dg/specs/fe_inlining_helper.ads (test for excess errors)
FAIL: gnat.dg/specs/import_abstract.ads (test for errors, line 5)
FAIL: gnat.dg/specs/integer_value.ads (test for errors, line 4)
FAIL: gnat.dg/specs/linker_section.ads (test for errors, line 6)
FAIL: gnat.dg/specs/linker_section.ads (test for errors, line 10)
XPASS: gnat.dg/specs/loop_optimization1_pkg.ads (test for excess errors)
XPASS: gnat.dg/specs/lto12_pkg.ads (test for excess errors)
XPASS: gnat.dg/specs/lto3_pkg1.ads (test for excess errors)
XPASS: gnat.dg/specs/lto3_pkg2.ads (test for excess errors)
UNRESOLVED: gnat.dg/specs/oconst6.ads scan-assembler-not elabs
FAIL: gnat.dg/specs/oversize.ads (test for errors, line 18)
FAIL: gnat.dg/specs/oversize.ads (test for errors, line 25)
FAIL: gnat.dg/specs/oversize.ads (test for errors, line 33)
FAIL: gnat.dg/specs/oversize.ads (test for errors, line 44)
XPASS: gnat.dg/specs/pack3_pkg.ads (test for excess errors)
FAIL: gnat.dg/specs/renaming1.ads (test for errors, line 11)
FAIL: gnat.dg/specs/renaming1.ads (test for errors, line 15)
XPASS: gnat.dg/specs/renaming2_pkg1.ads (test for excess errors)
XPASS: gnat.dg/specs/renaming2_pkg3.ads (test for excess errors)
XPASS: gnat.dg/specs/renaming2_pkg4.ads (test for excess errors)
XPASS: gnat.dg/specs/size_attribute1_pkg1.ads (test for excess errors)
XPASS: gnat.dg/specs/size_attribute1_pkg2.ads (test for excess errors)
FAIL: gnat.dg/specs/size_clause2.ads (test for errors, line 40)
FAIL: gnat.dg/specs/size_clause3.ads (test for errors, line 17)
FAIL: gnat.dg/specs/size_clause3.ads (test for errors, line 47)
UNRESOLVED: gnat.dg/specs/static_initializer.ads scan-assembler-not elabs
UNRESOLVED: gnat.dg/specs/static_initializer2.ads scan-assembler-not elabs
FAIL: gnat.dg/specs/storage.ads (test for errors, line 6)
FAIL: gnat.dg/specs/tag2.ads (test for errors, line 11)
FAIL: gnat.dg/specs/tag2.ads (test for errors, line 12)
FAIL: gnat.dg/specs/tag2.ads (test for errors, line 13)
FAIL: gnat.dg/specs/variant_part.ads (test for errors, line 4)
XPASS: gnat.dg/specs/varsize_return_pkg1.ads (test for excess errors)
XPASS: gnat.dg/specs/varsize_return_pkg2.ads (test for excess errors)
=== gnat Summary for unix/-mabi=64 ===
# of expected passes 737
# of unexpected failures 60
# of unexpected successes 18
# of expected failures 2
# of unresolved testcases 345
# of unsupported tests 11
Running target unix/-mabi=n32
UNRESOLVED: gnat.dg/abstract_with_anonymous_result.adb compilation failed to produce executable
UNRESOLVED: gnat.dg/access4.adb compilation failed to produce executable
UNRESOLVED: gnat.dg/access_discr2.adb compilation failed to produce executable
UNRESOLVED: gnat.dg/access_test.adb compilation failed to produce executable
UNRESOLVED: gnat.dg/addr2.adb compilation failed to produce executable
UNRESOLVED: gnat.dg/address_conversion.adb compilation failed to produce executable
UNRESOLVED: gnat.dg/aggr1.adb compilation failed to produce executable
UNRESOLVED: gnat.dg/aggr12.adb scan-tree-dump-not original "{.i1=0, .i2=2}"
UNRESOLVED: gnat.dg/aggr13.adb scan-tree-dump-not gimple "= {}"
UNRESOLVED: gnat.dg/aggr14.adb compilation failed to produce executable
UNRESOLVED: gnat.dg/aggr19.adb compilation failed to produce executable
UNRESOLVED: gnat.dg/aggr3.adb compilation failed to produce executable
UNRESOLVED: gnat.dg/aliased_prefix_accessibility.adb compilation failed to produce executable
UNRESOLVED: gnat.dg/aliasing1.adb scan-tree-dump-not optimized "__gnat_rcheck"
UNRESOLVED: gnat.dg/aliasing2.adb scan-tree-dump-not optimized "gnat_rcheck"
UNRESOLVED: gnat.dg/aliasing3.adb compilation failed to produce executable
UNRESOLVED: gnat.dg/align_check.adb compilation failed to produce executable
UNRESOLVED: gnat.dg/align_max.adb compilation failed to produce executable
UNRESOLVED: gnat.dg/aligned_vla.adb compilation failed to produce executable
UNRESOLVED: gnat.dg/alignment1.adb compilation failed to produce executable
UNRESOLVED: gnat.dg/alignment10.adb compilation failed to produce executable
UNRESOLVED: gnat.dg/alignment2.adb compilation failed to produce executable
UNRESOLVED: gnat.dg/alignment4.adb scan-tree-dump-not gimple ".F"
UNRESOLVED: gnat.dg/alignment5.adb scan-tree-dump-not gimple ".F"
UNRESOLVED: gnat.dg/alignment6.adb scan-tree-dump-not gimple "VIEW_CONVERT_EXPR"
UNRESOLVED: gnat.dg/alignment7.adb compilation failed to produce executable
UNRESOLVED: gnat.dg/alignment8.adb compilation failed to produce executable
UNRESOLVED: gnat.dg/alignment9.adb compilation failed to produce executable
UNRESOLVED: gnat.dg/allocator_maxalign1.adb compilation failed to produce executable
FAIL: gnat.dg/ancestor_type.adb (test for errors, line 8)
UNRESOLVED: gnat.dg/array10.adb compilation failed to produce executable
FAIL: gnat.dg/array11.adb (test for warnings, line 8)
FAIL: gnat.dg/array11.adb (test for warnings, line 9)
FAIL: gnat.dg/array11.adb (test for warnings, line 12)
UNRESOLVED: gnat.dg/array12.adb compilation failed to produce executable
UNRESOLVED: gnat.dg/array16.adb scan-tree-dump-not optimized "secondary_stack"
UNRESOLVED: gnat.dg/array21.adb compilation failed to produce executable
UNRESOLVED: gnat.dg/array3.adb compilation failed to produce executable
UNRESOLVED: gnat.dg/array4.adb compilation failed to produce executable
UNRESOLVED: gnat.dg/array5.adb compilation failed to produce executable
UNRESOLVED: gnat.dg/array6.adb compilation failed to produce executable
UNRESOLVED: gnat.dg/array7.adb scan-tree-dump-not optimized "MAX_EXPR"
UNRESOLVED: gnat.dg/array9.adb compilation failed to produce executable
UNRESOLVED: gnat.dg/array_bounds_test.adb compilation failed to produce executable
UNRESOLVED: gnat.dg/assert1.adb compilation failed to produce executable
UNRESOLVED: gnat.dg/assign_from_packed.adb compilation failed to produce executable
UNRESOLVED: gnat.dg/atomic1.adb scan-tree-dump-times gimple "v_16" 1
UNRESOLVED: gnat.dg/atomic1.adb scan-tree-dump-times gimple "v_32" 1
FAIL: gnat.dg/atomic2.adb (test for warnings, line 7)
UNRESOLVED: gnat.dg/atomic6_1.adb scan-tree-dump-times gimple "atomic_load[^\\n\\r]*&atomic6_pkg__counter1" 2
UNRESOLVED: gnat.dg/atomic6_1.adb scan-tree-dump-times gimple "atomic_load[^\\n\\r]*&atomic6_pkg__counter2" 1
UNRESOLVED: gnat.dg/atomic6_1.adb scan-tree-dump-times gimple "atomic_load[^\\n\\r]*&atomic6_pkg__timer1" 2
UNRESOLVED: gnat.dg/atomic6_1.adb scan-tree-dump-times gimple "atomic_load[^\\n\\r]*&atomic6_pkg__timer2" 1
UNRESOLVED: gnat.dg/atomic6_1.adb scan-tree-dump-times gimple "atomic_load[^\\n\\r]*&temp" 0
UNRESOLVED: gnat.dg/atomic6_1.adb scan-tree-dump-times gimple "atomic_load[^\\n\\r]*ptr" 0
UNRESOLVED: gnat.dg/atomic6_1.adb scan-tree-dump-times gimple "atomic_store[^\\n\\r]*&atomic6_pkg__counter1" 3
UNRESOLVED: gnat.dg/atomic6_1.adb scan-tree-dump-times gimple "atomic_store[^\\n\\r]*&atomic6_pkg__counter2" 0
UNRESOLVED: gnat.dg/atomic6_1.adb scan-tree-dump-times gimple "atomic_store[^\\n\\r]*&atomic6_pkg__timer1" 3
UNRESOLVED: gnat.dg/atomic6_1.adb scan-tree-dump-times gimple "atomic_store[^\\n\\r]*&atomic6_pkg__timer2" 0
UNRESOLVED: gnat.dg/atomic6_1.adb scan-tree-dump-times gimple "atomic_store[^\\n\\r]*&temp" 0
UNRESOLVED: gnat.dg/atomic6_1.adb scan-tree-dump-times gimple "atomic_store[^\\n\\r]*ptr" 0
UNRESOLVED: gnat.dg/atomic6_2.adb scan-tree-dump-times gimple "atomic_load[^\\n\\r]*&atomic6_pkg__counter1" 6
UNRESOLVED: gnat.dg/atomic6_2.adb scan-tree-dump-times gimple "atomic_load[^\\n\\r]*&atomic6_pkg__counter2" 2
UNRESOLVED: gnat.dg/atomic6_2.adb scan-tree-dump-times gimple "atomic_load[^\\n\\r]*&atomic6_pkg__timer1" 6
UNRESOLVED: gnat.dg/atomic6_2.adb scan-tree-dump-times gimple "atomic_load[^\\n\\r]*&atomic6_pkg__timer2" 2
UNRESOLVED: gnat.dg/atomic6_2.adb scan-tree-dump-times gimple "atomic_load[^\\n\\r]*&temp" 0
UNRESOLVED: gnat.dg/atomic6_2.adb scan-tree-dump-times gimple "atomic_load[^\\n\\r]*ptr" 0
UNRESOLVED: gnat.dg/atomic6_2.adb scan-tree-dump-times gimple "atomic_store[^\\n\\r]*&atomic6_pkg__counter1" 3
UNRESOLVED: gnat.dg/atomic6_2.adb scan-tree-dump-times gimple "atomic_store[^\\n\\r]*&atomic6_pkg__counter2" 0
UNRESOLVED: gnat.dg/atomic6_2.adb scan-tree-dump-times gimple "atomic_store[^\\n\\r]*&atomic6_pkg__timer1" 3
UNRESOLVED: gnat.dg/atomic6_2.adb scan-tree-dump-times gimple "atomic_store[^\\n\\r]*&atomic6_pkg__timer2" 0
UNRESOLVED: gnat.dg/atomic6_2.adb scan-tree-dump-times gimple "atomic_store[^\\n\\r]*&temp" 0
UNRESOLVED: gnat.dg/atomic6_2.adb scan-tree-dump-times gimple "atomic_store[^\\n\\r]*ptr" 0
UNRESOLVED: gnat.dg/atomic6_3.adb scan-tree-dump-times gimple "atomic_load[^\\n\\r]*&atomic6_pkg__counter1" 3
UNRESOLVED: gnat.dg/atomic6_3.adb scan-tree-dump-times gimple "atomic_load[^\\n\\r]*&atomic6_pkg__counter2" 1
UNRESOLVED: gnat.dg/atomic6_3.adb scan-tree-dump-times gimple "atomic_load[^\\n\\r]*&atomic6_pkg__timer1" 3
UNRESOLVED: gnat.dg/atomic6_3.adb scan-tree-dump-times gimple "atomic_load[^\\n\\r]*&atomic6_pkg__timer2" 1
UNRESOLVED: gnat.dg/atomic6_3.adb scan-tree-dump-times gimple "atomic_load[^\\n\\r]*&temp" 0
UNRESOLVED: gnat.dg/atomic6_3.adb scan-tree-dump-times gimple "atomic_load[^\\n\\r]*ptr" 0
UNRESOLVED: gnat.dg/atomic6_3.adb scan-tree-dump-times gimple "atomic_store[^\\n\\r]*&atomic6_pkg__counter1" 3
UNRESOLVED: gnat.dg/atomic6_3.adb scan-tree-dump-times gimple "atomic_store[^\\n\\r]*&atomic6_pkg__counter2" 0
UNRESOLVED: gnat.dg/atomic6_3.adb scan-tree-dump-times gimple "atomic_store[^\\n\\r]*&atomic6_pkg__timer1" 3
UNRESOLVED: gnat.dg/atomic6_3.adb scan-tree-dump-times gimple "atomic_store[^\\n\\r]*&atomic6_pkg__timer2" 0
UNRESOLVED: gnat.dg/atomic6_3.adb scan-tree-dump-times gimple "atomic_store[^\\n\\r]*&temp" 0
UNRESOLVED: gnat.dg/atomic6_3.adb scan-tree-dump-times gimple "atomic_store[^\\n\\r]*ptr" 0
UNRESOLVED: gnat.dg/atomic6_4.adb scan-tree-dump-times gimple "atomic_load[^\\n\\r]*&atomic6_pkg__counter1" 2
UNRESOLVED: gnat.dg/atomic6_4.adb scan-tree-dump-times gimple "atomic_load[^\\n\\r]*&atomic6_pkg__counter2" 1
UNRESOLVED: gnat.dg/atomic6_4.adb scan-tree-dump-times gimple "atomic_load[^\\n\\r]*&atomic6_pkg__timer1" 2
UNRESOLVED: gnat.dg/atomic6_4.adb scan-tree-dump-times gimple "atomic_load[^\\n\\r]*&atomic6_pkg__timer2" 1
UNRESOLVED: gnat.dg/atomic6_4.adb scan-tree-dump-times gimple "atomic_load[^\\n\\r]*&temp" 0
UNRESOLVED: gnat.dg/atomic6_4.adb scan-tree-dump-times gimple "atomic_load[^\\n\\r]*ptr" 0
UNRESOLVED: gnat.dg/atomic6_4.adb scan-tree-dump-times gimple "atomic_store[^\\n\\r]*&atomic6_pkg__counter1" 3
UNRESOLVED: gnat.dg/atomic6_4.adb scan-tree-dump-times gimple "atomic_store[^\\n\\r]*&atomic6_pkg__counter2" 0
UNRESOLVED: gnat.dg/atomic6_4.adb scan-tree-dump-times gimple "atomic_store[^\\n\\r]*&atomic6_pkg__timer1" 3
UNRESOLVED: gnat.dg/atomic6_4.adb scan-tree-dump-times gimple "atomic_store[^\\n\\r]*&atomic6_pkg__timer2" 0
UNRESOLVED: gnat.dg/atomic6_4.adb scan-tree-dump-times gimple "atomic_store[^\\n\\r]*&temp" 0
UNRESOLVED: gnat.dg/atomic6_4.adb scan-tree-dump-times gimple "atomic_store[^\\n\\r]*ptr" 0
UNRESOLVED: gnat.dg/atomic6_5.adb scan-tree-dump-times gimple "atomic_load[^\\n\\r]*&atomic6_pkg__counter1" 2
UNRESOLVED: gnat.dg/atomic6_5.adb scan-tree-dump-times gimple "atomic_load[^\\n\\r]*&atomic6_pkg__counter2" 0
UNRESOLVED: gnat.dg/atomic6_5.adb scan-tree-dump-times gimple "atomic_load[^\\n\\r]*&atomic6_pkg__timer1" 2
UNRESOLVED: gnat.dg/atomic6_5.adb scan-tree-dump-times gimple "atomic_load[^\\n\\r]*&atomic6_pkg__timer2" 0
UNRESOLVED: gnat.dg/atomic6_5.adb scan-tree-dump-times gimple "atomic_load[^\\n\\r]*&temp" 0
UNRESOLVED: gnat.dg/atomic6_5.adb scan-tree-dump-times gimple "atomic_load[^\\n\\r]*ptr" 0
UNRESOLVED: gnat.dg/atomic6_5.adb scan-tree-dump-times gimple "atomic_store[^\\n\\r]*&atomic6_pkg__counter1" 0
UNRESOLVED: gnat.dg/atomic6_5.adb scan-tree-dump-times gimple "atomic_store[^\\n\\r]*&atomic6_pkg__counter2" 0
UNRESOLVED: gnat.dg/atomic6_5.adb scan-tree-dump-times gimple "atomic_store[^\\n\\r]*&atomic6_pkg__timer1" 0
UNRESOLVED: gnat.dg/atomic6_5.adb scan-tree-dump-times gimple "atomic_store[^\\n\\r]*&atomic6_pkg__timer2" 0
UNRESOLVED: gnat.dg/atomic6_5.adb scan-tree-dump-times gimple "atomic_store[^\\n\\r]*&temp" 0
UNRESOLVED: gnat.dg/atomic6_5.adb scan-tree-dump-times gimple "atomic_store[^\\n\\r]*ptr" 0
UNRESOLVED: gnat.dg/atomic6_6.adb scan-tree-dump-times gimple "atomic_load[^\\n\\r]*&atomic6_pkg__counter\\\\[1" 2
UNRESOLVED: gnat.dg/atomic6_6.adb scan-tree-dump-times gimple "atomic_load[^\\n\\r]*&atomic6_pkg__counter\\\\[2" 1
UNRESOLVED: gnat.dg/atomic6_6.adb scan-tree-dump-times gimple "atomic_load[^\\n\\r]*&atomic6_pkg__timer\\\\[1" 2
UNRESOLVED: gnat.dg/atomic6_6.adb scan-tree-dump-times gimple "atomic_load[^\\n\\r]*&atomic6_pkg__timer\\\\[2" 1
UNRESOLVED: gnat.dg/atomic6_6.adb scan-tree-dump-times gimple "atomic_load[^\\n\\r]*&temp" 0
UNRESOLVED: gnat.dg/atomic6_6.adb scan-tree-dump-times gimple "atomic_load[^\\n\\r]*ptr" 0
UNRESOLVED: gnat.dg/atomic6_6.adb scan-tree-dump-times gimple "atomic_store[^\\n\\r]*&atomic6_pkg__counter\\\\[1" 3
UNRESOLVED: gnat.dg/atomic6_6.adb scan-tree-dump-times gimple "atomic_store[^\\n\\r]*&atomic6_pkg__counter\\\\[2" 0
UNRESOLVED: gnat.dg/atomic6_6.adb scan-tree-dump-times gimple "atomic_store[^\\n\\r]*&atomic6_pkg__timer\\\\[1" 3
UNRESOLVED: gnat.dg/atomic6_6.adb scan-tree-dump-times gimple "atomic_store[^\\n\\r]*&atomic6_pkg__timer\\\\[2" 0
UNRESOLVED: gnat.dg/atomic6_6.adb scan-tree-dump-times gimple "atomic_store[^\\n\\r]*&temp" 0
UNRESOLVED: gnat.dg/atomic6_6.adb scan-tree-dump-times gimple "atomic_store[^\\n\\r]*ptr" 0
UNRESOLVED: gnat.dg/atomic6_7.adb scan-tree-dump-times gimple "atomic_load[^\\n\\r]*&my_atomic.counter1" 2
UNRESOLVED: gnat.dg/atomic6_7.adb scan-tree-dump-times gimple "atomic_load[^\\n\\r]*&atomic6_pkg__counter2" 1
UNRESOLVED: gnat.dg/atomic6_7.adb scan-tree-dump-times gimple "atomic_load[^\\n\\r]*&my_atomic.timer1" 2
UNRESOLVED: gnat.dg/atomic6_7.adb scan-tree-dump-times gimple "atomic_load[^\\n\\r]*&atomic6_pkg__timer2" 1
UNRESOLVED: gnat.dg/atomic6_7.adb scan-tree-dump-times gimple "atomic_load[^\\n\\r]*&temp" 0
UNRESOLVED: gnat.dg/atomic6_7.adb scan-tree-dump-times gimple "atomic_load[^\\n\\r]*ptr" 0
UNRESOLVED: gnat.dg/atomic6_7.adb scan-tree-dump-times gimple "atomic_store[^\\n\\r]*&my_atomic.counter1" 3
UNRESOLVED: gnat.dg/atomic6_7.adb scan-tree-dump-times gimple "atomic_store[^\\n\\r]*&atomic6_pkg__counter2" 0
UNRESOLVED: gnat.dg/atomic6_7.adb scan-tree-dump-times gimple "atomic_store[^\\n\\r]*&my_atomic.timer1" 3
UNRESOLVED: gnat.dg/atomic6_7.adb scan-tree-dump-times gimple "atomic_store[^\\n\\r]*&atomic6_pkg__timer2" 0
UNRESOLVED: gnat.dg/atomic6_7.adb scan-tree-dump-times gimple "atomic_store[^\\n\\r]*&temp" 0
UNRESOLVED: gnat.dg/atomic6_7.adb scan-tree-dump-times gimple "atomic_store[^\\n\\r]*ptr" 0
UNRESOLVED: gnat.dg/atomic6_8.adb scan-tree-dump-times gimple "atomic_load[^\\n\\r]*&atomic6_pkg__counter1" 1
UNRESOLVED: gnat.dg/atomic6_8.adb scan-tree-dump-times gimple "atomic_load[^\\n\\r]*&atomic6_pkg__counter2" 0
UNRESOLVED: gnat.dg/atomic6_8.adb scan-tree-dump-times gimple "atomic_load[^\\n\\r]*&atomic6_pkg__timer1" 1
UNRESOLVED: gnat.dg/atomic6_8.adb scan-tree-dump-times gimple "atomic_load[^\\n\\r]*&atomic6_pkg__timer2" 0
UNRESOLVED: gnat.dg/atomic6_8.adb scan-tree-dump-times gimple "atomic_load[^\\n\\r]*&temp" 0
UNRESOLVED: gnat.dg/atomic6_8.adb scan-tree-dump-times gimple "atomic_load[^\\n\\r]*ptr" 3
UNRESOLVED: gnat.dg/atomic6_8.adb scan-tree-dump-times gimple "atomic_store[^\\n\\r]*&atomic6_pkg__counter1" 1
UNRESOLVED: gnat.dg/atomic6_8.adb scan-tree-dump-times gimple "atomic_store[^\\n\\r]*&atomic6_pkg__counter2" 0
UNRESOLVED: gnat.dg/atomic6_8.adb scan-tree-dump-times gimple "atomic_store[^\\n\\r]*&atomic6_pkg__timer1" 1
UNRESOLVED: gnat.dg/atomic6_8.adb scan-tree-dump-times gimple "atomic_store[^\\n\\r]*&atomic6_pkg__timer2" 0
UNRESOLVED: gnat.dg/atomic6_8.adb scan-tree-dump-times gimple "atomic_store[^\\n\\r]*&temp" 0
UNRESOLVED: gnat.dg/atomic6_8.adb scan-tree-dump-times gimple "atomic_store[^\\n\\r]*ptr" 3
UNRESOLVED: gnat.dg/biased_uc.adb compilation failed to produce executable
UNRESOLVED: gnat.dg/bip_aggregate_bug.adb compilation failed to produce executable
UNRESOLVED: gnat.dg/bit_packed_array3.adb compilation failed to produce executable
UNRESOLVED: gnat.dg/blkextract_from_reg.adb compilation failed to produce executable
UNRESOLVED: gnat.dg/bltins.adb compilation failed to produce executable
UNRESOLVED: gnat.dg/boolean_bitfield.adb compilation failed to produce executable
UNRESOLVED: gnat.dg/boolean_conv.adb compilation failed to produce executable
UNRESOLVED: gnat.dg/boolean_expr2.adb compilation failed to produce executable
UNRESOLVED: gnat.dg/capture_value.adb compilation failed to produce executable
UNRESOLVED: gnat.dg/case_optimization2.adb compilation failed to produce executable
UNRESOLVED: gnat.dg/check_displace_generation.adb compilation failed to produce executable
UNRESOLVED: gnat.dg/check_elaboration_code.adb compilation failed to produce executable
UNRESOLVED: gnat.dg/compose.adb compilation failed to produce executable
UNRESOLVED: gnat.dg/concat1.adb compilation failed to produce executable
UNRESOLVED: gnat.dg/concat_length.adb compilation failed to produce executable
UNRESOLVED: gnat.dg/constant2.adb compilation failed to produce executable
UNRESOLVED: gnat.dg/controlled5.adb compilation failed to produce executable
UNRESOLVED: gnat.dg/conv_bug.adb compilation failed to produce executable
UNRESOLVED: gnat.dg/conv_decimal.adb compilation failed to produce executable
UNRESOLVED: gnat.dg/conv_real.adb compilation failed to produce executable
UNRESOLVED: gnat.dg/curr_task.adb compilation failed to produce executable
FAIL: gnat.dg/deferred_const1.adb (test for warnings, line 8)
UNRESOLVED: gnat.dg/deferred_const2.adb compilation failed to produce executable
UNRESOLVED: gnat.dg/deferred_const3.adb compilation failed to produce executable
UNRESOLVED: gnat.dg/derived_aggregate.adb compilation failed to produce executable
UNRESOLVED: gnat.dg/derived_type1.adb scan-tree-dump-not original "VIEW_CONVERT_EXPR<struct derived_type1__root>"
UNRESOLVED: gnat.dg/derived_type1.adb scan-tree-dump-not original "VIEW_CONVERT_EXPR<struct derived_type1__derived1>"
UNRESOLVED: gnat.dg/derived_type2.adb compilation failed to produce executable
UNRESOLVED: gnat.dg/derived_type3.adb compilation failed to produce executable
UNRESOLVED: gnat.dg/discr24.adb compilation failed to produce executable
UNRESOLVED: gnat.dg/discr32.adb compilation failed to produce executable
UNRESOLVED: gnat.dg/discr33.adb compilation failed to produce executable
UNRESOLVED: gnat.dg/discr39.adb compilation failed to produce executable
UNRESOLVED: gnat.dg/discr4.adb compilation failed to produce executable
UNRESOLVED: gnat.dg/dispatch1.adb compilation failed to produce executable
UNRESOLVED: gnat.dg/dispatch2.adb compilation failed to produce executable
UNRESOLVED: gnat.dg/elim2.adb compilation failed to produce executable
UNRESOLVED: gnat.dg/empty_vector_length.adb compilation failed to produce executable
UNRESOLVED: gnat.dg/entry_queues.adb compilation failed to produce executable
UNRESOLVED: gnat.dg/enum1.adb compilation failed to produce executable
UNRESOLVED: gnat.dg/enum2.adb compilation failed to produce executable
UNRESOLVED: gnat.dg/exp0_eval.adb compilation failed to produce executable
UNRESOLVED: gnat.dg/expect1.adb compilation failed to produce executable
UNRESOLVED: gnat.dg/fixce.adb compilation failed to produce executable
UNRESOLVED: gnat.dg/fixedpnt.adb compilation failed to produce executable
FAIL: gnat.dg/frame_overflow.adb (test for errors, line 5)
FAIL: gnat.dg/frame_overflow.adb (test for errors, line 14)
UNRESOLVED: gnat.dg/generic_dispatch.adb compilation failed to produce executable
UNRESOLVED: gnat.dg/gnat_malloc.adb compilation failed to produce executable
UNRESOLVED: gnat.dg/handle_and_return.adb compilation failed to produce executable
UNRESOLVED: gnat.dg/handle_raise_from_pure.adb compilation failed to produce executable
UNRESOLVED: gnat.dg/hyper_flat.adb compilation failed to produce executable
UNRESOLVED: gnat.dg/in_out_parameter.adb compilation failed to produce executable
UNRESOLVED: gnat.dg/in_out_parameter2.adb compilation failed to produce executable
UNRESOLVED: gnat.dg/in_out_parameter3.adb compilation failed to produce executable
FAIL: gnat.dg/include.adb (test for errors, line )
XPASS: gnat.dg/incomplete2.adb (test for excess errors)
UNRESOLVED: gnat.dg/init_scalar1.adb compilation failed to produce executable
UNRESOLVED: gnat.dg/inline_tagged.adb compilation failed to produce executable
UNRESOLVED: gnat.dg/interface1.adb compilation failed to produce executable
UNRESOLVED: gnat.dg/interface2.adb compilation failed to produce executable
UNRESOLVED: gnat.dg/interface3.adb compilation failed to produce executable
UNRESOLVED: gnat.dg/interface_conv.adb compilation failed to produce executable
UNRESOLVED: gnat.dg/invalid1.adb compilation failed to produce executable
UNRESOLVED: gnat.dg/iprot_test.adb compilation failed to produce executable
UNRESOLVED: gnat.dg/kill_value.adb compilation failed to produce executable
UNRESOLVED: gnat.dg/lhs_view_convert.adb compilation failed to produce executable
UNRESOLVED: gnat.dg/loop_boolean.adb compilation failed to produce executable
UNRESOLVED: gnat.dg/loop_optimization3.adb compilation failed to produce executable
UNRESOLVED: gnat.dg/loop_optimization4.adb compilation failed to produce executable
UNRESOLVED: gnat.dg/loop_optimization6.adb scan-tree-dump-not optimized "goto"
UNRESOLVED: gnat.dg/loop_optimization8.adb compilation failed to produce executable
UNRESOLVED: gnat.dg/lto1.adb compilation failed to produce executable
UNRESOLVED: gnat.dg/lto10.adb compilation failed to produce executable
UNRESOLVED: gnat.dg/lto5.adb compilation failed to produce executable
UNRESOLVED: gnat.dg/lto6.adb compilation failed to produce executable
UNRESOLVED: gnat.dg/lto7.adb compilation failed to produce executable
UNRESOLVED: gnat.dg/lto8.adb compilation failed to produce executable
UNRESOLVED: gnat.dg/lto9.adb compilation failed to produce executable
UNRESOLVED: gnat.dg/md5_test.adb compilation failed to produce executable
UNRESOLVED: gnat.dg/memtrap.adb scan-assembler __gnat_begin_handler|__gnat_raise_nodefer
UNRESOLVED: gnat.dg/misaligned_nest.adb compilation failed to produce executable
UNRESOLVED: gnat.dg/misaligned_param.adb compilation failed to produce executable
UNRESOLVED: gnat.dg/missing_acc_check.adb compilation failed to produce executable
UNRESOLVED: gnat.dg/modular1.adb compilation failed to produce executable
UNRESOLVED: gnat.dg/modular2.adb compilation failed to produce executable
UNRESOLVED: gnat.dg/modular3.adb compilation failed to produce executable
UNRESOLVED: gnat.dg/mutable1.adb compilation failed to produce executable
UNRESOLVED: gnat.dg/named_test.adb compilation failed to produce executable
UNRESOLVED: gnat.dg/nat1r.adb compilation failed to produce executable
UNRESOLVED: gnat.dg/nested_controlled_alloc.adb compilation failed to produce executable
UNRESOLVED: gnat.dg/nested_proc1.adb compilation failed to produce executable
UNRESOLVED: gnat.dg/nested_return_test.adb compilation failed to produce executable
UNRESOLVED: gnat.dg/no_final.adb compilation failed to produce executable
UNRESOLVED: gnat.dg/not_null.adb compilation failed to produce executable
FAIL: gnat.dg/notnot.adb (test for warnings, line 6)
UNRESOLVED: gnat.dg/null_pointer_deref1.adb compilation failed to produce executable
UNRESOLVED: gnat.dg/null_pointer_deref2.adb compilation failed to produce executable
UNRESOLVED: gnat.dg/null_pointer_deref3.adb compilation failed to produce executable
FAIL: gnat.dg/object_overflow1.adb (test for warnings, line 8)
FAIL: gnat.dg/object_overflow2.adb (test for warnings, line 8)
FAIL: gnat.dg/object_overflow3.adb (test for warnings, line 14)
FAIL: gnat.dg/object_overflow4.adb (test for warnings, line 11)
FAIL: gnat.dg/object_overflow4.adb (test for warnings, line 15)
UNRESOLVED: gnat.dg/oconst1.adb scan-assembler-not elabs
UNRESOLVED: gnat.dg/oconst2.adb scan-assembler-not elabs
UNRESOLVED: gnat.dg/oconst3.adb scan-assembler-not elabs
UNRESOLVED: gnat.dg/oconst4.adb scan-assembler-not elabs
UNRESOLVED: gnat.dg/oconst5.adb scan-assembler-not elabs
UNRESOLVED: gnat.dg/opt12.adb compilation failed to produce executable
UNRESOLVED: gnat.dg/opt13.adb compilation failed to produce executable
UNRESOLVED: gnat.dg/opt14.adb compilation failed to produce executable
UNRESOLVED: gnat.dg/opt15.adb scan-tree-dump-not optimized "trace_inlined"
UNRESOLVED: gnat.dg/opt2.adb compilation failed to produce executable
UNRESOLVED: gnat.dg/opt21.adb compilation failed to produce executable
UNRESOLVED: gnat.dg/opt22.adb compilation failed to produce executable
UNRESOLVED: gnat.dg/opt26.adb compilation failed to produce executable
UNRESOLVED: gnat.dg/opt4.adb compilation failed to produce executable
UNRESOLVED: gnat.dg/opt5.adb compilation failed to produce executable
UNRESOLVED: gnat.dg/outer_agg_bitfield_constructor.adb compilation failed to produce executable
UNRESOLVED: gnat.dg/overflow_sum.adb compilation failed to produce executable
UNRESOLVED: gnat.dg/pack10.adb compilation failed to produce executable
UNRESOLVED: gnat.dg/pack11.adb compilation failed to produce executable
UNRESOLVED: gnat.dg/pack12.adb compilation failed to produce executable
UNRESOLVED: gnat.dg/pack17.adb compilation failed to produce executable
UNRESOLVED: gnat.dg/pack18.adb compilation failed to produce executable
UNRESOLVED: gnat.dg/pack3.adb compilation failed to produce executable
UNRESOLVED: gnat.dg/pack4.adb compilation failed to produce executable
FAIL: gnat.dg/pack8.adb (test for errors, line 19)
UNRESOLVED: gnat.dg/pack9.adb scan-tree-dump-not optimized "gnat_rcheck"
UNRESOLVED: gnat.dg/packed_subtype.adb compilation failed to produce executable
UNRESOLVED: gnat.dg/pointer_conversion.adb compilation failed to produce executable
UNRESOLVED: gnat.dg/prot_def.adb compilation failed to produce executable
UNRESOLVED: gnat.dg/protected_self_ref1.adb compilation failed to produce executable
FAIL: gnat.dg/protected_self_ref2.adb (test for errors, line 12)
UNRESOLVED: gnat.dg/quote.adb compilation failed to produce executable
UNRESOLVED: gnat.dg/range_check.adb compilation failed to produce executable
UNRESOLVED: gnat.dg/regpat1.adb compilation failed to produce executable
UNRESOLVED: gnat.dg/release_unc_maxalign.adb compilation failed to produce executable
UNRESOLVED: gnat.dg/renaming2.adb compilation failed to produce executable
UNRESOLVED: gnat.dg/renaming3.adb compilation failed to produce executable
UNRESOLVED: gnat.dg/renaming5.adb scan-tree-dump-times optimized "goto" 3
UNRESOLVED: gnat.dg/rep_clause4.adb compilation failed to produce executable
UNRESOLVED: gnat.dg/requeue1.adb compilation failed to produce executable
UNRESOLVED: gnat.dg/return3.adb scan-assembler loc 1 6
UNRESOLVED: gnat.dg/scalar_mode_agg_compare.adb compilation failed to produce executable
UNRESOLVED: gnat.dg/self_aggregate_with_array.adb compilation failed to produce executable
UNRESOLVED: gnat.dg/self_aggregate_with_call.adb compilation failed to produce executable
UNRESOLVED: gnat.dg/self_aggregate_with_pointer.adb compilation failed to produce executable
UNRESOLVED: gnat.dg/self_aggregate_with_zeros.adb compilation failed to produce executable
UNRESOLVED: gnat.dg/sizetype1.adb compilation failed to produce executable
UNRESOLVED: gnat.dg/sizetype2.adb compilation failed to produce executable
UNRESOLVED: gnat.dg/sizetype4.adb compilation failed to produce executable
UNRESOLVED: gnat.dg/slice3.adb compilation failed to produce executable
UNRESOLVED: gnat.dg/slice4.adb compilation failed to produce executable
FAIL: gnat.dg/slice5.adb (test for warnings, line 15)
FAIL: gnat.dg/slice5.adb (test for warnings, line 21)
UNRESOLVED: gnat.dg/small_alignment.adb compilation failed to produce executable
UNRESOLVED: gnat.dg/socket1.adb compilation failed to produce executable
UNRESOLVED: gnat.dg/sort2.adb compilation failed to produce executable
UNRESOLVED: gnat.dg/spipaterr.adb compilation failed to produce executable
UNRESOLVED: gnat.dg/stack_check1.adb compilation failed to produce executable
UNRESOLVED: gnat.dg/stack_check2.adb compilation failed to produce executable
UNRESOLVED: gnat.dg/string_slice.adb compilation failed to produce executable
FAIL: gnat.dg/subp_elim_errors.adb (test for errors, line 25)
FAIL: gnat.dg/subp_elim_errors.adb (test for errors, line 27)
FAIL: gnat.dg/subp_elim_errors.adb (test for errors, line 29)
FAIL: gnat.dg/subp_elim_errors.adb (test for errors, line 31)
UNRESOLVED: gnat.dg/taft_type1.adb compilation failed to produce executable
UNRESOLVED: gnat.dg/tag1.adb compilation failed to produce executable
UNRESOLVED: gnat.dg/tagged_alloc_free.adb compilation failed to produce executable
UNRESOLVED: gnat.dg/tail_call.adb compilation failed to produce executable
UNRESOLVED: gnat.dg/task_stack_align.adb compilation failed to produce executable
UNRESOLVED: gnat.dg/test_8bitlong_overflow.adb compilation failed to produce executable
UNRESOLVED: gnat.dg/test_address_null_init.adb compilation failed to produce executable
UNRESOLVED: gnat.dg/test_allocator_maxalign2.adb compilation failed to produce executable
UNRESOLVED: gnat.dg/test_bounded.adb compilation failed to produce executable
UNRESOLVED: gnat.dg/test_delay.adb compilation failed to produce executable
UNRESOLVED: gnat.dg/test_direct_io.adb compilation failed to produce executable
UNRESOLVED: gnat.dg/test_enum_io.adb compilation failed to produce executable
UNRESOLVED: gnat.dg/test_fixed_io.adb compilation failed to produce executable
UNRESOLVED: gnat.dg/test_iface_aggr.adb compilation failed to produce executable
UNRESOLVED: gnat.dg/test_ifaces.adb compilation failed to produce executable
UNRESOLVED: gnat.dg/test_image.adb compilation failed to produce executable
UNRESOLVED: gnat.dg/test_nested_subtype_byref.adb compilation failed to produce executable
UNRESOLVED: gnat.dg/test_oalign.adb compilation failed to produce executable
UNRESOLVED: gnat.dg/test_oconst.adb compilation failed to produce executable
UNRESOLVED: gnat.dg/test_prefix1.adb compilation failed to produce executable
UNRESOLVED: gnat.dg/test_prio.adb compilation failed to produce executable
UNRESOLVED: gnat.dg/test_raise_from_pure.adb compilation failed to produce executable
UNRESOLVED: gnat.dg/test_self.adb compilation failed to produce executable
UNRESOLVED: gnat.dg/test_self_ref.adb compilation failed to produce executable
UNRESOLVED: gnat.dg/test_table1.adb compilation failed to produce executable
UNRESOLVED: gnat.dg/test_time_stamp.adb compilation failed to produce executable
UNRESOLVED: gnat.dg/test_version.adb compilation failed to produce executable
UNRESOLVED: gnat.dg/testint.adb compilation failed to produce executable
UNRESOLVED: gnat.dg/tfren.adb compilation failed to produce executable
UNRESOLVED: gnat.dg/thin_pointer2.adb compilation failed to produce executable
UNRESOLVED: gnat.dg/timer_cancel.adb compilation failed to produce executable
UNRESOLVED: gnat.dg/timing_events.adb compilation failed to produce executable
UNRESOLVED: gnat.dg/trampoline1.adb scan-assembler-not GNU-stack.*x
UNRESOLVED: gnat.dg/trampoline2.adb compilation failed to produce executable
UNRESOLVED: gnat.dg/tree_static_use.adb compilation failed to produce executable
UNRESOLVED: gnat.dg/unc_memfree.adb compilation failed to produce executable
UNRESOLVED: gnat.dg/unchecked_convert1.adb compilation failed to produce executable
UNRESOLVED: gnat.dg/unchecked_convert2.adb compilation failed to produce executable
UNRESOLVED: gnat.dg/unchecked_convert3.adb compilation failed to produce executable
UNRESOLVED: gnat.dg/unchecked_convert9.adb scan-rtl-dump-times final "set \\\\(mem/v" 1
UNRESOLVED: gnat.dg/unchecked_union1.adb compilation failed to produce executable
FAIL: gnat.dg/uninit_func.adb (test for warnings, line 12)
UNRESOLVED: gnat.dg/valid1.adb compilation failed to produce executable
UNRESOLVED: gnat.dg/view_conversion1.adb compilation failed to produce executable
UNRESOLVED: gnat.dg/volatile3.adb scan-assembler __gnat_rcheck
UNRESOLVED: gnat.dg/volatile4.adb compilation failed to produce executable
UNRESOLVED: gnat.dg/volatile6.adb scan-tree-dump optimized "goto"
UNRESOLVED: gnat.dg/volatile7.adb scan-tree-dump optimized "goto"
UNRESOLVED: gnat.dg/volatile8.adb scan-tree-dump optimized "goto"
UNRESOLVED: gnat.dg/volatile9.adb scan-tree-dump optimized "goto"
UNRESOLVED: gnat.dg/warn1.adb compilation failed to produce executable
FAIL: gnat.dg/warn4.adb (test for warnings, line 14)
FAIL: gnat.dg/warn4.adb (test for warnings, line 14)
FAIL: gnat.dg/warn5.adb (test for warnings, line 29)
FAIL: gnat.dg/warn8.adb (test for warnings, line 3)
UNRESOLVED: gnat.dg/wide_boolean.adb compilation failed to produce executable
UNRESOLVED: gnat.dg/wide_test.adb compilation failed to produce executable
FAIL: gnat.dg/specs/abstract_private.ads (test for errors, line 12)
FAIL: gnat.dg/specs/access_constant.ads (test for errors, line 10)
FAIL: gnat.dg/specs/access_constant_decl.ads (test for errors, line 9)
XPASS: gnat.dg/specs/addr1.ads (test for bogus messages, line 24)
FAIL: gnat.dg/specs/addr1.ads (test for warnings, line 30)
XPASS: gnat.dg/specs/aggr4_pkg.ads (test for excess errors)
FAIL: gnat.dg/specs/alignment2.ads (test for warnings, line 12)
FAIL: gnat.dg/specs/alignment2.ads (test for warnings, line 18)
FAIL: gnat.dg/specs/alignment2.ads (test for warnings, line 36)
FAIL: gnat.dg/specs/alignment2.ads (test for warnings, line 40)
FAIL: gnat.dg/specs/clause_on_volatile.ads (test for errors, line 32)
FAIL: gnat.dg/specs/clause_on_volatile.ads (test for errors, line 42)
FAIL: gnat.dg/specs/clause_on_volatile.ads (test for errors, line 52)
FAIL: gnat.dg/specs/clause_on_volatile.ads (test for errors, line 62)
FAIL: gnat.dg/specs/clause_on_volatile.ads (test for errors, line 72)
FAIL: gnat.dg/specs/clause_on_volatile.ads (test for errors, line 82)
XPASS: gnat.dg/specs/controlled1_pkg.ads (test for excess errors)
UNRESOLVED: gnat.dg/specs/debug1.ads scan-assembler-times DW_AT_artificial 8
XPASS: gnat.dg/specs/elab2_pkg.ads (test for excess errors)
XPASS: gnat.dg/specs/fe_inlining_helper.ads (test for excess errors)
FAIL: gnat.dg/specs/import_abstract.ads (test for errors, line 5)
FAIL: gnat.dg/specs/integer_value.ads (test for errors, line 4)
FAIL: gnat.dg/specs/linker_section.ads (test for errors, line 6)
FAIL: gnat.dg/specs/linker_section.ads (test for errors, line 10)
XPASS: gnat.dg/specs/loop_optimization1_pkg.ads (test for excess errors)
XPASS: gnat.dg/specs/lto12_pkg.ads (test for excess errors)
XPASS: gnat.dg/specs/lto3_pkg1.ads (test for excess errors)
XPASS: gnat.dg/specs/lto3_pkg2.ads (test for excess errors)
UNRESOLVED: gnat.dg/specs/oconst6.ads scan-assembler-not elabs
FAIL: gnat.dg/specs/oversize.ads (test for errors, line 18)
FAIL: gnat.dg/specs/oversize.ads (test for errors, line 25)
FAIL: gnat.dg/specs/oversize.ads (test for errors, line 33)
FAIL: gnat.dg/specs/oversize.ads (test for errors, line 44)
XPASS: gnat.dg/specs/pack3_pkg.ads (test for excess errors)
FAIL: gnat.dg/specs/renaming1.ads (test for errors, line 11)
FAIL: gnat.dg/specs/renaming1.ads (test for errors, line 15)
XPASS: gnat.dg/specs/renaming2_pkg1.ads (test for excess errors)
XPASS: gnat.dg/specs/renaming2_pkg3.ads (test for excess errors)
XPASS: gnat.dg/specs/renaming2_pkg4.ads (test for excess errors)
XPASS: gnat.dg/specs/size_attribute1_pkg1.ads (test for excess errors)
XPASS: gnat.dg/specs/size_attribute1_pkg2.ads (test for excess errors)
FAIL: gnat.dg/specs/size_clause2.ads (test for errors, line 40)
FAIL: gnat.dg/specs/size_clause3.ads (test for errors, line 17)
FAIL: gnat.dg/specs/size_clause3.ads (test for errors, line 47)
UNRESOLVED: gnat.dg/specs/static_initializer.ads scan-assembler-not elabs
UNRESOLVED: gnat.dg/specs/static_initializer2.ads scan-assembler-not elabs
FAIL: gnat.dg/specs/storage.ads (test for errors, line 6)
FAIL: gnat.dg/specs/tag2.ads (test for errors, line 11)
FAIL: gnat.dg/specs/tag2.ads (test for errors, line 12)
FAIL: gnat.dg/specs/tag2.ads (test for errors, line 13)
FAIL: gnat.dg/specs/variant_part.ads (test for errors, line 4)
XPASS: gnat.dg/specs/varsize_return_pkg1.ads (test for excess errors)
XPASS: gnat.dg/specs/varsize_return_pkg2.ads (test for excess errors)
=== gnat Summary for unix/-mabi=n32 ===
# of expected passes 737
# of unexpected failures 60
# of unexpected successes 18
# of expected failures 2
# of unresolved testcases 345
# of unsupported tests 11
=== gnat Summary ===
# of expected passes 2616
# of unexpected failures 120
# of unexpected successes 39
# of expected failures 21
# of unresolved testcases 690
# of unsupported tests 33
/build/buildd-gcc-snapshot_20130330-1-mipsel-LJp9Sb/gcc-snapshot-20130330/build/gcc/gnatmake version 4.9.0 20130330 (experimental) [trunk revision 197260]
=== go tests ===
Running target unix
=== go Summary for unix ===
# of expected passes 5083
# of expected failures 1
# of untested testcases 5
Running target unix/-mabi=64
FAIL: go.test/test/nilptr.go execution, -O2 -g
=== go Summary for unix/-mabi=64 ===
# of expected passes 4962
# of unexpected failures 1
# of expected failures 1
# of untested testcases 5
Running target unix/-mabi=n32
FAIL: go.test/test/nilptr.go execution, -O2 -g
=== go Summary for unix/-mabi=n32 ===
# of expected passes 5082
# of unexpected failures 1
# of expected failures 1
# of untested testcases 5
=== go Summary ===
# of expected passes 15127
# of unexpected failures 2
# of expected failures 3
# of untested testcases 15
/build/buildd-gcc-snapshot_20130330-1-mipsel-LJp9Sb/gcc-snapshot-20130330/build/gcc/testsuite/go/../../gccgo version 4.9.0 20130330 (experimental) [trunk revision 197260] (Debian 20130330-1)
=== obj-c++ tests ===
Running target unix
FAIL: obj-c++.dg/try-catch-13.mm -fgnu-runtime (test for errors, line 12)
=== obj-c++ Summary for unix ===
# of expected passes 1449
# of unexpected failures 1
# of expected failures 2
# of unsupported tests 86
Running target unix/-mabi=64
FAIL: obj-c++.dg/try-catch-13.mm -fgnu-runtime (test for errors, line 12)
=== obj-c++ Summary for unix/-mabi=64 ===
# of expected passes 1441
# of unexpected failures 1
# of expected failures 10
# of unsupported tests 86
Running target unix/-mabi=n32
FAIL: obj-c++.dg/try-catch-13.mm -fgnu-runtime (test for errors, line 12)
=== obj-c++ Summary for unix/-mabi=n32 ===
# of expected passes 1449
# of unexpected failures 1
# of expected failures 2
# of unsupported tests 86
=== obj-c++ Summary ===
# of expected passes 4339
# of unexpected failures 3
# of expected failures 14
# of unsupported tests 258
/build/buildd-gcc-snapshot_20130330-1-mipsel-LJp9Sb/gcc-snapshot-20130330/build/gcc/testsuite/obj-c++/../../xg++ version 4.9.0 20130330 (experimental) [trunk revision 197260] (Debian 20130330-1)
=== objc tests ===
Running target unix
=== objc Summary for unix ===
# of expected passes 2994
# of unsupported tests 74
Running target unix/-mabi=64
=== objc Summary for unix/-mabi=64 ===
# of expected passes 2994
# of unsupported tests 74
Running target unix/-mabi=n32
=== objc Summary for unix/-mabi=n32 ===
# of expected passes 2994
# of unsupported tests 74
=== objc Summary ===
# of expected passes 8982
# of unsupported tests 222
/build/buildd-gcc-snapshot_20130330-1-mipsel-LJp9Sb/gcc-snapshot-20130330/build/gcc/xgcc version 4.9.0 20130330 (experimental) [trunk revision 197260] (Debian 20130330-1)
=== boehm-gc tests ===
Running target unix
=== boehm-gc Summary for unix ===
# of expected passes 12
# of unsupported tests 1
Running target unix/-mabi=64
FAIL: boehm-gc.c/gctest.c -O2 (test for excess errors)
UNRESOLVED: boehm-gc.c/gctest.c -O2 compilation failed to produce executable
FAIL: boehm-gc.c/leak_test.c -O2 (test for excess errors)
UNRESOLVED: boehm-gc.c/leak_test.c -O2 compilation failed to produce executable
FAIL: boehm-gc.c/middle.c -O2 (test for excess errors)
UNRESOLVED: boehm-gc.c/middle.c -O2 compilation failed to produce executable
FAIL: boehm-gc.c/thread_leak_test.c -O2 (test for excess errors)
UNRESOLVED: boehm-gc.c/thread_leak_test.c -O2 compilation failed to produce executable
FAIL: staticrootslib.lo -O2 (test for excess errors)
FAIL: boehm-gc.lib/staticrootstest.c -O2 (test for excess errors)
UNRESOLVED: boehm-gc.lib/staticrootstest.c -O2 compilation failed to produce executable
=== boehm-gc Summary for unix/-mabi=64 ===
# of expected passes 1
# of unexpected failures 6
# of unresolved testcases 5
# of unsupported tests 1
Running target unix/-mabi=n32
FAIL: boehm-gc.c/gctest.c -O2 (test for excess errors)
UNRESOLVED: boehm-gc.c/gctest.c -O2 compilation failed to produce executable
FAIL: boehm-gc.c/leak_test.c -O2 (test for excess errors)
UNRESOLVED: boehm-gc.c/leak_test.c -O2 compilation failed to produce executable
FAIL: boehm-gc.c/middle.c -O2 (test for excess errors)
UNRESOLVED: boehm-gc.c/middle.c -O2 compilation failed to produce executable
FAIL: boehm-gc.c/thread_leak_test.c -O2 (test for excess errors)
UNRESOLVED: boehm-gc.c/thread_leak_test.c -O2 compilation failed to produce executable
FAIL: staticrootslib.lo -O2 (test for excess errors)
FAIL: boehm-gc.lib/staticrootstest.c -O2 (test for excess errors)
UNRESOLVED: boehm-gc.lib/staticrootstest.c -O2 compilation failed to produce executable
=== boehm-gc Summary for unix/-mabi=n32 ===
# of expected passes 1
# of unexpected failures 6
# of unresolved testcases 5
# of unsupported tests 1
=== boehm-gc Summary ===
# of expected passes 14
# of unexpected failures 12
# of unresolved testcases 10
# of unsupported tests 3
=== libatomic tests ===
Running target unix
=== libatomic Summary for unix ===
# of expected passes 34
# of unsupported tests 10
Running target unix/-mabi=64
=== libatomic Summary for unix/-mabi=64 ===
# of expected passes 34
# of unsupported tests 10
Running target unix/-mabi=n32
=== libatomic Summary for unix/-mabi=n32 ===
# of expected passes 34
# of unsupported tests 10
=== libatomic Summary ===
# of expected passes 102
# of unsupported tests 30
=== libffi tests ===
Running target unix
=== libffi Summary for unix ===
# of expected passes 1819
# of unsupported tests 55
Running target unix/-mabi=64
FAIL: libffi.call/cls_double_va.c -O0 -W -Wall output pattern test, is 0.0
FAIL: libffi.call/cls_longdouble_va.c -O0 -W -Wall output pattern test, is 0.0
FAIL: libffi.call/float_va.c -O0 -W -Wall output pattern test, is 0: 2.0 : total: 2.0
FAIL: libffi.call/cls_double_va.c -O2 output pattern test, is 0.0
FAIL: libffi.call/cls_longdouble_va.c -O2 output pattern test, is 0.0
FAIL: libffi.call/float_va.c -O2 output pattern test, is 0: 2.0 : total: 2.0
FAIL: libffi.call/cls_double_va.c -O3 output pattern test, is 0.0
FAIL: libffi.call/cls_longdouble_va.c -O3 output pattern test, is 0.0
FAIL: libffi.call/float_va.c -O3 output pattern test, is 0: 2.0 : total: 2.0
FAIL: libffi.call/cls_double_va.c -Os output pattern test, is 0.0
FAIL: libffi.call/cls_longdouble_va.c -Os output pattern test, is 0.0
FAIL: libffi.call/float_va.c -Os output pattern test, is 0: 2.0 : total: 2.0
FAIL: libffi.call/cls_double_va.c -O2 -fomit-frame-pointer output pattern test, is 0.0
FAIL: libffi.call/cls_longdouble_va.c -O2 -fomit-frame-pointer output pattern test, is 0.0
FAIL: libffi.call/float_va.c -O2 -fomit-frame-pointer output pattern test, is 0: 2.0 : total: 2.0
=== libffi Summary for unix/-mabi=64 ===
# of expected passes 1804
# of unexpected failures 15
# of unsupported tests 55
Running target unix/-mabi=n32
FAIL: libffi.call/cls_double_va.c -O0 -W -Wall output pattern test, is 0.0
FAIL: libffi.call/cls_longdouble_va.c -O0 -W -Wall output pattern test, is 0.0
FAIL: libffi.call/float_va.c -O0 -W -Wall output pattern test, is 0: 2.0 : total: 2.0
FAIL: libffi.call/cls_double_va.c -O2 output pattern test, is 0.0
FAIL: libffi.call/cls_longdouble_va.c -O2 output pattern test, is 0.0
FAIL: libffi.call/float_va.c -O2 output pattern test, is 0: 2.0 : total: 2.0
FAIL: libffi.call/cls_double_va.c -O3 output pattern test, is 0.0
FAIL: libffi.call/cls_longdouble_va.c -O3 output pattern test, is 0.0
FAIL: libffi.call/float_va.c -O3 output pattern test, is 0: 2.0 : total: 2.0
FAIL: libffi.call/cls_double_va.c -Os output pattern test, is 0.0
FAIL: libffi.call/cls_longdouble_va.c -Os output pattern test, is 0.0
FAIL: libffi.call/float_va.c -Os output pattern test, is 0: 2.0 : total: 2.0
FAIL: libffi.call/cls_double_va.c -O2 -fomit-frame-pointer output pattern test, is 0.0
FAIL: libffi.call/cls_longdouble_va.c -O2 -fomit-frame-pointer output pattern test, is 0.0
FAIL: libffi.call/float_va.c -O2 -fomit-frame-pointer output pattern test, is 0: 2.0 : total: 2.0
=== libffi Summary for unix/-mabi=n32 ===
# of expected passes 1804
# of unexpected failures 15
# of unsupported tests 55
=== libffi Summary ===
# of expected passes 5427
# of unexpected failures 30
# of unsupported tests 165
=== libgo tests ===
Running target unix
FAIL: testing/quick
=== libgo Summary for unix ===
# of expected passes 130
# of unexpected failures 1
Running target unix/-mabi=n32
FAIL: testing/quick
=== libgo Summary for unix/-mabi=n32 ===
# of expected passes 130
# of unexpected failures 1
Running target unix/-mabi=64
FAIL: testing/quick
=== libgo Summary for unix/-mabi=64 ===
# of expected passes 130
# of unexpected failures 1
=== libgo Summary ===
# of expected passes 390
# of unexpected failures 3
/build/buildd-gcc-snapshot_20130330-1-mipsel-LJp9Sb/gcc-snapshot-20130330/build/./gcc/gccgo version 4.9.0 20130330 (experimental) [trunk revision 197260] (Debian 20130330-1)
=== libgomp tests ===
Running target unix
WARNING: program timed out.
FAIL: libgomp.graphite/force-parallel-7.c execution test
=== libgomp Summary for unix ===
# of expected passes 2995
# of unexpected failures 1
# of unsupported tests 1
Running target unix/-mabi=64
WARNING: program timed out.
FAIL: libgomp.graphite/force-parallel-7.c execution test
=== libgomp Summary for unix/-mabi=64 ===
# of expected passes 2995
# of unexpected failures 1
# of unsupported tests 1
Running target unix/-mabi=n32
WARNING: program timed out.
FAIL: libgomp.graphite/force-parallel-7.c execution test
=== libgomp Summary for unix/-mabi=n32 ===
# of expected passes 2995
# of unexpected failures 1
# of unsupported tests 1
=== libgomp Summary ===
# of expected passes 8985
# of unexpected failures 3
# of unsupported tests 3
=== libjava tests ===
Running target unix
FAIL: Array_1 -findirect-dispatch execution - source compiled test
FAIL: Array_1 -O3 -findirect-dispatch execution - source compiled test
FAIL: ExtraClassLoader -findirect-dispatch execution - source compiled test
FAIL: ExtraClassLoader -O3 -findirect-dispatch execution - source compiled test
FAIL: InterfaceDispatch -findirect-dispatch execution - source compiled test
FAIL: InterfaceDispatch -O3 -findirect-dispatch execution - source compiled test
FAIL: Matrix4f -findirect-dispatch execution - source compiled test
FAIL: Matrix4f -O3 -findirect-dispatch execution - source compiled test
FAIL: N19990310_02 -findirect-dispatch execution - source compiled test
FAIL: N19990310_02 -O3 -findirect-dispatch execution - source compiled test
FAIL: N19990310_5 -findirect-dispatch execution - source compiled test
FAIL: N19990310_5 -O3 -findirect-dispatch execution - source compiled test
FAIL: PR160 -findirect-dispatch execution - source compiled test
FAIL: PR160 -O3 -findirect-dispatch execution - source compiled test
FAIL: PR3096 -findirect-dispatch execution - source compiled test
FAIL: PR3096 -O3 -findirect-dispatch execution - source compiled test
FAIL: PR35020 -findirect-dispatch execution - source compiled test
FAIL: PR35020 -O3 -findirect-dispatch output - source compiled test
FAIL: PR36252 -findirect-dispatch execution - source compiled test
FAIL: PR36252 -O3 -findirect-dispatch execution - source compiled test
FAIL: StringBuffer_overflow -findirect-dispatch execution - source compiled test
FAIL: StringBuffer_overflow -O3 -findirect-dispatch execution - source compiled test
FAIL: String_overflow -findirect-dispatch execution - source compiled test
FAIL: String_overflow -O3 -findirect-dispatch execution - source compiled test
FAIL: SyncGlobal -findirect-dispatch output - source compiled test
FAIL: SyncGlobal -O3 -findirect-dispatch execution - source compiled test
FAIL: anonarray -findirect-dispatch execution - source compiled test
FAIL: anonarray -O3 -findirect-dispatch execution - source compiled test
FAIL: anonarray3 -findirect-dispatch execution - source compiled test
FAIL: anonarray3 -O3 -findirect-dispatch execution - source compiled test
FAIL: err11 -findirect-dispatch execution - source compiled test
FAIL: err11 -O3 -findirect-dispatch execution - source compiled test
FAIL: err4 -findirect-dispatch execution - source compiled test
FAIL: err4 -O3 -findirect-dispatch execution - source compiled test
FAIL: err6 -findirect-dispatch execution - source compiled test
FAIL: err6 -O3 -findirect-dispatch execution - source compiled test
FAIL: err7 -findirect-dispatch execution - source compiled test
FAIL: err7 -O3 -findirect-dispatch execution - source compiled test
FAIL: inner_array -findirect-dispatch execution - source compiled test
FAIL: inner_array -O3 -findirect-dispatch execution - source compiled test
FAIL: klass -findirect-dispatch execution - source compiled test
FAIL: klass -O3 -findirect-dispatch execution - source compiled test
FAIL: md5test -findirect-dispatch execution - source compiled test
FAIL: md5test -O3 -findirect-dispatch execution - source compiled test
FAIL: newarray_overflow -findirect-dispatch execution - source compiled test
FAIL: newarray_overflow -O3 -findirect-dispatch execution - source compiled test
FAIL: pr27171 -findirect-dispatch execution - source compiled test
FAIL: pr27171 -O3 -findirect-dispatch execution - source compiled test
FAIL: shatest -findirect-dispatch execution - source compiled test
FAIL: shatest -O3 -findirect-dispatch execution - source compiled test
FAIL: sourcelocation output - source compiled test
FAIL: sourcelocation -findirect-dispatch output - source compiled test
FAIL: sourcelocation -O3 output - source compiled test
FAIL: utilTest -findirect-dispatch execution - source compiled test
FAIL: utilTest -O3 -findirect-dispatch execution - source compiled test
=== libjava Summary ===
# of expected passes 2481
# of unexpected failures 55
# of untested testcases 50
=== libmudflap tests ===
Running target unix
FAIL: libmudflap.c++/pass41-frag.cxx (-static) execution test
FAIL: libmudflap.c++/pass41-frag.cxx ( -O) execution test
FAIL: libmudflap.c++/pass41-frag.cxx (-O2) execution test
FAIL: libmudflap.c++/pass41-frag.cxx (-O3) execution test
=== libmudflap Summary for unix ===
# of expected passes 1902
# of unexpected failures 4
Running target unix/-mabi=64
FAIL: libmudflap.c++/pass41-frag.cxx (-static) execution test
FAIL: libmudflap.c++/pass41-frag.cxx ( -O) execution test
FAIL: libmudflap.c++/pass41-frag.cxx (-O2) execution test
FAIL: libmudflap.c++/pass41-frag.cxx (-O3) execution test
=== libmudflap Summary for unix/-mabi=64 ===
# of expected passes 1902
# of unexpected failures 4
Running target unix/-mabi=n32
FAIL: libmudflap.c++/pass41-frag.cxx (-static) execution test
FAIL: libmudflap.c++/pass41-frag.cxx ( -O) execution test
FAIL: libmudflap.c++/pass41-frag.cxx (-O2) execution test
FAIL: libmudflap.c++/pass41-frag.cxx (-O3) execution test
=== libmudflap Summary for unix/-mabi=n32 ===
# of expected passes 1902
# of unexpected failures 4
=== libmudflap Summary ===
# of expected passes 5706
# of unexpected failures 12
Compiler version: 4.9.0 20130330 (experimental) [trunk revision 197260] (Debian 20130330-1)
Platform: mipsel-unknown-linux-gnu
configure flags: -v --with-pkgversion='Debian 20130330-1' --with-bugurl=file:///usr/share/doc/gcc-snapshot/README.Bugs --enable-languages=c,ada,c++,java,go,fortran,objc,obj-c++ --prefix=/usr/lib/gcc-snapshot --enable-shared --enable-linker-build-id --disable-nls --with-sysroot=/ --enable-clocale=gnu --enable-libstdcxx-debug --enable-libstdcxx-time=yes --enable-gnu-unique-object --disable-libitm --enable-plugin --with-system-zlib --disable-browser-plugin --enable-java-awt=gtk --enable-gtk-cairo --with-java-home=/usr/lib/jvm/java-1.5.0-gcj-4.9-snap-mipsel/jre --enable-java-home --with-jvm-root-dir=/usr/lib/jvm/java-1.5.0-gcj-4.9-snap-mipsel --with-jvm-jar-dir=/usr/lib/jvm-exports/java-1.5.0-gcj-4.9-snap-mipsel --with-arch-directory=mips --with-ecj-jar=/usr/share/java/eclipse-ecj.jar --enable-multiarch --with-mips-plt --with-arch-32=mips2 --with-tune-32=mips32 --enable-targets=all --with-arch-64=mips3 --with-tune-64=mips64 --disable-werror --enable-checking=yes --build=mipsel-linux-gnu --host=mipsel-linux-gnu --target=mipsel-linux-gnu
BOOT_CFLAGS=
Build Dependencies:
Desired=Unknown/Install/Remove/Purge/Hold
| Status=Not/Inst/Conf-files/Unpacked/halF-conf/Half-inst/trig-aWait/Trig-pend
|/ Err?=(none)/Reinst-required (Status,Err: uppercase=bad)
||/ Name Version Architecture Description
+++-===================================-======================-============-===============================================================================
ii binutils 2.22-8 mipsel GNU assembler, linker and binary utilities
ii g++-4.6 4.6.3-15 mipsel GNU C++ compiler
ii g++-4.6-multilib 4.6.3-15 mipsel GNU C++ compiler (multilib files)
ii g++-multilib 4:4.6.3-8 mipsel GNU C++ compiler (multilib files)
ii libc6:mipsel 2.13-38 mipsel Embedded GNU C Library: Shared libraries
ii libcloog-isl-dev:mipsel 0.18.0-1 mipsel Chunky Loop Generator (development files)
ii libgmp-dev:mipsel 2:5.0.5+dfsg-2 mipsel Multiprecision arithmetic library developers tools
ii libisl-dev:mipsel 0.11.1-2 mipsel manipulating sets and relations of integer points bounded by linear constraints
ii libmpc-dev:mipsel 0.9-4 mipsel multiple precision complex floating-point library development package
ii libmpfr-dev:mipsel 3.1.1-1 mipsel multiple precision floating-point computation developers tools
gcc-sysroot:
Allow building --with-sysroot=/
ada-kfreebsd:
Fix gnat build failure on kfreebsd.
arm-multilib-soft:
ARM hard/soft float multilib support
arm-multilib-defaults:
Set MULTILIB_DEFAULTS for ARM multilib builds
gcc-ice-hack:
Retry the build on an ice, save the calling options and preprocessed
source when the ice is reproducible.
gcc-ice-apport:
Report an ICE to apport (if apport is available
and the environment variable GCC_NOAPPORT is not set)
libjava-fixed-symlinks:
Remove unneed '..' elements from symlinks in JAVA_HOME
libstdc++-arm-wno-abi:
Temporary work around:
On arm-linux-gnueabi run the libstdc++v3 testsuite with -Wno-abi
libstdc++-no-testsuite:
Don't run the libstdc++ testsuite on hppa and mipsel (timeouts on the buildds)
ada-mips:
Improve support for mips.
libffi-ro-eh_frame_sect:
PR libffi/47248, force a read only eh frame section.
gcc-multiarch:
- Remaining multiarch patches, not yet submitted upstream.
- Add MULTIARCH_DIRNAME definitions for multilib configurations,
which are used for the non-multilib builds.
libjava-nobiarch-check:
For biarch builds, disable the testsuite for the non-default architecture
for runtime libraries, which are not built by default (libjava).
config-ml:
- Disable some biarch libraries for biarch builds.
- Fix multilib builds on kernels which don't support all multilibs.
gcc-multilib-multiarch:
Don't auto-detect multilib osdirnames.
mips-fix-loongson2f-nop:
On mips, pass -mfix-loongson2f-nop to as, if -mno-fix-loongson2f-nop
is not passed.
libgomp-kfreebsd-testsuite:
Disable lock-2.c test on kfreebsd-*
Counting all warnings,
there are 0 warnings in stage3 of this bootstrap.
Number of warnings per file:
Number of warning types:
More information about the Gcc-testresults
mailing list