Results for 4.9.0 20130401 (experimental) [trunk revision 197296] testsuite on hppa-unknown-linux-gnu
Dave Anglin
dave.anglin@bell.net
Mon Apr 1 23:34:00 GMT 2013
LAST_UPDATED: Mon Apr 1 02:19:55 UTC 2013 (revision 197296)
=== acats tests ===
=== acats Summary ===
# of expected passes 2320
# of unexpected failures 0
Native configuration is hppa-unknown-linux-gnu
=== gcc tests ===
Running target unix
XPASS: gcc.dg/tree-ssa/loop-1.c scan-assembler-times foo 5
=== gcc Summary ===
# of expected passes 79707
# of unexpected successes 1
# of expected failures 115
# of unsupported tests 1245
/home/dave/gnu/gcc/objdir/gcc/xgcc version 4.9.0 20130401 (experimental) [trunk revision 197296] (GCC)
=== gfortran tests ===
Running target unix
=== gfortran Summary ===
# of expected passes 1139
# of unsupported tests 22
/home/dave/gnu/gcc/objdir/gcc/testsuite/gfortran/../../gfortran version 4.9.0 20130401 (experimental) [trunk revision 197296] (GCC)
=== g++ tests ===
Running target unix
FAIL: g++.dg/debug/dwarf2/non-virtual-thunk.C -std=gnu++98 scan-assembler thunk.C:30
FAIL: g++.dg/debug/dwarf2/non-virtual-thunk.C -std=gnu++11 scan-assembler thunk.C:30
FAIL: g++.dg/simulate-thread/atomics-1.C -O0 -g thread simulation test
FAIL: c-c++-common/simulate-thread/bitfields-2.c -Os -g thread simulation test
FAIL: g++.old-deja/g++.jason/opeq5.C -std=c++98 (test for excess errors)
FAIL: g++.old-deja/g++.jason/opeq5.C -std=c++98 execution test
=== g++ Summary ===
# of expected passes 50146
# of unexpected failures 6
# of expected failures 290
# of unsupported tests 930
/home/dave/gnu/gcc/objdir/gcc/testsuite/g++/../../xg++ version 4.9.0 20130401 (experimental) [trunk revision 197296] (GCC)
=== gnat tests ===
Running target unix
=== gnat Summary ===
# of expected passes 1151
# of expected failures 17
# of unsupported tests 9
/home/dave/gnu/gcc/objdir/gcc/gnatmake version 4.9.0 20130401 (experimental) [trunk revision 197296]
Compiler version: 4.9.0 20130401 (experimental) [trunk revision 197296]
Platform: hppa-unknown-linux-gnu
configure flags: --with-arch=2.0 --with-gnu-as --with-gnu-ld --enable-shared --enable-multiarch --with-multiarch-defaults=hppa-linux-gnu --enable-linker-build-id --build=hppa-linux-gnu --host=hppa-linux-gnu --target=hppa-linux-gnu --prefix=/home/dave/opt/gnu/gcc/gcc-4.8 --with-local-prefix=/home/dave/opt/gnu --enable-threads=posix --enable-__cxa_atexit --build=hppa-linux-gnu --enable-clocale=gnu --enable-java-gc=boehm --without-cloog --without-ppl --enable-languages=c,c++,objc,fortran,obj-c++,java,ada,lto
More information about the Gcc-testresults
mailing list