Results for 4.8.0 20120929 (experimental) [trunk revision 191861] (GCC) testsuite on powerpc-ibm-aix7.1.0.0
David Edelsohn
dje.gcc@gmail.com
Sun Sep 30 21:48:00 GMT 2012
LAST_UPDATED: Sat Sep 29 22:38:26 UTC 2012 (revision 191861)
Native configuration is powerpc-ibm-aix7.1.0.0
=== g++ tests ===
Running target unix
FAIL: g++.dg/bprob/g++-bprob-2.C compilation, -g -fbranch-probabilities
UNRESOLVED: g++.dg/bprob/g++-bprob-2.C execution, -g -fbranch-probabilities
FAIL: g++.dg/bprob/g++-bprob-2.C compilation, -O0 -fbranch-probabilities
UNRESOLVED: g++.dg/bprob/g++-bprob-2.C execution, -O0 -fbranch-probabilities
FAIL: g++.dg/bprob/g++-bprob-2.C compilation, -O1 -fbranch-probabilities
UNRESOLVED: g++.dg/bprob/g++-bprob-2.C execution, -O1 -fbranch-probabilities
FAIL: g++.dg/bprob/g++-bprob-2.C compilation, -O2 -fbranch-probabilities
UNRESOLVED: g++.dg/bprob/g++-bprob-2.C execution, -O2 -fbranch-probabilities
FAIL: g++.dg/bprob/g++-bprob-2.C compilation, -O3 -fbranch-probabilities
UNRESOLVED: g++.dg/bprob/g++-bprob-2.C execution, -O3 -fbranch-probabilities
FAIL: g++.dg/bprob/g++-bprob-2.C compilation, -O3 -g -fbranch-probabilities
UNRESOLVED: g++.dg/bprob/g++-bprob-2.C execution, -O3 -g
-fbranch-probabilities
FAIL: g++.dg/bprob/g++-bprob-2.C compilation, -Os -fbranch-probabilities
UNRESOLVED: g++.dg/bprob/g++-bprob-2.C execution, -Os -fbranch-probabilities
FAIL: tmpdir-g++.dg-struct-layout-1/t024
cp_compat_x_tst.o-cp_compat_y_tst.o execute
FAIL: tmpdir-g++.dg-struct-layout-1/t028
cp_compat_x_tst.o-cp_compat_y_tst.o execute
FAIL: tmpdir-g++.dg-struct-layout-1/t029
cp_compat_x_tst.o-cp_compat_y_tst.o execute
FAIL: tmpdir-g++.dg-struct-layout-1/t030
cp_compat_x_tst.o-cp_compat_y_tst.o execute
FAIL: g++.dg/abi/vtt1.C -std=c++98 scan-assembler _ZTT1B
FAIL: g++.dg/abi/vtt1.C -std=c++11 scan-assembler _ZTT1B
FAIL: g++.dg/cpp/ucn-1.C (test for excess errors)
FAIL: g++.dg/ext/alignof2.C -std=c++98 execution test
FAIL: g++.dg/ext/alignof2.C -std=c++11 execution test
FAIL: g++.dg/ext/visibility/anon1.C -std=c++98 scan-assembler-not
globl.*_ZN.*1fEv
FAIL: g++.dg/ext/visibility/anon1.C -std=c++11 scan-assembler-not
globl.*_ZN.*1fEv
FAIL: g++.dg/ext/visibility/anon2.C -std=c++98 scan-assembler-not globl.*_Z1fv
FAIL: g++.dg/ext/visibility/anon2.C -std=c++11 scan-assembler-not globl.*_Z1fv
FAIL: g++.dg/ipa/iinline-3.C -std=gnu++98 (internal compiler error)
FAIL: g++.dg/ipa/iinline-3.C -std=gnu++98 (test for excess errors)
WARNING: g++.dg/ipa/iinline-3.C -std=gnu++98 compilation failed to
produce executable
FAIL: g++.dg/lookup/builtin5.C -std=c++11 scan-assembler _ZSt5atanhd
FAIL: g++.dg/other/anon5.C -std=gnu++98 undefined (test for warnings, line )
FAIL: g++.dg/other/anon5.C -std=gnu++98 (test for excess errors)
FAIL: g++.dg/other/anon5.C -std=gnu++11 undefined (test for warnings, line )
FAIL: g++.dg/other/anon5.C -std=gnu++11 (test for excess errors)
FAIL: g++.dg/other/unused1.C -std=gnu++98 scan-assembler
(string|ascii?)z?[\\t ]"printer("|\\\\\\\\0)
FAIL: g++.dg/other/unused1.C -std=gnu++11 scan-assembler
(string|ascii?)z?[\\t ]"printer("|\\\\\\\\0)
FAIL: g++.dg/template/linkage1.C -std=c++11 scan-assembler-not
(weak|glob)[^\\n]*_Z3fooIXadL_ZL11static_funcvEEEvv
FAIL: g++.dg/warn/pr31246.C -std=gnu++98 (test for excess errors)
FAIL: g++.dg/warn/pr31246.C -std=gnu++11 (test for excess errors)
FAIL: c-c++-common/vector-compare-1.c -std=gnu++98 (test for excess errors)
FAIL: c-c++-common/vector-compare-1.c -std=gnu++11 (test for excess errors)
FAIL: c-c++-common/vector-compare-2.c -std=gnu++98 (test for excess errors)
FAIL: c-c++-common/vector-compare-2.c -std=gnu++11 (test for excess errors)
FAIL: g++.dg/guality/redeclaration1.C -O0 line 17 i == 24
FAIL: g++.dg/tls/diag-1.C -std=c++98 (internal compiler error)
FAIL: g++.dg/tls/diag-1.C -std=c++98 (test for excess errors)
FAIL: g++.dg/tls/diag-1.C -std=c++11 (internal compiler error)
FAIL: g++.dg/tls/diag-1.C -std=c++11 (test for excess errors)
XPASS: g++.old-deja/g++.other/init19.C -std=c++98 execution test
XPASS: g++.old-deja/g++.other/init19.C -std=c++11 execution test
=== g++ Summary ===
# of expected passes 43620
# of unexpected failures 41
# of unexpected successes 2
# of expected failures 314
# of unresolved testcases 7
# of unsupported tests 871
/tmp/20120929/gcc/testsuite/g++/../../g++ version 4.8.0 20120929
(experimental) [trunk revision 191861] (GCC)
=== gcc tests ===
Running target unix
XPASS: gcc.c-torture/execute/eeprof-1.c execution, -O0
XPASS: gcc.c-torture/execute/eeprof-1.c execution, -O1
XPASS: gcc.c-torture/execute/eeprof-1.c execution, -O2
XPASS: gcc.c-torture/execute/eeprof-1.c execution, -O3 -fomit-frame-pointer
XPASS: gcc.c-torture/execute/eeprof-1.c execution, -O3 -g
XPASS: gcc.c-torture/execute/eeprof-1.c execution, -Os
XPASS: gcc.c-torture/execute/eeprof-1.c execution, -Og -g
FAIL: gcc.dg/cpp/assert4.c (test for excess errors)
FAIL: gcc.dg/cpp/trad/include.c (test for excess errors)
XPASS: gcc.dg/Wstrict-overflow-18.c (test for bogus messages, line 20)
FAIL: gcc.dg/alias-7.c execution test
FAIL: gcc.dg/asm-names.c scan-assembler-not ____frob14
FAIL: gcc.dg/attr-alias-5.c (test for errors, line 9)
FAIL: gcc.dg/attr-alias-5.c (test for excess errors)
FAIL: gcc.dg/builtin-object-size-8.c execution test
FAIL: gcc.dg/const-uniq-1.c scan-tree-dump-times gimple "L\\\\\$?C0" 2
FAIL: gcc.dg/pr53060.c (test for excess errors)
FAIL: gcc.dg/pthread-init-2.c (test for excess errors)
FAIL: gcc.dg/scal-to-vec2.c (test for excess errors)
FAIL: gcc.dg/stack-usage-1.c scan-file foo\\t(256|264)\\tstatic
FAIL: gcc.dg/ucnid-10.c (test for warnings, line 10)
FAIL: gcc.dg/ucnid-10.c (test for excess errors)
FAIL: gcc.dg/ucnid-13.c (test for warnings, line 11)
FAIL: gcc.dg/ucnid-13.c (test for warnings, line 13)
FAIL: gcc.dg/ucnid-13.c (test for errors, line 15)
FAIL: gcc.dg/ucnid-13.c (test for excess errors)
FAIL: gcc.dg/ucnid-7.c (test for excess errors)
FAIL: gcc.dg/ucnid-8.c (test for errors, line 9)
FAIL: gcc.dg/ucnid-8.c (test for warnings, line 11)
FAIL: gcc.dg/ucnid-8.c (test for errors, line 13)
FAIL: gcc.dg/ucnid-8.c UCN diag (test for warnings, line 14)
FAIL: gcc.dg/ucnid-8.c (test for excess errors)
FAIL: c-c++-common/vector-compare-1.c -Wc++-compat (test for excess errors)
FAIL: c-c++-common/vector-compare-2.c -Wc++-compat (test for excess errors)
FAIL: gcc.dg/simulate-thread/atomic-other-int.c -O0 -g thread simulation test
FAIL: gcc.dg/simulate-thread/atomic-other-int.c -O2 -g thread simulation test
FAIL: gcc.dg/simulate-thread/atomic-other-int.c -O3 -g thread simulation test
FAIL: gcc.dg/simulate-thread/atomic-other-short.c -O0 -g thread
simulation test
FAIL: gcc.dg/simulate-thread/atomic-other-short.c -O2 -g thread
simulation test
FAIL: gcc.dg/simulate-thread/atomic-other-short.c -O3 -g thread
simulation test
FAIL: gcc.dg/torture/pr51106-2.c -O0 (test for warnings, line 8)
FAIL: gcc.dg/torture/pr51106-2.c -O0 (test for excess errors)
FAIL: gcc.dg/torture/pr51106-2.c -O1 (test for warnings, line 8)
FAIL: gcc.dg/torture/pr51106-2.c -O1 (test for excess errors)
FAIL: gcc.dg/torture/pr51106-2.c -O2 (test for warnings, line 8)
FAIL: gcc.dg/torture/pr51106-2.c -O2 (test for excess errors)
FAIL: gcc.dg/torture/pr51106-2.c -O3 -fomit-frame-pointer (test for
warnings, line 8)
FAIL: gcc.dg/torture/pr51106-2.c -O3 -fomit-frame-pointer (test for
excess errors)
FAIL: gcc.dg/torture/pr51106-2.c -O3 -g (test for warnings, line 8)
FAIL: gcc.dg/torture/pr51106-2.c -O3 -g (test for excess errors)
FAIL: gcc.dg/torture/pr51106-2.c -Os (test for warnings, line 8)
FAIL: gcc.dg/torture/pr51106-2.c -Os (test for excess errors)
FAIL: gcc.dg/tree-ssa/sra-12.c scan-tree-dump-times release_ssa "l;" 0
FAIL: gcc.dg/tree-ssa/ssa-dom-thread-4.c scan-tree-dump-times dom1 "Threaded" 3
FAIL: gcc.dg/tree-ssa/vrp47.c scan-tree-dump-times vrp1 "[xy][^ ]* !=" 0
FAIL: gcc.dg/tree-ssa/vrp47.c scan-tree-dump-times dom2 "x[^ ]* & y" 1
FAIL: gcc.dg/vect/pr48765.c (test for excess errors)
FAIL: gcc.dg/vect/pr49352.c (test for excess errors)
FAIL: gcc.dg/vect/vect-116.c execution test
FAIL: gcc.dg/vect/vect-44.c scan-tree-dump-times vect "Alignment of
access forced using peeling" 1
FAIL: gcc.dg/vect/vect-50.c scan-tree-dump-times vect "Alignment of
access forced using peeling" 1
FAIL: gcc.dg/vect/vect-82_64.c (test for excess errors)
UNRESOLVED: gcc.dg/vect/vect-82_64.c scan-tree-dump-times vect
"vectorized 1 loops" 1
FAIL: gcc.dg/vect/vect-83_64.c (test for excess errors)
UNRESOLVED: gcc.dg/vect/vect-83_64.c scan-tree-dump-times vect
"vectorized 1 loops" 1
FAIL: gcc.dg/vect/slp-widen-mult-half.c execution test
FAIL: gcc.dg/vect/section-anchors-pr27770.c execution test
FAIL: gcc.dg/vect/no-scevccp-outer-6-global.c scan-tree-dump-times
vect "OUTER LOOP VECTORIZED." 1
FAIL: gcc.dg/vmx/3a-07.c -O3 -g execution test
FAIL: gcc.dg/vmx/3b-01.c -O0 execution test
FAIL: gcc.dg/vmx/3b-01.c -O3 -g execution test
FAIL: gcc.dg/vmx/3b-01.c -Os execution test
FAIL: gcc.dg/vmx/3b-02.c -O3 -g execution test
FAIL: gcc.dg/vmx/3b-02.c -Os execution test
FAIL: gcc.dg/vmx/3b-13.c -O0 (test for excess errors)
WARNING: gcc.dg/vmx/3b-13.c -O0 compilation failed to produce executable
FAIL: gcc.dg/vmx/3b-13.c -O1 (test for excess errors)
WARNING: gcc.dg/vmx/3b-13.c -O1 compilation failed to produce executable
FAIL: gcc.dg/vmx/3b-13.c -O2 (test for excess errors)
WARNING: gcc.dg/vmx/3b-13.c -O2 compilation failed to produce executable
FAIL: gcc.dg/vmx/3b-13.c -O3 -fomit-frame-pointer (test for excess errors)
WARNING: gcc.dg/vmx/3b-13.c -O3 -fomit-frame-pointer compilation
failed to produce executable
FAIL: gcc.dg/vmx/3b-13.c -O3 -g (test for excess errors)
WARNING: gcc.dg/vmx/3b-13.c -O3 -g compilation failed to produce executable
FAIL: gcc.dg/vmx/3b-13.c -Os (test for excess errors)
WARNING: gcc.dg/vmx/3b-13.c -Os compilation failed to produce executable
FAIL: gcc.dg/vmx/3b-14.c -O0 execution test
FAIL: gcc.dg/vmx/3b-14.c -O1 execution test
FAIL: gcc.dg/vmx/3b-14.c -O2 execution test
FAIL: gcc.dg/vmx/3b-14.c -O3 -fomit-frame-pointer execution test
FAIL: gcc.dg/vmx/3b-14.c -O3 -g execution test
FAIL: gcc.dg/vmx/3b-14.c -Os execution test
FAIL: gcc.dg/vmx/varargs-4.c -O0 execution test
FAIL: gcc.dg/vmx/varargs-4.c -O1 execution test
FAIL: gcc.dg/vmx/varargs-4.c -Os execution test
FAIL: gcc.dg/vmx/zero-1.c -O3 -g execution test
FAIL: gcc.dg/vmx/zero.c -O3 -g execution test
FAIL: gcc.dg/vmx/zero.c -Os execution test
FAIL: gcc.misc-tests/gcov-14.c (test for excess errors)
WARNING: gcc.misc-tests/gcov-14.c compilation failed to produce executable
FAIL: gcc.misc-tests/gcov-14.c gcov failed: gcov-14.c.gov does not exist
FAIL: gcc.target/powerpc/loop_align.c scan-assembler .p2align 5,,31
FAIL: gcc.target/powerpc/popcount-2.c scan-assembler popcntw
FAIL: gcc.target/powerpc/ppc-vector-memcpy.c scan-assembler lvx
FAIL: gcc.target/powerpc/pr46728-1.c scan-assembler-not pow
FAIL: gcc.target/powerpc/pr46728-2.c scan-assembler-not pow
FAIL: gcc.target/powerpc/pr46728-3.c scan-assembler-not pow
FAIL: gcc.target/powerpc/pr46728-4.c scan-assembler-not pow
FAIL: gcc.target/powerpc/pr46728-7.c scan-assembler-not pow
FAIL: gcc.target/powerpc/pr46728-8.c scan-assembler-not pow
=== gcc Summary ===
# of expected passes 66863
# of unexpected failures 93
# of unexpected successes 8
# of expected failures 203
# of unresolved testcases 2
# of unsupported tests 1306
/tmp/20120929/gcc/xgcc version 4.8.0 20120929 (experimental) [trunk
revision 191861] (GCC)
=== gfortran tests ===
Running target unix
FAIL: gfortran.dg/allocatable_function_5.f90 -O0 (test for excess errors)
WARNING: gfortran.dg/allocatable_function_5.f90 -O0 compilation
failed to produce executable
FAIL: gfortran.dg/allocatable_function_5.f90 -O1 (test for excess errors)
WARNING: gfortran.dg/allocatable_function_5.f90 -O1 compilation
failed to produce executable
FAIL: gfortran.dg/allocatable_function_5.f90 -O2 (test for excess errors)
WARNING: gfortran.dg/allocatable_function_5.f90 -O2 compilation
failed to produce executable
FAIL: gfortran.dg/allocatable_function_5.f90 -O3 -fomit-frame-pointer
(test for excess errors)
WARNING: gfortran.dg/allocatable_function_5.f90 -O3
-fomit-frame-pointer compilation failed to produce executable
FAIL: gfortran.dg/allocatable_function_5.f90 -O3 -fomit-frame-pointer
-funroll-loops (test for excess errors)
WARNING: gfortran.dg/allocatable_function_5.f90 -O3
-fomit-frame-pointer -funroll-loops compilation failed to produce
executable
FAIL: gfortran.dg/allocatable_function_5.f90 -O3 -fomit-frame-pointer
-funroll-all-loops -finline-functions (test for excess errors)
WARNING: gfortran.dg/allocatable_function_5.f90 -O3
-fomit-frame-pointer -funroll-all-loops -finline-functions
compilation failed to produce executable
FAIL: gfortran.dg/allocatable_function_5.f90 -O3 -g (test for excess errors)
WARNING: gfortran.dg/allocatable_function_5.f90 -O3 -g compilation
failed to produce executable
FAIL: gfortran.dg/allocatable_function_5.f90 -Os (test for excess errors)
WARNING: gfortran.dg/allocatable_function_5.f90 -Os compilation
failed to produce executable
FAIL: gfortran.dg/default_format_1.f90 -O0 execution test
FAIL: gfortran.dg/default_format_1.f90 -O1 execution test
FAIL: gfortran.dg/default_format_1.f90 -O2 execution test
FAIL: gfortran.dg/default_format_1.f90 -O3 -fomit-frame-pointer execution test
FAIL: gfortran.dg/default_format_1.f90 -O3 -fomit-frame-pointer
-funroll-loops execution test
FAIL: gfortran.dg/default_format_1.f90 -O3 -fomit-frame-pointer
-funroll-all-loops -finline-functions execution test
FAIL: gfortran.dg/default_format_1.f90 -O3 -g execution test
FAIL: gfortran.dg/default_format_1.f90 -Os execution test
FAIL: gfortran.dg/default_format_denormal_1.f90 -O0 execution test
FAIL: gfortran.dg/default_format_denormal_1.f90 -O1 execution test
FAIL: gfortran.dg/default_format_denormal_1.f90 -O2 execution test
FAIL: gfortran.dg/default_format_denormal_1.f90 -O3
-fomit-frame-pointer execution test
FAIL: gfortran.dg/default_format_denormal_1.f90 -O3
-fomit-frame-pointer -funroll-loops execution test
FAIL: gfortran.dg/default_format_denormal_1.f90 -O3
-fomit-frame-pointer -funroll-all-loops -finline-functions execution
test
FAIL: gfortran.dg/default_format_denormal_1.f90 -O3 -g execution test
FAIL: gfortran.dg/default_format_denormal_1.f90 -Os execution test
FAIL: gfortran.dg/nint_2.f90 -O0 execution test
FAIL: gfortran.dg/realloc_on_assign_4.f03 -O0 (test for excess errors)
WARNING: gfortran.dg/realloc_on_assign_4.f03 -O0 compilation failed
to produce executable
FAIL: gfortran.dg/realloc_on_assign_4.f03 -O1 (test for excess errors)
WARNING: gfortran.dg/realloc_on_assign_4.f03 -O1 compilation failed
to produce executable
FAIL: gfortran.dg/realloc_on_assign_4.f03 -O2 (test for excess errors)
WARNING: gfortran.dg/realloc_on_assign_4.f03 -O2 compilation failed
to produce executable
FAIL: gfortran.dg/realloc_on_assign_4.f03 -O3 -fomit-frame-pointer
(test for excess errors)
WARNING: gfortran.dg/realloc_on_assign_4.f03 -O3 -fomit-frame-pointer
compilation failed to produce executable
FAIL: gfortran.dg/realloc_on_assign_4.f03 -O3 -fomit-frame-pointer
-funroll-loops (test for excess errors)
WARNING: gfortran.dg/realloc_on_assign_4.f03 -O3 -fomit-frame-pointer
-funroll-loops compilation failed to produce executable
FAIL: gfortran.dg/realloc_on_assign_4.f03 -O3 -fomit-frame-pointer
-funroll-all-loops -finline-functions (test for excess errors)
WARNING: gfortran.dg/realloc_on_assign_4.f03 -O3 -fomit-frame-pointer
-funroll-all-loops -finline-functions compilation failed to produce
executable
FAIL: gfortran.dg/realloc_on_assign_4.f03 -O3 -g (test for excess errors)
WARNING: gfortran.dg/realloc_on_assign_4.f03 -O3 -g compilation
failed to produce executable
FAIL: gfortran.dg/realloc_on_assign_4.f03 -Os (test for excess errors)
WARNING: gfortran.dg/realloc_on_assign_4.f03 -Os compilation failed
to produce executable
FAIL: gfortran.fortran-torture/execute/intrinsic_nearest.f90 execution, -O0
FAIL: gfortran.fortran-torture/execute/intrinsic_nearest.f90 execution, -O1
FAIL: gfortran.fortran-torture/execute/intrinsic_nearest.f90 execution, -O2
FAIL: gfortran.fortran-torture/execute/intrinsic_nearest.f90
execution, -O2 -fomit-frame-pointer -finline-functions
FAIL: gfortran.fortran-torture/execute/intrinsic_nearest.f90
execution, -O2 -fomit-frame-pointer -finline-functions -funroll-loops
FAIL: gfortran.fortran-torture/execute/intrinsic_nearest.f90
execution, -O2 -fbounds-check
FAIL: gfortran.fortran-torture/execute/intrinsic_nearest.f90 execution, -O3 -g
FAIL: gfortran.fortran-torture/execute/intrinsic_nearest.f90 execution, -Os
FAIL: gfortran.fortran-torture/execute/intrinsic_nearest.f90
execution, -O2 -ftree-vectorize -maltivec
FAIL: gfortran.fortran-torture/execute/stack_varsize.f90 execution,
-O2 -ftree-vectorize -maltivec
=== gfortran Summary ===
# of expected passes 41187
# of unexpected failures 43
# of expected failures 43
# of unsupported tests 397
/tmp/20120929/gcc/testsuite/gfortran/../../gfortran version 4.8.0
20120929 (experimental) [trunk revision 191861] (GCC)
=== objc tests ===
Running target unix
FAIL: objc.dg-struct-layout-encoding-1/t026_main.m execution test
=== objc Summary ===
# of expected passes 2879
# of unexpected failures 1
# of expected failures 10
# of unsupported tests 66
/tmp/20120929/gcc/xgcc version 4.8.0 20120929 (experimental) [trunk
revision 191861] (GCC)
=== libatomic tests ===
Running target unix
=== libatomic Summary ===
# of expected passes 34
# of unsupported tests 10
=== libgomp tests ===
Running target unix
FAIL: libgomp.fortran/recursion1.f90 -O0 execution test
FAIL: libgomp.fortran/recursion1.f90 -O1 execution test
FAIL: libgomp.fortran/recursion1.f90 -O2 execution test
FAIL: libgomp.fortran/recursion1.f90 -O3 -fomit-frame-pointer execution test
FAIL: libgomp.fortran/recursion1.f90 -O3 -fomit-frame-pointer
-funroll-loops execution test
FAIL: libgomp.fortran/recursion1.f90 -O3 -fomit-frame-pointer
-funroll-all-loops -finline-functions execution test
FAIL: libgomp.fortran/recursion1.f90 -O3 -g execution test
FAIL: libgomp.fortran/recursion1.f90 -Os execution test
=== libgomp Summary ===
# of expected passes 2916
# of unexpected failures 8
# of unsupported tests 3
=== libstdc++ tests ===
Running target unix
FAIL: 17_intro/static.cc (test for excess errors)
FAIL: 18_support/50594.cc execution test
FAIL: 21_strings/basic_string/inserters_extractors/wchar_t/28277.cc
execution test
FAIL: 23_containers/vector/profile/vector.cc execution test
FAIL: 26_numerics/headers/cmath/c99_classification_macros_c.cc (test
for excess errors)
FAIL: 27_io/basic_ostream/inserters_character/wchar_t/28277-3.cc execution test
FAIL: 27_io/basic_ostream/inserters_character/wchar_t/28277-4.cc execution test
FAIL: 27_io/ios_base/storage/11584.cc execution test
FAIL: 27_io/objects/char/6.cc execution test
FAIL: 27_io/objects/wchar_t/6.cc execution test
FAIL: ext/headers.cc (test for excess errors)
FAIL: ext/mt_allocator/check_new.cc execution test
FAIL: ext/pool_allocator/check_new.cc execution test
FAIL: ext/random/simd_fast_mersenne_twister_engine/cons/default.cc
execution test
FAIL: ext/vstring/inserters_extractors/wchar_t/28277.cc execution test
=== libstdc++ Summary ===
# of expected passes 7618
# of unexpected failures 15
# of expected failures 41
# of unsupported tests 555
Compiler version: 4.8.0 20120929 (experimental) [trunk revision 191861] (GCC)
Platform: powerpc-ibm-aix7.1.0.0
configure flags:
--prefix=/gsa/yktgsa/home/e/d/edelsohn/install/powerpc-ibm-aix7.1.0.0-20120929
--disable-werror --enable-languages=c,c++,fortran,objc
--with-gmp=/usr/gnu --with-mpfr=/usr/gnu --with-cloog=no --with-ppl=no
--disable-libstdcxx-pch --with-boot-ldflags=-L/usr/gnu/lib
More information about the Gcc-testresults
mailing list