Results for 4.8.0 20120925 (experimental) [trunk revision 191687] (GCC) testsuite on sh4-unknown-linux-gnu
Kaz Kojima
kkojima@rr.iij4u.or.jp
Tue Sep 25 15:35:00 GMT 2012
Remote host: linux 2.6.22 sh4
GNU C Library version 2.7.90
LAST_UPDATED: Tue Sep 25 02:03:51 UTC 2012 (revision 191687)
Target is sh4-unknown-linux-gnu
Host is i686-pc-linux-gnu
=== g++ tests ===
Running target unix
WARNING: Assuming target board is the local machine (which is probably wrong).
FAIL: g++.dg/pch/array-1.C -g -I. -Dwith_PCH (internal compiler error)
FAIL: g++.dg/pch/array-1.C -g -I. -Dwith_PCH (test for excess errors)
FAIL: g++.dg/pch/array-1.C -g assembly comparison
FAIL: g++.dg/pch/array-1.C -O2 -g -I. -Dwith_PCH (internal compiler error)
FAIL: g++.dg/pch/array-1.C -O2 -g -I. -Dwith_PCH (test for excess errors)
FAIL: g++.dg/pch/array-1.C -O2 -g assembly comparison
FAIL: g++.dg/pch/array-1.C -O2 -I. -Dwith_PCH (internal compiler error)
FAIL: g++.dg/pch/array-1.C -O2 -I. -Dwith_PCH (test for excess errors)
FAIL: g++.dg/pch/array-1.C -O2 assembly comparison
FAIL: g++.dg/pch/empty.C -g -I. -Dwith_PCH (internal compiler error)
FAIL: g++.dg/pch/empty.C -g -I. -Dwith_PCH (test for excess errors)
FAIL: g++.dg/pch/empty.C -g assembly comparison
FAIL: g++.dg/pch/empty.C -O2 -g -I. -Dwith_PCH (internal compiler error)
FAIL: g++.dg/pch/empty.C -O2 -g -I. -Dwith_PCH (test for excess errors)
FAIL: g++.dg/pch/empty.C -O2 -g assembly comparison
FAIL: g++.dg/pch/empty.C -O2 -I. -Dwith_PCH (internal compiler error)
FAIL: g++.dg/pch/empty.C -O2 -I. -Dwith_PCH (test for excess errors)
FAIL: g++.dg/pch/empty.C -O2 assembly comparison
FAIL: g++.dg/pch/externc-1.C -g -I. -Dwith_PCH (internal compiler error)
FAIL: g++.dg/pch/externc-1.C -g -I. -Dwith_PCH (test for excess errors)
FAIL: g++.dg/pch/externc-1.C -g assembly comparison
FAIL: g++.dg/pch/externc-1.C -O2 -g -I. -Dwith_PCH (internal compiler error)
FAIL: g++.dg/pch/externc-1.C -O2 -g -I. -Dwith_PCH (test for excess errors)
FAIL: g++.dg/pch/externc-1.C -O2 -g assembly comparison
FAIL: g++.dg/pch/externc-1.C -O2 -I. -Dwith_PCH (internal compiler error)
FAIL: g++.dg/pch/externc-1.C -O2 -I. -Dwith_PCH (test for excess errors)
FAIL: g++.dg/pch/externc-1.C -O2 assembly comparison
FAIL: g++.dg/pch/local-1.C -g -I. -Dwith_PCH (internal compiler error)
FAIL: g++.dg/pch/local-1.C -g -I. -Dwith_PCH (test for excess errors)
FAIL: g++.dg/pch/local-1.C -g assembly comparison
FAIL: g++.dg/pch/local-1.C -O2 -g -I. -Dwith_PCH (internal compiler error)
FAIL: g++.dg/pch/local-1.C -O2 -g -I. -Dwith_PCH (test for excess errors)
FAIL: g++.dg/pch/local-1.C -O2 -g assembly comparison
FAIL: g++.dg/pch/local-1.C -O2 -I. -Dwith_PCH (internal compiler error)
FAIL: g++.dg/pch/local-1.C -O2 -I. -Dwith_PCH (test for excess errors)
FAIL: g++.dg/pch/local-1.C -O2 assembly comparison
FAIL: g++.dg/pch/pch.C -g -I. -Dwith_PCH (internal compiler error)
FAIL: g++.dg/pch/pch.C -g -I. -Dwith_PCH (test for excess errors)
FAIL: g++.dg/pch/pch.C -g assembly comparison
FAIL: g++.dg/pch/pch.C -O2 -g -I. -Dwith_PCH (internal compiler error)
FAIL: g++.dg/pch/pch.C -O2 -g -I. -Dwith_PCH (test for excess errors)
FAIL: g++.dg/pch/pch.C -O2 -g assembly comparison
FAIL: g++.dg/pch/pch.C -O2 -I. -Dwith_PCH (internal compiler error)
FAIL: g++.dg/pch/pch.C -O2 -I. -Dwith_PCH (test for excess errors)
FAIL: g++.dg/pch/pch.C -O2 assembly comparison
FAIL: g++.dg/pch/static-1.C -g -I. -Dwith_PCH (internal compiler error)
FAIL: g++.dg/pch/static-1.C -g -I. -Dwith_PCH (test for excess errors)
FAIL: g++.dg/pch/static-1.C -g assembly comparison
FAIL: g++.dg/pch/static-1.C -O2 -g -I. -Dwith_PCH (internal compiler error)
FAIL: g++.dg/pch/static-1.C -O2 -g -I. -Dwith_PCH (test for excess errors)
FAIL: g++.dg/pch/static-1.C -O2 -g assembly comparison
FAIL: g++.dg/pch/static-1.C -O2 -I. -Dwith_PCH (internal compiler error)
FAIL: g++.dg/pch/static-1.C -O2 -I. -Dwith_PCH (test for excess errors)
FAIL: g++.dg/pch/static-1.C -O2 assembly comparison
FAIL: g++.dg/pch/system-1.C -g -I. -Dwith_PCH (internal compiler error)
FAIL: g++.dg/pch/system-1.C -g -I. -Dwith_PCH (test for excess errors)
FAIL: g++.dg/pch/system-1.C -g assembly comparison
FAIL: g++.dg/pch/system-1.C -O2 -g -I. -Dwith_PCH (internal compiler error)
FAIL: g++.dg/pch/system-1.C -O2 -g -I. -Dwith_PCH (test for excess errors)
FAIL: g++.dg/pch/system-1.C -O2 -g assembly comparison
FAIL: g++.dg/pch/system-1.C -O2 -I. -Dwith_PCH (internal compiler error)
FAIL: g++.dg/pch/system-1.C -O2 -I. -Dwith_PCH (test for excess errors)
FAIL: g++.dg/pch/system-1.C -O2 assembly comparison
FAIL: g++.dg/pch/system-2.C -g -I. -Dwith_PCH (internal compiler error)
FAIL: g++.dg/pch/system-2.C -g -I. -Dwith_PCH (test for excess errors)
FAIL: g++.dg/pch/system-2.C -g assembly comparison
FAIL: g++.dg/pch/system-2.C -O2 -g -I. -Dwith_PCH (internal compiler error)
FAIL: g++.dg/pch/system-2.C -O2 -g -I. -Dwith_PCH (test for excess errors)
FAIL: g++.dg/pch/system-2.C -O2 -g assembly comparison
FAIL: g++.dg/pch/system-2.C -O2 -I. -Dwith_PCH (internal compiler error)
FAIL: g++.dg/pch/system-2.C -O2 -I. -Dwith_PCH (test for excess errors)
FAIL: g++.dg/pch/system-2.C -O2 assembly comparison
FAIL: g++.dg/pch/template-1.C -g -I. -Dwith_PCH (internal compiler error)
FAIL: g++.dg/pch/template-1.C -g -I. -Dwith_PCH (test for excess errors)
FAIL: g++.dg/pch/template-1.C -g assembly comparison
FAIL: g++.dg/pch/template-1.C -O2 -g -I. -Dwith_PCH (internal compiler error)
FAIL: g++.dg/pch/template-1.C -O2 -g -I. -Dwith_PCH (test for excess errors)
FAIL: g++.dg/pch/template-1.C -O2 -g assembly comparison
FAIL: g++.dg/pch/template-1.C -O2 -I. -Dwith_PCH (internal compiler error)
FAIL: g++.dg/pch/template-1.C -O2 -I. -Dwith_PCH (test for excess errors)
FAIL: g++.dg/pch/template-1.C -O2 assembly comparison
FAIL: g++.dg/pch/uninst.C -g -I. -Dwith_PCH (internal compiler error)
FAIL: g++.dg/pch/uninst.C -g -I. -Dwith_PCH (test for excess errors)
FAIL: g++.dg/pch/uninst.C -g assembly comparison
FAIL: g++.dg/pch/uninst.C -O2 -g -I. -Dwith_PCH (internal compiler error)
FAIL: g++.dg/pch/uninst.C -O2 -g -I. -Dwith_PCH (test for excess errors)
FAIL: g++.dg/pch/uninst.C -O2 -g assembly comparison
FAIL: g++.dg/pch/uninst.C -O2 -I. -Dwith_PCH (internal compiler error)
FAIL: g++.dg/pch/uninst.C -O2 -I. -Dwith_PCH (test for excess errors)
FAIL: g++.dg/pch/uninst.C -O2 assembly comparison
FAIL: g++.dg/pch/wchar-1.C -g -I. -Dwith_PCH (internal compiler error)
FAIL: g++.dg/pch/wchar-1.C -g -I. -Dwith_PCH (test for excess errors)
FAIL: g++.dg/pch/wchar-1.C -g assembly comparison
FAIL: g++.dg/pch/wchar-1.C -O2 -g -I. -Dwith_PCH (internal compiler error)
FAIL: g++.dg/pch/wchar-1.C -O2 -g -I. -Dwith_PCH (test for excess errors)
FAIL: g++.dg/pch/wchar-1.C -O2 -g assembly comparison
FAIL: g++.dg/pch/wchar-1.C -O2 -I. -Dwith_PCH (internal compiler error)
FAIL: g++.dg/pch/wchar-1.C -O2 -I. -Dwith_PCH (test for excess errors)
FAIL: g++.dg/pch/wchar-1.C -O2 assembly comparison
=== g++ Summary ===
# of expected passes 47329
# of unexpected failures 99
# of expected failures 282
# of unsupported tests 782
/exp/ldroot/dodes/xsh-gcc-orig/gcc/testsuite/g++/../../g++ version 4.8.0 20120925 (experimental) [trunk revision 191687] (GCC)
Host is i686-pc-linux-gnu
=== gcc tests ===
Running target unix
WARNING: Assuming target board is the local machine (which is probably wrong).
XPASS: gcc.dg/Wstrict-overflow-18.c (test for bogus messages, line 20)
FAIL: gcc.dg/attr-weakref-1.c (test for excess errors)
WARNING: gcc.dg/attr-weakref-1.c compilation failed to produce executable
FAIL: gcc.dg/builtin-object-size-8.c execution test
FAIL: gcc.dg/cproj-fails-with-broken-glibc.c execution test
FAIL: gcc.dg/pch/common-1.c -O0 -g -I. -Dwith_PCH (internal compiler error)
FAIL: gcc.dg/pch/common-1.c -O0 -g -I. -Dwith_PCH (test for excess errors)
FAIL: gcc.dg/pch/common-1.c -O0 -g assembly comparison
FAIL: gcc.dg/pch/common-1.c -O0 -I. -Dwith_PCH (internal compiler error)
FAIL: gcc.dg/pch/common-1.c -O0 -I. -Dwith_PCH (test for excess errors)
FAIL: gcc.dg/pch/common-1.c -O0 assembly comparison
FAIL: gcc.dg/pch/common-1.c -O1 -I. -Dwith_PCH (internal compiler error)
FAIL: gcc.dg/pch/common-1.c -O1 -I. -Dwith_PCH (test for excess errors)
FAIL: gcc.dg/pch/common-1.c -O1 assembly comparison
FAIL: gcc.dg/pch/common-1.c -O2 -I. -Dwith_PCH (internal compiler error)
FAIL: gcc.dg/pch/common-1.c -O2 -I. -Dwith_PCH (test for excess errors)
FAIL: gcc.dg/pch/common-1.c -O2 assembly comparison
FAIL: gcc.dg/pch/common-1.c -O3 -fomit-frame-pointer -I. -Dwith_PCH (internal compiler error)
FAIL: gcc.dg/pch/common-1.c -O3 -fomit-frame-pointer -I. -Dwith_PCH (test for excess errors)
FAIL: gcc.dg/pch/common-1.c -O3 -fomit-frame-pointer assembly comparison
FAIL: gcc.dg/pch/common-1.c -O3 -g -I. -Dwith_PCH (internal compiler error)
FAIL: gcc.dg/pch/common-1.c -O3 -g -I. -Dwith_PCH (test for excess errors)
FAIL: gcc.dg/pch/common-1.c -O3 -g assembly comparison
FAIL: gcc.dg/pch/common-1.c -Os -I. -Dwith_PCH (internal compiler error)
FAIL: gcc.dg/pch/common-1.c -Os -I. -Dwith_PCH (test for excess errors)
FAIL: gcc.dg/pch/common-1.c -Os assembly comparison
FAIL: gcc.dg/pch/counter-1.c -O0 -g -I. -Dwith_PCH (internal compiler error)
FAIL: gcc.dg/pch/counter-1.c -O0 -g -I. -Dwith_PCH (test for excess errors)
FAIL: gcc.dg/pch/counter-1.c -O0 -g assembly comparison
FAIL: gcc.dg/pch/counter-1.c -O0 -I. -Dwith_PCH (internal compiler error)
FAIL: gcc.dg/pch/counter-1.c -O0 -I. -Dwith_PCH (test for excess errors)
FAIL: gcc.dg/pch/counter-1.c -O0 assembly comparison
FAIL: gcc.dg/pch/counter-1.c -O1 -I. -Dwith_PCH (internal compiler error)
FAIL: gcc.dg/pch/counter-1.c -O1 -I. -Dwith_PCH (test for excess errors)
FAIL: gcc.dg/pch/counter-1.c -O1 assembly comparison
FAIL: gcc.dg/pch/counter-1.c -O2 -I. -Dwith_PCH (internal compiler error)
FAIL: gcc.dg/pch/counter-1.c -O2 -I. -Dwith_PCH (test for excess errors)
FAIL: gcc.dg/pch/counter-1.c -O2 assembly comparison
FAIL: gcc.dg/pch/counter-1.c -O3 -fomit-frame-pointer -I. -Dwith_PCH (internal compiler error)
FAIL: gcc.dg/pch/counter-1.c -O3 -fomit-frame-pointer -I. -Dwith_PCH (test for excess errors)
FAIL: gcc.dg/pch/counter-1.c -O3 -fomit-frame-pointer assembly comparison
FAIL: gcc.dg/pch/counter-1.c -O3 -g -I. -Dwith_PCH (internal compiler error)
FAIL: gcc.dg/pch/counter-1.c -O3 -g -I. -Dwith_PCH (test for excess errors)
FAIL: gcc.dg/pch/counter-1.c -O3 -g assembly comparison
FAIL: gcc.dg/pch/counter-1.c -Os -I. -Dwith_PCH (internal compiler error)
FAIL: gcc.dg/pch/counter-1.c -Os -I. -Dwith_PCH (test for excess errors)
FAIL: gcc.dg/pch/counter-1.c -Os assembly comparison
FAIL: gcc.dg/pch/counter-3.c -O0 -g -I. -Dwith_PCH (internal compiler error)
FAIL: gcc.dg/pch/counter-3.c -O0 -g -I. -Dwith_PCH (test for excess errors)
FAIL: gcc.dg/pch/counter-3.c -O0 -g assembly comparison
FAIL: gcc.dg/pch/counter-3.c -O0 -I. -Dwith_PCH (internal compiler error)
FAIL: gcc.dg/pch/counter-3.c -O0 -I. -Dwith_PCH (test for excess errors)
FAIL: gcc.dg/pch/counter-3.c -O0 assembly comparison
FAIL: gcc.dg/pch/counter-3.c -O1 -I. -Dwith_PCH (internal compiler error)
FAIL: gcc.dg/pch/counter-3.c -O1 -I. -Dwith_PCH (test for excess errors)
FAIL: gcc.dg/pch/counter-3.c -O1 assembly comparison
FAIL: gcc.dg/pch/counter-3.c -O2 -I. -Dwith_PCH (internal compiler error)
FAIL: gcc.dg/pch/counter-3.c -O2 -I. -Dwith_PCH (test for excess errors)
FAIL: gcc.dg/pch/counter-3.c -O2 assembly comparison
FAIL: gcc.dg/pch/counter-3.c -O3 -fomit-frame-pointer -I. -Dwith_PCH (internal compiler error)
FAIL: gcc.dg/pch/counter-3.c -O3 -fomit-frame-pointer -I. -Dwith_PCH (test for excess errors)
FAIL: gcc.dg/pch/counter-3.c -O3 -fomit-frame-pointer assembly comparison
FAIL: gcc.dg/pch/counter-3.c -O3 -g -I. -Dwith_PCH (internal compiler error)
FAIL: gcc.dg/pch/counter-3.c -O3 -g -I. -Dwith_PCH (test for excess errors)
FAIL: gcc.dg/pch/counter-3.c -O3 -g assembly comparison
FAIL: gcc.dg/pch/counter-3.c -Os -I. -Dwith_PCH (internal compiler error)
FAIL: gcc.dg/pch/counter-3.c -Os -I. -Dwith_PCH (test for excess errors)
FAIL: gcc.dg/pch/counter-3.c -Os assembly comparison
FAIL: gcc.dg/pch/cpp-1.c -O0 -g -I. -Dwith_PCH (internal compiler error)
FAIL: gcc.dg/pch/cpp-1.c -O0 -g -I. -Dwith_PCH (test for excess errors)
FAIL: gcc.dg/pch/cpp-1.c -O0 -g assembly comparison
FAIL: gcc.dg/pch/cpp-1.c -O0 -I. -Dwith_PCH (internal compiler error)
FAIL: gcc.dg/pch/cpp-1.c -O0 -I. -Dwith_PCH (test for excess errors)
FAIL: gcc.dg/pch/cpp-1.c -O0 assembly comparison
FAIL: gcc.dg/pch/cpp-1.c -O1 -I. -Dwith_PCH (internal compiler error)
FAIL: gcc.dg/pch/cpp-1.c -O1 -I. -Dwith_PCH (test for excess errors)
FAIL: gcc.dg/pch/cpp-1.c -O1 assembly comparison
FAIL: gcc.dg/pch/cpp-1.c -O2 -I. -Dwith_PCH (internal compiler error)
FAIL: gcc.dg/pch/cpp-1.c -O2 -I. -Dwith_PCH (test for excess errors)
FAIL: gcc.dg/pch/cpp-1.c -O2 assembly comparison
FAIL: gcc.dg/pch/cpp-1.c -O3 -fomit-frame-pointer -I. -Dwith_PCH (internal compiler error)
FAIL: gcc.dg/pch/cpp-1.c -O3 -fomit-frame-pointer -I. -Dwith_PCH (test for excess errors)
FAIL: gcc.dg/pch/cpp-1.c -O3 -fomit-frame-pointer assembly comparison
FAIL: gcc.dg/pch/cpp-1.c -O3 -g -I. -Dwith_PCH (internal compiler error)
FAIL: gcc.dg/pch/cpp-1.c -O3 -g -I. -Dwith_PCH (test for excess errors)
FAIL: gcc.dg/pch/cpp-1.c -O3 -g assembly comparison
FAIL: gcc.dg/pch/cpp-1.c -Os -I. -Dwith_PCH (internal compiler error)
FAIL: gcc.dg/pch/cpp-1.c -Os -I. -Dwith_PCH (test for excess errors)
FAIL: gcc.dg/pch/cpp-1.c -Os assembly comparison
FAIL: gcc.dg/pch/cpp-2.c -O0 -g -I. -Dwith_PCH (internal compiler error)
FAIL: gcc.dg/pch/cpp-2.c -O0 -g -I. -Dwith_PCH (test for excess errors)
FAIL: gcc.dg/pch/cpp-2.c -O0 -g assembly comparison
FAIL: gcc.dg/pch/cpp-2.c -O0 -I. -Dwith_PCH (internal compiler error)
FAIL: gcc.dg/pch/cpp-2.c -O0 -I. -Dwith_PCH (test for excess errors)
FAIL: gcc.dg/pch/cpp-2.c -O0 assembly comparison
FAIL: gcc.dg/pch/cpp-2.c -O1 -I. -Dwith_PCH (internal compiler error)
FAIL: gcc.dg/pch/cpp-2.c -O1 -I. -Dwith_PCH (test for excess errors)
FAIL: gcc.dg/pch/cpp-2.c -O1 assembly comparison
FAIL: gcc.dg/pch/cpp-2.c -O2 -I. -Dwith_PCH (internal compiler error)
FAIL: gcc.dg/pch/cpp-2.c -O2 -I. -Dwith_PCH (test for excess errors)
FAIL: gcc.dg/pch/cpp-2.c -O2 assembly comparison
FAIL: gcc.dg/pch/cpp-2.c -O3 -fomit-frame-pointer -I. -Dwith_PCH (internal compiler error)
FAIL: gcc.dg/pch/cpp-2.c -O3 -fomit-frame-pointer -I. -Dwith_PCH (test for excess errors)
FAIL: gcc.dg/pch/cpp-2.c -O3 -fomit-frame-pointer assembly comparison
FAIL: gcc.dg/pch/cpp-2.c -O3 -g -I. -Dwith_PCH (internal compiler error)
FAIL: gcc.dg/pch/cpp-2.c -O3 -g -I. -Dwith_PCH (test for excess errors)
FAIL: gcc.dg/pch/cpp-2.c -O3 -g assembly comparison
FAIL: gcc.dg/pch/cpp-2.c -Os -I. -Dwith_PCH (internal compiler error)
FAIL: gcc.dg/pch/cpp-2.c -Os -I. -Dwith_PCH (test for excess errors)
FAIL: gcc.dg/pch/cpp-2.c -Os assembly comparison
FAIL: gcc.dg/pch/cpp-3.c -O0 -g -I. -Dwith_PCH (internal compiler error)
FAIL: gcc.dg/pch/cpp-3.c -O0 -g -I. -Dwith_PCH (test for excess errors)
FAIL: gcc.dg/pch/cpp-3.c -O0 -g assembly comparison
FAIL: gcc.dg/pch/cpp-3.c -O0 -I. -Dwith_PCH (internal compiler error)
FAIL: gcc.dg/pch/cpp-3.c -O0 -I. -Dwith_PCH (test for excess errors)
FAIL: gcc.dg/pch/cpp-3.c -O0 assembly comparison
FAIL: gcc.dg/pch/cpp-3.c -O1 -I. -Dwith_PCH (internal compiler error)
FAIL: gcc.dg/pch/cpp-3.c -O1 -I. -Dwith_PCH (test for excess errors)
FAIL: gcc.dg/pch/cpp-3.c -O1 assembly comparison
FAIL: gcc.dg/pch/cpp-3.c -O2 -I. -Dwith_PCH (internal compiler error)
FAIL: gcc.dg/pch/cpp-3.c -O2 -I. -Dwith_PCH (test for excess errors)
FAIL: gcc.dg/pch/cpp-3.c -O2 assembly comparison
FAIL: gcc.dg/pch/cpp-3.c -O3 -fomit-frame-pointer -I. -Dwith_PCH (internal compiler error)
FAIL: gcc.dg/pch/cpp-3.c -O3 -fomit-frame-pointer -I. -Dwith_PCH (test for excess errors)
FAIL: gcc.dg/pch/cpp-3.c -O3 -fomit-frame-pointer assembly comparison
FAIL: gcc.dg/pch/cpp-3.c -O3 -g -I. -Dwith_PCH (internal compiler error)
FAIL: gcc.dg/pch/cpp-3.c -O3 -g -I. -Dwith_PCH (test for excess errors)
FAIL: gcc.dg/pch/cpp-3.c -O3 -g assembly comparison
FAIL: gcc.dg/pch/cpp-3.c -Os -I. -Dwith_PCH (internal compiler error)
FAIL: gcc.dg/pch/cpp-3.c -Os -I. -Dwith_PCH (test for excess errors)
FAIL: gcc.dg/pch/cpp-3.c -Os assembly comparison
FAIL: gcc.dg/pch/decl-1.c -O0 -g -I. -Dwith_PCH (internal compiler error)
FAIL: gcc.dg/pch/decl-1.c -O0 -g -I. -Dwith_PCH (test for excess errors)
FAIL: gcc.dg/pch/decl-1.c -O0 -g assembly comparison
FAIL: gcc.dg/pch/decl-1.c -O0 -I. -Dwith_PCH (internal compiler error)
FAIL: gcc.dg/pch/decl-1.c -O0 -I. -Dwith_PCH (test for excess errors)
FAIL: gcc.dg/pch/decl-1.c -O0 assembly comparison
FAIL: gcc.dg/pch/decl-1.c -O1 -I. -Dwith_PCH (internal compiler error)
FAIL: gcc.dg/pch/decl-1.c -O1 -I. -Dwith_PCH (test for excess errors)
FAIL: gcc.dg/pch/decl-1.c -O1 assembly comparison
FAIL: gcc.dg/pch/decl-1.c -O2 -I. -Dwith_PCH (internal compiler error)
FAIL: gcc.dg/pch/decl-1.c -O2 -I. -Dwith_PCH (test for excess errors)
FAIL: gcc.dg/pch/decl-1.c -O2 assembly comparison
FAIL: gcc.dg/pch/decl-1.c -O3 -fomit-frame-pointer -I. -Dwith_PCH (internal compiler error)
FAIL: gcc.dg/pch/decl-1.c -O3 -fomit-frame-pointer -I. -Dwith_PCH (test for excess errors)
FAIL: gcc.dg/pch/decl-1.c -O3 -fomit-frame-pointer assembly comparison
FAIL: gcc.dg/pch/decl-1.c -O3 -g -I. -Dwith_PCH (internal compiler error)
FAIL: gcc.dg/pch/decl-1.c -O3 -g -I. -Dwith_PCH (test for excess errors)
FAIL: gcc.dg/pch/decl-1.c -O3 -g assembly comparison
FAIL: gcc.dg/pch/decl-1.c -Os -I. -Dwith_PCH (internal compiler error)
FAIL: gcc.dg/pch/decl-1.c -Os -I. -Dwith_PCH (test for excess errors)
FAIL: gcc.dg/pch/decl-1.c -Os assembly comparison
FAIL: gcc.dg/pch/decl-2.c -O0 -g -I. -Dwith_PCH (internal compiler error)
FAIL: gcc.dg/pch/decl-2.c -O0 -g -I. -Dwith_PCH (test for excess errors)
FAIL: gcc.dg/pch/decl-2.c -O0 -g assembly comparison
FAIL: gcc.dg/pch/decl-2.c -O0 -I. -Dwith_PCH (internal compiler error)
FAIL: gcc.dg/pch/decl-2.c -O0 -I. -Dwith_PCH (test for excess errors)
FAIL: gcc.dg/pch/decl-2.c -O0 assembly comparison
FAIL: gcc.dg/pch/decl-2.c -O1 -I. -Dwith_PCH (internal compiler error)
FAIL: gcc.dg/pch/decl-2.c -O1 -I. -Dwith_PCH (test for excess errors)
FAIL: gcc.dg/pch/decl-2.c -O1 assembly comparison
FAIL: gcc.dg/pch/decl-2.c -O2 -I. -Dwith_PCH (internal compiler error)
FAIL: gcc.dg/pch/decl-2.c -O2 -I. -Dwith_PCH (test for excess errors)
FAIL: gcc.dg/pch/decl-2.c -O2 assembly comparison
FAIL: gcc.dg/pch/decl-2.c -O3 -fomit-frame-pointer -I. -Dwith_PCH (internal compiler error)
FAIL: gcc.dg/pch/decl-2.c -O3 -fomit-frame-pointer -I. -Dwith_PCH (test for excess errors)
FAIL: gcc.dg/pch/decl-2.c -O3 -fomit-frame-pointer assembly comparison
FAIL: gcc.dg/pch/decl-2.c -O3 -g -I. -Dwith_PCH (internal compiler error)
FAIL: gcc.dg/pch/decl-2.c -O3 -g -I. -Dwith_PCH (test for excess errors)
FAIL: gcc.dg/pch/decl-2.c -O3 -g assembly comparison
FAIL: gcc.dg/pch/decl-2.c -Os -I. -Dwith_PCH (internal compiler error)
FAIL: gcc.dg/pch/decl-2.c -Os -I. -Dwith_PCH (test for excess errors)
FAIL: gcc.dg/pch/decl-2.c -Os assembly comparison
FAIL: gcc.dg/pch/decl-3.c -O0 -g -I. -Dwith_PCH (internal compiler error)
FAIL: gcc.dg/pch/decl-3.c -O0 -g -I. -Dwith_PCH (test for excess errors)
FAIL: gcc.dg/pch/decl-3.c -O0 -g assembly comparison
FAIL: gcc.dg/pch/decl-3.c -O0 -I. -Dwith_PCH (internal compiler error)
FAIL: gcc.dg/pch/decl-3.c -O0 -I. -Dwith_PCH (test for excess errors)
FAIL: gcc.dg/pch/decl-3.c -O0 assembly comparison
FAIL: gcc.dg/pch/decl-3.c -O1 -I. -Dwith_PCH (internal compiler error)
FAIL: gcc.dg/pch/decl-3.c -O1 -I. -Dwith_PCH (test for excess errors)
FAIL: gcc.dg/pch/decl-3.c -O1 assembly comparison
FAIL: gcc.dg/pch/decl-3.c -O2 -I. -Dwith_PCH (internal compiler error)
FAIL: gcc.dg/pch/decl-3.c -O2 -I. -Dwith_PCH (test for excess errors)
FAIL: gcc.dg/pch/decl-3.c -O2 assembly comparison
FAIL: gcc.dg/pch/decl-3.c -O3 -fomit-frame-pointer -I. -Dwith_PCH (internal compiler error)
FAIL: gcc.dg/pch/decl-3.c -O3 -fomit-frame-pointer -I. -Dwith_PCH (test for excess errors)
FAIL: gcc.dg/pch/decl-3.c -O3 -fomit-frame-pointer assembly comparison
FAIL: gcc.dg/pch/decl-3.c -O3 -g -I. -Dwith_PCH (internal compiler error)
FAIL: gcc.dg/pch/decl-3.c -O3 -g -I. -Dwith_PCH (test for excess errors)
FAIL: gcc.dg/pch/decl-3.c -O3 -g assembly comparison
FAIL: gcc.dg/pch/decl-3.c -Os -I. -Dwith_PCH (internal compiler error)
FAIL: gcc.dg/pch/decl-3.c -Os -I. -Dwith_PCH (test for excess errors)
FAIL: gcc.dg/pch/decl-3.c -Os assembly comparison
FAIL: gcc.dg/pch/decl-4.c -O0 -g -I. -Dwith_PCH (internal compiler error)
FAIL: gcc.dg/pch/decl-4.c -O0 -g -I. -Dwith_PCH (test for excess errors)
FAIL: gcc.dg/pch/decl-4.c -O0 -g assembly comparison
FAIL: gcc.dg/pch/decl-4.c -O0 -I. -Dwith_PCH (internal compiler error)
FAIL: gcc.dg/pch/decl-4.c -O0 -I. -Dwith_PCH (test for excess errors)
FAIL: gcc.dg/pch/decl-4.c -O0 assembly comparison
FAIL: gcc.dg/pch/decl-4.c -O1 -I. -Dwith_PCH (internal compiler error)
FAIL: gcc.dg/pch/decl-4.c -O1 -I. -Dwith_PCH (test for excess errors)
FAIL: gcc.dg/pch/decl-4.c -O1 assembly comparison
FAIL: gcc.dg/pch/decl-4.c -O2 -I. -Dwith_PCH (internal compiler error)
FAIL: gcc.dg/pch/decl-4.c -O2 -I. -Dwith_PCH (test for excess errors)
FAIL: gcc.dg/pch/decl-4.c -O2 assembly comparison
FAIL: gcc.dg/pch/decl-4.c -O3 -fomit-frame-pointer -I. -Dwith_PCH (internal compiler error)
FAIL: gcc.dg/pch/decl-4.c -O3 -fomit-frame-pointer -I. -Dwith_PCH (test for excess errors)
FAIL: gcc.dg/pch/decl-4.c -O3 -fomit-frame-pointer assembly comparison
FAIL: gcc.dg/pch/decl-4.c -O3 -g -I. -Dwith_PCH (internal compiler error)
FAIL: gcc.dg/pch/decl-4.c -O3 -g -I. -Dwith_PCH (test for excess errors)
FAIL: gcc.dg/pch/decl-4.c -O3 -g assembly comparison
FAIL: gcc.dg/pch/decl-4.c -Os -I. -Dwith_PCH (internal compiler error)
FAIL: gcc.dg/pch/decl-4.c -Os -I. -Dwith_PCH (test for excess errors)
FAIL: gcc.dg/pch/decl-4.c -Os assembly comparison
FAIL: gcc.dg/pch/decl-5.c -O0 -g -I. -Dwith_PCH (internal compiler error)
FAIL: gcc.dg/pch/decl-5.c -O0 -g -I. -Dwith_PCH (test for excess errors)
FAIL: gcc.dg/pch/decl-5.c -O0 -g assembly comparison
FAIL: gcc.dg/pch/decl-5.c -O0 -I. -Dwith_PCH (internal compiler error)
FAIL: gcc.dg/pch/decl-5.c -O0 -I. -Dwith_PCH (test for excess errors)
FAIL: gcc.dg/pch/decl-5.c -O0 assembly comparison
FAIL: gcc.dg/pch/decl-5.c -O1 -I. -Dwith_PCH (internal compiler error)
FAIL: gcc.dg/pch/decl-5.c -O1 -I. -Dwith_PCH (test for excess errors)
FAIL: gcc.dg/pch/decl-5.c -O1 assembly comparison
FAIL: gcc.dg/pch/decl-5.c -O2 -I. -Dwith_PCH (internal compiler error)
FAIL: gcc.dg/pch/decl-5.c -O2 -I. -Dwith_PCH (test for excess errors)
FAIL: gcc.dg/pch/decl-5.c -O2 assembly comparison
FAIL: gcc.dg/pch/decl-5.c -O3 -fomit-frame-pointer -I. -Dwith_PCH (internal compiler error)
FAIL: gcc.dg/pch/decl-5.c -O3 -fomit-frame-pointer -I. -Dwith_PCH (test for excess errors)
FAIL: gcc.dg/pch/decl-5.c -O3 -fomit-frame-pointer assembly comparison
FAIL: gcc.dg/pch/decl-5.c -O3 -g -I. -Dwith_PCH (internal compiler error)
FAIL: gcc.dg/pch/decl-5.c -O3 -g -I. -Dwith_PCH (test for excess errors)
FAIL: gcc.dg/pch/decl-5.c -O3 -g assembly comparison
FAIL: gcc.dg/pch/decl-5.c -Os -I. -Dwith_PCH (internal compiler error)
FAIL: gcc.dg/pch/decl-5.c -Os -I. -Dwith_PCH (test for excess errors)
FAIL: gcc.dg/pch/decl-5.c -Os assembly comparison
FAIL: gcc.dg/pch/empty.c -O0 -g -I. -Dwith_PCH (internal compiler error)
FAIL: gcc.dg/pch/empty.c -O0 -g -I. -Dwith_PCH (test for excess errors)
FAIL: gcc.dg/pch/empty.c -O0 -g assembly comparison
FAIL: gcc.dg/pch/empty.c -O0 -I. -Dwith_PCH (internal compiler error)
FAIL: gcc.dg/pch/empty.c -O0 -I. -Dwith_PCH (test for excess errors)
FAIL: gcc.dg/pch/empty.c -O0 assembly comparison
FAIL: gcc.dg/pch/empty.c -O1 -I. -Dwith_PCH (internal compiler error)
FAIL: gcc.dg/pch/empty.c -O1 -I. -Dwith_PCH (test for excess errors)
FAIL: gcc.dg/pch/empty.c -O1 assembly comparison
FAIL: gcc.dg/pch/empty.c -O2 -I. -Dwith_PCH (internal compiler error)
FAIL: gcc.dg/pch/empty.c -O2 -I. -Dwith_PCH (test for excess errors)
FAIL: gcc.dg/pch/empty.c -O2 assembly comparison
FAIL: gcc.dg/pch/empty.c -O3 -fomit-frame-pointer -I. -Dwith_PCH (internal compiler error)
FAIL: gcc.dg/pch/empty.c -O3 -fomit-frame-pointer -I. -Dwith_PCH (test for excess errors)
FAIL: gcc.dg/pch/empty.c -O3 -fomit-frame-pointer assembly comparison
FAIL: gcc.dg/pch/empty.c -O3 -g -I. -Dwith_PCH (internal compiler error)
FAIL: gcc.dg/pch/empty.c -O3 -g -I. -Dwith_PCH (test for excess errors)
FAIL: gcc.dg/pch/empty.c -O3 -g assembly comparison
FAIL: gcc.dg/pch/empty.c -Os -I. -Dwith_PCH (internal compiler error)
FAIL: gcc.dg/pch/empty.c -Os -I. -Dwith_PCH (test for excess errors)
FAIL: gcc.dg/pch/empty.c -Os assembly comparison
FAIL: gcc.dg/pch/except-1.c -O0 -g -I. -Dwith_PCH (internal compiler error)
FAIL: gcc.dg/pch/except-1.c -O0 -g -I. -Dwith_PCH (test for excess errors)
FAIL: gcc.dg/pch/except-1.c -O0 -g assembly comparison
FAIL: gcc.dg/pch/except-1.c -O0 -I. -Dwith_PCH (internal compiler error)
FAIL: gcc.dg/pch/except-1.c -O0 -I. -Dwith_PCH (test for excess errors)
FAIL: gcc.dg/pch/except-1.c -O0 assembly comparison
FAIL: gcc.dg/pch/except-1.c -O1 -I. -Dwith_PCH (internal compiler error)
FAIL: gcc.dg/pch/except-1.c -O1 -I. -Dwith_PCH (test for excess errors)
FAIL: gcc.dg/pch/except-1.c -O1 assembly comparison
FAIL: gcc.dg/pch/except-1.c -O2 -I. -Dwith_PCH (internal compiler error)
FAIL: gcc.dg/pch/except-1.c -O2 -I. -Dwith_PCH (test for excess errors)
FAIL: gcc.dg/pch/except-1.c -O2 assembly comparison
FAIL: gcc.dg/pch/except-1.c -O3 -fomit-frame-pointer -I. -Dwith_PCH (internal compiler error)
FAIL: gcc.dg/pch/except-1.c -O3 -fomit-frame-pointer -I. -Dwith_PCH (test for excess errors)
FAIL: gcc.dg/pch/except-1.c -O3 -fomit-frame-pointer assembly comparison
FAIL: gcc.dg/pch/except-1.c -O3 -g -I. -Dwith_PCH (internal compiler error)
FAIL: gcc.dg/pch/except-1.c -O3 -g -I. -Dwith_PCH (test for excess errors)
FAIL: gcc.dg/pch/except-1.c -O3 -g assembly comparison
FAIL: gcc.dg/pch/except-1.c -Os -I. -Dwith_PCH (internal compiler error)
FAIL: gcc.dg/pch/except-1.c -Os -I. -Dwith_PCH (test for excess errors)
FAIL: gcc.dg/pch/except-1.c -Os assembly comparison
FAIL: gcc.dg/pch/global-1.c -O0 -g -I. -Dwith_PCH (internal compiler error)
FAIL: gcc.dg/pch/global-1.c -O0 -g -I. -Dwith_PCH (test for excess errors)
FAIL: gcc.dg/pch/global-1.c -O0 -g assembly comparison
FAIL: gcc.dg/pch/global-1.c -O0 -I. -Dwith_PCH (internal compiler error)
FAIL: gcc.dg/pch/global-1.c -O0 -I. -Dwith_PCH (test for excess errors)
FAIL: gcc.dg/pch/global-1.c -O0 assembly comparison
FAIL: gcc.dg/pch/global-1.c -O1 -I. -Dwith_PCH (internal compiler error)
FAIL: gcc.dg/pch/global-1.c -O1 -I. -Dwith_PCH (test for excess errors)
FAIL: gcc.dg/pch/global-1.c -O1 assembly comparison
FAIL: gcc.dg/pch/global-1.c -O2 -I. -Dwith_PCH (internal compiler error)
FAIL: gcc.dg/pch/global-1.c -O2 -I. -Dwith_PCH (test for excess errors)
FAIL: gcc.dg/pch/global-1.c -O2 assembly comparison
FAIL: gcc.dg/pch/global-1.c -O3 -fomit-frame-pointer -I. -Dwith_PCH (internal compiler error)
FAIL: gcc.dg/pch/global-1.c -O3 -fomit-frame-pointer -I. -Dwith_PCH (test for excess errors)
FAIL: gcc.dg/pch/global-1.c -O3 -fomit-frame-pointer assembly comparison
FAIL: gcc.dg/pch/global-1.c -O3 -g -I. -Dwith_PCH (internal compiler error)
FAIL: gcc.dg/pch/global-1.c -O3 -g -I. -Dwith_PCH (test for excess errors)
FAIL: gcc.dg/pch/global-1.c -O3 -g assembly comparison
FAIL: gcc.dg/pch/global-1.c -Os -I. -Dwith_PCH (internal compiler error)
FAIL: gcc.dg/pch/global-1.c -Os -I. -Dwith_PCH (test for excess errors)
FAIL: gcc.dg/pch/global-1.c -Os assembly comparison
FAIL: gcc.dg/pch/ident-1.c -O0 -g -I. -Dwith_PCH (internal compiler error)
FAIL: gcc.dg/pch/ident-1.c -O0 -g -I. -Dwith_PCH (test for excess errors)
FAIL: gcc.dg/pch/ident-1.c -O0 -g assembly comparison
FAIL: gcc.dg/pch/ident-1.c -O0 -I. -Dwith_PCH (internal compiler error)
FAIL: gcc.dg/pch/ident-1.c -O0 -I. -Dwith_PCH (test for excess errors)
FAIL: gcc.dg/pch/ident-1.c -O0 assembly comparison
FAIL: gcc.dg/pch/ident-1.c -O1 -I. -Dwith_PCH (internal compiler error)
FAIL: gcc.dg/pch/ident-1.c -O1 -I. -Dwith_PCH (test for excess errors)
FAIL: gcc.dg/pch/ident-1.c -O1 assembly comparison
FAIL: gcc.dg/pch/ident-1.c -O2 -I. -Dwith_PCH (internal compiler error)
FAIL: gcc.dg/pch/ident-1.c -O2 -I. -Dwith_PCH (test for excess errors)
FAIL: gcc.dg/pch/ident-1.c -O2 assembly comparison
FAIL: gcc.dg/pch/ident-1.c -O3 -fomit-frame-pointer -I. -Dwith_PCH (internal compiler error)
FAIL: gcc.dg/pch/ident-1.c -O3 -fomit-frame-pointer -I. -Dwith_PCH (test for excess errors)
FAIL: gcc.dg/pch/ident-1.c -O3 -fomit-frame-pointer assembly comparison
FAIL: gcc.dg/pch/ident-1.c -O3 -g -I. -Dwith_PCH (internal compiler error)
FAIL: gcc.dg/pch/ident-1.c -O3 -g -I. -Dwith_PCH (test for excess errors)
FAIL: gcc.dg/pch/ident-1.c -O3 -g assembly comparison
FAIL: gcc.dg/pch/ident-1.c -Os -I. -Dwith_PCH (internal compiler error)
FAIL: gcc.dg/pch/ident-1.c -Os -I. -Dwith_PCH (test for excess errors)
FAIL: gcc.dg/pch/ident-1.c -Os assembly comparison
FAIL: gcc.dg/pch/import-1.c -O0 -g -I. -Dwith_PCH (internal compiler error)
FAIL: gcc.dg/pch/import-1.c -O0 -g -I. -Dwith_PCH (test for excess errors)
FAIL: gcc.dg/pch/import-1.c -O0 -g assembly comparison
FAIL: gcc.dg/pch/import-1.c -O0 -I. -Dwith_PCH (internal compiler error)
FAIL: gcc.dg/pch/import-1.c -O0 -I. -Dwith_PCH (test for excess errors)
FAIL: gcc.dg/pch/import-1.c -O0 assembly comparison
FAIL: gcc.dg/pch/import-1.c -O1 -I. -Dwith_PCH (internal compiler error)
FAIL: gcc.dg/pch/import-1.c -O1 -I. -Dwith_PCH (test for excess errors)
FAIL: gcc.dg/pch/import-1.c -O1 assembly comparison
FAIL: gcc.dg/pch/import-1.c -O2 -I. -Dwith_PCH (internal compiler error)
FAIL: gcc.dg/pch/import-1.c -O2 -I. -Dwith_PCH (test for excess errors)
FAIL: gcc.dg/pch/import-1.c -O2 assembly comparison
FAIL: gcc.dg/pch/import-1.c -O3 -fomit-frame-pointer -I. -Dwith_PCH (internal compiler error)
FAIL: gcc.dg/pch/import-1.c -O3 -fomit-frame-pointer -I. -Dwith_PCH (test for excess errors)
FAIL: gcc.dg/pch/import-1.c -O3 -fomit-frame-pointer assembly comparison
FAIL: gcc.dg/pch/import-1.c -O3 -g -I. -Dwith_PCH (internal compiler error)
FAIL: gcc.dg/pch/import-1.c -O3 -g -I. -Dwith_PCH (test for excess errors)
FAIL: gcc.dg/pch/import-1.c -O3 -g assembly comparison
FAIL: gcc.dg/pch/import-1.c -Os -I. -Dwith_PCH (internal compiler error)
FAIL: gcc.dg/pch/import-1.c -Os -I. -Dwith_PCH (test for excess errors)
FAIL: gcc.dg/pch/import-1.c -Os assembly comparison
FAIL: gcc.dg/pch/import-2.c -O0 -g -I. -Dwith_PCH (internal compiler error)
FAIL: gcc.dg/pch/import-2.c -O0 -g -I. -Dwith_PCH (test for excess errors)
FAIL: gcc.dg/pch/import-2.c -O0 -g assembly comparison
FAIL: gcc.dg/pch/import-2.c -O0 -I. -Dwith_PCH (internal compiler error)
FAIL: gcc.dg/pch/import-2.c -O0 -I. -Dwith_PCH (test for excess errors)
FAIL: gcc.dg/pch/import-2.c -O0 assembly comparison
FAIL: gcc.dg/pch/import-2.c -O1 -I. -Dwith_PCH (internal compiler error)
FAIL: gcc.dg/pch/import-2.c -O1 -I. -Dwith_PCH (test for excess errors)
FAIL: gcc.dg/pch/import-2.c -O1 assembly comparison
FAIL: gcc.dg/pch/import-2.c -O2 -I. -Dwith_PCH (internal compiler error)
FAIL: gcc.dg/pch/import-2.c -O2 -I. -Dwith_PCH (test for excess errors)
FAIL: gcc.dg/pch/import-2.c -O2 assembly comparison
FAIL: gcc.dg/pch/import-2.c -O3 -fomit-frame-pointer -I. -Dwith_PCH (internal compiler error)
FAIL: gcc.dg/pch/import-2.c -O3 -fomit-frame-pointer -I. -Dwith_PCH (test for excess errors)
FAIL: gcc.dg/pch/import-2.c -O3 -fomit-frame-pointer assembly comparison
FAIL: gcc.dg/pch/import-2.c -O3 -g -I. -Dwith_PCH (internal compiler error)
FAIL: gcc.dg/pch/import-2.c -O3 -g -I. -Dwith_PCH (test for excess errors)
FAIL: gcc.dg/pch/import-2.c -O3 -g assembly comparison
FAIL: gcc.dg/pch/import-2.c -Os -I. -Dwith_PCH (internal compiler error)
FAIL: gcc.dg/pch/import-2.c -Os -I. -Dwith_PCH (test for excess errors)
FAIL: gcc.dg/pch/import-2.c -Os assembly comparison
FAIL: gcc.dg/pch/inline-1.c -O0 -g -I. -Dwith_PCH (internal compiler error)
FAIL: gcc.dg/pch/inline-1.c -O0 -g -I. -Dwith_PCH (test for excess errors)
FAIL: gcc.dg/pch/inline-1.c -O0 -g assembly comparison
FAIL: gcc.dg/pch/inline-1.c -O0 -I. -Dwith_PCH (internal compiler error)
FAIL: gcc.dg/pch/inline-1.c -O0 -I. -Dwith_PCH (test for excess errors)
FAIL: gcc.dg/pch/inline-1.c -O0 assembly comparison
FAIL: gcc.dg/pch/inline-1.c -O1 -I. -Dwith_PCH (internal compiler error)
FAIL: gcc.dg/pch/inline-1.c -O1 -I. -Dwith_PCH (test for excess errors)
FAIL: gcc.dg/pch/inline-1.c -O1 assembly comparison
FAIL: gcc.dg/pch/inline-1.c -O2 -I. -Dwith_PCH (internal compiler error)
FAIL: gcc.dg/pch/inline-1.c -O2 -I. -Dwith_PCH (test for excess errors)
FAIL: gcc.dg/pch/inline-1.c -O2 assembly comparison
FAIL: gcc.dg/pch/inline-1.c -O3 -fomit-frame-pointer -I. -Dwith_PCH (internal compiler error)
FAIL: gcc.dg/pch/inline-1.c -O3 -fomit-frame-pointer -I. -Dwith_PCH (test for excess errors)
FAIL: gcc.dg/pch/inline-1.c -O3 -fomit-frame-pointer assembly comparison
FAIL: gcc.dg/pch/inline-1.c -O3 -g -I. -Dwith_PCH (internal compiler error)
FAIL: gcc.dg/pch/inline-1.c -O3 -g -I. -Dwith_PCH (test for excess errors)
FAIL: gcc.dg/pch/inline-1.c -O3 -g assembly comparison
FAIL: gcc.dg/pch/inline-1.c -Os -I. -Dwith_PCH (internal compiler error)
FAIL: gcc.dg/pch/inline-1.c -Os -I. -Dwith_PCH (test for excess errors)
FAIL: gcc.dg/pch/inline-1.c -Os assembly comparison
FAIL: gcc.dg/pch/inline-2.c -O0 -g -I. -Dwith_PCH (internal compiler error)
FAIL: gcc.dg/pch/inline-2.c -O0 -g -I. -Dwith_PCH (test for excess errors)
FAIL: gcc.dg/pch/inline-2.c -O0 -g assembly comparison
FAIL: gcc.dg/pch/inline-2.c -O0 -I. -Dwith_PCH (internal compiler error)
FAIL: gcc.dg/pch/inline-2.c -O0 -I. -Dwith_PCH (test for excess errors)
FAIL: gcc.dg/pch/inline-2.c -O0 assembly comparison
FAIL: gcc.dg/pch/inline-2.c -O1 -I. -Dwith_PCH (internal compiler error)
FAIL: gcc.dg/pch/inline-2.c -O1 -I. -Dwith_PCH (test for excess errors)
FAIL: gcc.dg/pch/inline-2.c -O1 assembly comparison
FAIL: gcc.dg/pch/inline-2.c -O2 -I. -Dwith_PCH (internal compiler error)
FAIL: gcc.dg/pch/inline-2.c -O2 -I. -Dwith_PCH (test for excess errors)
FAIL: gcc.dg/pch/inline-2.c -O2 assembly comparison
FAIL: gcc.dg/pch/inline-2.c -O3 -fomit-frame-pointer -I. -Dwith_PCH (internal compiler error)
FAIL: gcc.dg/pch/inline-2.c -O3 -fomit-frame-pointer -I. -Dwith_PCH (test for excess errors)
FAIL: gcc.dg/pch/inline-2.c -O3 -fomit-frame-pointer assembly comparison
FAIL: gcc.dg/pch/inline-2.c -O3 -g -I. -Dwith_PCH (internal compiler error)
FAIL: gcc.dg/pch/inline-2.c -O3 -g -I. -Dwith_PCH (test for excess errors)
FAIL: gcc.dg/pch/inline-2.c -O3 -g assembly comparison
FAIL: gcc.dg/pch/inline-2.c -Os -I. -Dwith_PCH (internal compiler error)
FAIL: gcc.dg/pch/inline-2.c -Os -I. -Dwith_PCH (test for excess errors)
FAIL: gcc.dg/pch/inline-2.c -Os assembly comparison
FAIL: gcc.dg/pch/inline-3.c -O0 -g -I. -Dwith_PCH (internal compiler error)
FAIL: gcc.dg/pch/inline-3.c -O0 -g -I. -Dwith_PCH (test for excess errors)
FAIL: gcc.dg/pch/inline-3.c -O0 -g assembly comparison
FAIL: gcc.dg/pch/inline-3.c -O0 -I. -Dwith_PCH (internal compiler error)
FAIL: gcc.dg/pch/inline-3.c -O0 -I. -Dwith_PCH (test for excess errors)
FAIL: gcc.dg/pch/inline-3.c -O0 assembly comparison
FAIL: gcc.dg/pch/inline-3.c -O1 -I. -Dwith_PCH (internal compiler error)
FAIL: gcc.dg/pch/inline-3.c -O1 -I. -Dwith_PCH (test for excess errors)
FAIL: gcc.dg/pch/inline-3.c -O1 assembly comparison
FAIL: gcc.dg/pch/inline-3.c -O2 -I. -Dwith_PCH (internal compiler error)
FAIL: gcc.dg/pch/inline-3.c -O2 -I. -Dwith_PCH (test for excess errors)
FAIL: gcc.dg/pch/inline-3.c -O2 assembly comparison
FAIL: gcc.dg/pch/inline-3.c -O3 -fomit-frame-pointer -I. -Dwith_PCH (internal compiler error)
FAIL: gcc.dg/pch/inline-3.c -O3 -fomit-frame-pointer -I. -Dwith_PCH (test for excess errors)
FAIL: gcc.dg/pch/inline-3.c -O3 -fomit-frame-pointer assembly comparison
FAIL: gcc.dg/pch/inline-3.c -O3 -g -I. -Dwith_PCH (internal compiler error)
FAIL: gcc.dg/pch/inline-3.c -O3 -g -I. -Dwith_PCH (test for excess errors)
FAIL: gcc.dg/pch/inline-3.c -O3 -g assembly comparison
FAIL: gcc.dg/pch/inline-3.c -Os -I. -Dwith_PCH (internal compiler error)
FAIL: gcc.dg/pch/inline-3.c -Os -I. -Dwith_PCH (test for excess errors)
FAIL: gcc.dg/pch/inline-3.c -Os assembly comparison
FAIL: gcc.dg/pch/inline-4.c -O0 -g -I. -Dwith_PCH (internal compiler error)
FAIL: gcc.dg/pch/inline-4.c -O0 -g -I. -Dwith_PCH (test for excess errors)
FAIL: gcc.dg/pch/inline-4.c -O0 -g assembly comparison
FAIL: gcc.dg/pch/inline-4.c -O0 -I. -Dwith_PCH (internal compiler error)
FAIL: gcc.dg/pch/inline-4.c -O0 -I. -Dwith_PCH (test for excess errors)
FAIL: gcc.dg/pch/inline-4.c -O0 assembly comparison
FAIL: gcc.dg/pch/inline-4.c -O1 -I. -Dwith_PCH (internal compiler error)
FAIL: gcc.dg/pch/inline-4.c -O1 -I. -Dwith_PCH (test for excess errors)
FAIL: gcc.dg/pch/inline-4.c -O1 assembly comparison
FAIL: gcc.dg/pch/inline-4.c -O2 -I. -Dwith_PCH (internal compiler error)
FAIL: gcc.dg/pch/inline-4.c -O2 -I. -Dwith_PCH (test for excess errors)
FAIL: gcc.dg/pch/inline-4.c -O2 assembly comparison
FAIL: gcc.dg/pch/inline-4.c -O3 -fomit-frame-pointer -I. -Dwith_PCH (internal compiler error)
FAIL: gcc.dg/pch/inline-4.c -O3 -fomit-frame-pointer -I. -Dwith_PCH (test for excess errors)
FAIL: gcc.dg/pch/inline-4.c -O3 -fomit-frame-pointer assembly comparison
FAIL: gcc.dg/pch/inline-4.c -O3 -g -I. -Dwith_PCH (internal compiler error)
FAIL: gcc.dg/pch/inline-4.c -O3 -g -I. -Dwith_PCH (test for excess errors)
FAIL: gcc.dg/pch/inline-4.c -O3 -g assembly comparison
FAIL: gcc.dg/pch/inline-4.c -Os -I. -Dwith_PCH (internal compiler error)
FAIL: gcc.dg/pch/inline-4.c -Os -I. -Dwith_PCH (test for excess errors)
FAIL: gcc.dg/pch/inline-4.c -Os assembly comparison
FAIL: gcc.dg/pch/macro-1.c -O0 -g -I. -Dwith_PCH (internal compiler error)
FAIL: gcc.dg/pch/macro-1.c -O0 -g -I. -Dwith_PCH (test for excess errors)
FAIL: gcc.dg/pch/macro-1.c -O0 -g assembly comparison
FAIL: gcc.dg/pch/macro-1.c -O0 -I. -Dwith_PCH (internal compiler error)
FAIL: gcc.dg/pch/macro-1.c -O0 -I. -Dwith_PCH (test for excess errors)
FAIL: gcc.dg/pch/macro-1.c -O0 assembly comparison
FAIL: gcc.dg/pch/macro-1.c -O1 -I. -Dwith_PCH (internal compiler error)
FAIL: gcc.dg/pch/macro-1.c -O1 -I. -Dwith_PCH (test for excess errors)
FAIL: gcc.dg/pch/macro-1.c -O1 assembly comparison
FAIL: gcc.dg/pch/macro-1.c -O2 -I. -Dwith_PCH (internal compiler error)
FAIL: gcc.dg/pch/macro-1.c -O2 -I. -Dwith_PCH (test for excess errors)
FAIL: gcc.dg/pch/macro-1.c -O2 assembly comparison
FAIL: gcc.dg/pch/macro-1.c -O3 -fomit-frame-pointer -I. -Dwith_PCH (internal compiler error)
FAIL: gcc.dg/pch/macro-1.c -O3 -fomit-frame-pointer -I. -Dwith_PCH (test for excess errors)
FAIL: gcc.dg/pch/macro-1.c -O3 -fomit-frame-pointer assembly comparison
FAIL: gcc.dg/pch/macro-1.c -O3 -g -I. -Dwith_PCH (internal compiler error)
FAIL: gcc.dg/pch/macro-1.c -O3 -g -I. -Dwith_PCH (test for excess errors)
FAIL: gcc.dg/pch/macro-1.c -O3 -g assembly comparison
FAIL: gcc.dg/pch/macro-1.c -Os -I. -Dwith_PCH (internal compiler error)
FAIL: gcc.dg/pch/macro-1.c -Os -I. -Dwith_PCH (test for excess errors)
FAIL: gcc.dg/pch/macro-1.c -Os assembly comparison
FAIL: gcc.dg/pch/macro-2.c -O0 -g -I. -Dwith_PCH (internal compiler error)
FAIL: gcc.dg/pch/macro-2.c -O0 -g -I. -Dwith_PCH (test for excess errors)
FAIL: gcc.dg/pch/macro-2.c -O0 -g assembly comparison
FAIL: gcc.dg/pch/macro-2.c -O0 -I. -Dwith_PCH (internal compiler error)
FAIL: gcc.dg/pch/macro-2.c -O0 -I. -Dwith_PCH (test for excess errors)
FAIL: gcc.dg/pch/macro-2.c -O0 assembly comparison
FAIL: gcc.dg/pch/macro-2.c -O1 -I. -Dwith_PCH (internal compiler error)
FAIL: gcc.dg/pch/macro-2.c -O1 -I. -Dwith_PCH (test for excess errors)
FAIL: gcc.dg/pch/macro-2.c -O1 assembly comparison
FAIL: gcc.dg/pch/macro-2.c -O2 -I. -Dwith_PCH (internal compiler error)
FAIL: gcc.dg/pch/macro-2.c -O2 -I. -Dwith_PCH (test for excess errors)
FAIL: gcc.dg/pch/macro-2.c -O2 assembly comparison
FAIL: gcc.dg/pch/macro-2.c -O3 -fomit-frame-pointer -I. -Dwith_PCH (internal compiler error)
FAIL: gcc.dg/pch/macro-2.c -O3 -fomit-frame-pointer -I. -Dwith_PCH (test for excess errors)
FAIL: gcc.dg/pch/macro-2.c -O3 -fomit-frame-pointer assembly comparison
FAIL: gcc.dg/pch/macro-2.c -O3 -g -I. -Dwith_PCH (internal compiler error)
FAIL: gcc.dg/pch/macro-2.c -O3 -g -I. -Dwith_PCH (test for excess errors)
FAIL: gcc.dg/pch/macro-2.c -O3 -g assembly comparison
FAIL: gcc.dg/pch/macro-2.c -Os -I. -Dwith_PCH (internal compiler error)
FAIL: gcc.dg/pch/macro-2.c -Os -I. -Dwith_PCH (test for excess errors)
FAIL: gcc.dg/pch/macro-2.c -Os assembly comparison
FAIL: gcc.dg/pch/macro-3.c -O0 -g -I. -Dwith_PCH (internal compiler error)
FAIL: gcc.dg/pch/macro-3.c -O0 -g -I. -Dwith_PCH (test for excess errors)
FAIL: gcc.dg/pch/macro-3.c -O0 -g assembly comparison
FAIL: gcc.dg/pch/macro-3.c -O0 -I. -Dwith_PCH (internal compiler error)
FAIL: gcc.dg/pch/macro-3.c -O0 -I. -Dwith_PCH (test for excess errors)
FAIL: gcc.dg/pch/macro-3.c -O0 assembly comparison
FAIL: gcc.dg/pch/macro-3.c -O1 -I. -Dwith_PCH (internal compiler error)
FAIL: gcc.dg/pch/macro-3.c -O1 -I. -Dwith_PCH (test for excess errors)
FAIL: gcc.dg/pch/macro-3.c -O1 assembly comparison
FAIL: gcc.dg/pch/macro-3.c -O2 -I. -Dwith_PCH (internal compiler error)
FAIL: gcc.dg/pch/macro-3.c -O2 -I. -Dwith_PCH (test for excess errors)
FAIL: gcc.dg/pch/macro-3.c -O2 assembly comparison
FAIL: gcc.dg/pch/macro-3.c -O3 -fomit-frame-pointer -I. -Dwith_PCH (internal compiler error)
FAIL: gcc.dg/pch/macro-3.c -O3 -fomit-frame-pointer -I. -Dwith_PCH (test for excess errors)
FAIL: gcc.dg/pch/macro-3.c -O3 -fomit-frame-pointer assembly comparison
FAIL: gcc.dg/pch/macro-3.c -O3 -g -I. -Dwith_PCH (internal compiler error)
FAIL: gcc.dg/pch/macro-3.c -O3 -g -I. -Dwith_PCH (test for excess errors)
FAIL: gcc.dg/pch/macro-3.c -O3 -g assembly comparison
FAIL: gcc.dg/pch/macro-3.c -Os -I. -Dwith_PCH (internal compiler error)
FAIL: gcc.dg/pch/macro-3.c -Os -I. -Dwith_PCH (test for excess errors)
FAIL: gcc.dg/pch/macro-3.c -Os assembly comparison
FAIL: gcc.dg/pch/macro-4.c -O0 -g -I. -Dwith_PCH (internal compiler error)
FAIL: gcc.dg/pch/macro-4.c -O0 -g -I. -Dwith_PCH (test for excess errors)
FAIL: gcc.dg/pch/macro-4.c -O0 -g assembly comparison
FAIL: gcc.dg/pch/macro-4.c -O0 -I. -Dwith_PCH (internal compiler error)
FAIL: gcc.dg/pch/macro-4.c -O0 -I. -Dwith_PCH (test for excess errors)
FAIL: gcc.dg/pch/macro-4.c -O0 assembly comparison
FAIL: gcc.dg/pch/macro-4.c -O1 -I. -Dwith_PCH (internal compiler error)
FAIL: gcc.dg/pch/macro-4.c -O1 -I. -Dwith_PCH (test for excess errors)
FAIL: gcc.dg/pch/macro-4.c -O1 assembly comparison
FAIL: gcc.dg/pch/macro-4.c -O2 -I. -Dwith_PCH (internal compiler error)
FAIL: gcc.dg/pch/macro-4.c -O2 -I. -Dwith_PCH (test for excess errors)
FAIL: gcc.dg/pch/macro-4.c -O2 assembly comparison
FAIL: gcc.dg/pch/macro-4.c -O3 -fomit-frame-pointer -I. -Dwith_PCH (internal compiler error)
FAIL: gcc.dg/pch/macro-4.c -O3 -fomit-frame-pointer -I. -Dwith_PCH (test for excess errors)
FAIL: gcc.dg/pch/macro-4.c -O3 -fomit-frame-pointer assembly comparison
FAIL: gcc.dg/pch/macro-4.c -O3 -g -I. -Dwith_PCH (internal compiler error)
FAIL: gcc.dg/pch/macro-4.c -O3 -g -I. -Dwith_PCH (test for excess errors)
FAIL: gcc.dg/pch/macro-4.c -O3 -g assembly comparison
FAIL: gcc.dg/pch/macro-4.c -Os -I. -Dwith_PCH (internal compiler error)
FAIL: gcc.dg/pch/macro-4.c -Os -I. -Dwith_PCH (test for excess errors)
FAIL: gcc.dg/pch/macro-4.c -Os assembly comparison
FAIL: gcc.dg/pch/save-temps-1.c -O0 -g -I. -Dwith_PCH (internal compiler error)
FAIL: gcc.dg/pch/save-temps-1.c -O0 -g -I. -Dwith_PCH (test for excess errors)
FAIL: gcc.dg/pch/save-temps-1.c -O0 -g assembly comparison
FAIL: gcc.dg/pch/save-temps-1.c -O0 -I. -Dwith_PCH (internal compiler error)
FAIL: gcc.dg/pch/save-temps-1.c -O0 -I. -Dwith_PCH (test for excess errors)
FAIL: gcc.dg/pch/save-temps-1.c -O0 assembly comparison
FAIL: gcc.dg/pch/save-temps-1.c -O1 -I. -Dwith_PCH (internal compiler error)
FAIL: gcc.dg/pch/save-temps-1.c -O1 -I. -Dwith_PCH (test for excess errors)
FAIL: gcc.dg/pch/save-temps-1.c -O1 assembly comparison
FAIL: gcc.dg/pch/save-temps-1.c -O2 -I. -Dwith_PCH (internal compiler error)
FAIL: gcc.dg/pch/save-temps-1.c -O2 -I. -Dwith_PCH (test for excess errors)
FAIL: gcc.dg/pch/save-temps-1.c -O2 assembly comparison
FAIL: gcc.dg/pch/save-temps-1.c -O3 -fomit-frame-pointer -I. -Dwith_PCH (internal compiler error)
FAIL: gcc.dg/pch/save-temps-1.c -O3 -fomit-frame-pointer -I. -Dwith_PCH (test for excess errors)
FAIL: gcc.dg/pch/save-temps-1.c -O3 -fomit-frame-pointer assembly comparison
FAIL: gcc.dg/pch/save-temps-1.c -O3 -g -I. -Dwith_PCH (internal compiler error)
FAIL: gcc.dg/pch/save-temps-1.c -O3 -g -I. -Dwith_PCH (test for excess errors)
FAIL: gcc.dg/pch/save-temps-1.c -O3 -g assembly comparison
FAIL: gcc.dg/pch/save-temps-1.c -Os -I. -Dwith_PCH (internal compiler error)
FAIL: gcc.dg/pch/save-temps-1.c -Os -I. -Dwith_PCH (test for excess errors)
FAIL: gcc.dg/pch/save-temps-1.c -Os assembly comparison
FAIL: gcc.dg/pch/static-1.c -O0 -g -I. -Dwith_PCH (internal compiler error)
FAIL: gcc.dg/pch/static-1.c -O0 -g -I. -Dwith_PCH (test for excess errors)
FAIL: gcc.dg/pch/static-1.c -O0 -g assembly comparison
FAIL: gcc.dg/pch/static-1.c -O0 -I. -Dwith_PCH (internal compiler error)
FAIL: gcc.dg/pch/static-1.c -O0 -I. -Dwith_PCH (test for excess errors)
FAIL: gcc.dg/pch/static-1.c -O0 assembly comparison
FAIL: gcc.dg/pch/static-1.c -O1 -I. -Dwith_PCH (internal compiler error)
FAIL: gcc.dg/pch/static-1.c -O1 -I. -Dwith_PCH (test for excess errors)
FAIL: gcc.dg/pch/static-1.c -O1 assembly comparison
FAIL: gcc.dg/pch/static-1.c -O2 -I. -Dwith_PCH (internal compiler error)
FAIL: gcc.dg/pch/static-1.c -O2 -I. -Dwith_PCH (test for excess errors)
FAIL: gcc.dg/pch/static-1.c -O2 assembly comparison
FAIL: gcc.dg/pch/static-1.c -O3 -fomit-frame-pointer -I. -Dwith_PCH (internal compiler error)
FAIL: gcc.dg/pch/static-1.c -O3 -fomit-frame-pointer -I. -Dwith_PCH (test for excess errors)
FAIL: gcc.dg/pch/static-1.c -O3 -fomit-frame-pointer assembly comparison
FAIL: gcc.dg/pch/static-1.c -O3 -g -I. -Dwith_PCH (internal compiler error)
FAIL: gcc.dg/pch/static-1.c -O3 -g -I. -Dwith_PCH (test for excess errors)
FAIL: gcc.dg/pch/static-1.c -O3 -g assembly comparison
FAIL: gcc.dg/pch/static-1.c -Os -I. -Dwith_PCH (internal compiler error)
FAIL: gcc.dg/pch/static-1.c -Os -I. -Dwith_PCH (test for excess errors)
FAIL: gcc.dg/pch/static-1.c -Os assembly comparison
FAIL: gcc.dg/pch/static-2.c -O0 -g -I. -Dwith_PCH (internal compiler error)
FAIL: gcc.dg/pch/static-2.c -O0 -g -I. -Dwith_PCH (test for excess errors)
FAIL: gcc.dg/pch/static-2.c -O0 -g assembly comparison
FAIL: gcc.dg/pch/static-2.c -O0 -I. -Dwith_PCH (internal compiler error)
FAIL: gcc.dg/pch/static-2.c -O0 -I. -Dwith_PCH (test for excess errors)
FAIL: gcc.dg/pch/static-2.c -O0 assembly comparison
FAIL: gcc.dg/pch/static-2.c -O1 -I. -Dwith_PCH (internal compiler error)
FAIL: gcc.dg/pch/static-2.c -O1 -I. -Dwith_PCH (test for excess errors)
FAIL: gcc.dg/pch/static-2.c -O1 assembly comparison
FAIL: gcc.dg/pch/static-2.c -O2 -I. -Dwith_PCH (internal compiler error)
FAIL: gcc.dg/pch/static-2.c -O2 -I. -Dwith_PCH (test for excess errors)
FAIL: gcc.dg/pch/static-2.c -O2 assembly comparison
FAIL: gcc.dg/pch/static-2.c -O3 -fomit-frame-pointer -I. -Dwith_PCH (internal compiler error)
FAIL: gcc.dg/pch/static-2.c -O3 -fomit-frame-pointer -I. -Dwith_PCH (test for excess errors)
FAIL: gcc.dg/pch/static-2.c -O3 -fomit-frame-pointer assembly comparison
FAIL: gcc.dg/pch/static-2.c -O3 -g -I. -Dwith_PCH (internal compiler error)
FAIL: gcc.dg/pch/static-2.c -O3 -g -I. -Dwith_PCH (test for excess errors)
FAIL: gcc.dg/pch/static-2.c -O3 -g assembly comparison
FAIL: gcc.dg/pch/static-2.c -Os -I. -Dwith_PCH (internal compiler error)
FAIL: gcc.dg/pch/static-2.c -Os -I. -Dwith_PCH (test for excess errors)
FAIL: gcc.dg/pch/static-2.c -Os assembly comparison
FAIL: gcc.dg/pch/static-3.c -O0 -g -I. -Dwith_PCH (internal compiler error)
FAIL: gcc.dg/pch/static-3.c -O0 -g -I. -Dwith_PCH (test for excess errors)
FAIL: gcc.dg/pch/static-3.c -O0 -g assembly comparison
FAIL: gcc.dg/pch/static-3.c -O0 -I. -Dwith_PCH (internal compiler error)
FAIL: gcc.dg/pch/static-3.c -O0 -I. -Dwith_PCH (test for excess errors)
FAIL: gcc.dg/pch/static-3.c -O0 assembly comparison
FAIL: gcc.dg/pch/static-3.c -O1 -I. -Dwith_PCH (internal compiler error)
FAIL: gcc.dg/pch/static-3.c -O1 -I. -Dwith_PCH (test for excess errors)
FAIL: gcc.dg/pch/static-3.c -O1 assembly comparison
FAIL: gcc.dg/pch/static-3.c -O2 -I. -Dwith_PCH (internal compiler error)
FAIL: gcc.dg/pch/static-3.c -O2 -I. -Dwith_PCH (test for excess errors)
FAIL: gcc.dg/pch/static-3.c -O2 assembly comparison
FAIL: gcc.dg/pch/static-3.c -O3 -fomit-frame-pointer -I. -Dwith_PCH (internal compiler error)
FAIL: gcc.dg/pch/static-3.c -O3 -fomit-frame-pointer -I. -Dwith_PCH (test for excess errors)
FAIL: gcc.dg/pch/static-3.c -O3 -fomit-frame-pointer assembly comparison
FAIL: gcc.dg/pch/static-3.c -O3 -g -I. -Dwith_PCH (internal compiler error)
FAIL: gcc.dg/pch/static-3.c -O3 -g -I. -Dwith_PCH (test for excess errors)
FAIL: gcc.dg/pch/static-3.c -O3 -g assembly comparison
FAIL: gcc.dg/pch/static-3.c -Os -I. -Dwith_PCH (internal compiler error)
FAIL: gcc.dg/pch/static-3.c -Os -I. -Dwith_PCH (test for excess errors)
FAIL: gcc.dg/pch/static-3.c -Os assembly comparison
FAIL: gcc.dg/pch/struct-1.c -O0 -g -I. -Dwith_PCH (internal compiler error)
FAIL: gcc.dg/pch/struct-1.c -O0 -g -I. -Dwith_PCH (test for excess errors)
FAIL: gcc.dg/pch/struct-1.c -O0 -g assembly comparison
FAIL: gcc.dg/pch/struct-1.c -O0 -I. -Dwith_PCH (internal compiler error)
FAIL: gcc.dg/pch/struct-1.c -O0 -I. -Dwith_PCH (test for excess errors)
FAIL: gcc.dg/pch/struct-1.c -O0 assembly comparison
FAIL: gcc.dg/pch/struct-1.c -O1 -I. -Dwith_PCH (internal compiler error)
FAIL: gcc.dg/pch/struct-1.c -O1 -I. -Dwith_PCH (test for excess errors)
FAIL: gcc.dg/pch/struct-1.c -O1 assembly comparison
FAIL: gcc.dg/pch/struct-1.c -O2 -I. -Dwith_PCH (internal compiler error)
FAIL: gcc.dg/pch/struct-1.c -O2 -I. -Dwith_PCH (test for excess errors)
FAIL: gcc.dg/pch/struct-1.c -O2 assembly comparison
FAIL: gcc.dg/pch/struct-1.c -O3 -fomit-frame-pointer -I. -Dwith_PCH (internal compiler error)
FAIL: gcc.dg/pch/struct-1.c -O3 -fomit-frame-pointer -I. -Dwith_PCH (test for excess errors)
FAIL: gcc.dg/pch/struct-1.c -O3 -fomit-frame-pointer assembly comparison
FAIL: gcc.dg/pch/struct-1.c -O3 -g -I. -Dwith_PCH (internal compiler error)
FAIL: gcc.dg/pch/struct-1.c -O3 -g -I. -Dwith_PCH (test for excess errors)
FAIL: gcc.dg/pch/struct-1.c -O3 -g assembly comparison
FAIL: gcc.dg/pch/struct-1.c -Os -I. -Dwith_PCH (internal compiler error)
FAIL: gcc.dg/pch/struct-1.c -Os -I. -Dwith_PCH (test for excess errors)
FAIL: gcc.dg/pch/struct-1.c -Os assembly comparison
FAIL: gcc.dg/pch/system-1.c -O0 -g -I. -Dwith_PCH (internal compiler error)
FAIL: gcc.dg/pch/system-1.c -O0 -g -I. -Dwith_PCH (test for excess errors)
FAIL: gcc.dg/pch/system-1.c -O0 -g assembly comparison
FAIL: gcc.dg/pch/system-1.c -O0 -I. -Dwith_PCH (internal compiler error)
FAIL: gcc.dg/pch/system-1.c -O0 -I. -Dwith_PCH (test for excess errors)
FAIL: gcc.dg/pch/system-1.c -O0 assembly comparison
FAIL: gcc.dg/pch/system-1.c -O1 -I. -Dwith_PCH (internal compiler error)
FAIL: gcc.dg/pch/system-1.c -O1 -I. -Dwith_PCH (test for excess errors)
FAIL: gcc.dg/pch/system-1.c -O1 assembly comparison
FAIL: gcc.dg/pch/system-1.c -O2 -I. -Dwith_PCH (internal compiler error)
FAIL: gcc.dg/pch/system-1.c -O2 -I. -Dwith_PCH (test for excess errors)
FAIL: gcc.dg/pch/system-1.c -O2 assembly comparison
FAIL: gcc.dg/pch/system-1.c -O3 -fomit-frame-pointer -I. -Dwith_PCH (internal compiler error)
FAIL: gcc.dg/pch/system-1.c -O3 -fomit-frame-pointer -I. -Dwith_PCH (test for excess errors)
FAIL: gcc.dg/pch/system-1.c -O3 -fomit-frame-pointer assembly comparison
FAIL: gcc.dg/pch/system-1.c -O3 -g -I. -Dwith_PCH (internal compiler error)
FAIL: gcc.dg/pch/system-1.c -O3 -g -I. -Dwith_PCH (test for excess errors)
FAIL: gcc.dg/pch/system-1.c -O3 -g assembly comparison
FAIL: gcc.dg/pch/system-1.c -Os -I. -Dwith_PCH (internal compiler error)
FAIL: gcc.dg/pch/system-1.c -Os -I. -Dwith_PCH (test for excess errors)
FAIL: gcc.dg/pch/system-1.c -Os assembly comparison
FAIL: gcc.dg/pch/valid-1b.c -O0 -g -I. -Dwith_PCH (internal compiler error)
FAIL: gcc.dg/pch/valid-1b.c -O0 -g -I. -Dwith_PCH (test for excess errors)
FAIL: gcc.dg/pch/valid-1b.c -O0 -g assembly comparison
FAIL: gcc.dg/pch/valid-1b.c -O0 -I. -Dwith_PCH (internal compiler error)
FAIL: gcc.dg/pch/valid-1b.c -O0 -I. -Dwith_PCH (test for excess errors)
FAIL: gcc.dg/pch/valid-1b.c -O0 assembly comparison
FAIL: gcc.dg/pch/valid-1b.c -O1 -I. -Dwith_PCH (internal compiler error)
FAIL: gcc.dg/pch/valid-1b.c -O1 -I. -Dwith_PCH (test for excess errors)
FAIL: gcc.dg/pch/valid-1b.c -O1 assembly comparison
FAIL: gcc.dg/pch/valid-1b.c -O2 -I. -Dwith_PCH (internal compiler error)
FAIL: gcc.dg/pch/valid-1b.c -O2 -I. -Dwith_PCH (test for excess errors)
FAIL: gcc.dg/pch/valid-1b.c -O2 assembly comparison
FAIL: gcc.dg/pch/valid-1b.c -O3 -fomit-frame-pointer -I. -Dwith_PCH (internal compiler error)
FAIL: gcc.dg/pch/valid-1b.c -O3 -fomit-frame-pointer -I. -Dwith_PCH (test for excess errors)
FAIL: gcc.dg/pch/valid-1b.c -O3 -fomit-frame-pointer assembly comparison
FAIL: gcc.dg/pch/valid-1b.c -O3 -g -I. -Dwith_PCH (internal compiler error)
FAIL: gcc.dg/pch/valid-1b.c -O3 -g -I. -Dwith_PCH (test for excess errors)
FAIL: gcc.dg/pch/valid-1b.c -O3 -g assembly comparison
FAIL: gcc.dg/pch/valid-1b.c -Os -I. -Dwith_PCH (internal compiler error)
FAIL: gcc.dg/pch/valid-1b.c -Os -I. -Dwith_PCH (test for excess errors)
FAIL: gcc.dg/pch/valid-1b.c -Os assembly comparison
FAIL: gcc.dg/pch/valid-4.c -O0 -g -I. -Dwith_PCH (internal compiler error)
FAIL: gcc.dg/pch/valid-4.c -O0 -g -I. -Dwith_PCH (test for excess errors)
FAIL: gcc.dg/pch/valid-4.c -O0 -g assembly comparison
FAIL: gcc.dg/pch/valid-4.c -O0 -I. -Dwith_PCH (internal compiler error)
FAIL: gcc.dg/pch/valid-4.c -O0 -I. -Dwith_PCH (test for excess errors)
FAIL: gcc.dg/pch/valid-4.c -O0 assembly comparison
FAIL: gcc.dg/pch/valid-4.c -O1 -I. -Dwith_PCH (internal compiler error)
FAIL: gcc.dg/pch/valid-4.c -O1 -I. -Dwith_PCH (test for excess errors)
FAIL: gcc.dg/pch/valid-4.c -O1 assembly comparison
FAIL: gcc.dg/pch/valid-4.c -O2 -I. -Dwith_PCH (internal compiler error)
FAIL: gcc.dg/pch/valid-4.c -O2 -I. -Dwith_PCH (test for excess errors)
FAIL: gcc.dg/pch/valid-4.c -O2 assembly comparison
FAIL: gcc.dg/pch/valid-4.c -O3 -fomit-frame-pointer -I. -Dwith_PCH (internal compiler error)
FAIL: gcc.dg/pch/valid-4.c -O3 -fomit-frame-pointer -I. -Dwith_PCH (test for excess errors)
FAIL: gcc.dg/pch/valid-4.c -O3 -fomit-frame-pointer assembly comparison
FAIL: gcc.dg/pch/valid-4.c -O3 -g -I. -Dwith_PCH (internal compiler error)
FAIL: gcc.dg/pch/valid-4.c -O3 -g -I. -Dwith_PCH (test for excess errors)
FAIL: gcc.dg/pch/valid-4.c -O3 -g assembly comparison
FAIL: gcc.dg/pch/valid-4.c -Os -I. -Dwith_PCH (internal compiler error)
FAIL: gcc.dg/pch/valid-4.c -Os -I. -Dwith_PCH (test for excess errors)
FAIL: gcc.dg/pch/valid-4.c -Os assembly comparison
FAIL: gcc.dg/pch/valid-5.c -O0 -g -I. -Dwith_PCH (internal compiler error)
FAIL: gcc.dg/pch/valid-5.c -O0 -g -I. -Dwith_PCH (test for excess errors)
FAIL: gcc.dg/pch/valid-5.c -O0 -g assembly comparison
FAIL: gcc.dg/pch/valid-5.c -O0 -I. -Dwith_PCH (internal compiler error)
FAIL: gcc.dg/pch/valid-5.c -O0 -I. -Dwith_PCH (test for excess errors)
FAIL: gcc.dg/pch/valid-5.c -O0 assembly comparison
FAIL: gcc.dg/pch/valid-5.c -O1 -I. -Dwith_PCH (internal compiler error)
FAIL: gcc.dg/pch/valid-5.c -O1 -I. -Dwith_PCH (test for excess errors)
FAIL: gcc.dg/pch/valid-5.c -O1 assembly comparison
FAIL: gcc.dg/pch/valid-5.c -O2 -I. -Dwith_PCH (internal compiler error)
FAIL: gcc.dg/pch/valid-5.c -O2 -I. -Dwith_PCH (test for excess errors)
FAIL: gcc.dg/pch/valid-5.c -O2 assembly comparison
FAIL: gcc.dg/pch/valid-5.c -O3 -fomit-frame-pointer -I. -Dwith_PCH (internal compiler error)
FAIL: gcc.dg/pch/valid-5.c -O3 -fomit-frame-pointer -I. -Dwith_PCH (test for excess errors)
FAIL: gcc.dg/pch/valid-5.c -O3 -fomit-frame-pointer assembly comparison
FAIL: gcc.dg/pch/valid-5.c -O3 -g -I. -Dwith_PCH (internal compiler error)
FAIL: gcc.dg/pch/valid-5.c -O3 -g -I. -Dwith_PCH (test for excess errors)
FAIL: gcc.dg/pch/valid-5.c -O3 -g assembly comparison
FAIL: gcc.dg/pch/valid-5.c -Os -I. -Dwith_PCH (internal compiler error)
FAIL: gcc.dg/pch/valid-5.c -Os -I. -Dwith_PCH (test for excess errors)
FAIL: gcc.dg/pch/valid-5.c -Os assembly comparison
FAIL: gcc.dg/pch/valid-6.c -O0 -g -I. -Dwith_PCH (internal compiler error)
FAIL: gcc.dg/pch/valid-6.c -O0 -g -I. -Dwith_PCH (test for excess errors)
FAIL: gcc.dg/pch/valid-6.c -O0 -I. -Dwith_PCH (internal compiler error)
FAIL: gcc.dg/pch/valid-6.c -O0 -I. -Dwith_PCH (test for excess errors)
FAIL: gcc.dg/pch/valid-6.c -O1 -I. -Dwith_PCH (internal compiler error)
FAIL: gcc.dg/pch/valid-6.c -O1 -I. -Dwith_PCH (test for excess errors)
FAIL: gcc.dg/pch/valid-6.c -O2 -I. -Dwith_PCH (internal compiler error)
FAIL: gcc.dg/pch/valid-6.c -O2 -I. -Dwith_PCH (test for excess errors)
FAIL: gcc.dg/pch/valid-6.c -O3 -fomit-frame-pointer -I. -Dwith_PCH (internal compiler error)
FAIL: gcc.dg/pch/valid-6.c -O3 -fomit-frame-pointer -I. -Dwith_PCH (test for excess errors)
FAIL: gcc.dg/pch/valid-6.c -O3 -g -I. -Dwith_PCH (internal compiler error)
FAIL: gcc.dg/pch/valid-6.c -O3 -g -I. -Dwith_PCH (test for excess errors)
FAIL: gcc.dg/pch/valid-6.c -Os -I. -Dwith_PCH (internal compiler error)
FAIL: gcc.dg/pch/valid-6.c -Os -I. -Dwith_PCH (test for excess errors)
FAIL: largefile.c -O0 -g -I. -Dwith_PCH (internal compiler error)
FAIL: largefile.c -O0 -g -I. -Dwith_PCH (test for excess errors)
FAIL: gcc.dg/pch/largefile.c -O0 -g assembly comparison
FAIL: largefile.c -O0 -I. -Dwith_PCH (internal compiler error)
FAIL: largefile.c -O0 -I. -Dwith_PCH (test for excess errors)
FAIL: gcc.dg/pch/largefile.c -O0 assembly comparison
FAIL: largefile.c -O1 -I. -Dwith_PCH (internal compiler error)
FAIL: largefile.c -O1 -I. -Dwith_PCH (test for excess errors)
FAIL: gcc.dg/pch/largefile.c -O1 assembly comparison
FAIL: largefile.c -O2 -I. -Dwith_PCH (internal compiler error)
FAIL: largefile.c -O2 -I. -Dwith_PCH (test for excess errors)
FAIL: gcc.dg/pch/largefile.c -O2 assembly comparison
FAIL: largefile.c -O3 -fomit-frame-pointer -I. -Dwith_PCH (internal compiler error)
FAIL: largefile.c -O3 -fomit-frame-pointer -I. -Dwith_PCH (test for excess errors)
FAIL: gcc.dg/pch/largefile.c -O3 -fomit-frame-pointer assembly comparison
FAIL: largefile.c -O3 -g -I. -Dwith_PCH (internal compiler error)
FAIL: largefile.c -O3 -g -I. -Dwith_PCH (test for excess errors)
FAIL: gcc.dg/pch/largefile.c -O3 -g assembly comparison
FAIL: largefile.c -Os -I. -Dwith_PCH (internal compiler error)
FAIL: largefile.c -Os -I. -Dwith_PCH (test for excess errors)
FAIL: gcc.dg/pch/largefile.c -Os assembly comparison
FAIL: gcc.dg/torture/pr51106-2.c -O0 (internal compiler error)
FAIL: gcc.dg/torture/pr51106-2.c -O0 (test for excess errors)
FAIL: gcc.dg/torture/pr51106-2.c -O1 (internal compiler error)
FAIL: gcc.dg/torture/pr51106-2.c -O1 (test for excess errors)
FAIL: gcc.dg/torture/pr51106-2.c -O2 (internal compiler error)
FAIL: gcc.dg/torture/pr51106-2.c -O2 (test for excess errors)
FAIL: gcc.dg/torture/pr51106-2.c -O3 -fomit-frame-pointer (internal compiler error)
FAIL: gcc.dg/torture/pr51106-2.c -O3 -fomit-frame-pointer (test for excess errors)
FAIL: gcc.dg/torture/pr51106-2.c -O3 -g (internal compiler error)
FAIL: gcc.dg/torture/pr51106-2.c -O3 -g (test for excess errors)
FAIL: gcc.dg/torture/pr51106-2.c -Os (internal compiler error)
FAIL: gcc.dg/torture/pr51106-2.c -Os (test for excess errors)
FAIL: gcc.dg/torture/pr51106-2.c -O2 -flto -fno-use-linker-plugin -flto-partition=none (internal compiler error)
FAIL: gcc.dg/torture/pr51106-2.c -O2 -flto -fno-use-linker-plugin -flto-partition=none (test for excess errors)
XPASS: gcc.dg/tree-ssa/20040204-1.c scan-tree-dump-times optimized "link_error" 0
FAIL: gcc.dg/tree-ssa/pr37508.c scan-tree-dump-times vrp1 "Folding" 3
FAIL: gcc.dg/tree-ssa/sra-12.c scan-tree-dump-times release_ssa "l;" 0
=== gcc Summary ===
# of expected passes 76968
# of unexpected failures 768
# of unexpected successes 2
# of expected failures 125
# of unsupported tests 1271
/exp/ldroot/dodes/xsh-gcc-orig/gcc/xgcc version 4.8.0 20120925 (experimental) [trunk revision 191687] (GCC)
Host is i686-pc-linux-gnu
=== gfortran tests ===
Running target unix
WARNING: Assuming target board is the local machine (which is probably wrong).
FAIL: gfortran.dg/char_eoshift_2.f90 -O0 execution test
FAIL: gfortran.dg/char_eoshift_2.f90 -O1 execution test
FAIL: gfortran.dg/char_eoshift_2.f90 -O2 execution test
FAIL: gfortran.dg/char_eoshift_2.f90 -O3 -fomit-frame-pointer execution test
FAIL: gfortran.dg/char_eoshift_2.f90 -O3 -fomit-frame-pointer -funroll-loops execution test
FAIL: gfortran.dg/char_eoshift_2.f90 -O3 -fomit-frame-pointer -funroll-all-loops -finline-functions execution test
FAIL: gfortran.dg/char_eoshift_2.f90 -O3 -g execution test
FAIL: gfortran.dg/char_eoshift_2.f90 -Os execution test
FAIL: gfortran.dg/char_eoshift_4.f90 -O0 execution test
FAIL: gfortran.dg/char_eoshift_4.f90 -O1 execution test
FAIL: gfortran.dg/char_eoshift_4.f90 -O2 execution test
FAIL: gfortran.dg/char_eoshift_4.f90 -O3 -fomit-frame-pointer execution test
FAIL: gfortran.dg/char_eoshift_4.f90 -O3 -fomit-frame-pointer -funroll-loops execution test
FAIL: gfortran.dg/char_eoshift_4.f90 -O3 -fomit-frame-pointer -funroll-all-loops -finline-functions execution test
FAIL: gfortran.dg/char_eoshift_4.f90 -O3 -g execution test
FAIL: gfortran.dg/char_eoshift_4.f90 -Os execution test
FAIL: gfortran.dg/class_array_9.f03 -O0 (internal compiler error)
FAIL: gfortran.dg/class_array_9.f03 -O0 (test for excess errors)
WARNING: gfortran.dg/class_array_9.f03 -O0 compilation failed to produce executable
FAIL: gfortran.dg/common_14.f90 -O (test for warnings, line 16)
FAIL: gfortran.dg/common_14.f90 -O (test for warnings, line 22)
FAIL: gfortran.dg/common_14.f90 -O (test for excess errors)
FAIL: gfortran.dg/nearest_1.f90 -O0 execution test
FAIL: gfortran.dg/nearest_1.f90 -O1 execution test
FAIL: gfortran.dg/nearest_1.f90 -O2 execution test
FAIL: gfortran.dg/nearest_1.f90 -O3 -fomit-frame-pointer execution test
FAIL: gfortran.dg/nearest_1.f90 -O3 -fomit-frame-pointer -funroll-loops execution test
FAIL: gfortran.dg/nearest_1.f90 -O3 -fomit-frame-pointer -funroll-all-loops -finline-functions execution test
FAIL: gfortran.dg/nearest_1.f90 -O3 -g execution test
FAIL: gfortran.dg/nearest_1.f90 -Os execution test
FAIL: gfortran.dg/shift-alloc.f90 -O3 -g (internal compiler error)
FAIL: gfortran.dg/shift-alloc.f90 -O3 -g (test for excess errors)
WARNING: gfortran.dg/shift-alloc.f90 -O3 -g compilation failed to produce executable
FAIL: gfortran.dg/shift-kind_2.f90 -O0 execution test
FAIL: gfortran.dg/shift-kind_2.f90 -O1 execution test
FAIL: gfortran.dg/shift-kind_2.f90 -O2 execution test
FAIL: gfortran.dg/shift-kind_2.f90 -O3 -fomit-frame-pointer execution test
FAIL: gfortran.dg/shift-kind_2.f90 -O3 -fomit-frame-pointer -funroll-loops execution test
FAIL: gfortran.dg/shift-kind_2.f90 -O3 -fomit-frame-pointer -funroll-all-loops -finline-functions execution test
FAIL: gfortran.dg/shift-kind_2.f90 -O3 -g execution test
FAIL: gfortran.dg/shift-kind_2.f90 -Os execution test
FAIL: gfortran.dg/lto/pr45586-2 f_lto_pr45586-2_0.o-f_lto_pr45586-2_0.o link, -O0 -flto -flto-partition=none -fuse-linker-plugin (internal compiler error)
UNRESOLVED: gfortran.dg/lto/pr45586-2 f_lto_pr45586-2_0.o-f_lto_pr45586-2_0.o execute -O0 -flto -flto-partition=none -fuse-linker-plugin
FAIL: gfortran.dg/lto/pr45586-2 f_lto_pr45586-2_0.o-f_lto_pr45586-2_0.o link, -O0 -flto -flto-partition=1to1 -fno-use-linker-plugin (internal compiler error)
UNRESOLVED: gfortran.dg/lto/pr45586-2 f_lto_pr45586-2_0.o-f_lto_pr45586-2_0.o execute -O0 -flto -flto-partition=1to1 -fno-use-linker-plugin
FAIL: gfortran.dg/lto/pr45586-2 f_lto_pr45586-2_0.o-f_lto_pr45586-2_0.o link, -O0 -flto -fuse-linker-plugin -fno-fat-lto-objects (internal compiler error)
UNRESOLVED: gfortran.dg/lto/pr45586-2 f_lto_pr45586-2_0.o-f_lto_pr45586-2_0.o execute -O0 -flto -fuse-linker-plugin -fno-fat-lto-objects
FAIL: gfortran.dg/lto/pr45586 f_lto_pr45586_0.o-f_lto_pr45586_0.o link, -O0 -flto -flto-partition=none -fuse-linker-plugin (internal compiler error)
UNRESOLVED: gfortran.dg/lto/pr45586 f_lto_pr45586_0.o-f_lto_pr45586_0.o execute -O0 -flto -flto-partition=none -fuse-linker-plugin
FAIL: gfortran.dg/lto/pr45586 f_lto_pr45586_0.o-f_lto_pr45586_0.o link, -O0 -flto -flto-partition=1to1 -fno-use-linker-plugin (internal compiler error)
UNRESOLVED: gfortran.dg/lto/pr45586 f_lto_pr45586_0.o-f_lto_pr45586_0.o execute -O0 -flto -flto-partition=1to1 -fno-use-linker-plugin
FAIL: gfortran.dg/lto/pr45586 f_lto_pr45586_0.o-f_lto_pr45586_0.o link, -O0 -flto -fuse-linker-plugin -fno-fat-lto-objects (internal compiler error)
UNRESOLVED: gfortran.dg/lto/pr45586 f_lto_pr45586_0.o-f_lto_pr45586_0.o execute -O0 -flto -fuse-linker-plugin -fno-fat-lto-objects
=== gfortran Summary ===
# of expected passes 40879
# of unexpected failures 45
# of expected failures 42
# of unresolved testcases 6
# of unsupported tests 386
/exp/ldroot/dodes/xsh-gcc-orig/gcc/testsuite/gfortran/../../gfortran version 4.8.0 20120925 (experimental) [trunk revision 191687] (GCC)
Host is i686-pc-linux-gnu
=== objc tests ===
Running target unix
WARNING: Assuming target board is the local machine (which is probably wrong).
FAIL: objc.dg/pch/interface-1.m -fgnu-runtime -O0 -g -I. -Dwith_PCH (internal compiler error)
FAIL: objc.dg/pch/interface-1.m -fgnu-runtime -O0 -g -I. -Dwith_PCH (test for excess errors)
FAIL: objc.dg/pch/interface-1.m -O0 -g assembly comparison
FAIL: objc.dg/pch/interface-1.m -fgnu-runtime -O0 -I. -Dwith_PCH (internal compiler error)
FAIL: objc.dg/pch/interface-1.m -fgnu-runtime -O0 -I. -Dwith_PCH (test for excess errors)
FAIL: objc.dg/pch/interface-1.m -O0 assembly comparison
FAIL: objc.dg/pch/interface-1.m -fgnu-runtime -O1 -I. -Dwith_PCH (internal compiler error)
FAIL: objc.dg/pch/interface-1.m -fgnu-runtime -O1 -I. -Dwith_PCH (test for excess errors)
FAIL: objc.dg/pch/interface-1.m -O1 assembly comparison
FAIL: objc.dg/pch/interface-1.m -fgnu-runtime -O2 -I. -Dwith_PCH (internal compiler error)
FAIL: objc.dg/pch/interface-1.m -fgnu-runtime -O2 -I. -Dwith_PCH (test for excess errors)
FAIL: objc.dg/pch/interface-1.m -O2 assembly comparison
FAIL: objc.dg/pch/interface-1.m -fgnu-runtime -O3 -fomit-frame-pointer -I. -Dwith_PCH (internal compiler error)
FAIL: objc.dg/pch/interface-1.m -fgnu-runtime -O3 -fomit-frame-pointer -I. -Dwith_PCH (test for excess errors)
FAIL: objc.dg/pch/interface-1.m -O3 -fomit-frame-pointer assembly comparison
FAIL: objc.dg/pch/interface-1.m -fgnu-runtime -O3 -g -I. -Dwith_PCH (internal compiler error)
FAIL: objc.dg/pch/interface-1.m -fgnu-runtime -O3 -g -I. -Dwith_PCH (test for excess errors)
FAIL: objc.dg/pch/interface-1.m -O3 -g assembly comparison
FAIL: objc.dg/pch/interface-1.m -fgnu-runtime -Os -I. -Dwith_PCH (internal compiler error)
FAIL: objc.dg/pch/interface-1.m -fgnu-runtime -Os -I. -Dwith_PCH (test for excess errors)
FAIL: objc.dg/pch/interface-1.m -Os assembly comparison
=== objc Summary ===
# of expected passes 2973
# of unexpected failures 21
# of unsupported tests 74
/exp/ldroot/dodes/xsh-gcc-orig/gcc/xgcc version 4.8.0 20120925 (experimental) [trunk revision 191687] (GCC)
Host is sh4-unknown-linux-gnu
=== boehm-gc tests ===
Running target unix
WARNING: Assuming target board is the local machine (which is probably wrong).
=== boehm-gc Summary ===
# of expected passes 12
# of unsupported tests 1
Host is sh4-unknown-linux-gnu
=== libatomic tests ===
Running target unix
WARNING: Assuming target board is the local machine (which is probably wrong).
=== libatomic Summary ===
# of expected passes 4
# of unsupported tests 25
Host is sh4-unknown-linux-gnu
=== libffi tests ===
Running target unix
WARNING: Assuming target board is the local machine (which is probably wrong).
=== libffi Summary ===
# of expected passes 1659
# of unsupported tests 55
Host is sh4-unknown-linux-gnu
=== libgomp tests ===
Running target unix
WARNING: Assuming target board is the local machine (which is probably wrong).
=== libgomp Summary ===
# of expected passes 2914
# of unsupported tests 8
Host is sh4-unknown-linux-gnu
=== libitm tests ===
Running target unix
WARNING: Assuming target board is the local machine (which is probably wrong).
=== libitm Summary ===
# of expected passes 26
# of expected failures 3
# of unsupported tests 1
Host is sh4-unknown-linux-gnu
=== libjava tests ===
Running target unix
WARNING: Assuming target board is the local machine (which is probably wrong).
FAIL: sourcelocation output - source compiled test
FAIL: sourcelocation -findirect-dispatch output - source compiled test
FAIL: sourcelocation -O3 output - source compiled test
FAIL: sourcelocation -O3 -findirect-dispatch output - source compiled test
=== libjava Summary ===
# of expected passes 2413
# of unexpected failures 4
# of untested testcases 4
Host is sh4-unknown-linux-gnu
=== libmudflap tests ===
Running target unix
WARNING: Assuming target board is the local machine (which is probably wrong).
FAIL: libmudflap.c++/pass55-frag.cxx (-static) execution test
FAIL: libmudflap.c++/pass55-frag.cxx ( -O) execution test
FAIL: libmudflap.c++/pass55-frag.cxx (-O2) execution test
FAIL: libmudflap.c++/pass55-frag.cxx (-O3) execution test
=== libmudflap Summary ===
# of expected passes 1902
# of unexpected failures 4
Host is sh4-unknown-linux-gnu
=== libstdc++ tests ===
Running target unix
WARNING: Assuming target board is the local machine (which is probably wrong).
FAIL: ext/random/beta_distribution/cons/default.cc (test for excess errors)
WARNING: ext/random/beta_distribution/cons/default.cc compilation failed to produce executable
FAIL: ext/random/beta_distribution/cons/parms.cc (test for excess errors)
WARNING: ext/random/beta_distribution/cons/parms.cc compilation failed to produce executable
FAIL: ext/random/beta_distribution/operators/equal.cc (test for excess errors)
WARNING: ext/random/beta_distribution/operators/equal.cc compilation failed to produce executable
FAIL: ext/random/beta_distribution/operators/inequal.cc (test for excess errors)
WARNING: ext/random/beta_distribution/operators/inequal.cc compilation failed to produce executable
FAIL: ext/random/beta_distribution/operators/serialize.cc (test for excess errors)
WARNING: ext/random/beta_distribution/operators/serialize.cc compilation failed to produce executable
FAIL: ext/random/beta_distribution/requirements/explicit_instantiation/1.cc (test for excess errors)
FAIL: ext/random/beta_distribution/requirements/typedefs.cc (test for excess errors)
FAIL: ext/random/nakagami_distribution/cons/default.cc (test for excess errors)
WARNING: ext/random/nakagami_distribution/cons/default.cc compilation failed to produce executable
FAIL: ext/random/nakagami_distribution/cons/parms.cc (test for excess errors)
WARNING: ext/random/nakagami_distribution/cons/parms.cc compilation failed to produce executable
FAIL: ext/random/nakagami_distribution/operators/equal.cc (test for excess errors)
WARNING: ext/random/nakagami_distribution/operators/equal.cc compilation failed to produce executable
FAIL: ext/random/nakagami_distribution/operators/inequal.cc (test for excess errors)
WARNING: ext/random/nakagami_distribution/operators/inequal.cc compilation failed to produce executable
FAIL: ext/random/nakagami_distribution/operators/serialize.cc (test for excess errors)
WARNING: ext/random/nakagami_distribution/operators/serialize.cc compilation failed to produce executable
FAIL: ext/random/nakagami_distribution/requirements/explicit_instantiation/1.cc (test for excess errors)
FAIL: ext/random/nakagami_distribution/requirements/typedefs.cc (test for excess errors)
FAIL: ext/random/normal_mv_distribution/cons/default.cc (test for excess errors)
WARNING: ext/random/normal_mv_distribution/cons/default.cc compilation failed to produce executable
FAIL: ext/random/normal_mv_distribution/cons/parms.cc (test for excess errors)
WARNING: ext/random/normal_mv_distribution/cons/parms.cc compilation failed to produce executable
FAIL: ext/random/normal_mv_distribution/operators/equal.cc (test for excess errors)
WARNING: ext/random/normal_mv_distribution/operators/equal.cc compilation failed to produce executable
FAIL: ext/random/normal_mv_distribution/operators/inequal.cc (test for excess errors)
WARNING: ext/random/normal_mv_distribution/operators/inequal.cc compilation failed to produce executable
FAIL: ext/random/normal_mv_distribution/operators/serialize.cc (test for excess errors)
WARNING: ext/random/normal_mv_distribution/operators/serialize.cc compilation failed to produce executable
FAIL: ext/random/normal_mv_distribution/requirements/explicit_instantiation/1.cc (test for excess errors)
FAIL: ext/random/normal_mv_distribution/requirements/typedefs.cc (test for excess errors)
FAIL: ext/random/pareto_distribution/cons/default.cc (test for excess errors)
WARNING: ext/random/pareto_distribution/cons/default.cc compilation failed to produce executable
FAIL: ext/random/pareto_distribution/cons/parms.cc (test for excess errors)
WARNING: ext/random/pareto_distribution/cons/parms.cc compilation failed to produce executable
FAIL: ext/random/pareto_distribution/operators/equal.cc (test for excess errors)
WARNING: ext/random/pareto_distribution/operators/equal.cc compilation failed to produce executable
FAIL: ext/random/pareto_distribution/operators/inequal.cc (test for excess errors)
WARNING: ext/random/pareto_distribution/operators/inequal.cc compilation failed to produce executable
FAIL: ext/random/pareto_distribution/operators/serialize.cc (test for excess errors)
WARNING: ext/random/pareto_distribution/operators/serialize.cc compilation failed to produce executable
FAIL: ext/random/pareto_distribution/requirements/explicit_instantiation/1.cc (test for excess errors)
FAIL: ext/random/pareto_distribution/requirements/typedefs.cc (test for excess errors)
FAIL: ext/random/rice_distribution/cons/default.cc (test for excess errors)
WARNING: ext/random/rice_distribution/cons/default.cc compilation failed to produce executable
FAIL: ext/random/rice_distribution/cons/parms.cc (test for excess errors)
WARNING: ext/random/rice_distribution/cons/parms.cc compilation failed to produce executable
FAIL: ext/random/rice_distribution/operators/equal.cc (test for excess errors)
WARNING: ext/random/rice_distribution/operators/equal.cc compilation failed to produce executable
FAIL: ext/random/rice_distribution/operators/inequal.cc (test for excess errors)
WARNING: ext/random/rice_distribution/operators/inequal.cc compilation failed to produce executable
FAIL: ext/random/rice_distribution/operators/serialize.cc (test for excess errors)
WARNING: ext/random/rice_distribution/operators/serialize.cc compilation failed to produce executable
FAIL: ext/random/rice_distribution/requirements/explicit_instantiation/1.cc (test for excess errors)
FAIL: ext/random/rice_distribution/requirements/typedefs.cc (test for excess errors)
FAIL: ext/random/simd_fast_mersenne_twister_engine/cons/copy.cc (test for excess errors)
WARNING: ext/random/simd_fast_mersenne_twister_engine/cons/copy.cc compilation failed to produce executable
FAIL: ext/random/simd_fast_mersenne_twister_engine/cons/default.cc (test for excess errors)
WARNING: ext/random/simd_fast_mersenne_twister_engine/cons/default.cc compilation failed to produce executable
FAIL: ext/random/simd_fast_mersenne_twister_engine/cons/seed1.cc (test for excess errors)
WARNING: ext/random/simd_fast_mersenne_twister_engine/cons/seed1.cc compilation failed to produce executable
FAIL: ext/random/simd_fast_mersenne_twister_engine/cons/seed2.cc (test for excess errors)
WARNING: ext/random/simd_fast_mersenne_twister_engine/cons/seed2.cc compilation failed to produce executable
FAIL: ext/random/simd_fast_mersenne_twister_engine/cons/seed_seq.cc (test for excess errors)
WARNING: ext/random/simd_fast_mersenne_twister_engine/cons/seed_seq.cc compilation failed to produce executable
FAIL: ext/random/simd_fast_mersenne_twister_engine/operators/equal.cc (test for excess errors)
WARNING: ext/random/simd_fast_mersenne_twister_engine/operators/equal.cc compilation failed to produce executable
FAIL: ext/random/simd_fast_mersenne_twister_engine/operators/inequal.cc (test for excess errors)
WARNING: ext/random/simd_fast_mersenne_twister_engine/operators/inequal.cc compilation failed to produce executable
FAIL: ext/random/simd_fast_mersenne_twister_engine/operators/serialize.cc (test for excess errors)
WARNING: ext/random/simd_fast_mersenne_twister_engine/operators/serialize.cc compilation failed to produce executable
=== libstdc++ Summary ===
# of expected passes 7867
# of unexpected failures 43
# of expected failures 42
# of unsupported tests 590
Compiler version: 4.8.0 20120925 (experimental) [trunk revision 191687] (GCC)
Platform: sh4-unknown-linux-gnu
configure flags: --host=i686-pc-linux-gnu --target=sh4-unknown-linux-gnu --enable-build-with-cxx --enable-lto --enable-shared --enable-threads=posix --enable-clocale=gnu --enable-libitm --enable-libgcj --with-ld=/usr/local/bin/sh4-unknown-linux-gnu-ld --with-as=/usr/local/bin/sh4-unknown-linux-gnu-as --with-sysroot=/exp/ldroot --with-mpfr=/opt2/i686-pc-linux-gnu --with-mpc=/opt2/i686-pc-linux-gnu --with-libelf=/opt2/i686-pc-linux-gnu --with-ppl=no --enable-languages=c,c++,fortran,java,lto,objc
More information about the Gcc-testresults
mailing list