Results for 4.8.0 20120924 (experimental) [trunk revision 191664] (GCC) testsuite on sparc-sun-solaris2.11
Rainer Orth
ro@CeBiTec.Uni-Bielefeld.DE
Tue Sep 25 14:40:00 GMT 2012
LAST_UPDATED: Mon Sep 24 11:20:12 UTC 2012 (revision 191664)
Native configuration is sparc-sun-solaris2.11
=== g++ tests ===
Running target unix
FAIL: g++.dg/debug/dwarf2/nested-4.C -std=gnu++98 scan-assembler-times debug_types 2
FAIL: g++.dg/debug/dwarf2/nested-4.C -std=gnu++11 scan-assembler-times debug_types 2
FAIL: g++.dg/lto/20091219 cp_lto_20091219_0.o-cp_lto_20091219_0.o link, -O3 -flto
UNRESOLVED: g++.dg/lto/20091219 cp_lto_20091219_0.o-cp_lto_20091219_0.o execute -O3 -flto
=== g++ Summary for unix ===
# of expected passes 47722
# of unexpected failures 3
# of expected failures 286
# of unresolved testcases 1
# of unsupported tests 768
Running target unix/-m64
FAIL: g++.dg/debug/dwarf2/nested-4.C -std=gnu++98 scan-assembler-times debug_types 2
FAIL: g++.dg/debug/dwarf2/nested-4.C -std=gnu++11 scan-assembler-times debug_types 2
FAIL: g++.dg/lto/20091219 cp_lto_20091219_0.o-cp_lto_20091219_0.o link, -O3 -flto
UNRESOLVED: g++.dg/lto/20091219 cp_lto_20091219_0.o-cp_lto_20091219_0.o execute -O3 -flto
FAIL: g++.dg/torture/pr40924.C -Os execution test
=== g++ Summary for unix/-m64 ===
# of expected passes 48958
# of unexpected failures 4
# of expected failures 286
# of unresolved testcases 1
# of unsupported tests 761
=== g++ Summary ===
# of expected passes 96680
# of unexpected failures 7
# of expected failures 572
# of unresolved testcases 2
# of unsupported tests 1529
/var/gcc/regression/trunk/11-gcc/build/gcc/testsuite/g++/../../g++ version 4.8.0 20120924 (experimental) [trunk revision 191664] (GCC)
=== gcc tests ===
Running target unix
FAIL: gcc.c-torture/execute/20021120-1.c execution, -O2
FAIL: gcc.c-torture/execute/20021120-1.c execution, -O3 -fomit-frame-pointer
FAIL: gcc.c-torture/execute/20021120-1.c execution, -O3 -fomit-frame-pointer -funroll-loops
FAIL: gcc.c-torture/execute/20021120-1.c execution, -O3 -fomit-frame-pointer -funroll-all-loops -finline-functions
FAIL: gcc.c-torture/execute/20021120-1.c execution, -O3 -g
FAIL: gcc.c-torture/execute/20021120-1.c execution, -Os
FAIL: gcc.c-torture/execute/20021120-1.c execution, -O2 -flto -flto-partition=none
FAIL: gcc.c-torture/execute/20021120-1.c execution, -O2 -flto
FAIL: gcc.c-torture/execute/20041019-1.c execution, -Os
FAIL: gcc.c-torture/execute/920411-1.c execution, -Os
FAIL: gcc.c-torture/execute/pr33870-1.c execution, -Os
FAIL: gcc.c-torture/execute/pr33870.c execution, -Os
FAIL: gcc.c-torture/execute/pr39501.c execution, -O2
FAIL: gcc.c-torture/execute/pr39501.c execution, -O3 -fomit-frame-pointer
FAIL: gcc.c-torture/execute/pr39501.c execution, -O3 -g
FAIL: gcc.c-torture/execute/pr39501.c execution, -Os
FAIL: gcc.c-torture/execute/pr39501.c execution, -O2 -flto -flto-partition=none
FAIL: gcc.c-torture/execute/pr39501.c execution, -O2 -flto
FAIL: gcc.c-torture/execute/pr42833.c execution, -O2
FAIL: gcc.c-torture/execute/pr42833.c execution, -Os
FAIL: gcc.c-torture/execute/pr42833.c execution, -O2 -flto -flto-partition=none
FAIL: gcc.c-torture/execute/pr42833.c execution, -O2 -flto
FAIL: gcc.c-torture/execute/pr51466.c execution, -O2
FAIL: gcc.c-torture/execute/pr51466.c execution, -O3 -fomit-frame-pointer
FAIL: gcc.c-torture/execute/pr51466.c execution, -O3 -g
FAIL: gcc.c-torture/execute/pr51466.c execution, -Os
FAIL: gcc.c-torture/execute/pr51466.c execution, -O2 -flto -flto-partition=none
FAIL: gcc.c-torture/execute/pr51466.c execution, -O2 -flto
WARNING: program timed out.
FAIL: gcc.c-torture/execute/ieee/compare-fp-2.c execution, -O2
FAIL: gcc.c-torture/execute/ieee/compare-fp-2.c execution, -O3 -fomit-frame-pointer
FAIL: gcc.c-torture/execute/ieee/compare-fp-2.c execution, -O3 -g
FAIL: gcc.c-torture/execute/ieee/compare-fp-2.c execution, -O2 -flto -flto-partition=none
FAIL: gcc.c-torture/execute/ieee/compare-fp-2.c execution, -O2 -flto
FAIL: gcc.c-torture/execute/ieee/copysign1.c execution, -O3 -fomit-frame-pointer -funroll-loops
FAIL: gcc.c-torture/execute/ieee/copysign1.c execution, -O3 -fomit-frame-pointer -funroll-all-loops -finline-functions
FAIL: gcc.c-torture/execute/ieee/fp-cmp-5.c execution, -O2
FAIL: gcc.c-torture/execute/ieee/fp-cmp-5.c execution, -O3 -fomit-frame-pointer
FAIL: gcc.c-torture/execute/ieee/fp-cmp-5.c execution, -O3 -fomit-frame-pointer -funroll-loops
FAIL: gcc.c-torture/execute/ieee/fp-cmp-5.c execution, -O3 -fomit-frame-pointer -funroll-all-loops -finline-functions
FAIL: gcc.c-torture/execute/ieee/fp-cmp-5.c execution, -O3 -g
FAIL: gcc.c-torture/execute/ieee/fp-cmp-5.c execution, -Os
FAIL: gcc.c-torture/execute/ieee/fp-cmp-5.c execution, -O2 -flto -flto-partition=none
FAIL: gcc.c-torture/execute/ieee/fp-cmp-5.c execution, -O2 -flto
FAIL: gcc.c-torture/execute/ieee/fp-cmp-8.c execution, -O2
FAIL: gcc.c-torture/execute/ieee/fp-cmp-8.c execution, -O3 -fomit-frame-pointer
FAIL: gcc.c-torture/execute/ieee/fp-cmp-8.c execution, -O3 -fomit-frame-pointer -funroll-loops
FAIL: gcc.c-torture/execute/ieee/fp-cmp-8.c execution, -O3 -fomit-frame-pointer -funroll-all-loops -finline-functions
FAIL: gcc.c-torture/execute/ieee/fp-cmp-8.c execution, -O3 -g
FAIL: gcc.c-torture/execute/ieee/fp-cmp-8.c execution, -Os
FAIL: gcc.c-torture/execute/ieee/fp-cmp-8.c execution, -O2 -flto -flto-partition=none
FAIL: gcc.c-torture/execute/ieee/fp-cmp-8.c execution, -O2 -flto
FAIL: gcc.c-torture/execute/ieee/fp-cmp-8f.c execution, -O2
FAIL: gcc.c-torture/execute/ieee/fp-cmp-8f.c execution, -O3 -fomit-frame-pointer
FAIL: gcc.c-torture/execute/ieee/fp-cmp-8f.c execution, -O3 -g
FAIL: gcc.c-torture/execute/ieee/fp-cmp-8f.c execution, -Os
FAIL: gcc.c-torture/execute/ieee/fp-cmp-8f.c execution, -O2 -flto -flto-partition=none
FAIL: gcc.c-torture/execute/ieee/fp-cmp-8f.c execution, -O2 -flto
FAIL: gcc.c-torture/execute/ieee/mul-subnormal-single-1.c execution, -O2
FAIL: gcc.c-torture/execute/ieee/mul-subnormal-single-1.c execution, -O3 -fomit-frame-pointer
FAIL: gcc.c-torture/execute/ieee/mul-subnormal-single-1.c execution, -O3 -fomit-frame-pointer -funroll-loops
FAIL: gcc.c-torture/execute/ieee/mul-subnormal-single-1.c execution, -O3 -fomit-frame-pointer -funroll-all-loops -finline-functions
FAIL: gcc.c-torture/execute/ieee/mul-subnormal-single-1.c execution, -O3 -g
FAIL: gcc.c-torture/execute/ieee/mul-subnormal-single-1.c execution, -Os
FAIL: gcc.c-torture/execute/ieee/mul-subnormal-single-1.c execution, -O2 -flto -flto-partition=none
FAIL: gcc.c-torture/execute/ieee/mul-subnormal-single-1.c execution, -O2 -flto
FAIL: gcc.c-torture/execute/ieee/mzero3.c execution, -O2
FAIL: gcc.c-torture/execute/ieee/mzero3.c execution, -O3 -fomit-frame-pointer
FAIL: gcc.c-torture/execute/ieee/mzero3.c execution, -O3 -g
FAIL: gcc.c-torture/execute/ieee/mzero3.c execution, -Os
FAIL: gcc.c-torture/execute/ieee/mzero3.c execution, -O2 -flto -flto-partition=none
FAIL: gcc.c-torture/execute/ieee/mzero3.c execution, -O2 -flto
FAIL: gcc.c-torture/execute/ieee/pr38016.c execution, -O2
FAIL: gcc.c-torture/execute/ieee/pr38016.c execution, -O3 -fomit-frame-pointer
FAIL: gcc.c-torture/execute/ieee/pr38016.c execution, -O3 -g
FAIL: gcc.c-torture/execute/ieee/pr38016.c execution, -Os
FAIL: gcc.c-torture/execute/ieee/pr38016.c execution, -O2 -flto -flto-partition=none
FAIL: gcc.c-torture/execute/ieee/pr38016.c execution, -O2 -flto
FAIL: gcc.dg/20040625-1.c execution test
XPASS: gcc.dg/Wstrict-overflow-18.c (test for bogus messages, line 20)
FAIL: gcc.dg/attr-weakref-1.c (test for excess errors)
WARNING: gcc.dg/attr-weakref-1.c compilation failed to produce executable
FAIL: gcc.dg/builtin-object-size-8.c execution test
FAIL: gcc.dg/builtins-24.c execution test
FAIL: gcc.dg/builtins-51.c execution test
FAIL: gcc.dg/cdce1.c execution test
FAIL: gcc.dg/pr46728-9.c execution test
FAIL: gcc.dg/lto/20120723 c_lto_20120723_0.o-c_lto_20120723_1.o execute -O3 -fno-early-inlining -flto
FAIL: gcc.dg/simulate-thread/atomic-other-int.c -O2 -g thread simulation test
FAIL: gcc.dg/simulate-thread/atomic-other-int.c -O3 -g thread simulation test
FAIL: gcc.dg/simulate-thread/atomic-other-short.c -O2 -g thread simulation test
FAIL: gcc.dg/simulate-thread/speculative-store-4.c -O0 -g thread simulation test
FAIL: gcc.dg/simulate-thread/speculative-store-4.c -O2 -g thread simulation test
FAIL: gcc.dg/simulate-thread/speculative-store-4.c -O3 -g thread simulation test
FAIL: gcc.dg/simulate-thread/speculative-store.c -O0 -g thread simulation test
FAIL: gcc.dg/torture/pr39074.c -O2 execution test
FAIL: gcc.dg/torture/pr39074.c -O3 -fomit-frame-pointer execution test
FAIL: gcc.dg/torture/pr39074.c -O3 -g execution test
FAIL: gcc.dg/torture/pr39074.c -Os execution test
FAIL: gcc.dg/torture/pr39074.c -O2 -flto -flto-partition=none execution test
FAIL: gcc.dg/torture/pr39074.c -O2 -flto execution test
FAIL: gcc.dg/torture/pr45967-3.c -Os execution test
FAIL: gcc.dg/torture/pr45967.c -Os execution test
FAIL: gcc.dg/torture/pr51106-2.c -O0 (test for excess errors)
FAIL: gcc.dg/torture/pr51106-2.c -O1 (test for excess errors)
FAIL: gcc.dg/torture/pr51106-2.c -O2 (test for excess errors)
FAIL: gcc.dg/torture/pr51106-2.c -O3 -fomit-frame-pointer (test for excess errors)
FAIL: gcc.dg/torture/pr51106-2.c -O3 -g (test for excess errors)
FAIL: gcc.dg/torture/pr51106-2.c -Os (test for excess errors)
FAIL: gcc.dg/torture/pr51106-2.c -O2 -flto -flto-partition=none (test for excess errors)
FAIL: gcc.dg/torture/pr51106-2.c -O2 -flto (test for excess errors)
FAIL: gcc.dg/vect/vect-iv-9.c execution test
FAIL: gcc.dg/vect/vect-iv-9.c -flto execution test
FAIL: gcc.dg/vect/no-scevccp-vect-iv-1.c execution test
FAIL: gcc.dg/vect/no-scevccp-outer-14.c execution test
FAIL: gcc.dg/vect/no-scevccp-noreassoc-outer-4.c execution test
=== gcc Summary for unix ===
# of expected passes 80440
# of unexpected failures 113
# of unexpected successes 1
# of expected failures 320
# of unsupported tests 1604
Running target unix/-m64
FAIL: gcc.c-torture/execute/20021120-1.c execution, -O2
FAIL: gcc.c-torture/execute/20021120-1.c execution, -O3 -fomit-frame-pointer
FAIL: gcc.c-torture/execute/20021120-1.c execution, -O3 -fomit-frame-pointer -funroll-loops
FAIL: gcc.c-torture/execute/20021120-1.c execution, -O3 -fomit-frame-pointer -funroll-all-loops -finline-functions
FAIL: gcc.c-torture/execute/20021120-1.c execution, -O3 -g
FAIL: gcc.c-torture/execute/20021120-1.c execution, -Os
FAIL: gcc.c-torture/execute/20021120-1.c execution, -O2 -flto -flto-partition=none
FAIL: gcc.c-torture/execute/20021120-1.c execution, -O2 -flto
FAIL: gcc.c-torture/execute/20041019-1.c execution, -Os
FAIL: gcc.c-torture/execute/20050604-1.c execution, -Os
FAIL: gcc.c-torture/execute/930930-2.c execution, -Os
FAIL: gcc.c-torture/execute/950628-1.c execution, -Os
FAIL: gcc.c-torture/execute/990525-2.c execution, -Os
FAIL: gcc.c-torture/execute/pr33870-1.c execution, -Os
FAIL: gcc.c-torture/execute/pr33870.c execution, -Os
FAIL: gcc.c-torture/execute/pr42833.c execution, -O2
FAIL: gcc.c-torture/execute/pr42833.c execution, -O3 -fomit-frame-pointer
FAIL: gcc.c-torture/execute/pr42833.c execution, -O3 -fomit-frame-pointer -funroll-loops
FAIL: gcc.c-torture/execute/pr42833.c execution, -O3 -fomit-frame-pointer -funroll-all-loops -finline-functions
FAIL: gcc.c-torture/execute/pr42833.c execution, -O3 -g
FAIL: gcc.c-torture/execute/pr42833.c execution, -Os
FAIL: gcc.c-torture/execute/pr42833.c execution, -O2 -flto -flto-partition=none
FAIL: gcc.c-torture/execute/pr42833.c execution, -O2 -flto
FAIL: gcc.c-torture/execute/pr51466.c execution, -O2
FAIL: gcc.c-torture/execute/pr51466.c execution, -O3 -fomit-frame-pointer
FAIL: gcc.c-torture/execute/pr51466.c execution, -O3 -g
FAIL: gcc.c-torture/execute/pr51466.c execution, -Os
FAIL: gcc.c-torture/execute/pr51466.c execution, -O2 -flto -flto-partition=none
FAIL: gcc.c-torture/execute/pr51466.c execution, -O2 -flto
FAIL: gcc.c-torture/execute/ieee/compare-fp-2.c execution, -O2
FAIL: gcc.c-torture/execute/ieee/compare-fp-2.c execution, -O3 -fomit-frame-pointer
FAIL: gcc.c-torture/execute/ieee/compare-fp-2.c execution, -O3 -g
FAIL: gcc.c-torture/execute/ieee/compare-fp-2.c execution, -O2 -flto -flto-partition=none
FAIL: gcc.c-torture/execute/ieee/compare-fp-2.c execution, -O2 -flto
FAIL: gcc.c-torture/execute/ieee/mul-subnormal-single-1.c execution, -O2
FAIL: gcc.c-torture/execute/ieee/mul-subnormal-single-1.c execution, -O3 -fomit-frame-pointer
FAIL: gcc.c-torture/execute/ieee/mul-subnormal-single-1.c execution, -O3 -fomit-frame-pointer -funroll-loops
FAIL: gcc.c-torture/execute/ieee/mul-subnormal-single-1.c execution, -O3 -fomit-frame-pointer -funroll-all-loops -finline-functions
FAIL: gcc.c-torture/execute/ieee/mul-subnormal-single-1.c execution, -O3 -g
FAIL: gcc.c-torture/execute/ieee/mul-subnormal-single-1.c execution, -Os
FAIL: gcc.c-torture/execute/ieee/mul-subnormal-single-1.c execution, -O2 -flto -flto-partition=none
FAIL: gcc.c-torture/execute/ieee/mul-subnormal-single-1.c execution, -O2 -flto
XPASS: gcc.dg/Wstrict-overflow-18.c (test for bogus messages, line 20)
FAIL: gcc.dg/attr-weakref-1.c (test for excess errors)
WARNING: gcc.dg/attr-weakref-1.c compilation failed to produce executable
FAIL: gcc.dg/builtin-object-size-8.c execution test
FAIL: gcc.dg/trampoline-1.c execution test
FAIL: gcc.dg/graphite/interchange-7.c execution test
FAIL: gcc.dg/torture/pr26258.c -Os execution test
FAIL: gcc.dg/torture/pr39074.c -O2 execution test
FAIL: gcc.dg/torture/pr39074.c -O3 -fomit-frame-pointer execution test
FAIL: gcc.dg/torture/pr39074.c -O3 -g execution test
FAIL: gcc.dg/torture/pr39074.c -Os execution test
FAIL: gcc.dg/torture/pr39074.c -O2 -flto -flto-partition=none execution test
FAIL: gcc.dg/torture/pr39074.c -O2 -flto execution test
FAIL: gcc.dg/torture/pr39903-1.c -O2 execution test
FAIL: gcc.dg/torture/pr39903-1.c -O3 -fomit-frame-pointer execution test
FAIL: gcc.dg/torture/pr39903-1.c -O3 -g execution test
FAIL: gcc.dg/torture/pr39903-1.c -Os execution test
FAIL: gcc.dg/torture/pr39903-1.c -O2 -flto -flto-partition=none execution test
FAIL: gcc.dg/torture/pr39903-1.c -O2 -flto execution test
FAIL: gcc.dg/torture/pr39903-2.c -O2 execution test
FAIL: gcc.dg/torture/pr39903-2.c -O3 -fomit-frame-pointer execution test
FAIL: gcc.dg/torture/pr39903-2.c -O3 -g execution test
FAIL: gcc.dg/torture/pr39903-2.c -Os execution test
FAIL: gcc.dg/torture/pr39903-2.c -O2 -flto -flto-partition=none execution test
FAIL: gcc.dg/torture/pr39903-2.c -O2 -flto execution test
FAIL: gcc.dg/torture/pr51106-2.c -O0 (test for excess errors)
FAIL: gcc.dg/torture/pr51106-2.c -O1 (test for excess errors)
FAIL: gcc.dg/torture/pr51106-2.c -O2 (test for excess errors)
FAIL: gcc.dg/torture/pr51106-2.c -O3 -fomit-frame-pointer (test for excess errors)
FAIL: gcc.dg/torture/pr51106-2.c -O3 -g (test for excess errors)
FAIL: gcc.dg/torture/pr51106-2.c -Os (test for excess errors)
FAIL: gcc.dg/torture/pr51106-2.c -O2 -flto -flto-partition=none (test for excess errors)
FAIL: gcc.dg/torture/pr51106-2.c -O2 -flto (test for excess errors)
FAIL: gcc.dg/vect/vect-iv-9.c execution test
FAIL: gcc.dg/vect/vect-iv-9.c -flto execution test
FAIL: gcc.dg/vect/no-scevccp-vect-iv-1.c execution test
FAIL: gcc.dg/vect/no-scevccp-noreassoc-outer-4.c execution test
=== gcc Summary for unix/-m64 ===
# of expected passes 81154
# of unexpected failures 77
# of unexpected successes 1
# of expected failures 309
# of unsupported tests 1585
=== gcc Summary ===
# of expected passes 161594
# of unexpected failures 190
# of unexpected successes 2
# of expected failures 629
# of unsupported tests 3189
/var/gcc/regression/trunk/11-gcc/build/gcc/xgcc version 4.8.0 20120924 (experimental) [trunk revision 191664] (GCC)
=== gfortran tests ===
Running target unix
FAIL: gfortran.dg/specifics_1.f90 -O1 execution test
FAIL: gfortran.dg/specifics_1.f90 -O2 execution test
FAIL: gfortran.dg/specifics_1.f90 -O3 -fomit-frame-pointer execution test
FAIL: gfortran.dg/specifics_1.f90 -O3 -fomit-frame-pointer -funroll-loops execution test
FAIL: gfortran.dg/specifics_1.f90 -O3 -fomit-frame-pointer -funroll-all-loops -finline-functions execution test
FAIL: gfortran.dg/specifics_1.f90 -O3 -g execution test
FAIL: gfortran.dg/specifics_1.f90 -Os execution test
FAIL: gfortran.dg/typebound_operator_13.f03 -O0 (internal compiler error)
FAIL: gfortran.dg/typebound_operator_13.f03 -O0 (test for excess errors)
WARNING: gfortran.dg/typebound_operator_13.f03 -O0 compilation failed to produce executable
FAIL: gfortran.dg/typebound_operator_13.f03 -O1 (internal compiler error)
FAIL: gfortran.dg/typebound_operator_13.f03 -O1 (test for excess errors)
WARNING: gfortran.dg/typebound_operator_13.f03 -O1 compilation failed to produce executable
FAIL: gfortran.dg/typebound_operator_13.f03 -O2 (internal compiler error)
FAIL: gfortran.dg/typebound_operator_13.f03 -O2 (test for excess errors)
WARNING: gfortran.dg/typebound_operator_13.f03 -O2 compilation failed to produce executable
FAIL: gfortran.dg/typebound_operator_13.f03 -O3 -fomit-frame-pointer (internal compiler error)
FAIL: gfortran.dg/typebound_operator_13.f03 -O3 -fomit-frame-pointer (test for excess errors)
WARNING: gfortran.dg/typebound_operator_13.f03 -O3 -fomit-frame-pointer compilation failed to produce executable
FAIL: gfortran.dg/typebound_operator_13.f03 -O3 -fomit-frame-pointer -funroll-loops (internal compiler error)
FAIL: gfortran.dg/typebound_operator_13.f03 -O3 -fomit-frame-pointer -funroll-loops (test for excess errors)
WARNING: gfortran.dg/typebound_operator_13.f03 -O3 -fomit-frame-pointer -funroll-loops compilation failed to produce executable
FAIL: gfortran.dg/typebound_operator_13.f03 -O3 -fomit-frame-pointer -funroll-all-loops -finline-functions (internal compiler error)
FAIL: gfortran.dg/typebound_operator_13.f03 -O3 -fomit-frame-pointer -funroll-all-loops -finline-functions (test for excess errors)
WARNING: gfortran.dg/typebound_operator_13.f03 -O3 -fomit-frame-pointer -funroll-all-loops -finline-functions compilation failed to produce executable
FAIL: gfortran.dg/typebound_operator_13.f03 -O3 -g (internal compiler error)
FAIL: gfortran.dg/typebound_operator_13.f03 -O3 -g (test for excess errors)
WARNING: gfortran.dg/typebound_operator_13.f03 -O3 -g compilation failed to produce executable
FAIL: gfortran.dg/typebound_operator_13.f03 -Os (internal compiler error)
FAIL: gfortran.dg/typebound_operator_13.f03 -Os (test for excess errors)
WARNING: gfortran.dg/typebound_operator_13.f03 -Os compilation failed to produce executable
FAIL: gfortran.dg/typebound_operator_7.f03 -O0 (internal compiler error)
FAIL: gfortran.dg/typebound_operator_7.f03 -O0 (test for excess errors)
WARNING: gfortran.dg/typebound_operator_7.f03 -O0 compilation failed to produce executable
FAIL: gfortran.dg/typebound_operator_7.f03 -O1 (internal compiler error)
FAIL: gfortran.dg/typebound_operator_7.f03 -O1 (test for excess errors)
WARNING: gfortran.dg/typebound_operator_7.f03 -O1 compilation failed to produce executable
FAIL: gfortran.dg/typebound_operator_7.f03 -O2 (internal compiler error)
FAIL: gfortran.dg/typebound_operator_7.f03 -O2 (test for excess errors)
WARNING: gfortran.dg/typebound_operator_7.f03 -O2 compilation failed to produce executable
FAIL: gfortran.dg/typebound_operator_7.f03 -O3 -fomit-frame-pointer (internal compiler error)
FAIL: gfortran.dg/typebound_operator_7.f03 -O3 -fomit-frame-pointer (test for excess errors)
WARNING: gfortran.dg/typebound_operator_7.f03 -O3 -fomit-frame-pointer compilation failed to produce executable
FAIL: gfortran.dg/typebound_operator_7.f03 -O3 -fomit-frame-pointer -funroll-loops (internal compiler error)
FAIL: gfortran.dg/typebound_operator_7.f03 -O3 -fomit-frame-pointer -funroll-loops (test for excess errors)
WARNING: gfortran.dg/typebound_operator_7.f03 -O3 -fomit-frame-pointer -funroll-loops compilation failed to produce executable
FAIL: gfortran.dg/typebound_operator_7.f03 -O3 -fomit-frame-pointer -funroll-all-loops -finline-functions (internal compiler error)
FAIL: gfortran.dg/typebound_operator_7.f03 -O3 -fomit-frame-pointer -funroll-all-loops -finline-functions (test for excess errors)
WARNING: gfortran.dg/typebound_operator_7.f03 -O3 -fomit-frame-pointer -funroll-all-loops -finline-functions compilation failed to produce executable
FAIL: gfortran.dg/typebound_operator_7.f03 -O3 -g (internal compiler error)
FAIL: gfortran.dg/typebound_operator_7.f03 -O3 -g (test for excess errors)
WARNING: gfortran.dg/typebound_operator_7.f03 -O3 -g compilation failed to produce executable
FAIL: gfortran.dg/typebound_operator_7.f03 -Os (internal compiler error)
FAIL: gfortran.dg/typebound_operator_7.f03 -Os (test for excess errors)
WARNING: gfortran.dg/typebound_operator_7.f03 -Os compilation failed to produce executable
FAIL: gfortran.dg/vector_subscript_1.f90 -O3 -fomit-frame-pointer -funroll-loops execution test
FAIL: gfortran.dg/vector_subscript_1.f90 -O3 -fomit-frame-pointer -funroll-all-loops -finline-functions execution test
FAIL: gfortran.fortran-torture/execute/specifics.f90 execution, -O1
FAIL: gfortran.fortran-torture/execute/specifics.f90 execution, -O2
FAIL: gfortran.fortran-torture/execute/specifics.f90 execution, -O2 -fomit-frame-pointer -finline-functions
FAIL: gfortran.fortran-torture/execute/specifics.f90 execution, -O2 -fomit-frame-pointer -finline-functions -funroll-loops
FAIL: gfortran.fortran-torture/execute/specifics.f90 execution, -O2 -fbounds-check
FAIL: gfortran.fortran-torture/execute/specifics.f90 execution, -O3 -g
FAIL: gfortran.fortran-torture/execute/specifics.f90 execution, -Os
FAIL: gfortran.fortran-torture/execute/specifics.f90 execution, -O2 -ftree-vectorize -mcpu=ultrasparc -mvis
=== gfortran Summary for unix ===
# of expected passes 41842
# of unexpected failures 49
# of expected failures 58
# of unsupported tests 262
Running target unix/-m64
FAIL: gfortran.dg/array_constructor_4.f90 -O3 -fomit-frame-pointer execution test
FAIL: gfortran.dg/array_constructor_4.f90 -O3 -fomit-frame-pointer -funroll-loops execution test
FAIL: gfortran.dg/array_constructor_4.f90 -O3 -fomit-frame-pointer -funroll-all-loops -finline-functions execution test
FAIL: gfortran.dg/array_constructor_4.f90 -O3 -g execution test
FAIL: gfortran.dg/entry_16.f90 -Os execution test
FAIL: gfortran.dg/typebound_operator_13.f03 -O0 (internal compiler error)
FAIL: gfortran.dg/typebound_operator_13.f03 -O0 (test for excess errors)
WARNING: gfortran.dg/typebound_operator_13.f03 -O0 compilation failed to produce executable
FAIL: gfortran.dg/typebound_operator_13.f03 -O1 (internal compiler error)
FAIL: gfortran.dg/typebound_operator_13.f03 -O1 (test for excess errors)
WARNING: gfortran.dg/typebound_operator_13.f03 -O1 compilation failed to produce executable
FAIL: gfortran.dg/typebound_operator_13.f03 -O2 (internal compiler error)
FAIL: gfortran.dg/typebound_operator_13.f03 -O2 (test for excess errors)
WARNING: gfortran.dg/typebound_operator_13.f03 -O2 compilation failed to produce executable
FAIL: gfortran.dg/typebound_operator_13.f03 -O3 -fomit-frame-pointer (internal compiler error)
FAIL: gfortran.dg/typebound_operator_13.f03 -O3 -fomit-frame-pointer (test for excess errors)
WARNING: gfortran.dg/typebound_operator_13.f03 -O3 -fomit-frame-pointer compilation failed to produce executable
FAIL: gfortran.dg/typebound_operator_13.f03 -O3 -fomit-frame-pointer -funroll-loops (internal compiler error)
FAIL: gfortran.dg/typebound_operator_13.f03 -O3 -fomit-frame-pointer -funroll-loops (test for excess errors)
WARNING: gfortran.dg/typebound_operator_13.f03 -O3 -fomit-frame-pointer -funroll-loops compilation failed to produce executable
FAIL: gfortran.dg/typebound_operator_13.f03 -O3 -fomit-frame-pointer -funroll-all-loops -finline-functions (internal compiler error)
FAIL: gfortran.dg/typebound_operator_13.f03 -O3 -fomit-frame-pointer -funroll-all-loops -finline-functions (test for excess errors)
WARNING: gfortran.dg/typebound_operator_13.f03 -O3 -fomit-frame-pointer -funroll-all-loops -finline-functions compilation failed to produce executable
FAIL: gfortran.dg/typebound_operator_13.f03 -O3 -g (internal compiler error)
FAIL: gfortran.dg/typebound_operator_13.f03 -O3 -g (test for excess errors)
WARNING: gfortran.dg/typebound_operator_13.f03 -O3 -g compilation failed to produce executable
FAIL: gfortran.dg/typebound_operator_13.f03 -Os (internal compiler error)
FAIL: gfortran.dg/typebound_operator_13.f03 -Os (test for excess errors)
WARNING: gfortran.dg/typebound_operator_13.f03 -Os compilation failed to produce executable
FAIL: gfortran.dg/typebound_operator_7.f03 -O0 (internal compiler error)
FAIL: gfortran.dg/typebound_operator_7.f03 -O0 (test for excess errors)
WARNING: gfortran.dg/typebound_operator_7.f03 -O0 compilation failed to produce executable
FAIL: gfortran.dg/typebound_operator_7.f03 -O1 (internal compiler error)
FAIL: gfortran.dg/typebound_operator_7.f03 -O1 (test for excess errors)
WARNING: gfortran.dg/typebound_operator_7.f03 -O1 compilation failed to produce executable
FAIL: gfortran.dg/typebound_operator_7.f03 -O2 (internal compiler error)
FAIL: gfortran.dg/typebound_operator_7.f03 -O2 (test for excess errors)
WARNING: gfortran.dg/typebound_operator_7.f03 -O2 compilation failed to produce executable
FAIL: gfortran.dg/typebound_operator_7.f03 -O3 -fomit-frame-pointer (internal compiler error)
FAIL: gfortran.dg/typebound_operator_7.f03 -O3 -fomit-frame-pointer (test for excess errors)
WARNING: gfortran.dg/typebound_operator_7.f03 -O3 -fomit-frame-pointer compilation failed to produce executable
FAIL: gfortran.dg/typebound_operator_7.f03 -O3 -fomit-frame-pointer -funroll-loops (internal compiler error)
FAIL: gfortran.dg/typebound_operator_7.f03 -O3 -fomit-frame-pointer -funroll-loops (test for excess errors)
WARNING: gfortran.dg/typebound_operator_7.f03 -O3 -fomit-frame-pointer -funroll-loops compilation failed to produce executable
FAIL: gfortran.dg/typebound_operator_7.f03 -O3 -fomit-frame-pointer -funroll-all-loops -finline-functions (internal compiler error)
FAIL: gfortran.dg/typebound_operator_7.f03 -O3 -fomit-frame-pointer -funroll-all-loops -finline-functions (test for excess errors)
WARNING: gfortran.dg/typebound_operator_7.f03 -O3 -fomit-frame-pointer -funroll-all-loops -finline-functions compilation failed to produce executable
FAIL: gfortran.dg/typebound_operator_7.f03 -O3 -g (internal compiler error)
FAIL: gfortran.dg/typebound_operator_7.f03 -O3 -g (test for excess errors)
WARNING: gfortran.dg/typebound_operator_7.f03 -O3 -g compilation failed to produce executable
FAIL: gfortran.dg/typebound_operator_7.f03 -Os (internal compiler error)
FAIL: gfortran.dg/typebound_operator_7.f03 -Os (test for excess errors)
WARNING: gfortran.dg/typebound_operator_7.f03 -Os compilation failed to produce executable
FAIL: gfortran.fortran-torture/execute/entry_4.f90 execution, -O2 -ftree-vectorize -mcpu=ultrasparc -mvis
=== gfortran Summary for unix/-m64 ===
# of expected passes 42179
# of unexpected failures 38
# of expected failures 58
# of unsupported tests 102
=== gfortran Summary ===
# of expected passes 84021
# of unexpected failures 87
# of expected failures 116
# of unsupported tests 364
/var/gcc/regression/trunk/11-gcc/build/gcc/testsuite/gfortran/../../gfortran version 4.8.0 20120924 (experimental) [trunk revision 191664] (GCC)
=== go tests ===
Running target unix
=== go Summary for unix ===
# of expected passes 3288
# of expected failures 4
# of untested testcases 7
Running target unix/-m64
=== go Summary for unix/-m64 ===
# of expected passes 3288
# of expected failures 4
# of untested testcases 7
=== go Summary ===
# of expected passes 6576
# of expected failures 8
# of untested testcases 14
/var/gcc/regression/trunk/11-gcc/build/gcc/testsuite/go/../../gccgo version 4.8.0 20120924 (experimental) [trunk revision 191664] (GCC)
=== obj-c++ tests ===
Running target unix
=== obj-c++ Summary for unix ===
# of expected passes 1450
# of expected failures 2
# of unsupported tests 86
Running target unix/-m64
=== obj-c++ Summary for unix/-m64 ===
# of expected passes 1442
# of expected failures 10
# of unsupported tests 86
=== obj-c++ Summary ===
# of expected passes 2892
# of expected failures 12
# of unsupported tests 172
/var/gcc/regression/trunk/11-gcc/build/gcc/testsuite/obj-c++/../../g++ version 4.8.0 20120924 (experimental) [trunk revision 191664] (GCC)
=== objc tests ===
Running target unix
=== objc Summary for unix ===
# of expected passes 2994
# of unsupported tests 74
Running target unix/-m64
=== objc Summary for unix/-m64 ===
# of expected passes 2994
# of unsupported tests 74
=== objc Summary ===
# of expected passes 5988
# of unsupported tests 148
/var/gcc/regression/trunk/11-gcc/build/gcc/xgcc version 4.8.0 20120924 (experimental) [trunk revision 191664] (GCC)
=== boehm-gc tests ===
Running target unix
=== boehm-gc Summary for unix ===
# of expected passes 12
# of unsupported tests 1
Running target unix/-m64
=== boehm-gc Summary for unix/-m64 ===
# of expected passes 12
# of unsupported tests 1
=== boehm-gc Summary ===
# of expected passes 24
# of unsupported tests 2
=== libatomic tests ===
Running target unix
=== libatomic Summary for unix ===
# of expected passes 34
# of unsupported tests 10
Running target unix/-m64
=== libatomic Summary for unix/-m64 ===
# of expected passes 44
# of unsupported tests 5
=== libatomic Summary ===
# of expected passes 78
# of unsupported tests 15
=== libffi tests ===
Running target unix
FAIL: libffi.call/cls_double.c -O2 output pattern test, is 0.000000: 21474.789000
FAIL: libffi.call/cls_float.c -O2 output pattern test, is 1.46256e-309: -2122.12
FAIL: libffi.call/float4.c -O2 execution test
FAIL: libffi.call/return_dbl.c -O2 execution test
FAIL: libffi.call/return_dbl1.c -O2 execution test
FAIL: libffi.call/return_dbl2.c -O2 execution test
FAIL: libffi.call/return_fl.c -O2 execution test
FAIL: libffi.call/return_fl1.c -O2 execution test
FAIL: libffi.call/return_fl2.c -O2 execution test
FAIL: libffi.call/return_fl3.c -O2 execution test
FAIL: libffi.call/cls_double.c -O3 output pattern test, is 0.000000: 21474.789000
FAIL: libffi.call/cls_float.c -O3 output pattern test, is 1.46256e-309: -2122.12
FAIL: libffi.call/float4.c -O3 execution test
FAIL: libffi.call/return_dbl.c -O3 execution test
FAIL: libffi.call/return_dbl1.c -O3 execution test
FAIL: libffi.call/return_dbl2.c -O3 execution test
FAIL: libffi.call/return_fl.c -O3 execution test
FAIL: libffi.call/return_fl1.c -O3 execution test
FAIL: libffi.call/return_fl2.c -O3 execution test
FAIL: libffi.call/return_fl3.c -O3 execution test
FAIL: libffi.call/float4.c -Os execution test
FAIL: libffi.call/return_dbl.c -Os execution test
FAIL: libffi.call/return_dbl1.c -Os execution test
FAIL: libffi.call/return_dbl2.c -Os execution test
FAIL: libffi.call/return_fl.c -Os execution test
FAIL: libffi.call/return_fl1.c -Os execution test
FAIL: libffi.call/return_fl2.c -Os execution test
FAIL: libffi.call/return_fl3.c -Os execution test
FAIL: libffi.call/cls_double.c -O2 -fomit-frame-pointer output pattern test, is 0.000000: 21474.789000
FAIL: libffi.call/cls_float.c -O2 -fomit-frame-pointer output pattern test, is 1.46256e-309: -2122.12
FAIL: libffi.call/float4.c -O2 -fomit-frame-pointer execution test
FAIL: libffi.call/return_dbl.c -O2 -fomit-frame-pointer execution test
FAIL: libffi.call/return_dbl1.c -O2 -fomit-frame-pointer execution test
FAIL: libffi.call/return_dbl2.c -O2 -fomit-frame-pointer execution test
FAIL: libffi.call/return_fl.c -O2 -fomit-frame-pointer execution test
FAIL: libffi.call/return_fl1.c -O2 -fomit-frame-pointer execution test
FAIL: libffi.call/return_fl2.c -O2 -fomit-frame-pointer execution test
FAIL: libffi.call/return_fl3.c -O2 -fomit-frame-pointer execution test
=== libffi Summary for unix ===
# of expected passes 1621
# of unexpected failures 38
# of unsupported tests 55
Running target unix/-m64
FAIL: libffi.call/return_dbl1.c -O2 execution test
FAIL: libffi.call/return_dbl2.c -O2 execution test
FAIL: libffi.call/return_fl3.c -O2 execution test
FAIL: libffi.call/struct5.c -O2 execution test
FAIL: libffi.call/return_dbl1.c -O3 execution test
FAIL: libffi.call/return_dbl2.c -O3 execution test
FAIL: libffi.call/return_fl3.c -O3 execution test
FAIL: libffi.call/struct5.c -O3 execution test
FAIL: libffi.call/struct5.c -Os execution test
FAIL: libffi.call/struct7.c -Os execution test
FAIL: libffi.call/return_dbl1.c -O2 -fomit-frame-pointer execution test
FAIL: libffi.call/return_dbl2.c -O2 -fomit-frame-pointer execution test
FAIL: libffi.call/return_fl3.c -O2 -fomit-frame-pointer execution test
FAIL: libffi.call/struct5.c -O2 -fomit-frame-pointer execution test
=== libffi Summary for unix/-m64 ===
# of expected passes 1645
# of unexpected failures 14
# of unsupported tests 55
=== libffi Summary ===
# of expected passes 3266
# of unexpected failures 52
# of unsupported tests 110
=== libgo tests ===
Running target unix
FAIL: text/template
FAIL: testing/quick
=== libgo Summary for unix ===
# of expected passes 122
# of unexpected failures 2
Running target unix/-m64
FAIL: exp/norm
=== libgo Summary for unix/-m64 ===
# of expected passes 123
# of unexpected failures 1
=== libgo Summary ===
# of expected passes 245
# of unexpected failures 3
/var/gcc/regression/trunk/11-gcc/build/./gcc/gccgo version 4.8.0 20120924 (experimental) [trunk revision 191664] (GCC)
=== libgomp tests ===
Running target unix
FAIL: libgomp.fortran/reduction1.f90 -O3 -g (internal compiler error)
FAIL: libgomp.fortran/reduction1.f90 -O3 -g (test for excess errors)
WARNING: libgomp.fortran/reduction1.f90 -O3 -g compilation failed to produce executable
FAIL: libgomp.fortran/retval1.f90 -O3 -g (internal compiler error)
FAIL: libgomp.fortran/retval1.f90 -O3 -g (test for excess errors)
WARNING: libgomp.fortran/retval1.f90 -O3 -g compilation failed to produce executable
FAIL: libgomp.fortran/threadprivate2.f90 -O3 -g (internal compiler error)
FAIL: libgomp.fortran/threadprivate2.f90 -O3 -g (test for excess errors)
WARNING: libgomp.fortran/threadprivate2.f90 -O3 -g compilation failed to produce executable
=== libgomp Summary for unix ===
# of expected passes 2967
# of unexpected failures 6
# of unsupported tests 3
Running target unix/-m64
FAIL: libgomp.fortran/reduction1.f90 -O3 -g (internal compiler error)
FAIL: libgomp.fortran/reduction1.f90 -O3 -g (test for excess errors)
WARNING: libgomp.fortran/reduction1.f90 -O3 -g compilation failed to produce executable
FAIL: libgomp.fortran/retval1.f90 -O3 -g (internal compiler error)
FAIL: libgomp.fortran/retval1.f90 -O3 -g (test for excess errors)
WARNING: libgomp.fortran/retval1.f90 -O3 -g compilation failed to produce executable
FAIL: libgomp.fortran/threadprivate2.f90 -O3 -g (internal compiler error)
FAIL: libgomp.fortran/threadprivate2.f90 -O3 -g (test for excess errors)
WARNING: libgomp.fortran/threadprivate2.f90 -O3 -g compilation failed to produce executable
=== libgomp Summary for unix/-m64 ===
# of expected passes 2967
# of unexpected failures 6
# of unsupported tests 3
=== libgomp Summary ===
# of expected passes 5934
# of unexpected failures 12
# of unsupported tests 6
=== libitm tests ===
Running target unix
=== libitm Summary for unix ===
# of expected passes 26
# of expected failures 3
# of unsupported tests 1
Running target unix/-m64
=== libitm Summary for unix/-m64 ===
# of expected passes 26
# of expected failures 3
# of unsupported tests 1
=== libitm Summary ===
# of expected passes 52
# of expected failures 6
# of unsupported tests 2
=== libjava tests ===
Running target unix
FAIL: sourcelocation output - source compiled test
FAIL: sourcelocation -findirect-dispatch output - source compiled test
FAIL: sourcelocation -O3 output - source compiled test
FAIL: sourcelocation -O3 -findirect-dispatch output - source compiled test
=== libjava Summary for unix ===
# of expected passes 2582
# of unexpected failures 4
Running target unix/-m64
FAIL: sourcelocation output - source compiled test
FAIL: sourcelocation -findirect-dispatch output - source compiled test
FAIL: sourcelocation -O3 output - source compiled test
FAIL: sourcelocation -O3 -findirect-dispatch output - source compiled test
=== libjava Summary for unix/-m64 ===
# of expected passes 2582
# of unexpected failures 4
=== libjava Summary ===
# of expected passes 5164
# of unexpected failures 8
=== libmudflap tests ===
Running target unix
=== libmudflap Summary for unix ===
# of expected passes 1442
Running target unix/-m64
FAIL: libmudflap.c++/pass55-frag.cxx ( -O) execution test
FAIL: libmudflap.c++/pass55-frag.cxx (-O2) execution test
FAIL: libmudflap.c++/pass55-frag.cxx (-O3) execution test
=== libmudflap Summary for unix/-m64 ===
# of expected passes 1439
# of unexpected failures 3
=== libmudflap Summary ===
# of expected passes 2881
# of unexpected failures 3
=== libstdc++ tests ===
Running target unix
FAIL: libstdc++-abi/abi_check
FAIL: 20_util/function/2.cc execution test
FAIL: 20_util/function/3.cc execution test
FAIL: 20_util/function/4.cc execution test
FAIL: 20_util/function/7.cc execution test
FAIL: 20_util/reference_wrapper/invoke.cc execution test
FAIL: ext/random/simd_fast_mersenne_twister_engine/cons/default.cc execution test
FAIL: tr1/3_function_objects/function/2.cc execution test
FAIL: tr1/3_function_objects/function/3.cc execution test
FAIL: tr1/3_function_objects/function/4.cc execution test
FAIL: tr1/3_function_objects/function/7.cc execution test
FAIL: tr1/3_function_objects/reference_wrapper/invoke.cc execution test
=== libstdc++ Summary for unix ===
# of expected passes 8088
# of unexpected failures 12
# of expected failures 42
# of unsupported tests 539
Running target unix/-m64
FAIL: libstdc++-abi/abi_check
FAIL: 22_locale/money_get/get/char/19.cc execution test
FAIL: 22_locale/money_get/get/char/6.cc execution test
FAIL: 22_locale/money_get/get/char/8.cc execution test
FAIL: 22_locale/money_get/get/wchar_t/19.cc execution test
FAIL: 22_locale/money_get/get/wchar_t/6.cc execution test
FAIL: 22_locale/money_get/get/wchar_t/8.cc execution test
FAIL: 22_locale/money_put/put/char/5.cc execution test
FAIL: 22_locale/money_put/put/wchar_t/5.cc execution test
FAIL: ext/random/simd_fast_mersenne_twister_engine/cons/default.cc execution test
=== libstdc++ Summary for unix/-m64 ===
# of expected passes 8090
# of unexpected failures 10
# of expected failures 42
# of unsupported tests 539
=== libstdc++ Summary ===
# of expected passes 16178
# of unexpected failures 22
# of expected failures 84
# of unsupported tests 1078
Compiler version: 4.8.0 20120924 (experimental) [trunk revision 191664] (GCC)
Platform: sparc-sun-solaris2.11
configure flags: --prefix=/vol/gcc --target=sparc-sun-solaris2.11 --enable-checking=release --enable-objc-gc --enable-libmudflap --with-host-libstdcxx='-L/vol/gcc-4.4/lib -Wl,-Bstatic -lstdc++ -Wl,-Bdynamic -lm' --with-boot-ldflags='-static-libstdc++ -static-libgcc -L/vol/gcc-4.4/lib' --with-gmp-include=/vol/gcc/include --with-gmp-lib=/vol/gcc/lib --with-mpfr-include=/vol/gcc/include --with-mpfr-lib=/vol/gcc/lib --with-mpc-include=/vol/gcc/include --with-mpc-lib=/vol/gcc/lib --enable-languages=all,ada,obj-c++,go --with-isl-include=/vol/gcc/include --with-isl-lib=/vol/gcc/lib --with-cloog-include=/vol/gcc/include --with-cloog-lib=/vol/gcc/lib --enable-cloog-backend=isl --enable-languages=all,go,obj-c++
BOOT_CFLAGS=-g -O2
More information about the Gcc-testresults
mailing list