Results for 4.7.2 20120917 (prerelease) [gcc-4_7-branch revision 191408] (GCC) testsuite on hppa2.0w-hp-hpux11.11
John David Anglin
dave@hiauly3.hia.nrc.ca
Wed Sep 19 21:56:00 GMT 2012
=== acats tests ===
=== acats Summary ===
# of expected passes 2320
# of unexpected failures 0
Native configuration is hppa2.0w-hp-hpux11.11
=== g++ tests ===
Running target unix
UNRESOLVED: g++.dg/ext/label13.C -std=gnu++98 compilation failed to produce executable
UNRESOLVED: g++.dg/ext/label13.C -std=gnu++11 compilation failed to produce executable
WARNING: program timed out.
FAIL: c-c++-common/simulate-thread/bitfields-2.c -Os -g thread simulation test
=== g++ Summary ===
# of expected passes 42483
# of unexpected failures 1
# of expected failures 290
# of unresolved testcases 2
# of unsupported tests 964
/mnt/gnu/gcc/objdir-test/gcc/testsuite/g++/../../g++ version 4.7.2 20120917 (prerelease) [gcc-4_7-branch revision 191408] (GCC)
=== gcc tests ===
Running target unix
WARNING: program timed out.
XPASS: gcc.dg/torture/pr52402.c -O0 execution test
FAIL: gcc.dg/torture/pr53922.c -O0 (test for excess errors)
UNRESOLVED: gcc.dg/torture/pr53922.c -O0 compilation failed to produce executable
FAIL: gcc.dg/torture/pr53922.c -O1 (test for excess errors)
UNRESOLVED: gcc.dg/torture/pr53922.c -O1 compilation failed to produce executable
FAIL: gcc.dg/torture/pr53922.c -O2 (test for excess errors)
UNRESOLVED: gcc.dg/torture/pr53922.c -O2 compilation failed to produce executable
FAIL: gcc.dg/torture/pr53922.c -O3 -fomit-frame-pointer (test for excess errors)
UNRESOLVED: gcc.dg/torture/pr53922.c -O3 -fomit-frame-pointer compilation failed to produce executable
FAIL: gcc.dg/torture/pr53922.c -O3 -g (test for excess errors)
UNRESOLVED: gcc.dg/torture/pr53922.c -O3 -g compilation failed to produce executable
FAIL: gcc.dg/torture/pr53922.c -Os (test for excess errors)
UNRESOLVED: gcc.dg/torture/pr53922.c -Os compilation failed to produce executable
=== gcc Summary ===
# of expected passes 59458
# of unexpected failures 6
# of unexpected successes 1
# of expected failures 121
# of unresolved testcases 6
# of unsupported tests 1393
/mnt/gnu/gcc/objdir-test/gcc/xgcc version 4.7.2 20120917 (prerelease) [gcc-4_7-branch revision 191408] (GCC)
=== gfortran tests ===
Running target unix
FAIL: gfortran.dg/pr45636.f90 -O scan-tree-dump-times forwprop2 "memset" 0
=== gfortran Summary ===
# of expected passes 39379
# of unexpected failures 1
# of expected failures 42
# of unsupported tests 396
/mnt/gnu/gcc/objdir-test/gcc/testsuite/gfortran/../../gfortran version 4.7.2 20120917 (prerelease) [gcc-4_7-branch revision 191408] (GCC)
=== gnat tests ===
Running target unix
FAIL: gnat.dg/lto15.adb (test for excess errors)
=== gnat Summary ===
# of expected passes 1094
# of unexpected failures 1
# of expected failures 14
# of unsupported tests 11
/mnt/gnu/gcc/objdir-test/gcc/gnatmake version 4.7.2 20120917 (prerelease) [gcc-4_7-branch revision 191408]
=== obj-c++ tests ===
Running target unix
=== obj-c++ Summary ===
# of expected passes 1408
# of expected failures 2
# of unsupported tests 69
/mnt/gnu/gcc/objdir-test/gcc/testsuite/obj-c++/../../g++ version 4.7.2 20120917 (prerelease) [gcc-4_7-branch revision 191408] (GCC)
=== objc tests ===
Running target unix
=== objc Summary ===
# of expected passes 2920
# of unsupported tests 65
/mnt/gnu/gcc/objdir-test/gcc/xgcc version 4.7.2 20120917 (prerelease) [gcc-4_7-branch revision 191408] (GCC)
=== boehm-gc tests ===
Running target unix
FAIL: boehm-gc.c/gctest.c -O2 (test for excess errors)
FAIL: boehm-gc.c/leak_test.c -O2 (test for excess errors)
FAIL: boehm-gc.c/middle.c -O2 (test for excess errors)
FAIL: boehm-gc.c/thread_leak_test.c -O2 (test for excess errors)
FAIL: boehm-gc.lib/staticrootstest.c -O2 (test for excess errors)
=== boehm-gc Summary ===
# of expected passes 7
# of unexpected failures 5
# of unsupported tests 1
=== libffi tests ===
Running target unix
=== libffi Summary ===
# of expected passes 1634
# of expected failures 10
# of unsupported tests 55
=== libgomp tests ===
Running target unix
=== libgomp Summary ===
# of expected passes 2910
# of unsupported tests 10
=== libjava tests ===
Running target unix
FAIL: LargeFile execution - source compiled test
FAIL: LargeFile -findirect-dispatch execution - source compiled test
FAIL: LargeFile -O3 execution - source compiled test
FAIL: LargeFile -O3 -findirect-dispatch execution - source compiled test
FAIL: test_long -findirect-dispatch output - source compiled test
=== libjava Summary ===
# of expected passes 2565
# of unexpected failures 5
# of untested testcases 4
=== libstdc++ tests ===
Running target unix
=== libstdc++ Summary ===
# of expected passes 7341
# of expected failures 43
# of unsupported tests 807
Compiler version: 4.7.2 20120917 (prerelease) [gcc-4_7-branch revision 191408] (GCC)
Platform: hppa2.0w-hp-hpux11.11
configure flags:Test Run By dave on Tue Sep 18 03:08:08 EDT 2012
More information about the Gcc-testresults
mailing list