Results for 4.8.0 20121030 (experimental) (GCC) testsuite on s390-ibm-linux-gnu esa
Andreas Krebbel
Andreas.Krebbel@de.ibm.com
Tue Oct 30 22:56:00 GMT 2012
LAST_UPDATED: Tue Oct 30 19:31:02 UTC 2012 (revision 192991)
=== acats tests ===
FAIL: c52103x
FAIL: c52104x
FAIL: c52104y
=== acats Summary ===
# of expected passes 2317
# of unexpected failures 3
Native configuration is s390-ibm-linux-gnu esa
=== g++ tests ===
Running target unix
FAIL: g++.dg/ext/attr-ifunc-1.C -std=gnu++98 execution test
FAIL: g++.dg/ext/attr-ifunc-1.C -std=gnu++11 execution test
FAIL: g++.dg/ext/attr-ifunc-2.C -std=gnu++98 execution test
FAIL: g++.dg/ext/attr-ifunc-2.C -std=gnu++11 execution test
FAIL: g++.dg/ext/attr-ifunc-3.C -std=gnu++98 execution test
FAIL: g++.dg/ext/attr-ifunc-3.C -std=gnu++11 execution test
FAIL: g++.dg/ext/attr-ifunc-4.C -std=gnu++98 execution test
FAIL: g++.dg/ext/attr-ifunc-4.C -std=gnu++11 execution test
FAIL: g++.dg/other/vector-compare.C (internal compiler error)
FAIL: g++.dg/other/vector-compare.C (test for excess errors)
WARNING: program timed out.
FAIL: g++.dg/tree-ssa/pr45453.C -std=gnu++98 (test for excess errors)
UNRESOLVED: g++.dg/tree-ssa/pr45453.C -std=gnu++98 scan-tree-dump-times optimized "OBJ_TYPE_REF" 1
WARNING: program timed out.
FAIL: g++.dg/tree-ssa/pr45453.C -std=gnu++11 (test for excess errors)
UNRESOLVED: g++.dg/tree-ssa/pr45453.C -std=gnu++11 scan-tree-dump-times optimized "OBJ_TYPE_REF" 1
FAIL: g++.dg/torture/pr46154.C -O2 (internal compiler error)
FAIL: g++.dg/torture/pr46154.C -O2 (test for excess errors)
FAIL: g++.dg/torture/pr46154.C -O3 -fomit-frame-pointer (internal compiler error)
FAIL: g++.dg/torture/pr46154.C -O3 -fomit-frame-pointer (test for excess errors)
FAIL: g++.dg/torture/pr46154.C -O3 -g (internal compiler error)
FAIL: g++.dg/torture/pr46154.C -O3 -g (test for excess errors)
FAIL: g++.dg/torture/pr46154.C -O2 -flto -fno-use-linker-plugin -flto-partition=none (internal compiler error)
FAIL: g++.dg/torture/pr46154.C -O2 -flto -fno-use-linker-plugin -flto-partition=none (test for excess errors)
=== g++ Summary ===
# of expected passes 49841
# of unexpected failures 20
# of expected failures 288
# of unresolved testcases 2
# of unsupported tests 812
-esa/gcc/testsuite/g++/../../g++ version 4.8.0 20121030 (experimental) (GCC)
=== gcc tests ===
Running target unix
FAIL: gcc.dg/autopar/pr49960.c scan-tree-dump-times parloops "SUCCESS: may be parallelized" 0
FAIL: gcc.dg/autopar/pr49960.c scan-tree-dump-times optimized "loopfn" 0
FAIL: gcc.dg/attr-ifunc-1.c execution test
FAIL: gcc.dg/attr-ifunc-3.c execution test
FAIL: gcc.dg/attr-ifunc-4.c execution test
FAIL: gcc.dg/attr-ifunc-5.c execution test
FAIL: gcc.dg/attr-weakref-1.c (test for excess errors)
WARNING: gcc.dg/attr-weakref-1.c compilation failed to produce executable
FAIL: gcc.dg/builtin-object-size-8.c execution test
FAIL: gcc.dg/c99-stdint-1.c (test for excess errors)
FAIL: gcc.dg/hoist-register-pressure-1.c scan-rtl-dump hoist "PRE/HOIST: end of bb .* copying expression"
FAIL: gcc.dg/hoist-register-pressure-2.c scan-rtl-dump hoist "PRE/HOIST: end of bb .* copying expression"
FAIL: gcc.dg/sms-3.c execution test
FAIL: gcc.dg/sms-5.c execution test
FAIL: gcc.dg/sms-7.c execution test
FAIL: gcc.dg/sms-9.c execution test
FAIL: gcc.dg/uninit-13.c unconditional (test for warnings, line 8)
FAIL: gcc.dg/uninit-13.c (test for excess errors)
XPASS: gcc.dg/guality/example.c -O0 execution test
XPASS: gcc.dg/guality/example.c -O1 execution test
XPASS: gcc.dg/guality/example.c -O2 execution test
XPASS: gcc.dg/guality/example.c -Os execution test
XPASS: gcc.dg/guality/example.c -O2 -flto -fno-use-linker-plugin -flto-partition=none execution test
XPASS: gcc.dg/guality/guality.c -O0 execution test
XPASS: gcc.dg/guality/inline-params.c -O2 execution test
XPASS: gcc.dg/guality/inline-params.c -O3 -fomit-frame-pointer execution test
XPASS: gcc.dg/guality/inline-params.c -O3 -g execution test
XPASS: gcc.dg/guality/inline-params.c -Os execution test
XPASS: gcc.dg/guality/inline-params.c -O2 -flto -fno-use-linker-plugin -flto-partition=none execution test
FAIL: gcc.dg/guality/pr36728-1.c -O2 -flto -fuse-linker-plugin -fno-fat-lto-objects line 12 arg4 == 4
FAIL: gcc.dg/guality/pr36728-1.c -O2 -flto -fuse-linker-plugin -fno-fat-lto-objects line 14 arg4 == 4
XPASS: gcc.dg/guality/pr41353-1.c -O0 line 28 j == 28 + 37
XPASS: gcc.dg/guality/pr41447-1.c -O0 execution test
XPASS: gcc.dg/guality/pr41616-1.c -O0 execution test
XPASS: gcc.dg/guality/pr41616-1.c -O1 execution test
XPASS: gcc.dg/guality/pr41616-1.c -O2 execution test
XPASS: gcc.dg/guality/pr41616-1.c -O3 -fomit-frame-pointer execution test
XPASS: gcc.dg/guality/pr41616-1.c -O3 -g execution test
XPASS: gcc.dg/guality/pr41616-1.c -Os execution test
XPASS: gcc.dg/guality/pr41616-1.c -O2 -flto -fno-use-linker-plugin -flto-partition=none execution test
FAIL: gcc.dg/guality/pr54200.c -O1 line 20 z == 3
FAIL: gcc.dg/guality/pr54200.c -O2 line 20 z == 3
FAIL: gcc.dg/guality/pr54200.c -O3 -fomit-frame-pointer line 20 z == 3
FAIL: gcc.dg/guality/pr54200.c -O3 -g line 20 z == 3
FAIL: gcc.dg/guality/pr54200.c -Os line 20 z == 3
FAIL: gcc.dg/guality/pr54200.c -O2 -flto -fno-use-linker-plugin -flto-partition=none line 20 z == 3
FAIL: gcc.dg/guality/pr54200.c -O2 -flto -fuse-linker-plugin -fno-fat-lto-objects line 20 z == 3
FAIL: gcc.dg/guality/pr54519-1.c -O2 -flto -fno-use-linker-plugin -flto-partition=none line 20 y == 25
FAIL: gcc.dg/guality/pr54519-1.c -O2 -flto -fno-use-linker-plugin -flto-partition=none line 20 z == 6
FAIL: gcc.dg/guality/pr54519-1.c -O2 -flto -fno-use-linker-plugin -flto-partition=none line 23 y == 117
FAIL: gcc.dg/guality/pr54519-1.c -O2 -flto -fno-use-linker-plugin -flto-partition=none line 23 z == 8
FAIL: gcc.dg/guality/pr54519-2.c -O2 -flto -fno-use-linker-plugin -flto-partition=none line 17 y == 25
FAIL: gcc.dg/guality/pr54519-2.c -O2 -flto -fuse-linker-plugin -fno-fat-lto-objects line 17 y == 25
FAIL: gcc.dg/guality/pr54519-5.c -O2 line 17 y == 25
FAIL: gcc.dg/guality/pr54519-5.c -O3 -fomit-frame-pointer line 17 y == 25
FAIL: gcc.dg/guality/pr54519-5.c -O3 -g line 17 y == 25
FAIL: gcc.dg/guality/pr54519-5.c -Os line 17 y == 25
FAIL: gcc.dg/guality/pr54519-5.c -O2 -flto -fno-use-linker-plugin -flto-partition=none line 17 y == 25
FAIL: gcc.dg/guality/pr54519-5.c -O2 -flto -fuse-linker-plugin -fno-fat-lto-objects line 17 y == 25
FAIL: gcc.dg/guality/pr54796.c -O2 -flto -fuse-linker-plugin -fno-fat-lto-objects line 17 a == 5
FAIL: gcc.dg/guality/pr54796.c -O2 -flto -fuse-linker-plugin -fno-fat-lto-objects line 17 b == 6
FAIL: gcc.dg/guality/pr54796.c -O2 -flto -fuse-linker-plugin -fno-fat-lto-objects line 17 c == 5
FAIL: gcc.dg/guality/pr54970.c -O1 line 15 a[0] == 1
FAIL: gcc.dg/guality/pr54970.c -O1 line 20 a[0] == 1
FAIL: gcc.dg/guality/pr54970.c -O1 line 25 a[0] == 1
FAIL: gcc.dg/guality/pr54970.c -O1 line 31 *p == 6
FAIL: gcc.dg/guality/pr54970.c -O1 line 31 *q == 5
FAIL: gcc.dg/guality/pr54970.c -O1 line 36 *p == 26
FAIL: gcc.dg/guality/pr54970.c -O1 line 36 *q == 5
FAIL: gcc.dg/guality/pr54970.c -O1 line 45 *p == 26
FAIL: gcc.dg/guality/pr54970.c -O1 line 45 p[-1] == 25
FAIL: gcc.dg/guality/pr54970.c -O1 line 45 p[-2] == 4
FAIL: gcc.dg/guality/pr54970.c -O1 line 45 q[-1] == 4
FAIL: gcc.dg/guality/pr54970.c -O1 line 45 q[1] == 26
FAIL: gcc.dg/guality/pr54970.c -O1 line 45 *q == 25
FAIL: gcc.dg/guality/pr54970.c -O2 line 15 a[0] == 1
FAIL: gcc.dg/guality/pr54970.c -O2 line 20 a[0] == 1
FAIL: gcc.dg/guality/pr54970.c -O2 line 25 a[0] == 1
FAIL: gcc.dg/guality/pr54970.c -O2 line 31 *p == 6
FAIL: gcc.dg/guality/pr54970.c -O2 line 31 *q == 5
FAIL: gcc.dg/guality/pr54970.c -O2 line 36 *p == 26
FAIL: gcc.dg/guality/pr54970.c -O2 line 36 *q == 5
FAIL: gcc.dg/guality/pr54970.c -O2 line 45 *p == 26
FAIL: gcc.dg/guality/pr54970.c -O2 line 45 p[-1] == 25
FAIL: gcc.dg/guality/pr54970.c -O2 line 45 p[-2] == 4
FAIL: gcc.dg/guality/pr54970.c -O2 line 45 q[-1] == 4
FAIL: gcc.dg/guality/pr54970.c -O2 line 45 q[1] == 26
FAIL: gcc.dg/guality/pr54970.c -O2 line 45 *q == 25
FAIL: gcc.dg/guality/pr54970.c -O3 -fomit-frame-pointer line 15 a[0] == 1
FAIL: gcc.dg/guality/pr54970.c -O3 -fomit-frame-pointer line 20 a[0] == 1
FAIL: gcc.dg/guality/pr54970.c -O3 -fomit-frame-pointer line 25 a[0] == 1
FAIL: gcc.dg/guality/pr54970.c -O3 -fomit-frame-pointer line 31 *p == 6
FAIL: gcc.dg/guality/pr54970.c -O3 -fomit-frame-pointer line 31 *q == 5
FAIL: gcc.dg/guality/pr54970.c -O3 -fomit-frame-pointer line 36 *p == 26
FAIL: gcc.dg/guality/pr54970.c -O3 -fomit-frame-pointer line 36 *q == 5
FAIL: gcc.dg/guality/pr54970.c -O3 -fomit-frame-pointer line 45 *p == 26
FAIL: gcc.dg/guality/pr54970.c -O3 -fomit-frame-pointer line 45 p[-1] == 25
FAIL: gcc.dg/guality/pr54970.c -O3 -fomit-frame-pointer line 45 p[-2] == 4
FAIL: gcc.dg/guality/pr54970.c -O3 -fomit-frame-pointer line 45 q[-1] == 4
FAIL: gcc.dg/guality/pr54970.c -O3 -fomit-frame-pointer line 45 q[1] == 26
FAIL: gcc.dg/guality/pr54970.c -O3 -fomit-frame-pointer line 45 *q == 25
FAIL: gcc.dg/guality/pr54970.c -O3 -g line 15 a[0] == 1
FAIL: gcc.dg/guality/pr54970.c -O3 -g line 20 a[0] == 1
FAIL: gcc.dg/guality/pr54970.c -O3 -g line 25 a[0] == 1
FAIL: gcc.dg/guality/pr54970.c -O3 -g line 31 *p == 6
FAIL: gcc.dg/guality/pr54970.c -O3 -g line 31 *q == 5
FAIL: gcc.dg/guality/pr54970.c -O3 -g line 36 *p == 26
FAIL: gcc.dg/guality/pr54970.c -O3 -g line 36 *q == 5
FAIL: gcc.dg/guality/pr54970.c -O3 -g line 45 *p == 26
FAIL: gcc.dg/guality/pr54970.c -O3 -g line 45 p[-1] == 25
FAIL: gcc.dg/guality/pr54970.c -O3 -g line 45 p[-2] == 4
FAIL: gcc.dg/guality/pr54970.c -O3 -g line 45 q[-1] == 4
FAIL: gcc.dg/guality/pr54970.c -O3 -g line 45 q[1] == 26
FAIL: gcc.dg/guality/pr54970.c -O3 -g line 45 *q == 25
FAIL: gcc.dg/guality/pr54970.c -Os line 15 a[0] == 1
FAIL: gcc.dg/guality/pr54970.c -Os line 20 a[0] == 1
FAIL: gcc.dg/guality/pr54970.c -Os line 25 a[0] == 1
FAIL: gcc.dg/guality/pr54970.c -Os line 31 *p == 6
FAIL: gcc.dg/guality/pr54970.c -Os line 31 *q == 5
FAIL: gcc.dg/guality/pr54970.c -Os line 36 *p == 26
FAIL: gcc.dg/guality/pr54970.c -Os line 36 *q == 5
FAIL: gcc.dg/guality/pr54970.c -Os line 45 *p == 26
FAIL: gcc.dg/guality/pr54970.c -Os line 45 p[-1] == 25
FAIL: gcc.dg/guality/pr54970.c -Os line 45 p[-2] == 4
FAIL: gcc.dg/guality/pr54970.c -Os line 45 q[-1] == 4
FAIL: gcc.dg/guality/pr54970.c -Os line 45 q[1] == 26
FAIL: gcc.dg/guality/pr54970.c -Os line 45 *q == 25
FAIL: gcc.dg/guality/pr54970.c -O2 -flto -fno-use-linker-plugin -flto-partition=none line 15 a[0] == 1
FAIL: gcc.dg/guality/pr54970.c -O2 -flto -fno-use-linker-plugin -flto-partition=none line 20 a[0] == 1
FAIL: gcc.dg/guality/pr54970.c -O2 -flto -fno-use-linker-plugin -flto-partition=none line 25 a[0] == 1
FAIL: gcc.dg/guality/pr54970.c -O2 -flto -fno-use-linker-plugin -flto-partition=none line 31 *p == 6
FAIL: gcc.dg/guality/pr54970.c -O2 -flto -fno-use-linker-plugin -flto-partition=none line 31 *q == 5
FAIL: gcc.dg/guality/pr54970.c -O2 -flto -fno-use-linker-plugin -flto-partition=none line 36 *p == 26
FAIL: gcc.dg/guality/pr54970.c -O2 -flto -fno-use-linker-plugin -flto-partition=none line 36 *q == 5
FAIL: gcc.dg/guality/pr54970.c -O2 -flto -fno-use-linker-plugin -flto-partition=none line 45 *p == 26
FAIL: gcc.dg/guality/pr54970.c -O2 -flto -fno-use-linker-plugin -flto-partition=none line 45 p[-1] == 25
FAIL: gcc.dg/guality/pr54970.c -O2 -flto -fno-use-linker-plugin -flto-partition=none line 45 p[-2] == 4
FAIL: gcc.dg/guality/pr54970.c -O2 -flto -fno-use-linker-plugin -flto-partition=none line 45 q[-1] == 4
FAIL: gcc.dg/guality/pr54970.c -O2 -flto -fno-use-linker-plugin -flto-partition=none line 45 q[1] == 26
FAIL: gcc.dg/guality/pr54970.c -O2 -flto -fno-use-linker-plugin -flto-partition=none line 45 *q == 25
FAIL: gcc.dg/guality/pr54970.c -O2 -flto -fuse-linker-plugin -fno-fat-lto-objects line 15 a[0] == 1
FAIL: gcc.dg/guality/pr54970.c -O2 -flto -fuse-linker-plugin -fno-fat-lto-objects line 20 a[0] == 1
FAIL: gcc.dg/guality/pr54970.c -O2 -flto -fuse-linker-plugin -fno-fat-lto-objects line 25 a[0] == 1
FAIL: gcc.dg/guality/pr54970.c -O2 -flto -fuse-linker-plugin -fno-fat-lto-objects line 31 *p == 6
FAIL: gcc.dg/guality/pr54970.c -O2 -flto -fuse-linker-plugin -fno-fat-lto-objects line 31 *q == 5
FAIL: gcc.dg/guality/pr54970.c -O2 -flto -fuse-linker-plugin -fno-fat-lto-objects line 36 *p == 26
FAIL: gcc.dg/guality/pr54970.c -O2 -flto -fuse-linker-plugin -fno-fat-lto-objects line 36 *q == 5
FAIL: gcc.dg/guality/pr54970.c -O2 -flto -fuse-linker-plugin -fno-fat-lto-objects line 45 *p == 26
FAIL: gcc.dg/guality/pr54970.c -O2 -flto -fuse-linker-plugin -fno-fat-lto-objects line 45 p[-1] == 25
FAIL: gcc.dg/guality/pr54970.c -O2 -flto -fuse-linker-plugin -fno-fat-lto-objects line 45 p[-2] == 4
FAIL: gcc.dg/guality/pr54970.c -O2 -flto -fuse-linker-plugin -fno-fat-lto-objects line 45 q[-1] == 4
FAIL: gcc.dg/guality/pr54970.c -O2 -flto -fuse-linker-plugin -fno-fat-lto-objects line 45 q[1] == 26
FAIL: gcc.dg/guality/pr54970.c -O2 -flto -fuse-linker-plugin -fno-fat-lto-objects line 45 *q == 25
FAIL: gcc.dg/guality/sra-1.c -O1 line 43 a.i == 4
FAIL: gcc.dg/guality/sra-1.c -O1 line 43 a.j == 14
FAIL: gcc.dg/guality/sra-1.c -O2 line 43 a.i == 4
FAIL: gcc.dg/guality/sra-1.c -O2 line 43 a.j == 14
FAIL: gcc.dg/guality/sra-1.c -O3 -fomit-frame-pointer line 43 a.i == 4
FAIL: gcc.dg/guality/sra-1.c -O3 -fomit-frame-pointer line 43 a.j == 14
FAIL: gcc.dg/guality/sra-1.c -O3 -g line 43 a.i == 4
FAIL: gcc.dg/guality/sra-1.c -O3 -g line 43 a.j == 14
FAIL: gcc.dg/guality/sra-1.c -Os line 43 a.i == 4
FAIL: gcc.dg/guality/sra-1.c -Os line 43 a.j == 14
FAIL: gcc.dg/guality/sra-1.c -O2 -flto -fno-use-linker-plugin -flto-partition=none line 43 a.i == 4
FAIL: gcc.dg/guality/sra-1.c -O2 -flto -fno-use-linker-plugin -flto-partition=none line 43 a.j == 14
FAIL: gcc.dg/guality/sra-1.c -O2 -flto -fuse-linker-plugin -fno-fat-lto-objects line 43 a.i == 4
FAIL: gcc.dg/guality/sra-1.c -O2 -flto -fuse-linker-plugin -fno-fat-lto-objects line 43 a.j == 14
FAIL: gcc.dg/guality/vla-1.c -O0 line 17 sizeof (a) == 6
FAIL: gcc.dg/guality/vla-1.c -O0 line 24 sizeof (a) == 17 * sizeof (short)
FAIL: gcc.dg/guality/vla-1.c -O1 line 17 sizeof (a) == 6
FAIL: gcc.dg/guality/vla-1.c -O1 line 24 sizeof (a) == 17 * sizeof (short)
FAIL: gcc.dg/guality/vla-1.c -O2 line 17 sizeof (a) == 6
FAIL: gcc.dg/guality/vla-1.c -O2 line 24 sizeof (a) == 17 * sizeof (short)
FAIL: gcc.dg/guality/vla-1.c -O3 -fomit-frame-pointer line 17 sizeof (a) == 6
FAIL: gcc.dg/guality/vla-1.c -O3 -fomit-frame-pointer line 24 sizeof (a) == 17 * sizeof (short)
FAIL: gcc.dg/guality/vla-1.c -O3 -g line 17 sizeof (a) == 6
FAIL: gcc.dg/guality/vla-1.c -O3 -g line 24 sizeof (a) == 17 * sizeof (short)
FAIL: gcc.dg/guality/vla-1.c -Os line 17 sizeof (a) == 6
FAIL: gcc.dg/guality/vla-1.c -Os line 24 sizeof (a) == 17 * sizeof (short)
FAIL: gcc.dg/guality/vla-1.c -O2 -flto -fno-use-linker-plugin -flto-partition=none line 17 sizeof (a) == 6
FAIL: gcc.dg/guality/vla-1.c -O2 -flto -fno-use-linker-plugin -flto-partition=none line 24 sizeof (a) == 17 * sizeof (short)
FAIL: gcc.dg/guality/vla-1.c -O2 -flto -fuse-linker-plugin -fno-fat-lto-objects line 17 sizeof (a) == 6
FAIL: gcc.dg/guality/vla-1.c -O2 -flto -fuse-linker-plugin -fno-fat-lto-objects line 24 sizeof (a) == 17 * sizeof (short)
FAIL: gcc.dg/guality/vla-2.c -O0 line 16 sizeof (a) == 5 * sizeof (int)
FAIL: gcc.dg/guality/vla-2.c -O0 line 25 sizeof (a) == 6 * sizeof (int)
FAIL: gcc.dg/guality/vla-2.c -O1 line 16 sizeof (a) == 5 * sizeof (int)
FAIL: gcc.dg/guality/vla-2.c -O1 line 25 sizeof (a) == 6 * sizeof (int)
FAIL: gcc.dg/guality/vla-2.c -O2 line 16 sizeof (a) == 5 * sizeof (int)
FAIL: gcc.dg/guality/vla-2.c -O2 line 25 sizeof (a) == 6 * sizeof (int)
FAIL: gcc.dg/guality/vla-2.c -O3 -fomit-frame-pointer line 16 sizeof (a) == 5 * sizeof (int)
FAIL: gcc.dg/guality/vla-2.c -O3 -fomit-frame-pointer line 25 sizeof (a) == 6 * sizeof (int)
FAIL: gcc.dg/guality/vla-2.c -O3 -g line 16 sizeof (a) == 5 * sizeof (int)
FAIL: gcc.dg/guality/vla-2.c -O3 -g line 25 sizeof (a) == 6 * sizeof (int)
FAIL: gcc.dg/guality/vla-2.c -Os line 16 sizeof (a) == 5 * sizeof (int)
FAIL: gcc.dg/guality/vla-2.c -Os line 25 sizeof (a) == 6 * sizeof (int)
FAIL: gcc.dg/guality/vla-2.c -O2 -flto -fno-use-linker-plugin -flto-partition=none line 16 sizeof (a) == 5 * sizeof (int)
FAIL: gcc.dg/guality/vla-2.c -O2 -flto -fno-use-linker-plugin -flto-partition=none line 25 sizeof (a) == 6 * sizeof (int)
FAIL: gcc.dg/guality/vla-2.c -O2 -flto -fuse-linker-plugin -fno-fat-lto-objects line 16 sizeof (a) == 5 * sizeof (int)
FAIL: gcc.dg/pch/save-temps-1.c -O0 -g assembly comparison
FAIL: gcc.dg/pch/save-temps-1.c -O3 -g assembly comparison
FAIL: gcc.dg/torture/pr51106-2.c -O0 (internal compiler error)
FAIL: gcc.dg/torture/pr51106-2.c -O0 (test for excess errors)
FAIL: gcc.dg/torture/pr51106-2.c -O1 (internal compiler error)
FAIL: gcc.dg/torture/pr51106-2.c -O1 (test for excess errors)
FAIL: gcc.dg/torture/pr51106-2.c -O2 (internal compiler error)
FAIL: gcc.dg/torture/pr51106-2.c -O2 (test for excess errors)
FAIL: gcc.dg/torture/pr51106-2.c -O3 -fomit-frame-pointer (internal compiler error)
FAIL: gcc.dg/torture/pr51106-2.c -O3 -fomit-frame-pointer (test for excess errors)
FAIL: gcc.dg/torture/pr51106-2.c -O3 -g (internal compiler error)
FAIL: gcc.dg/torture/pr51106-2.c -O3 -g (test for excess errors)
FAIL: gcc.dg/torture/pr51106-2.c -Os (internal compiler error)
FAIL: gcc.dg/torture/pr51106-2.c -Os (test for excess errors)
FAIL: gcc.dg/torture/pr51106-2.c -O2 -flto -fno-use-linker-plugin -flto-partition=none (internal compiler error)
FAIL: gcc.dg/torture/pr51106-2.c -O2 -flto -fno-use-linker-plugin -flto-partition=none (test for excess errors)
XPASS: gcc.dg/tree-ssa/20040204-1.c scan-tree-dump-times optimized "link_error" 0
=== gcc Summary ===
# of expected passes 81177
# of unexpected failures 193
# of unexpected successes 21
# of expected failures 134
# of unsupported tests 1377
-esa/gcc/xgcc version 4.8.0 20121030 (experimental) (GCC)
=== gfortran tests ===
Running target unix
FAIL: gfortran.dg/character_array_constructor_1.f90 -O3 -fomit-frame-pointer -funroll-loops execution test
FAIL: gfortran.dg/character_array_constructor_1.f90 -O3 -fomit-frame-pointer -funroll-all-loops -finline-functions execution test
XPASS: gfortran.dg/do_1.f90 -O0 execution test
XPASS: gfortran.dg/do_1.f90 -O1 execution test
FAIL: gfortran.dg/lto/pr45586-2 f_lto_pr45586-2_0.o-f_lto_pr45586-2_0.o link, -O0 -flto -flto-partition=none -fuse-linker-plugin (internal compiler error)
UNRESOLVED: gfortran.dg/lto/pr45586-2 f_lto_pr45586-2_0.o-f_lto_pr45586-2_0.o execute -O0 -flto -flto-partition=none -fuse-linker-plugin
FAIL: gfortran.dg/lto/pr45586-2 f_lto_pr45586-2_0.o-f_lto_pr45586-2_0.o link, -O0 -flto -flto-partition=1to1 -fno-use-linker-plugin (internal compiler error)
UNRESOLVED: gfortran.dg/lto/pr45586-2 f_lto_pr45586-2_0.o-f_lto_pr45586-2_0.o execute -O0 -flto -flto-partition=1to1 -fno-use-linker-plugin
FAIL: gfortran.dg/lto/pr45586-2 f_lto_pr45586-2_0.o-f_lto_pr45586-2_0.o link, -O0 -flto -fuse-linker-plugin -fno-fat-lto-objects (internal compiler error)
UNRESOLVED: gfortran.dg/lto/pr45586-2 f_lto_pr45586-2_0.o-f_lto_pr45586-2_0.o execute -O0 -flto -fuse-linker-plugin -fno-fat-lto-objects
FAIL: gfortran.dg/lto/pr45586 f_lto_pr45586_0.o-f_lto_pr45586_0.o link, -O0 -flto -flto-partition=none -fuse-linker-plugin (internal compiler error)
UNRESOLVED: gfortran.dg/lto/pr45586 f_lto_pr45586_0.o-f_lto_pr45586_0.o execute -O0 -flto -flto-partition=none -fuse-linker-plugin
FAIL: gfortran.dg/lto/pr45586 f_lto_pr45586_0.o-f_lto_pr45586_0.o link, -O0 -flto -flto-partition=1to1 -fno-use-linker-plugin (internal compiler error)
UNRESOLVED: gfortran.dg/lto/pr45586 f_lto_pr45586_0.o-f_lto_pr45586_0.o execute -O0 -flto -flto-partition=1to1 -fno-use-linker-plugin
FAIL: gfortran.dg/lto/pr45586 f_lto_pr45586_0.o-f_lto_pr45586_0.o link, -O0 -flto -fuse-linker-plugin -fno-fat-lto-objects (internal compiler error)
UNRESOLVED: gfortran.dg/lto/pr45586 f_lto_pr45586_0.o-f_lto_pr45586_0.o execute -O0 -flto -fuse-linker-plugin -fno-fat-lto-objects
FAIL: gfortran.fortran-torture/execute/entry_3.f90 execution, -O2 -fomit-frame-pointer -finline-functions -funroll-loops
=== gfortran Summary ===
# of expected passes 41366
# of unexpected failures 9
# of unexpected successes 2
# of expected failures 48
# of unresolved testcases 6
# of unsupported tests 237
-esa/gcc/testsuite/gfortran/../../gfortran version 4.8.0 20121030 (experimental) (GCC)
=== gnat tests ===
Running target unix
FAIL: gnat.dg/array11.adb (test for warnings, line 12)
FAIL: gnat.dg/object_overflow.adb (test for warnings, line 8)
=== gnat Summary ===
# of expected passes 1109
# of unexpected failures 2
# of expected failures 17
# of unsupported tests 11
-esa/gcc/gnatmake version 4.8.0 20121030 (experimental)
=== obj-c++ tests ===
Running target unix
=== obj-c++ Summary ===
# of expected passes 1450
# of expected failures 2
# of unsupported tests 86
-esa/gcc/testsuite/obj-c++/../../g++ version 4.8.0 20121030 (experimental) (GCC)
=== objc tests ===
Running target unix
=== objc Summary ===
# of expected passes 2994
# of unsupported tests 74
-esa/gcc/xgcc version 4.8.0 20121030 (experimental) (GCC)
=== boehm-gc tests ===
Running target unix
=== boehm-gc Summary ===
# of expected passes 12
# of unsupported tests 1
=== libatomic tests ===
Running target unix
=== libatomic Summary ===
# of expected passes 34
# of unsupported tests 10
=== libffi tests ===
Running target unix
=== libffi Summary ===
# of expected passes 1659
# of unsupported tests 55
=== libgomp tests ===
Running target unix
=== libgomp Summary ===
# of expected passes 2930
# of unsupported tests 1
=== libjava tests ===
Running target unix
=== libjava Summary ===
# of expected passes 2586
=== libmudflap tests ===
Running target unix
FAIL: libmudflap.c/fail37-frag.c (-O2) crash test
FAIL: libmudflap.c/fail37-frag.c (-O2) output pattern test
FAIL: libmudflap.c/fail37-frag.c (-O3) crash test
FAIL: libmudflap.c/fail37-frag.c (-O3) output pattern test
=== libmudflap Summary ===
# of expected passes 1902
# of unexpected failures 4
=== libstdc++ tests ===
Running target unix
FAIL: ext/pool_allocator/allocate_chunk.cc execution test
=== libstdc++ Summary ===
# of expected passes 9127
# of unexpected failures 1
# of expected failures 44
# of unsupported tests 215
Version: 4.8.0 20121030 (experimental) (GCC)
Platform: s390-ibm-linux-gnu esa
configure flags: --prefix=/build/build-system/build/20121030/gcc-head/install-s390-esa --enable-shared --with-system-zlib --enable-threads=posix --enable-__cxa_atexit --enable-checking --enable-languages=c,c++,objc,obj-c++,java,fortran,ada
GCC version:
More information about the Gcc-testresults
mailing list