Results for 4.8.0 20121026 (experimental) (GCC) testsuite on armv7l-unknown-linux-gnueabihf
Robert Nelson
robertcnelson@gmail.com
Sun Oct 28 07:16:00 GMT 2012
Native configuration is armv7l-unknown-linux-gnueabihf
=== libatomic tests ===
Running target unix
=== libatomic Summary ===
# of expected passes 44
# of unsupported tests 5
=== libgomp tests ===
Running target unix
=== libgomp Summary ===
# of expected passes 1241
# of unsupported tests 1
=== libitm tests ===
Running target unix
=== libitm Summary ===
# of expected passes 26
# of expected failures 3
# of unsupported tests 1
=== libmudflap tests ===
Running target unix
FAIL: libmudflap.c/fail37-frag.c (-O2) crash test
FAIL: libmudflap.c/fail37-frag.c (-O2) output pattern test
FAIL: libmudflap.c/fail37-frag.c (-O3) crash test
FAIL: libmudflap.c/fail37-frag.c (-O3) output pattern test
FAIL: libmudflap.c++/pass55-frag.cxx (-static) execution test
FAIL: libmudflap.c++/pass55-frag.cxx ( -O) execution test
FAIL: libmudflap.c++/pass55-frag.cxx (-O2) execution test
FAIL: libmudflap.c++/pass55-frag.cxx (-O3) execution test
=== libmudflap Summary ===
# of expected passes 1898
# of unexpected failures 8
=== libstdc++ tests ===
Running target unix
FAIL: 20_util/tuple/creation_functions/tie2.cc (test for excess errors)
UNRESOLVED: 20_util/tuple/creation_functions/tie2.cc compilation failed to produce executable
FAIL: 23_containers/map/requirements/explicit_instantiation/1_c++0x.cc (test for excess errors)
FAIL: 23_containers/unordered_map/cons/moveable.cc (test for excess errors)
UNRESOLVED: 23_containers/unordered_map/cons/moveable.cc compilation failed to produce executable
FAIL: 23_containers/unordered_map/dr761.cc (test for excess errors)
UNRESOLVED: 23_containers/unordered_map/dr761.cc compilation failed to produce executable
FAIL: 23_containers/unordered_map/init-list.cc (test for excess errors)
UNRESOLVED: 23_containers/unordered_map/init-list.cc compilation failed to produce executable
FAIL: 23_containers/unordered_map/insert/array_syntax.cc (test for excess errors)
UNRESOLVED: 23_containers/unordered_map/insert/array_syntax.cc compilation failed to produce executable
FAIL: 23_containers/unordered_map/insert/array_syntax_move.cc (test for excess errors)
UNRESOLVED: 23_containers/unordered_map/insert/array_syntax_move.cc compilation failed to produce executable
FAIL: 23_containers/unordered_map/insert/map_range.cc (test for excess errors)
UNRESOLVED: 23_containers/unordered_map/insert/map_range.cc compilation failed to produce executable
FAIL: 23_containers/unordered_map/operators/2.cc (test for excess errors)
UNRESOLVED: 23_containers/unordered_map/operators/2.cc compilation failed to produce executable
FAIL: 23_containers/unordered_map/profile/unordered.cc (test for excess errors)
UNRESOLVED: 23_containers/unordered_map/profile/unordered.cc compilation failed to produce executable
FAIL: 25_algorithms/stable_sort/49559.cc (test for excess errors)
UNRESOLVED: 25_algorithms/stable_sort/49559.cc compilation failed to produce executable
=== libstdc++ Summary ===
# of expected passes 8228
# of unexpected failures 11
# of expected failures 44
# of unresolved testcases 10
# of unsupported tests 535
=== gcc tests ===
Running target unix
FAIL: gcc.dg/cpp/_Pragma3.c (test for excess errors)
FAIL: gcc.dg/attr-weakref-1.c (test for excess errors)
UNRESOLVED: gcc.dg/attr-weakref-1.c compilation failed to produce executable
FAIL: gcc.dg/builtin-apply2.c execution test
FAIL: gcc.dg/builtin-object-size-8.c execution test
FAIL: gcc.dg/c99-stdint-1.c (test for excess errors)
FAIL: gcc.dg/c99-stdint-7.c (test for excess errors)
FAIL: gcc.dg/fshort-wchar.c (test for excess errors)
FAIL: gcc.dg/pch/save-temps-1.c -O0 -g assembly comparison
FAIL: gcc.dg/pch/save-temps-1.c -O3 -g assembly comparison
FAIL: gcc.dg/tls/pr42894.c (test for excess errors)
FAIL: gcc.dg/torture/pr51106-2.c -O0 (internal compiler error)
FAIL: gcc.dg/torture/pr51106-2.c -O0 (test for excess errors)
FAIL: gcc.dg/torture/pr51106-2.c -O1 (internal compiler error)
FAIL: gcc.dg/torture/pr51106-2.c -O1 (test for excess errors)
FAIL: gcc.dg/torture/pr51106-2.c -O2 (internal compiler error)
FAIL: gcc.dg/torture/pr51106-2.c -O2 (test for excess errors)
FAIL: gcc.dg/torture/pr51106-2.c -O3 -fomit-frame-pointer (internal compiler error)
FAIL: gcc.dg/torture/pr51106-2.c -O3 -fomit-frame-pointer (test for excess errors)
FAIL: gcc.dg/torture/pr51106-2.c -O3 -g (internal compiler error)
FAIL: gcc.dg/torture/pr51106-2.c -O3 -g (test for excess errors)
FAIL: gcc.dg/torture/pr51106-2.c -Os (internal compiler error)
FAIL: gcc.dg/torture/pr51106-2.c -Os (test for excess errors)
FAIL: gcc.dg/torture/pr51106-2.c -O2 -flto -fno-use-linker-plugin -flto-partition=none (internal compiler error)
FAIL: gcc.dg/torture/pr51106-2.c -O2 -flto -fno-use-linker-plugin -flto-partition=none (test for excess errors)
FAIL: gcc.dg/tree-ssa/pr37508.c scan-tree-dump-times vrp1 "Folding" 3
FAIL: gcc.dg/tree-ssa/pr42585.c scan-tree-dump-times optimized "struct _fat_ptr _ans" 0
FAIL: gcc.dg/tree-ssa/pr42585.c scan-tree-dump-times optimized "struct _fat_ptr _T2" 0
FAIL: gcc.dg/tree-ssa/pr43491.c scan-tree-dump-times pre "Eliminated: 3" 1
FAIL: gcc.dg/tree-ssa/sra-12.c scan-tree-dump-times release_ssa "l;" 0
FAIL: gcc.dg/vect/vect-over-widen-2-big-array.c execution test
FAIL: gcc.dg/vect/vect-over-widen-2.c execution test
FAIL: gcc.dg/vect/vect-widen-shift-s8.c execution test
FAIL: gcc.dg/vect/vect-widen-shift-u8.c execution test
FAIL: gcc.dg/vect/vect-over-widen-2-big-array.c -flto execution test
FAIL: gcc.dg/vect/vect-over-widen-2.c -flto execution test
FAIL: gcc.dg/vect/vect-widen-shift-s8.c -flto execution test
FAIL: gcc.dg/vect/vect-widen-shift-u8.c -flto execution test
FAIL: gcc.dg/vect/aligned-section-anchors-nest-1.c scan-ipa-dump-times increase_alignment "Increasing alignment of decl" 3
FAIL: gcc.target/arm/ftest-armv4t-thumb.c (test for excess errors)
UNRESOLVED: gcc.target/arm/ftest-armv4t-thumb.c compilation failed to produce executable
FAIL: gcc.target/arm/ftest-armv5t-thumb.c (test for excess errors)
UNRESOLVED: gcc.target/arm/ftest-armv5t-thumb.c compilation failed to produce executable
FAIL: gcc.target/arm/ftest-armv5te-thumb.c (test for excess errors)
UNRESOLVED: gcc.target/arm/ftest-armv5te-thumb.c compilation failed to produce executable
FAIL: gcc.target/arm/ftest-armv6-thumb.c (test for excess errors)
UNRESOLVED: gcc.target/arm/ftest-armv6-thumb.c compilation failed to produce executable
FAIL: gcc.target/arm/ftest-armv6k-thumb.c (test for excess errors)
UNRESOLVED: gcc.target/arm/ftest-armv6k-thumb.c compilation failed to produce executable
FAIL: gcc.target/arm/ftest-armv6z-thumb.c (test for excess errors)
UNRESOLVED: gcc.target/arm/ftest-armv6z-thumb.c compilation failed to produce executable
FAIL: gcc.target/arm/mmx-2.c (internal compiler error)
FAIL: gcc.target/arm/mmx-2.c (test for excess errors)
FAIL: gcc.target/arm/thumb-ltu.c (test for excess errors)
UNRESOLVED: gcc.target/arm/thumb-ltu.c scan-assembler-not uxtb
FAIL: gcc.target/arm/unsigned-extend-1.c scan-assembler-not uxtb
=== gcc Summary ===
# of expected passes 88056
# of unexpected failures 48
# of expected failures 254
# of unresolved testcases 8
# of unsupported tests 1173
/opt/gcc-build/gcc/xgcc version 4.8.0 20121026 (experimental) (GCC)
=== g++ tests ===
Running target unix
FAIL: g++.dg/pr48660.C -std=c++98 (internal compiler error)
FAIL: g++.dg/pr48660.C -std=c++98 (test for excess errors)
FAIL: g++.dg/pr48660.C -std=c++11 (internal compiler error)
FAIL: g++.dg/pr48660.C -std=c++11 (test for excess errors)
FAIL: g++.dg/torture/pr46154.C -O2 (internal compiler error)
FAIL: g++.dg/torture/pr46154.C -O2 (test for excess errors)
FAIL: g++.dg/torture/pr46154.C -O3 -fomit-frame-pointer (internal compiler error)
FAIL: g++.dg/torture/pr46154.C -O3 -fomit-frame-pointer (test for excess errors)
FAIL: g++.dg/torture/pr46154.C -O3 -g (internal compiler error)
FAIL: g++.dg/torture/pr46154.C -O3 -g (test for excess errors)
FAIL: g++.dg/torture/pr46154.C -O2 -flto -fno-use-linker-plugin -flto-partition=none (internal compiler error)
FAIL: g++.dg/torture/pr46154.C -O2 -flto -fno-use-linker-plugin -flto-partition=none (test for excess errors)
=== g++ Summary ===
# of expected passes 49409
# of unexpected failures 12
# of expected failures 289
# of unsupported tests 776
/opt/gcc-build/gcc/testsuite/g++/../../g++ version 4.8.0 20121026 (experimental) (GCC)
Compiler version: 4.8.0 20121026 (experimental) (GCC)
Platform: armv7l-unknown-linux-gnueabihf
configure flags: --enable-languages=c,c++ --with-cpu=cortex-a8 --with-fpu=vfpv3 --with-float=hard
Build Logs: http://rcn-ee.homeip.net:81/dl/gcc/archive/20121026-23:33-git6b58d3c-trunk-bone-256mb-d0/
More information about the Gcc-testresults
mailing list