Results for 4.8.0 20121021 (experimental) [trunk revision 192652] (GCC) testsuite on hppa64-hp-hpux11.11

John David Anglin dave@hiauly3.hia.nrc.ca
Mon Oct 22 23:57:00 GMT 2012


Native configuration is hppa64-hp-hpux11.11

		=== g++ tests ===


Running target unix
WARNING: program timed out.
FAIL: g++.dg/tls/thread_local-order1.C execution test
FAIL: g++.dg/tls/thread_local3g.C -std=gnu++11 execution test
FAIL: g++.dg/tls/thread_local4g.C -std=gnu++11 execution test
FAIL: g++.dg/tls/thread_local5g.C -std=gnu++11 execution test
FAIL: g++.dg/tls/thread_local6g.C execution test

		=== g++ Summary ===

# of expected passes		47467
# of unexpected failures	5
# of expected failures		292
# of unsupported tests		1036
/test/gnu/gcc/objdir/gcc/testsuite/g++/../../g++  version 4.8.0 20121021 (experimental) [trunk revision 192652] (GCC) 

		=== gcc tests ===


Running target unix
FAIL: gcc.c-torture/execute/pr23135.c compilation,  -O1  (internal compiler error)
UNRESOLVED: gcc.c-torture/execute/pr23135.c execution,  -O1 
XPASS: gcc.dg/Wstrict-overflow-18.c  (test for bogus messages, line 20)
FAIL: gcc.dg/builtin-object-size-8.c execution test
FAIL: gcc.dg/pr44194-1.c scan-rtl-dump dse1 "global deletions = (2|3)"
FAIL: gcc.dg/pr44194-1.c scan-rtl-dump-not final "insn [^\\n]*set \\\\(mem"
WARNING: program timed out.
FAIL: gcc.dg/torture/pr51106-2.c  -O0  (internal compiler error)
FAIL: gcc.dg/torture/pr51106-2.c  -O0  (test for excess errors)
FAIL: gcc.dg/torture/pr51106-2.c  -O1  (internal compiler error)
FAIL: gcc.dg/torture/pr51106-2.c  -O1  (test for excess errors)
FAIL: gcc.dg/torture/pr51106-2.c  -O2  (internal compiler error)
FAIL: gcc.dg/torture/pr51106-2.c  -O2  (test for excess errors)
FAIL: gcc.dg/torture/pr51106-2.c  -O3 -fomit-frame-pointer  (internal compiler error)
FAIL: gcc.dg/torture/pr51106-2.c  -O3 -fomit-frame-pointer  (test for excess errors)
FAIL: gcc.dg/torture/pr51106-2.c  -O3 -g  (internal compiler error)
FAIL: gcc.dg/torture/pr51106-2.c  -O3 -g  (test for excess errors)
FAIL: gcc.dg/torture/pr51106-2.c  -Os  (internal compiler error)
FAIL: gcc.dg/torture/pr51106-2.c  -Os  (test for excess errors)
FAIL: gcc.dg/torture/pr51106-2.c  -O2 -flto -flto-partition=none  (internal compiler error)
FAIL: gcc.dg/torture/pr51106-2.c  -O2 -flto -flto-partition=none  (test for excess errors)
FAIL: gcc.dg/torture/pr51106-2.c  -O2 -flto  (internal compiler error)
FAIL: gcc.dg/torture/pr51106-2.c  -O2 -flto  (test for excess errors)
UNRESOLVED: gcc.dg/tree-ssa/cunroll-4.c scan-tree-dump cunrolli "Turned loop 1 to non-loop; it never loops."
UNRESOLVED: gcc.dg/tree-ssa/cunroll-4.c scan-tree-dump cunrolli "Last iteration exit edge was proved true."

		=== gcc Summary ===

# of expected passes		76150
# of unexpected failures	20
# of unexpected successes	1
# of expected failures		120
# of unresolved testcases	3
# of unsupported tests		1510
/test/gnu/gcc/objdir/gcc/xgcc  version 4.8.0 20121021 (experimental) [trunk revision 192652] (GCC) 

		=== gfortran tests ===


Running target unix
XPASS: gfortran.dg/do_1.f90  -O0  execution test
XPASS: gfortran.dg/do_1.f90  -O1  execution test
FAIL: gfortran.dg/guality/pr41558.f90  -O0  line 7 s == 'foo'
FAIL: gfortran.dg/guality/pr41558.f90  -O1  line 7 s == 'foo'
FAIL: gfortran.dg/guality/pr41558.f90  -O2  line 7 s == 'foo'
FAIL: gfortran.dg/guality/pr41558.f90  -O3 -fomit-frame-pointer  line 7 s == 'foo'
FAIL: gfortran.dg/guality/pr41558.f90  -O3 -fomit-frame-pointer -funroll-loops  line 7 s == 'foo'
FAIL: gfortran.dg/guality/pr41558.f90  -O3 -fomit-frame-pointer -funroll-all-loops -finline-functions  line 7 s == 'foo'
FAIL: gfortran.dg/guality/pr41558.f90  -O3 -g  line 7 s == 'foo'
FAIL: gfortran.dg/guality/pr41558.f90  -Os  line 7 s == 'foo'
FAIL: gfortran.dg/lto/pr45586-2 f_lto_pr45586-2_0.o-f_lto_pr45586-2_0.o link, -O0 -flto -flto-partition=none  (internal compiler error)
UNRESOLVED: gfortran.dg/lto/pr45586-2 f_lto_pr45586-2_0.o-f_lto_pr45586-2_0.o execute -O0 -flto -flto-partition=none 
FAIL: gfortran.dg/lto/pr45586-2 f_lto_pr45586-2_0.o-f_lto_pr45586-2_0.o link, -O0 -flto -flto-partition=1to1  (internal compiler error)
UNRESOLVED: gfortran.dg/lto/pr45586-2 f_lto_pr45586-2_0.o-f_lto_pr45586-2_0.o execute -O0 -flto -flto-partition=1to1 
FAIL: gfortran.dg/lto/pr45586-2 f_lto_pr45586-2_0.o-f_lto_pr45586-2_0.o link, -O0 -flto  (internal compiler error)
UNRESOLVED: gfortran.dg/lto/pr45586-2 f_lto_pr45586-2_0.o-f_lto_pr45586-2_0.o execute -O0 -flto 
FAIL: gfortran.dg/lto/pr45586 f_lto_pr45586_0.o-f_lto_pr45586_0.o link, -O0 -flto -flto-partition=none  (internal compiler error)
UNRESOLVED: gfortran.dg/lto/pr45586 f_lto_pr45586_0.o-f_lto_pr45586_0.o execute -O0 -flto -flto-partition=none 
FAIL: gfortran.dg/lto/pr45586 f_lto_pr45586_0.o-f_lto_pr45586_0.o link, -O0 -flto -flto-partition=1to1  (internal compiler error)
UNRESOLVED: gfortran.dg/lto/pr45586 f_lto_pr45586_0.o-f_lto_pr45586_0.o execute -O0 -flto -flto-partition=1to1 
FAIL: gfortran.dg/lto/pr45586 f_lto_pr45586_0.o-f_lto_pr45586_0.o link, -O0 -flto  (internal compiler error)
UNRESOLVED: gfortran.dg/lto/pr45586 f_lto_pr45586_0.o-f_lto_pr45586_0.o execute -O0 -flto 

		=== gfortran Summary ===

# of expected passes		40962
# of unexpected failures	14
# of unexpected successes	2
# of expected failures		48
# of unresolved testcases	6
# of unsupported tests		378
/test/gnu/gcc/objdir/gcc/testsuite/gfortran/../../gfortran  version 4.8.0 20121021 (experimental) [trunk revision 192652] (GCC) 

		=== obj-c++ tests ===


Running target unix

		=== obj-c++ Summary ===

# of expected passes		1442
# of expected failures		10
# of unsupported tests		86
/test/gnu/gcc/objdir/gcc/testsuite/obj-c++/../../g++  version 4.8.0 20121021 (experimental) [trunk revision 192652] (GCC) 

		=== objc tests ===


Running target unix

		=== objc Summary ===

# of expected passes		2992
# of unsupported tests		75
/test/gnu/gcc/objdir/gcc/xgcc  version 4.8.0 20121021 (experimental) [trunk revision 192652] (GCC) 

		=== libatomic tests ===


Running target unix

		=== libatomic Summary ===

# of expected passes		4
# of unsupported tests		25
		=== libgomp tests ===


Running target unix

		=== libgomp Summary ===

# of expected passes		2912
# of unsupported tests		10
		=== libstdc++ tests ===


Running target unix
FAIL: 23_containers/bitset/45713.cc (test for excess errors)

		=== libstdc++ Summary ===

# of expected passes		7513
# of unexpected failures	1
# of expected failures		44
# of unsupported tests		873

Compiler version: 4.8.0 20121021 (experimental) [trunk revision 192652] (GCC) 
Platform: hppa64-hp-hpux11.11
configure flags:Test Run By dave on Mon Oct 22 02:05:54 2012



More information about the Gcc-testresults mailing list