Results for 4.8.0 20121020 (experimental) [trunk revision 192636] (GCC) testsuite on i686-apple-darwin9

Dave Anglin dave.anglin@bell.net
Sat Oct 20 21:55:00 GMT 2012


LAST_UPDATED: Sat Oct 20 14:36:36 UTC 2012 (revision 192636)

		=== acats tests ===

		=== acats Summary ===
# of expected passes		2320
# of unexpected failures	0
Native configuration is i686-apple-darwin9

		=== g++ tests ===


Running target unix
WARNING: Could not compile g++.dg/compat/struct-layout-1 generator
FAIL: g++.dg/debug/dwarf2/nested-4.C -std=gnu++98  scan-assembler-times debug_types 2
FAIL: g++.dg/debug/dwarf2/nested-4.C -std=gnu++11  scan-assembler-times debug_types 2
FAIL: g++.dg/debug/dwarf2/thunk1.C -std=gnu++98  scan-assembler-times LFB3 1
FAIL: g++.dg/debug/dwarf2/thunk1.C -std=gnu++11  scan-assembler-times LFB3 1
WARNING: g++.dg/ext/label13.C -std=gnu++98 compilation failed to produce executable
WARNING: g++.dg/ext/label13.C -std=gnu++11 compilation failed to produce executable
FAIL: g++.dg/other/darwin-cfstring1.C -std=gnu++98  (test for errors, line 21)
FAIL: g++.dg/other/darwin-cfstring1.C -std=gnu++98  (test for errors, line 22)
FAIL: g++.dg/other/darwin-cfstring1.C -std=gnu++98 (test for excess errors)
FAIL: g++.dg/other/darwin-cfstring1.C -std=gnu++11  (test for errors, line 21)
FAIL: g++.dg/other/darwin-cfstring1.C -std=gnu++11  (test for errors, line 22)
FAIL: g++.dg/other/darwin-cfstring1.C -std=gnu++11 (test for excess errors)
FAIL: g++.dg/gomp/tls-5.C -std=c++11 (test for excess errors)
FAIL: g++.dg/tls/thread_local-cse.C (test for excess errors)
WARNING: g++.dg/tls/thread_local-cse.C compilation failed to produce executable
FAIL: g++.dg/tls/thread_local-order1.C (test for excess errors)
WARNING: g++.dg/tls/thread_local-order1.C compilation failed to produce executable
FAIL: g++.dg/tls/thread_local-order2.C (test for excess errors)
WARNING: g++.dg/tls/thread_local-order2.C compilation failed to produce executable
FAIL: g++.dg/tls/thread_local2g.C (test for excess errors)
WARNING: g++.dg/tls/thread_local2g.C compilation failed to produce executable
FAIL: g++.dg/tls/thread_local3g.C -std=gnu++11 (test for excess errors)
WARNING: g++.dg/tls/thread_local3g.C -std=gnu++11 compilation failed to produce executable
FAIL: g++.dg/tls/thread_local4g.C -std=gnu++11 (test for excess errors)
WARNING: g++.dg/tls/thread_local4g.C -std=gnu++11 compilation failed to produce executable
FAIL: g++.dg/tls/thread_local5g.C -std=gnu++11 (test for excess errors)
WARNING: g++.dg/tls/thread_local5g.C -std=gnu++11 compilation failed to produce executable
FAIL: g++.dg/tls/thread_local6g.C (test for excess errors)
WARNING: g++.dg/tls/thread_local6g.C compilation failed to produce executable
FAIL: g++.dg/tls/thread_local7g.C (test for excess errors)

		=== g++ Summary ===

# of expected passes		47823
# of unexpected failures	20
# of expected failures		287
# of unsupported tests		554
/Users/dave/gnu/gcc/objdir/gcc/testsuite/g++/../../g++  version 4.8.0 20121020 (experimental) [trunk revision 192636] (GCC) 

		=== gcc tests ===


Running target unix
WARNING: Could not compile gcc.dg/compat/struct-layout-1 generator
XPASS: gcc.dg/Wstrict-overflow-18.c  (test for bogus messages, line 20)
FAIL: gcc.dg/builtin-object-size-8.c execution test
FAIL: gcc.dg/hoist-register-pressure.c scan-rtl-dump hoist "PRE/HOIST: end of bb .* copying expression"
FAIL: gcc.dg/torture/pr51106-2.c  -O0  (internal compiler error)
FAIL: gcc.dg/torture/pr51106-2.c  -O0  (test for excess errors)
FAIL: gcc.dg/torture/pr51106-2.c  -O1  (internal compiler error)
FAIL: gcc.dg/torture/pr51106-2.c  -O1  (test for excess errors)
FAIL: gcc.dg/torture/pr51106-2.c  -O2  (internal compiler error)
FAIL: gcc.dg/torture/pr51106-2.c  -O2  (test for excess errors)
FAIL: gcc.dg/torture/pr51106-2.c  -O3 -fomit-frame-pointer  (internal compiler error)
FAIL: gcc.dg/torture/pr51106-2.c  -O3 -fomit-frame-pointer  (test for excess errors)
FAIL: gcc.dg/torture/pr51106-2.c  -O3 -g  (internal compiler error)
FAIL: gcc.dg/torture/pr51106-2.c  -O3 -g  (test for excess errors)
FAIL: gcc.dg/torture/pr51106-2.c  -Os  (internal compiler error)
FAIL: gcc.dg/torture/pr51106-2.c  -Os  (test for excess errors)
FAIL: gcc.dg/torture/pr53922.c  -O0  (test for excess errors)
WARNING: gcc.dg/torture/pr53922.c  -O0  compilation failed to produce executable
FAIL: gcc.dg/torture/pr53922.c  -O1  (test for excess errors)
WARNING: gcc.dg/torture/pr53922.c  -O1  compilation failed to produce executable
FAIL: gcc.dg/torture/pr53922.c  -O2  (test for excess errors)
WARNING: gcc.dg/torture/pr53922.c  -O2  compilation failed to produce executable
FAIL: gcc.dg/torture/pr53922.c  -O3 -fomit-frame-pointer  (test for excess errors)
WARNING: gcc.dg/torture/pr53922.c  -O3 -fomit-frame-pointer  compilation failed to produce executable
FAIL: gcc.dg/torture/pr53922.c  -O3 -g  (test for excess errors)
WARNING: gcc.dg/torture/pr53922.c  -O3 -g  compilation failed to produce executable
FAIL: gcc.dg/torture/pr53922.c  -Os  (test for excess errors)
WARNING: gcc.dg/torture/pr53922.c  -Os  compilation failed to produce executable
FAIL: gcc.dg/tree-prof/pr44777.c execution,    -fprofile-generate -D_PROFILE_GENERATE
UNRESOLVED: gcc.dg/tree-prof/pr44777.c compilation,  -fprofile-use -D_PROFILE_USE
UNRESOLVED: gcc.dg/tree-prof/pr44777.c execution,    -fprofile-use -D_PROFILE_USE
UNRESOLVED: gcc.dg/tree-ssa/cunroll-4.c scan-tree-dump cunrolli "Turned loop 1 to non-loop; it never loops."
UNRESOLVED: gcc.dg/tree-ssa/cunroll-4.c scan-tree-dump cunrolli "Last iteration exit edge was proved true."
FAIL: gcc.target/i386/asm-dialect-1.c (test for excess errors)
FAIL: gcc.target/i386/cold-attribute-2.c scan-assembler imul

		=== gcc Summary ===

# of expected passes		73324
# of unexpected failures	23
# of unexpected successes	1
# of expected failures		186
# of unresolved testcases	4
# of unsupported tests		1869
/Users/dave/gnu/gcc/objdir/gcc/xgcc  version 4.8.0 20121020 (experimental) [trunk revision 192636] (GCC) 

		=== gfortran tests ===


Running target unix
XPASS: gfortran.dg/do_1.f90  -O0  execution test
XPASS: gfortran.dg/do_1.f90  -O1  execution test
FAIL: gfortran.dg/pr48757.f  -O  (internal compiler error)
FAIL: gfortran.dg/pr48757.f  -O  (test for excess errors)

		=== gfortran Summary ===

# of expected passes		41713
# of unexpected failures	2
# of unexpected successes	2
# of expected failures		56
# of unsupported tests		214
/Users/dave/gnu/gcc/objdir/gcc/testsuite/gfortran/../../gfortran  version 4.8.0 20121020 (experimental) [trunk revision 192636] (GCC) 

		=== gnat tests ===


Running target unix
FAIL: gnat.dg/array11.adb  (test for warnings, line 12)
FAIL: gnat.dg/object_overflow.adb  (test for warnings, line 8)

		=== gnat Summary ===

# of expected passes		1122
# of unexpected failures	2
# of expected failures		17
# of unsupported tests		5
/Users/dave/gnu/gcc/objdir/gcc/gnatmake version 4.8.0 20121020 (experimental) [trunk revision 192636]

		=== obj-c++ tests ===


Running target unix
FAIL: obj-c++.dg/strings/const-cfstring-2.mm -fnext-runtime  (test for warnings, line 22)
FAIL: obj-c++.dg/strings/const-cfstring-2.mm -fnext-runtime  (test for warnings, line 23)
FAIL: obj-c++.dg/strings/const-cfstring-2.mm -fnext-runtime  (test for warnings, line 25)
FAIL: obj-c++.dg/strings/const-cfstring-2.mm -fnext-runtime  (test for warnings, line 26)

		=== obj-c++ Summary ===

# of expected passes		3019
# of unexpected failures	4
# of expected failures		2
# of unsupported tests		56
/Users/dave/gnu/gcc/objdir/gcc/testsuite/obj-c++/../../g++  version 4.8.0 20121020 (experimental) [trunk revision 192636] (GCC) 

		=== objc tests ===


Running target unix
WARNING: Could not compile objc.dg/gnu-encoding/struct-layout-encoding-1 generator

		=== objc Summary ===

# of expected passes		5875
# of unsupported tests		73
/Users/dave/gnu/gcc/objdir/gcc/xgcc  version 4.8.0 20121020 (experimental) [trunk revision 192636] (GCC) 

		=== boehm-gc tests ===


Running target unix

		=== boehm-gc Summary ===

# of expected passes		12
# of unsupported tests		1
		=== libatomic tests ===


Running target unix

		=== libatomic Summary ===

# of expected passes		44
# of unsupported tests		5
		=== libffi tests ===


Running target unix

		=== libffi Summary ===

# of expected passes		1659
# of unsupported tests		55
		=== libgomp tests ===


Running target unix
FAIL: libgomp.c++/pr24455.C  -O0  (test for excess errors)
WARNING: libgomp.c++/pr24455.C  -O0  compilation failed to produce executable
FAIL: libgomp.c++/pr24455.C  -O1  (test for excess errors)
WARNING: libgomp.c++/pr24455.C  -O1  compilation failed to produce executable
FAIL: libgomp.c++/pr24455.C  -O2  (test for excess errors)
WARNING: libgomp.c++/pr24455.C  -O2  compilation failed to produce executable
FAIL: libgomp.c++/pr24455.C  -O3 -fomit-frame-pointer  (test for excess errors)
WARNING: libgomp.c++/pr24455.C  -O3 -fomit-frame-pointer  compilation failed to produce executable
FAIL: libgomp.c++/pr24455.C  -O3 -fomit-frame-pointer -funroll-loops  (test for excess errors)
WARNING: libgomp.c++/pr24455.C  -O3 -fomit-frame-pointer -funroll-loops  compilation failed to produce executable
FAIL: libgomp.c++/pr24455.C  -O3 -fomit-frame-pointer -funroll-all-loops -finline-functions  (test for excess errors)
WARNING: libgomp.c++/pr24455.C  -O3 -fomit-frame-pointer -funroll-all-loops -finline-functions  compilation failed to produce executable
FAIL: libgomp.c++/pr24455.C  -O3 -g  (test for excess errors)
WARNING: libgomp.c++/pr24455.C  -O3 -g  compilation failed to produce executable
FAIL: libgomp.c++/pr24455.C  -Os  (test for excess errors)
WARNING: libgomp.c++/pr24455.C  -Os  compilation failed to produce executable
FAIL: libgomp.c++/tls-init1.C  -O  (test for excess errors)
WARNING: libgomp.c++/tls-init1.C  -O  compilation failed to produce executable

		=== libgomp Summary ===

# of expected passes		2908
# of unexpected failures	9
# of unsupported tests		3
		=== libitm tests ===


Running target unix

		=== libitm Summary ===

# of expected passes		26
# of expected failures		3
# of unsupported tests		1
		=== libjava tests ===


Running target unix
FAIL: sourcelocation output - source compiled test
FAIL: sourcelocation -findirect-dispatch output - source compiled test
FAIL: sourcelocation -O3 output - source compiled test
FAIL: sourcelocation -O3 -findirect-dispatch output - source compiled test

		=== libjava Summary ===

# of expected passes		2582
# of unexpected failures	4
		=== libstdc++ tests ===


Running target unix
WARNING: program timed out.
FAIL: 30_threads/condition_variable/54185.cc execution test

		=== libstdc++ Summary ===

# of expected passes		7985
# of unexpected failures	1
# of expected failures		44
# of unsupported tests		631

Compiler version: 4.8.0 20121020 (experimental) [trunk revision 192636] (GCC) 
Platform: i686-apple-darwin9
configure flags: --build=i686-apple-darwin9 --host=i686-apple-darwin9 --target=i686-apple-darwin9 --with-tune=generic --prefix=/opt/gnu/gcc/gcc-4.7.0 --with-gmp=/opt/gnu/gcc/gcc-4.7.0 --enable-debug=no --disable-nls --disable-multilib --disable-lto --enable-languages=c,c++,objc,fortran,obj-c++,java,ada --enable-threads=posix --enable-__cxa_atexit --enable-java-gc=boehm



More information about the Gcc-testresults mailing list