Results for 4.8.0 20121013 (experimental) [trunk revision 192427] (GCC) gcc testsuite on mmix-knuth-mmixware
Mike Stein
mstein.lists@googlemail.com
Sun Oct 14 22:53:00 GMT 2012
Debian 5 on x86_64
cross tool versions:
GNU assembler (GNU Binutils) 2.18.50.20080419
GNU ld (GNU Binutils) 2.18.50.20080419
GNU Make 3.81
expect version 5.43.0
host gcc version: gcc (GCC) 4.8.0 20121013 (experimental) [trunk revision 192427]
LAST_UPDATED: Sat Oct 13 22:11:17 UTC 2012 (revision 192427)
Target is mmix-knuth-mmixware
Host is x86_64-unknown-linux-gnu
=== gcc tests ===
Running target mmixware-sim
FAIL: gcc.c-torture/execute/builtins/memcpy-chk.c execution, -O2
FAIL: gcc.c-torture/execute/builtins/memcpy-chk.c execution, -O3 -fomit-frame-pointer
FAIL: gcc.c-torture/execute/builtins/memcpy-chk.c execution, -O3 -fomit-frame-pointer -funroll-loops
FAIL: gcc.c-torture/execute/builtins/memcpy-chk.c execution, -O3 -fomit-frame-pointer -funroll-all-loops -finline-functions
FAIL: gcc.c-torture/execute/builtins/memcpy-chk.c execution, -O3 -g
FAIL: gcc.c-torture/execute/builtins/memcpy-chk.c execution, -Os
FAIL: gcc.c-torture/execute/builtins/memcpy-chk.c execution, -O2 -flto -flto-partition=none
FAIL: gcc.c-torture/execute/builtins/memcpy-chk.c execution, -O2 -flto
FAIL: gcc.c-torture/execute/builtins/memmove-chk.c execution, -O2
FAIL: gcc.c-torture/execute/builtins/memmove-chk.c execution, -O3 -fomit-frame-pointer
FAIL: gcc.c-torture/execute/builtins/memmove-chk.c execution, -O3 -fomit-frame-pointer -funroll-loops
FAIL: gcc.c-torture/execute/builtins/memmove-chk.c execution, -O3 -fomit-frame-pointer -funroll-all-loops -finline-functions
FAIL: gcc.c-torture/execute/builtins/memmove-chk.c execution, -O3 -g
FAIL: gcc.c-torture/execute/builtins/memmove-chk.c execution, -Os
FAIL: gcc.c-torture/execute/builtins/memmove-chk.c execution, -O2 -flto -flto-partition=none
FAIL: gcc.c-torture/execute/builtins/memmove-chk.c execution, -O2 -flto
FAIL: gcc.c-torture/execute/builtins/mempcpy-chk.c execution, -O2
FAIL: gcc.c-torture/execute/builtins/mempcpy-chk.c execution, -O3 -fomit-frame-pointer
FAIL: gcc.c-torture/execute/builtins/mempcpy-chk.c execution, -O3 -fomit-frame-pointer -funroll-loops
FAIL: gcc.c-torture/execute/builtins/mempcpy-chk.c execution, -O3 -fomit-frame-pointer -funroll-all-loops -finline-functions
FAIL: gcc.c-torture/execute/builtins/mempcpy-chk.c execution, -O3 -g
FAIL: gcc.c-torture/execute/builtins/mempcpy-chk.c execution, -Os
FAIL: gcc.c-torture/execute/builtins/mempcpy-chk.c execution, -O2 -flto -flto-partition=none
FAIL: gcc.c-torture/execute/builtins/mempcpy-chk.c execution, -O2 -flto
FAIL: gcc.c-torture/execute/builtins/memset-chk.c execution, -O2
FAIL: gcc.c-torture/execute/builtins/memset-chk.c execution, -O3 -fomit-frame-pointer
FAIL: gcc.c-torture/execute/builtins/memset-chk.c execution, -O3 -fomit-frame-pointer -funroll-loops
FAIL: gcc.c-torture/execute/builtins/memset-chk.c execution, -O3 -fomit-frame-pointer -funroll-all-loops -finline-functions
FAIL: gcc.c-torture/execute/builtins/memset-chk.c execution, -O3 -g
FAIL: gcc.c-torture/execute/builtins/memset-chk.c execution, -Os
FAIL: gcc.c-torture/execute/builtins/memset-chk.c execution, -O2 -flto -flto-partition=none
FAIL: gcc.c-torture/execute/builtins/memset-chk.c execution, -O2 -flto
FAIL: gcc.c-torture/execute/builtins/snprintf-chk.c execution, -O2
FAIL: gcc.c-torture/execute/builtins/snprintf-chk.c execution, -O3 -fomit-frame-pointer
FAIL: gcc.c-torture/execute/builtins/snprintf-chk.c execution, -O3 -fomit-frame-pointer -funroll-loops
FAIL: gcc.c-torture/execute/builtins/snprintf-chk.c execution, -O3 -fomit-frame-pointer -funroll-all-loops -finline-functions
FAIL: gcc.c-torture/execute/builtins/snprintf-chk.c execution, -O3 -g
FAIL: gcc.c-torture/execute/builtins/snprintf-chk.c execution, -Os
FAIL: gcc.c-torture/execute/builtins/snprintf-chk.c execution, -O2 -flto -flto-partition=none
FAIL: gcc.c-torture/execute/builtins/snprintf-chk.c execution, -O2 -flto
FAIL: gcc.c-torture/execute/builtins/sprintf-chk.c execution, -O2
FAIL: gcc.c-torture/execute/builtins/sprintf-chk.c execution, -O3 -fomit-frame-pointer
FAIL: gcc.c-torture/execute/builtins/sprintf-chk.c execution, -O3 -fomit-frame-pointer -funroll-loops
FAIL: gcc.c-torture/execute/builtins/sprintf-chk.c execution, -O3 -fomit-frame-pointer -funroll-all-loops -finline-functions
FAIL: gcc.c-torture/execute/builtins/sprintf-chk.c execution, -O3 -g
FAIL: gcc.c-torture/execute/builtins/sprintf-chk.c execution, -Os
FAIL: gcc.c-torture/execute/builtins/sprintf-chk.c execution, -O2 -flto -flto-partition=none
FAIL: gcc.c-torture/execute/builtins/sprintf-chk.c execution, -O2 -flto
FAIL: gcc.c-torture/execute/builtins/stpcpy-chk.c execution, -O2
FAIL: gcc.c-torture/execute/builtins/stpcpy-chk.c execution, -O3 -fomit-frame-pointer
FAIL: gcc.c-torture/execute/builtins/stpcpy-chk.c execution, -O3 -fomit-frame-pointer -funroll-loops
FAIL: gcc.c-torture/execute/builtins/stpcpy-chk.c execution, -O3 -fomit-frame-pointer -funroll-all-loops -finline-functions
FAIL: gcc.c-torture/execute/builtins/stpcpy-chk.c execution, -O3 -g
FAIL: gcc.c-torture/execute/builtins/stpcpy-chk.c execution, -Os
FAIL: gcc.c-torture/execute/builtins/stpcpy-chk.c execution, -O2 -flto -flto-partition=none
FAIL: gcc.c-torture/execute/builtins/stpcpy-chk.c execution, -O2 -flto
FAIL: gcc.c-torture/execute/builtins/stpncpy-chk.c execution, -O2
FAIL: gcc.c-torture/execute/builtins/stpncpy-chk.c execution, -O3 -fomit-frame-pointer
FAIL: gcc.c-torture/execute/builtins/stpncpy-chk.c execution, -O3 -fomit-frame-pointer -funroll-loops
FAIL: gcc.c-torture/execute/builtins/stpncpy-chk.c execution, -O3 -fomit-frame-pointer -funroll-all-loops -finline-functions
FAIL: gcc.c-torture/execute/builtins/stpncpy-chk.c execution, -O3 -g
FAIL: gcc.c-torture/execute/builtins/stpncpy-chk.c execution, -Os
FAIL: gcc.c-torture/execute/builtins/stpncpy-chk.c execution, -O2 -flto -flto-partition=none
FAIL: gcc.c-torture/execute/builtins/stpncpy-chk.c execution, -O2 -flto
FAIL: gcc.c-torture/execute/builtins/strcat-chk.c execution, -O2
FAIL: gcc.c-torture/execute/builtins/strcat-chk.c execution, -O3 -fomit-frame-pointer
FAIL: gcc.c-torture/execute/builtins/strcat-chk.c execution, -O3 -fomit-frame-pointer -funroll-loops
FAIL: gcc.c-torture/execute/builtins/strcat-chk.c execution, -O3 -fomit-frame-pointer -funroll-all-loops -finline-functions
FAIL: gcc.c-torture/execute/builtins/strcat-chk.c execution, -O3 -g
FAIL: gcc.c-torture/execute/builtins/strcat-chk.c execution, -Os
FAIL: gcc.c-torture/execute/builtins/strcat-chk.c execution, -O2 -flto -flto-partition=none
FAIL: gcc.c-torture/execute/builtins/strcat-chk.c execution, -O2 -flto
FAIL: gcc.c-torture/execute/builtins/strcpy-chk.c execution, -O2
FAIL: gcc.c-torture/execute/builtins/strcpy-chk.c execution, -O3 -fomit-frame-pointer
FAIL: gcc.c-torture/execute/builtins/strcpy-chk.c execution, -O3 -fomit-frame-pointer -funroll-loops
FAIL: gcc.c-torture/execute/builtins/strcpy-chk.c execution, -O3 -fomit-frame-pointer -funroll-all-loops -finline-functions
FAIL: gcc.c-torture/execute/builtins/strcpy-chk.c execution, -O3 -g
FAIL: gcc.c-torture/execute/builtins/strcpy-chk.c execution, -Os
FAIL: gcc.c-torture/execute/builtins/strcpy-chk.c execution, -O2 -flto -flto-partition=none
FAIL: gcc.c-torture/execute/builtins/strcpy-chk.c execution, -O2 -flto
FAIL: gcc.c-torture/execute/builtins/strncat-chk.c execution, -O2
FAIL: gcc.c-torture/execute/builtins/strncat-chk.c execution, -O3 -fomit-frame-pointer
FAIL: gcc.c-torture/execute/builtins/strncat-chk.c execution, -O3 -fomit-frame-pointer -funroll-loops
FAIL: gcc.c-torture/execute/builtins/strncat-chk.c execution, -O3 -fomit-frame-pointer -funroll-all-loops -finline-functions
FAIL: gcc.c-torture/execute/builtins/strncat-chk.c execution, -O3 -g
FAIL: gcc.c-torture/execute/builtins/strncat-chk.c execution, -Os
FAIL: gcc.c-torture/execute/builtins/strncat-chk.c execution, -O2 -flto -flto-partition=none
FAIL: gcc.c-torture/execute/builtins/strncat-chk.c execution, -O2 -flto
FAIL: gcc.c-torture/execute/builtins/strncpy-chk.c execution, -O2
FAIL: gcc.c-torture/execute/builtins/strncpy-chk.c execution, -O3 -fomit-frame-pointer
FAIL: gcc.c-torture/execute/builtins/strncpy-chk.c execution, -O3 -fomit-frame-pointer -funroll-loops
FAIL: gcc.c-torture/execute/builtins/strncpy-chk.c execution, -O3 -fomit-frame-pointer -funroll-all-loops -finline-functions
FAIL: gcc.c-torture/execute/builtins/strncpy-chk.c execution, -O3 -g
FAIL: gcc.c-torture/execute/builtins/strncpy-chk.c execution, -Os
FAIL: gcc.c-torture/execute/builtins/strncpy-chk.c execution, -O2 -flto -flto-partition=none
FAIL: gcc.c-torture/execute/builtins/strncpy-chk.c execution, -O2 -flto
FAIL: gcc.c-torture/execute/builtins/vsnprintf-chk.c execution, -O2
FAIL: gcc.c-torture/execute/builtins/vsnprintf-chk.c execution, -O3 -fomit-frame-pointer
FAIL: gcc.c-torture/execute/builtins/vsnprintf-chk.c execution, -O3 -fomit-frame-pointer -funroll-loops
FAIL: gcc.c-torture/execute/builtins/vsnprintf-chk.c execution, -O3 -fomit-frame-pointer -funroll-all-loops -finline-functions
FAIL: gcc.c-torture/execute/builtins/vsnprintf-chk.c execution, -O3 -g
FAIL: gcc.c-torture/execute/builtins/vsnprintf-chk.c execution, -Os
FAIL: gcc.c-torture/execute/builtins/vsnprintf-chk.c execution, -O2 -flto -flto-partition=none
FAIL: gcc.c-torture/execute/builtins/vsnprintf-chk.c execution, -O2 -flto
FAIL: gcc.c-torture/execute/builtins/vsprintf-chk.c execution, -O2
FAIL: gcc.c-torture/execute/builtins/vsprintf-chk.c execution, -O3 -fomit-frame-pointer
FAIL: gcc.c-torture/execute/builtins/vsprintf-chk.c execution, -O3 -fomit-frame-pointer -funroll-loops
FAIL: gcc.c-torture/execute/builtins/vsprintf-chk.c execution, -O3 -fomit-frame-pointer -funroll-all-loops -finline-functions
FAIL: gcc.c-torture/execute/builtins/vsprintf-chk.c execution, -O3 -g
FAIL: gcc.c-torture/execute/builtins/vsprintf-chk.c execution, -Os
FAIL: gcc.c-torture/execute/builtins/vsprintf-chk.c execution, -O2 -flto -flto-partition=none
FAIL: gcc.c-torture/execute/builtins/vsprintf-chk.c execution, -O2 -flto
FAIL: gcc.c-torture/execute/20101011-1.c execution, -O0
FAIL: gcc.c-torture/execute/20101011-1.c execution, -O1
FAIL: gcc.c-torture/execute/20101011-1.c execution, -O2
FAIL: gcc.c-torture/execute/20101011-1.c execution, -O3 -fomit-frame-pointer
FAIL: gcc.c-torture/execute/20101011-1.c execution, -O3 -g
FAIL: gcc.c-torture/execute/20101011-1.c execution, -Os
FAIL: gcc.c-torture/execute/20101011-1.c execution, -Og -g
FAIL: gcc.c-torture/execute/20101011-1.c execution, -O2 -flto -flto-partition=none
FAIL: gcc.c-torture/execute/20101011-1.c execution, -O2 -flto
FAIL: gcc.c-torture/execute/built-in-setjmp.c execution, -O2
FAIL: gcc.c-torture/execute/built-in-setjmp.c execution, -O3 -fomit-frame-pointer
FAIL: gcc.c-torture/execute/built-in-setjmp.c execution, -O3 -fomit-frame-pointer -funroll-loops
FAIL: gcc.c-torture/execute/built-in-setjmp.c execution, -O3 -fomit-frame-pointer -funroll-all-loops -finline-functions
FAIL: gcc.c-torture/execute/built-in-setjmp.c execution, -O3 -g
FAIL: gcc.c-torture/execute/built-in-setjmp.c execution, -Os
FAIL: gcc.c-torture/execute/built-in-setjmp.c execution, -O2 -flto -flto-partition=none
FAIL: gcc.c-torture/execute/built-in-setjmp.c execution, -O2 -flto
FAIL: gcc.dg/debug/20020220-1.c -gdwarf-2 -g3 (test for excess errors)
UNRESOLVED: gcc.dg/debug/20020220-1.c -gdwarf-2 -g3 compilation failed to produce executable
FAIL: gcc.dg/debug/20020220-1.c -gdwarf-2 -g3 -O (test for excess errors)
UNRESOLVED: gcc.dg/debug/20020220-1.c -gdwarf-2 -g3 -O compilation failed to produce executable
FAIL: gcc.dg/debug/20020220-1.c -gdwarf-2 -g3 -O3 (test for excess errors)
UNRESOLVED: gcc.dg/debug/20020220-1.c -gdwarf-2 -g3 -O3 compilation failed to produce executable
FAIL: gcc.dg/debug/20020327-1.c -gdwarf-2 -g3 (test for excess errors)
FAIL: gcc.dg/debug/20020327-1.c -gdwarf-2 -g3 -O (test for excess errors)
FAIL: gcc.dg/debug/20020327-1.c -gdwarf-2 -g3 -O3 (test for excess errors)
FAIL: gcc.dg/debug/20050907-1.c -gdwarf-2 -g3 (test for excess errors)
FAIL: gcc.dg/debug/20050907-1.c -gdwarf-2 -g3 -O (test for excess errors)
FAIL: gcc.dg/debug/20050907-1.c -gdwarf-2 -g3 -O3 (test for excess errors)
FAIL: gcc.dg/debug/debug-1.c -gdwarf-2 -O scan-assembler xyzzy
FAIL: gcc.dg/debug/debug-1.c -gdwarf-2 -O3 scan-assembler xyzzy
FAIL: gcc.dg/debug/debug-1.c -gdwarf-2 -g3 -O scan-assembler xyzzy
FAIL: gcc.dg/debug/debug-1.c -gdwarf-2 -g3 -O3 scan-assembler xyzzy
FAIL: gcc.dg/debug/debug-2.c -gdwarf-2 -O scan-assembler xyzzy
FAIL: gcc.dg/debug/debug-2.c -gdwarf-2 -O3 scan-assembler xyzzy
FAIL: gcc.dg/debug/debug-2.c -gdwarf-2 -g3 -O scan-assembler xyzzy
FAIL: gcc.dg/debug/debug-2.c -gdwarf-2 -g3 -O3 scan-assembler xyzzy
FAIL: gcc.dg/debug/pr29609-1.c -gdwarf-2 -g3 (test for excess errors)
UNRESOLVED: gcc.dg/debug/pr29609-1.c -gdwarf-2 -g3 compilation failed to produce executable
FAIL: gcc.dg/debug/pr29609-1.c -gdwarf-2 -g3 -O (test for excess errors)
UNRESOLVED: gcc.dg/debug/pr29609-1.c -gdwarf-2 -g3 -O compilation failed to produce executable
FAIL: gcc.dg/debug/pr29609-1.c -gdwarf-2 -g3 -O3 (test for excess errors)
UNRESOLVED: gcc.dg/debug/pr29609-1.c -gdwarf-2 -g3 -O3 compilation failed to produce executable
FAIL: gcc.dg/debug/pr29609-2.c -gdwarf-2 -g3 (test for excess errors)
UNRESOLVED: gcc.dg/debug/pr29609-2.c -gdwarf-2 -g3 compilation failed to produce executable
FAIL: gcc.dg/debug/pr29609-2.c -gdwarf-2 -g3 -O (test for excess errors)
UNRESOLVED: gcc.dg/debug/pr29609-2.c -gdwarf-2 -g3 -O compilation failed to produce executable
FAIL: gcc.dg/debug/pr29609-2.c -gdwarf-2 -g3 -O3 (test for excess errors)
UNRESOLVED: gcc.dg/debug/pr29609-2.c -gdwarf-2 -g3 -O3 compilation failed to produce executable
FAIL: gcc.dg/debug/pr36690-1.c -gdwarf-2 -g3 (test for excess errors)
UNRESOLVED: gcc.dg/debug/pr36690-1.c -gdwarf-2 -g3 compilation failed to produce executable
FAIL: gcc.dg/debug/pr36690-1.c -gdwarf-2 -g3 -O (test for excess errors)
UNRESOLVED: gcc.dg/debug/pr36690-1.c -gdwarf-2 -g3 -O compilation failed to produce executable
FAIL: gcc.dg/debug/pr36690-1.c -gdwarf-2 -g3 -O3 (test for excess errors)
UNRESOLVED: gcc.dg/debug/pr36690-1.c -gdwarf-2 -g3 -O3 compilation failed to produce executable
FAIL: gcc.dg/debug/pr36690-2.c -gdwarf-2 -g3 (test for excess errors)
UNRESOLVED: gcc.dg/debug/pr36690-2.c -gdwarf-2 -g3 compilation failed to produce executable
FAIL: gcc.dg/debug/pr36690-2.c -gdwarf-2 -g3 -O (test for excess errors)
UNRESOLVED: gcc.dg/debug/pr36690-2.c -gdwarf-2 -g3 -O compilation failed to produce executable
FAIL: gcc.dg/debug/pr36690-2.c -gdwarf-2 -g3 -O3 (test for excess errors)
UNRESOLVED: gcc.dg/debug/pr36690-2.c -gdwarf-2 -g3 -O3 compilation failed to produce executable
FAIL: gcc.dg/debug/pr36690-3.c -gdwarf-2 -g3 (test for excess errors)
UNRESOLVED: gcc.dg/debug/pr36690-3.c -gdwarf-2 -g3 compilation failed to produce executable
FAIL: gcc.dg/debug/pr36690-3.c -gdwarf-2 -g3 -O (test for excess errors)
UNRESOLVED: gcc.dg/debug/pr36690-3.c -gdwarf-2 -g3 -O compilation failed to produce executable
FAIL: gcc.dg/debug/pr36690-3.c -gdwarf-2 -g3 -O3 (test for excess errors)
UNRESOLVED: gcc.dg/debug/pr36690-3.c -gdwarf-2 -g3 -O3 compilation failed to produce executable
FAIL: gcc.dg/debug/pr37616.c -gdwarf-2 -g3 (test for excess errors)
UNRESOLVED: gcc.dg/debug/pr37616.c -gdwarf-2 -g3 compilation failed to produce executable
FAIL: gcc.dg/debug/pr37616.c -gdwarf-2 -g3 -O (test for excess errors)
UNRESOLVED: gcc.dg/debug/pr37616.c -gdwarf-2 -g3 -O compilation failed to produce executable
FAIL: gcc.dg/debug/pr37616.c -gdwarf-2 -g3 -O3 (test for excess errors)
UNRESOLVED: gcc.dg/debug/pr37616.c -gdwarf-2 -g3 -O3 compilation failed to produce executable
FAIL: gcc.dg/debug/pr41893-1.c -gdwarf-2 -g3 (test for excess errors)
FAIL: gcc.dg/debug/pr41893-1.c -gdwarf-2 -g3 -O (test for excess errors)
FAIL: gcc.dg/debug/pr41893-1.c -gdwarf-2 -g3 -O3 (test for excess errors)
FAIL: gcc.dg/debug/pr49032.c -gdwarf-2 -g3 (test for excess errors)
FAIL: gcc.dg/debug/pr49032.c -gdwarf-2 -g3 -O (test for excess errors)
FAIL: gcc.dg/debug/pr49032.c -gdwarf-2 -g3 -O3 (test for excess errors)
FAIL: gcc.dg/debug/tls-1.c -gdwarf-2 -g3 (test for excess errors)
FAIL: gcc.dg/debug/tls-1.c -gdwarf-2 -g3 -O (test for excess errors)
FAIL: gcc.dg/debug/tls-1.c -gdwarf-2 -g3 -O3 (test for excess errors)
FAIL: gcc.dg/debug/trivial.c -gdwarf-2 -g3 (test for excess errors)
UNRESOLVED: gcc.dg/debug/trivial.c -gdwarf-2 -g3 compilation failed to produce executable
FAIL: gcc.dg/debug/trivial.c -gdwarf-2 -g3 -O (test for excess errors)
UNRESOLVED: gcc.dg/debug/trivial.c -gdwarf-2 -g3 -O compilation failed to produce executable
FAIL: gcc.dg/debug/trivial.c -gdwarf-2 -g3 -O3 (test for excess errors)
UNRESOLVED: gcc.dg/debug/trivial.c -gdwarf-2 -g3 -O3 compilation failed to produce executable
FAIL: gcc.dg/debug/dwarf2/inline2.c scan-assembler-times (?:byte|data1)[^\\n]*0x3[^\\n]* DW_AT_inline 3
FAIL: gcc.dg/debug/dwarf2/pr41445-1.c scan-assembler DW_TAG_variable[^\\\\r\\\\n]*[\\\\r\\\\n]+[^\\\\r\\\\n]*"varh[^\\\\r\\\\n]*DW_AT_name([^\\\\r\\\\n]*[\\\\r\\\\n]+[^\\\\r\\\\n]*DW_AT_)*[^\\\\r\\\\n]*[\\\\r\\\\n]+[^\\\\r\\\\n]*[^0-9a-fA-FxX](0x)?8[^0-9a-fA-FxX][^\\\\r\\\\n]*DW_AT_decl_line
FAIL: gcc.dg/debug/dwarf2/pr41445-1.c scan-assembler DW_TAG_variable[^\\\\r\\\\n]*[\\\\r\\\\n]+[^\\\\r\\\\n]*"vari[^\\\\r\\\\n]*DW_AT_name([^\\\\r\\\\n]*[\\\\r\\\\n]+[^\\\\r\\\\n]*DW_AT_)*[^\\\\r\\\\n]*[\\\\r\\\\n]+[^\\\\r\\\\n]*[^0-9a-fA-FxX](0xc|12)[^0-9a-fA-FxX][^\\\\r\\\\n]*DW_AT_decl_line
FAIL: gcc.dg/debug/dwarf2/pr41445-1.c scan-assembler DW_TAG_variable[^\\\\r\\\\n]*[\\\\r\\\\n]+[^\\\\r\\\\n]*"varj[^\\\\r\\\\n]*DW_AT_name([^\\\\r\\\\n]*[\\\\r\\\\n]+[^\\\\r\\\\n]*DW_AT_)*[^\\\\r\\\\n]*[\\\\r\\\\n]+[^\\\\r\\\\n]*[^0-9a-fA-FxX](0xd|13)[^0-9a-fA-FxX][^\\\\r\\\\n]*DW_AT_decl_line
FAIL: gcc.dg/debug/dwarf2/pr41445-2.c scan-assembler DW_TAG_variable[^\\\\r\\\\n]*[\\\\r\\\\n]+[^\\\\r\\\\n]*"varh[^\\\\r\\\\n]*DW_AT_name([^\\\\r\\\\n]*[\\\\r\\\\n]+[^\\\\r\\\\n]*DW_AT_)*[^\\\\r\\\\n]*[\\\\r\\\\n]+[^\\\\r\\\\n]*[^0-9a-fA-FxX](0x)?8[^0-9a-fA-FxX][^\\\\r\\\\n]*DW_AT_decl_line
FAIL: gcc.dg/debug/dwarf2/pr41445-2.c scan-assembler DW_TAG_variable[^\\\\r\\\\n]*[\\\\r\\\\n]+[^\\\\r\\\\n]*"vari[^\\\\r\\\\n]*DW_AT_name([^\\\\r\\\\n]*[\\\\r\\\\n]+[^\\\\r\\\\n]*DW_AT_)*[^\\\\r\\\\n]*[\\\\r\\\\n]+[^\\\\r\\\\n]*[^0-9a-fA-FxX](0xc|12)[^0-9a-fA-FxX][^\\\\r\\\\n]*DW_AT_decl_line
FAIL: gcc.dg/debug/dwarf2/pr41445-2.c scan-assembler DW_TAG_variable[^\\\\r\\\\n]*[\\\\r\\\\n]+[^\\\\r\\\\n]*"varj[^\\\\r\\\\n]*DW_AT_name([^\\\\r\\\\n]*[\\\\r\\\\n]+[^\\\\r\\\\n]*DW_AT_)*[^\\\\r\\\\n]*[\\\\r\\\\n]+[^\\\\r\\\\n]*[^0-9a-fA-FxX](0xd|13)[^0-9a-fA-FxX][^\\\\r\\\\n]*DW_AT_decl_line
FAIL: gcc.dg/debug/dwarf2/pr41445-3.c scan-assembler DW_TAG_variable[^\\\\r\\\\n]*[\\\\r\\\\n]+[^\\\\r\\\\n]*"varh[^\\\\r\\\\n]*DW_AT_name([^\\\\r\\\\n]*[\\\\r\\\\n]+[^\\\\r\\\\n]*DW_AT_)*[^\\\\r\\\\n]*[\\\\r\\\\n]+[^\\\\r\\\\n]*[^0-9a-fA-FxX](0x)?8[^0-9a-fA-FxX][^\\\\r\\\\n]*DW_AT_decl_line
FAIL: gcc.dg/debug/dwarf2/pr41445-3.c scan-assembler DW_TAG_variable[^\\\\r\\\\n]*[\\\\r\\\\n]+[^\\\\r\\\\n]*"vari[^\\\\r\\\\n]*DW_AT_name([^\\\\r\\\\n]*[\\\\r\\\\n]+[^\\\\r\\\\n]*DW_AT_)*[^\\\\r\\\\n]*[\\\\r\\\\n]+[^\\\\r\\\\n]*[^0-9a-fA-FxX](0xc|12)[^0-9a-fA-FxX][^\\\\r\\\\n]*DW_AT_decl_line
FAIL: gcc.dg/debug/dwarf2/pr41445-3.c scan-assembler DW_TAG_variable[^\\\\r\\\\n]*[\\\\r\\\\n]+[^\\\\r\\\\n]*"varj[^\\\\r\\\\n]*DW_AT_name([^\\\\r\\\\n]*[\\\\r\\\\n]+[^\\\\r\\\\n]*DW_AT_)*[^\\\\r\\\\n]*[\\\\r\\\\n]+[^\\\\r\\\\n]*[^0-9a-fA-FxX](0xd|13)[^0-9a-fA-FxX][^\\\\r\\\\n]*DW_AT_decl_line
FAIL: gcc.dg/debug/dwarf2/pr41445-4.c scan-assembler DW_TAG_variable[^\\\\r\\\\n]*[\\\\r\\\\n]+[^\\\\r\\\\n]*"varh[^\\\\r\\\\n]*DW_AT_name([^\\\\r\\\\n]*[\\\\r\\\\n]+[^\\\\r\\\\n]*DW_AT_)*[^\\\\r\\\\n]*[\\\\r\\\\n]+[^\\\\r\\\\n]*[^0-9a-fA-FxX](0x)?8[^0-9a-fA-FxX][^\\\\r\\\\n]*DW_AT_decl_line
FAIL: gcc.dg/debug/dwarf2/pr41445-4.c scan-assembler DW_TAG_variable[^\\\\r\\\\n]*[\\\\r\\\\n]+[^\\\\r\\\\n]*"vari[^\\\\r\\\\n]*DW_AT_name([^\\\\r\\\\n]*[\\\\r\\\\n]+[^\\\\r\\\\n]*DW_AT_)*[^\\\\r\\\\n]*[\\\\r\\\\n]+[^\\\\r\\\\n]*[^0-9a-fA-FxX](0xc|12)[^0-9a-fA-FxX][^\\\\r\\\\n]*DW_AT_decl_line
FAIL: gcc.dg/debug/dwarf2/pr41445-4.c scan-assembler DW_TAG_variable[^\\\\r\\\\n]*[\\\\r\\\\n]+[^\\\\r\\\\n]*"varj[^\\\\r\\\\n]*DW_AT_name([^\\\\r\\\\n]*[\\\\r\\\\n]+[^\\\\r\\\\n]*DW_AT_)*[^\\\\r\\\\n]*[\\\\r\\\\n]+[^\\\\r\\\\n]*[^0-9a-fA-FxX](0xd|13)[^0-9a-fA-FxX][^\\\\r\\\\n]*DW_AT_decl_line
FAIL: gcc.dg/debug/dwarf2/pr41445-5.c scan-assembler DW_TAG_variable[^\\\\r\\\\n]*[\\\\r\\\\n]+[^\\\\r\\\\n]*"vari[^\\\\r\\\\n]*DW_AT_name([^\\\\r\\\\n]*[\\\\r\\\\n]+[^\\\\r\\\\n]*DW_AT_)*[^\\\\r\\\\n]*[\\\\r\\\\n]+[^\\\\r\\\\n]*[^0-9a-fA-FxX](0xa|10)[^0-9a-fA-FxX][^\\\\r\\\\n]*DW_AT_decl_line
FAIL: gcc.dg/debug/dwarf2/pr41445-5.c scan-assembler DW_TAG_variable[^\\\\r\\\\n]*[\\\\r\\\\n]+[^\\\\r\\\\n]*"varj[^\\\\r\\\\n]*DW_AT_name([^\\\\r\\\\n]*[\\\\r\\\\n]+[^\\\\r\\\\n]*DW_AT_)*[^\\\\r\\\\n]*[\\\\r\\\\n]+[^\\\\r\\\\n]*[^0-9a-fA-FxX](0xa|10)[^0-9a-fA-FxX][^\\\\r\\\\n]*DW_AT_decl_line
FAIL: gcc.dg/debug/dwarf2/pr41445-6.c scan-assembler DW_TAG_variable[^\\\\r\\\\n]*[\\\\r\\\\n]+[^\\\\r\\\\n]*"vari[^\\\\r\\\\n]*DW_AT_name([^\\\\r\\\\n]*[\\\\r\\\\n]+[^\\\\r\\\\n]*DW_AT_)*[^\\\\r\\\\n]*[\\\\r\\\\n]+[^\\\\r\\\\n]*[^0-9a-fA-FxX](0xa|10)?[^0-9a-fA-FxX][^\\\\r\\\\n]*DW_AT_decl_line
FAIL: gcc.dg/debug/dwarf2/pr41445-6.c scan-assembler DW_TAG_variable[^\\\\r\\\\n]*[\\\\r\\\\n]+[^\\\\r\\\\n]*"varj[^\\\\r\\\\n]*DW_AT_name([^\\\\r\\\\n]*[\\\\r\\\\n]+[^\\\\r\\\\n]*DW_AT_)*[^\\\\r\\\\n]*[\\\\r\\\\n]+[^\\\\r\\\\n]*[^0-9a-fA-FxX](0xa|10)[^0-9a-fA-FxX][^\\\\r\\\\n]*DW_AT_decl_line
FAIL: gcc.dg/debug/dwarf2/struct-loc1.c scan-assembler DW_TAG_structure_type[^\\\\r\\\\n]*[\\\\r\\\\n]+[^\\\\r\\\\n]*"foo[^\\\\r\\\\n]*DW_AT_name([^\\\\r\\\\n]*[\\\\r\\\\n]+[^\\\\r\\\\n]*DW_AT_)*[^\\\\r\\\\n]*[\\\\r\\\\n]+[^\\\\r\\\\n]*[^0-9a-fA-FxX](0x)?6[^0-9a-fA-FxX][^\\\\r\\\\n]*DW_AT_decl_line
FAIL: gcc.dg/54455.c (test for excess errors)
XPASS: gcc.dg/Wstrict-overflow-18.c (test for bogus messages, line 20)
FAIL: gcc.dg/attr-weakref-1.c (test for excess errors)
UNRESOLVED: gcc.dg/attr-weakref-1.c compilation failed to produce executable
FAIL: gcc.dg/builtin-apply4.c execution test
FAIL: gcc.dg/builtin-object-size-8.c execution test
FAIL: gcc.dg/builtin-return-1.c execution test
FAIL: gcc.dg/c99-stdint-1.c (test for excess errors)
FAIL: gcc.dg/c99-stdint-7.c (test for excess errors)
FAIL: gcc.dg/const-uniq-1.c scan-tree-dump-times gimple "L\\\\\$?C0" 2
XPASS: gcc.dg/pr30957-1.c execution test
FAIL: gcc.dg/pr30957-1.c scan-rtl-dump loop2_unroll "Expanding Accumulator"
FAIL: gcc.dg/pr32912-2.c (internal compiler error)
FAIL: gcc.dg/pr32912-2.c (test for excess errors)
UNRESOLVED: gcc.dg/pr32912-2.c compilation failed to produce executable
FAIL: gcc.dg/pr32912-3.c (internal compiler error)
FAIL: gcc.dg/pr32912-3.c (test for excess errors)
FAIL: gcc.dg/pr42629.c (test for excess errors)
FAIL: gcc.dg/pr44194-1.c scan-rtl-dump dse1 "global deletions = (2|3)"
FAIL: gcc.dg/pr46309.c scan-tree-dump-times reassoc1 "Optimizing range tests a_[0-9]*.D. -.1, 1. and -.2, 2. and -.3, 3. and -.4, 4.[\\n\\r]* into" 2
FAIL: gcc.dg/pr46309.c scan-tree-dump-times reassoc1 "Optimizing range tests a_[0-9]*.D. -.1, 1. and -.3, 3.[\\n\\r]* into" 1
FAIL: gcc.dg/pr46309.c scan-tree-dump-times reassoc1 "Optimizing range tests a_[0-9]*.D. -.1, 1. and -.2, 2.[\\n\\r]* into" 1
FAIL: gcc.dg/pr46309.c scan-tree-dump-times reassoc1 "Optimizing range tests a_[0-9]*.D. -.0, 31. and -.64, 95.[\\n\\r]* into" 2
FAIL: gcc.dg/pr46309.c scan-tree-dump-times reassoc1 "Optimizing range tests a_[0-9]*.D. -.128, 159. and -.192, 223.[\\n\\r]* into" 1
FAIL: gcc.dg/pr46309.c scan-tree-dump-times reassoc2 "Optimizing range tests [^\\r\\n]*_[0-9]* -.0, 31. and -.128, 159.[\\n\\r]* into" 1
FAIL: gcc.dg/sibcall-7.c execution test
FAIL: gcc.dg/stack-usage-1.c (test for excess errors)
FAIL: gcc.dg/stack-usage-1.c scan-file foo\\t(256|264)\\tstatic
FAIL: gcc.dg/stack-usage-2.c (test for bogus messages, line 9)
FAIL: gcc.dg/stack-usage-2.c (test for warnings, line 16)
FAIL: gcc.dg/stack-usage-2.c (test for warnings, line 26)
FAIL: gcc.dg/stack-usage-2.c (test for warnings, line 33)
UNRESOLVED: gcc.dg/superblock.c scan-rtl-dump-times sched2 "ADVANCING TO" 2
FAIL: gcc.dg/ucnid-11.c (internal compiler error)
FAIL: gcc.dg/ucnid-11.c (test for excess errors)
UNRESOLVED: gcc.dg/ucnid-11.c compilation failed to produce executable
FAIL: gcc.dg/ucnid-12.c (internal compiler error)
FAIL: gcc.dg/ucnid-12.c (test for excess errors)
UNRESOLVED: gcc.dg/ucnid-12.c compilation failed to produce executable
FAIL: gcc.dg/ucnid-2.c (internal compiler error)
FAIL: gcc.dg/ucnid-2.c (test for excess errors)
UNRESOLVED: gcc.dg/ucnid-2.c compilation failed to produce executable
FAIL: gcc.dg/ucnid-3.c (internal compiler error)
FAIL: gcc.dg/ucnid-3.c (test for excess errors)
UNRESOLVED: gcc.dg/ucnid-3.c compilation failed to produce executable
FAIL: gcc.dg/ucnid-4.c (internal compiler error)
FAIL: gcc.dg/ucnid-4.c (test for excess errors)
UNRESOLVED: gcc.dg/ucnid-4.c compilation failed to produce executable
FAIL: gcc.dg/ucnid-6.c (internal compiler error)
FAIL: gcc.dg/ucnid-6.c (test for excess errors)
UNRESOLVED: gcc.dg/ucnid-6.c compilation failed to produce executable
FAIL: gcc.dg/var-expand1.c scan-rtl-dump loop2_unroll "Expanding Accumulator"
FAIL: gcc.dg/webizer.c execution test
FAIL: gcc.dg/ipa/iinline-4.c scan-ipa-dump inline "hooray4[^\\\\n]*inline copy in test4"
FAIL: gcc.dg/ipa/inline-5.c scan-ipa-dump-times inline "Will be eliminated" 4
FAIL: gcc.dg/lto/pr54625-1 c_lto_pr54625-1_1.o assemble, -O0 -flto -flto-partition=none
UNRESOLVED: gcc.dg/lto/pr54625-1 c_lto_pr54625-1_0.o-c_lto_pr54625-1_1.o link -O0 -flto -flto-partition=none
UNRESOLVED: gcc.dg/lto/pr54625-1 c_lto_pr54625-1_0.o-c_lto_pr54625-1_1.o execute -O0 -flto -flto-partition=none
FAIL: gcc.dg/lto/pr54625-1 c_lto_pr54625-1_1.o assemble, -O2 -flto -flto-partition=none
UNRESOLVED: gcc.dg/lto/pr54625-1 c_lto_pr54625-1_0.o-c_lto_pr54625-1_1.o link -O2 -flto -flto-partition=none
UNRESOLVED: gcc.dg/lto/pr54625-1 c_lto_pr54625-1_0.o-c_lto_pr54625-1_1.o execute -O2 -flto -flto-partition=none
FAIL: gcc.dg/lto/pr54625-1 c_lto_pr54625-1_1.o assemble, -O0 -flto -flto-partition=1to1
UNRESOLVED: gcc.dg/lto/pr54625-1 c_lto_pr54625-1_0.o-c_lto_pr54625-1_1.o link -O0 -flto -flto-partition=1to1
UNRESOLVED: gcc.dg/lto/pr54625-1 c_lto_pr54625-1_0.o-c_lto_pr54625-1_1.o execute -O0 -flto -flto-partition=1to1
FAIL: gcc.dg/lto/pr54625-1 c_lto_pr54625-1_1.o assemble, -O2 -flto -flto-partition=1to1
UNRESOLVED: gcc.dg/lto/pr54625-1 c_lto_pr54625-1_0.o-c_lto_pr54625-1_1.o link -O2 -flto -flto-partition=1to1
UNRESOLVED: gcc.dg/lto/pr54625-1 c_lto_pr54625-1_0.o-c_lto_pr54625-1_1.o execute -O2 -flto -flto-partition=1to1
FAIL: gcc.dg/lto/pr54625-1 c_lto_pr54625-1_1.o assemble, -O0 -flto
UNRESOLVED: gcc.dg/lto/pr54625-1 c_lto_pr54625-1_0.o-c_lto_pr54625-1_1.o link -O0 -flto
UNRESOLVED: gcc.dg/lto/pr54625-1 c_lto_pr54625-1_0.o-c_lto_pr54625-1_1.o execute -O0 -flto
FAIL: gcc.dg/lto/pr54625-1 c_lto_pr54625-1_1.o assemble, -O2 -flto
UNRESOLVED: gcc.dg/lto/pr54625-1 c_lto_pr54625-1_0.o-c_lto_pr54625-1_1.o link -O2 -flto
UNRESOLVED: gcc.dg/lto/pr54625-1 c_lto_pr54625-1_0.o-c_lto_pr54625-1_1.o execute -O2 -flto
FAIL: gcc.dg/lto/pr54625-2 c_lto_pr54625-2_1.o assemble, -O0 -flto -flto-partition=none
UNRESOLVED: gcc.dg/lto/pr54625-2 c_lto_pr54625-2_0.o-c_lto_pr54625-2_1.o link -O0 -flto -flto-partition=none
UNRESOLVED: gcc.dg/lto/pr54625-2 c_lto_pr54625-2_0.o-c_lto_pr54625-2_1.o execute -O0 -flto -flto-partition=none
FAIL: gcc.dg/lto/pr54625-2 c_lto_pr54625-2_1.o assemble, -O2 -flto -flto-partition=none
UNRESOLVED: gcc.dg/lto/pr54625-2 c_lto_pr54625-2_0.o-c_lto_pr54625-2_1.o link -O2 -flto -flto-partition=none
UNRESOLVED: gcc.dg/lto/pr54625-2 c_lto_pr54625-2_0.o-c_lto_pr54625-2_1.o execute -O2 -flto -flto-partition=none
FAIL: gcc.dg/lto/pr54625-2 c_lto_pr54625-2_1.o assemble, -O0 -flto -flto-partition=1to1
UNRESOLVED: gcc.dg/lto/pr54625-2 c_lto_pr54625-2_0.o-c_lto_pr54625-2_1.o link -O0 -flto -flto-partition=1to1
UNRESOLVED: gcc.dg/lto/pr54625-2 c_lto_pr54625-2_0.o-c_lto_pr54625-2_1.o execute -O0 -flto -flto-partition=1to1
FAIL: gcc.dg/lto/pr54625-2 c_lto_pr54625-2_1.o assemble, -O2 -flto -flto-partition=1to1
UNRESOLVED: gcc.dg/lto/pr54625-2 c_lto_pr54625-2_0.o-c_lto_pr54625-2_1.o link -O2 -flto -flto-partition=1to1
UNRESOLVED: gcc.dg/lto/pr54625-2 c_lto_pr54625-2_0.o-c_lto_pr54625-2_1.o execute -O2 -flto -flto-partition=1to1
FAIL: gcc.dg/lto/pr54625-2 c_lto_pr54625-2_1.o assemble, -O0 -flto
UNRESOLVED: gcc.dg/lto/pr54625-2 c_lto_pr54625-2_0.o-c_lto_pr54625-2_1.o link -O0 -flto
UNRESOLVED: gcc.dg/lto/pr54625-2 c_lto_pr54625-2_0.o-c_lto_pr54625-2_1.o execute -O0 -flto
FAIL: gcc.dg/lto/pr54625-2 c_lto_pr54625-2_1.o assemble, -O2 -flto
UNRESOLVED: gcc.dg/lto/pr54625-2 c_lto_pr54625-2_0.o-c_lto_pr54625-2_1.o link -O2 -flto
UNRESOLVED: gcc.dg/lto/pr54625-2 c_lto_pr54625-2_0.o-c_lto_pr54625-2_1.o execute -O2 -flto
FAIL: c-c++-common/torture/vector-compare-2.c -O1 (internal compiler error)
FAIL: c-c++-common/torture/vector-compare-2.c -O1 (test for excess errors)
UNRESOLVED: c-c++-common/torture/vector-compare-2.c -O1 compilation failed to produce executable
FAIL: c-c++-common/torture/vector-compare-2.c -O2 (internal compiler error)
FAIL: c-c++-common/torture/vector-compare-2.c -O2 (test for excess errors)
UNRESOLVED: c-c++-common/torture/vector-compare-2.c -O2 compilation failed to produce executable
FAIL: c-c++-common/torture/vector-compare-2.c -O3 -fomit-frame-pointer (internal compiler error)
FAIL: c-c++-common/torture/vector-compare-2.c -O3 -fomit-frame-pointer (test for excess errors)
UNRESOLVED: c-c++-common/torture/vector-compare-2.c -O3 -fomit-frame-pointer compilation failed to produce executable
FAIL: c-c++-common/torture/vector-compare-2.c -O3 -fomit-frame-pointer -funroll-loops (internal compiler error)
FAIL: c-c++-common/torture/vector-compare-2.c -O3 -fomit-frame-pointer -funroll-loops (test for excess errors)
UNRESOLVED: c-c++-common/torture/vector-compare-2.c -O3 -fomit-frame-pointer -funroll-loops compilation failed to produce executable
FAIL: c-c++-common/torture/vector-compare-2.c -O3 -fomit-frame-pointer -funroll-all-loops -finline-functions (internal compiler error)
FAIL: c-c++-common/torture/vector-compare-2.c -O3 -fomit-frame-pointer -funroll-all-loops -finline-functions (test for excess errors)
UNRESOLVED: c-c++-common/torture/vector-compare-2.c -O3 -fomit-frame-pointer -funroll-all-loops -finline-functions compilation failed to produce executable
FAIL: c-c++-common/torture/vector-compare-2.c -O3 -g (internal compiler error)
FAIL: c-c++-common/torture/vector-compare-2.c -O3 -g (test for excess errors)
UNRESOLVED: c-c++-common/torture/vector-compare-2.c -O3 -g compilation failed to produce executable
FAIL: c-c++-common/torture/vector-compare-2.c -Os (internal compiler error)
FAIL: c-c++-common/torture/vector-compare-2.c -Os (test for excess errors)
UNRESOLVED: c-c++-common/torture/vector-compare-2.c -Os compilation failed to produce executable
FAIL: c-c++-common/torture/vector-compare-2.c -O2 -flto -flto-partition=none (internal compiler error)
FAIL: c-c++-common/torture/vector-compare-2.c -O2 -flto -flto-partition=none (test for excess errors)
UNRESOLVED: c-c++-common/torture/vector-compare-2.c -O2 -flto -flto-partition=none compilation failed to produce executable
FAIL: c-c++-common/torture/vector-compare-2.c -O2 -flto (internal compiler error)
FAIL: c-c++-common/torture/vector-compare-2.c -O2 -flto (test for excess errors)
UNRESOLVED: c-c++-common/torture/vector-compare-2.c -O2 -flto compilation failed to produce executable
FAIL: gcc.dg/torture/alias-1.c -O0 (test for excess errors)
FAIL: gcc.dg/torture/alias-1.c -O1 (test for excess errors)
FAIL: gcc.dg/torture/alias-1.c -O2 (test for excess errors)
FAIL: gcc.dg/torture/alias-1.c -O3 -fomit-frame-pointer (test for excess errors)
FAIL: gcc.dg/torture/alias-1.c -O3 -g (test for excess errors)
FAIL: gcc.dg/torture/alias-1.c -Os (test for excess errors)
FAIL: gcc.dg/torture/alias-1.c -O2 -flto -flto-partition=none (test for excess errors)
FAIL: gcc.dg/torture/alias-1.c -O2 -flto (test for excess errors)
FAIL: gcc.dg/torture/pr39074-2.c -O1 scan-tree-dump alias "y.._. = { i }"
FAIL: gcc.dg/torture/pr39074-2.c -O1 scan-tree-dump alias "y.._., points-to vars: { D..... }"
FAIL: gcc.dg/torture/pr39074-2.c -O2 scan-tree-dump alias "y.._. = { i }"
FAIL: gcc.dg/torture/pr39074-2.c -O2 scan-tree-dump alias "y.._., points-to vars: { D..... }"
FAIL: gcc.dg/torture/pr39074-2.c -O3 -fomit-frame-pointer scan-tree-dump alias "y.._. = { i }"
FAIL: gcc.dg/torture/pr39074-2.c -O3 -fomit-frame-pointer scan-tree-dump alias "y.._., points-to vars: { D..... }"
FAIL: gcc.dg/torture/pr39074-2.c -O3 -g scan-tree-dump alias "y.._. = { i }"
FAIL: gcc.dg/torture/pr39074-2.c -O3 -g scan-tree-dump alias "y.._., points-to vars: { D..... }"
FAIL: gcc.dg/torture/pr39074-2.c -Os scan-tree-dump alias "y.._. = { i }"
FAIL: gcc.dg/torture/pr39074-2.c -Os scan-tree-dump alias "y.._., points-to vars: { D..... }"
FAIL: gcc.dg/torture/pr39074-2.c -O2 -flto -flto-partition=none scan-tree-dump alias "y.._. = { i }"
FAIL: gcc.dg/torture/pr39074-2.c -O2 -flto -flto-partition=none scan-tree-dump alias "y.._., points-to vars: { D..... }"
FAIL: gcc.dg/torture/pr39074-2.c -O2 -flto scan-tree-dump alias "y.._. = { i }"
FAIL: gcc.dg/torture/pr39074-2.c -O2 -flto scan-tree-dump alias "y.._., points-to vars: { D..... }"
FAIL: gcc.dg/torture/pr39074.c -O1 scan-tree-dump alias "y.._. = { i }"
FAIL: gcc.dg/torture/pr39074.c -O1 scan-tree-dump alias "y.._., points-to vars: { D..... }"
FAIL: gcc.dg/torture/pr39074.c -O2 scan-tree-dump alias "y.._. = { i }"
FAIL: gcc.dg/torture/pr39074.c -O2 scan-tree-dump alias "y.._., points-to vars: { D..... }"
FAIL: gcc.dg/torture/pr39074.c -O3 -fomit-frame-pointer scan-tree-dump alias "y.._. = { i }"
FAIL: gcc.dg/torture/pr39074.c -O3 -fomit-frame-pointer scan-tree-dump alias "y.._., points-to vars: { D..... }"
FAIL: gcc.dg/torture/pr39074.c -O3 -g scan-tree-dump alias "y.._. = { i }"
FAIL: gcc.dg/torture/pr39074.c -O3 -g scan-tree-dump alias "y.._., points-to vars: { D..... }"
FAIL: gcc.dg/torture/pr39074.c -Os scan-tree-dump alias "y.._. = { i }"
FAIL: gcc.dg/torture/pr39074.c -Os scan-tree-dump alias "y.._., points-to vars: { D..... }"
FAIL: gcc.dg/torture/pr39074.c -O2 -flto -flto-partition=none scan-tree-dump alias "y.._. = { i }"
FAIL: gcc.dg/torture/pr39074.c -O2 -flto -flto-partition=none scan-tree-dump alias "y.._., points-to vars: { D..... }"
FAIL: gcc.dg/torture/pr39074.c -O2 -flto scan-tree-dump alias "y.._. = { i }"
FAIL: gcc.dg/torture/pr39074.c -O2 -flto scan-tree-dump alias "y.._., points-to vars: { D..... }"
FAIL: gcc.dg/torture/pr47917.c -O0 (test for excess errors)
FAIL: gcc.dg/torture/pr47917.c -O1 (test for excess errors)
FAIL: gcc.dg/torture/pr47917.c -O2 (test for excess errors)
FAIL: gcc.dg/torture/pr47917.c -O3 -fomit-frame-pointer (test for excess errors)
FAIL: gcc.dg/torture/pr47917.c -O3 -g (test for excess errors)
FAIL: gcc.dg/torture/pr47917.c -Os (test for excess errors)
FAIL: gcc.dg/torture/pr47917.c -O2 -flto -flto-partition=none (test for excess errors)
FAIL: gcc.dg/torture/pr47917.c -O2 -flto (test for excess errors)
FAIL: gcc.dg/torture/pr51106-2.c -O0 (internal compiler error)
FAIL: gcc.dg/torture/pr51106-2.c -O0 (test for excess errors)
FAIL: gcc.dg/torture/pr51106-2.c -O1 (internal compiler error)
FAIL: gcc.dg/torture/pr51106-2.c -O1 (test for excess errors)
FAIL: gcc.dg/torture/pr51106-2.c -O2 (internal compiler error)
FAIL: gcc.dg/torture/pr51106-2.c -O2 (test for excess errors)
FAIL: gcc.dg/torture/pr51106-2.c -O3 -fomit-frame-pointer (internal compiler error)
FAIL: gcc.dg/torture/pr51106-2.c -O3 -fomit-frame-pointer (test for excess errors)
FAIL: gcc.dg/torture/pr51106-2.c -O3 -g (internal compiler error)
FAIL: gcc.dg/torture/pr51106-2.c -O3 -g (test for excess errors)
FAIL: gcc.dg/torture/pr51106-2.c -Os (internal compiler error)
FAIL: gcc.dg/torture/pr51106-2.c -Os (test for excess errors)
FAIL: gcc.dg/torture/pr51106-2.c -O2 -flto -flto-partition=none (internal compiler error)
FAIL: gcc.dg/torture/pr51106-2.c -O2 -flto -flto-partition=none (test for excess errors)
FAIL: gcc.dg/torture/pr51106-2.c -O2 -flto (internal compiler error)
FAIL: gcc.dg/torture/pr51106-2.c -O2 -flto (test for excess errors)
FAIL: gcc.dg/torture/pta-callused-1.c -O1 scan-tree-dump alias "p.._. = { i j }"
FAIL: gcc.dg/torture/pta-callused-1.c -O2 scan-tree-dump alias "p.._. = { i j }"
FAIL: gcc.dg/torture/pta-callused-1.c -O3 -fomit-frame-pointer scan-tree-dump alias "p.._. = { i j }"
FAIL: gcc.dg/torture/pta-callused-1.c -O3 -g scan-tree-dump alias "p.._. = { i j }"
FAIL: gcc.dg/torture/pta-callused-1.c -Os scan-tree-dump alias "p.._. = { i j }"
FAIL: gcc.dg/torture/pta-callused-1.c -O2 -flto -flto-partition=none scan-tree-dump alias "p.._. = { i j }"
FAIL: gcc.dg/torture/pta-callused-1.c -O2 -flto scan-tree-dump alias "p.._. = { i j }"
FAIL: gcc.dg/torture/stackalign/builtin-apply-4.c -O0 execution test
FAIL: gcc.dg/torture/stackalign/builtin-apply-4.c -O1 execution test
FAIL: gcc.dg/torture/stackalign/builtin-apply-4.c -O2 execution test
FAIL: gcc.dg/torture/stackalign/builtin-apply-4.c -O3 -fomit-frame-pointer execution test
FAIL: gcc.dg/torture/stackalign/builtin-apply-4.c -O3 -g execution test
FAIL: gcc.dg/torture/stackalign/builtin-apply-4.c -Os execution test
FAIL: gcc.dg/torture/stackalign/builtin-apply-4.c -O2 -flto -flto-partition=none execution test
FAIL: gcc.dg/torture/stackalign/builtin-apply-4.c -O2 -flto execution test
FAIL: gcc.dg/torture/stackalign/builtin-return-1.c -O0 execution test
FAIL: gcc.dg/torture/stackalign/builtin-return-1.c -O1 execution test
FAIL: gcc.dg/torture/stackalign/builtin-return-1.c -O2 execution test
FAIL: gcc.dg/torture/stackalign/builtin-return-1.c -O3 -fomit-frame-pointer execution test
FAIL: gcc.dg/torture/stackalign/builtin-return-1.c -O3 -g execution test
FAIL: gcc.dg/torture/stackalign/builtin-return-1.c -Os execution test
FAIL: gcc.dg/torture/stackalign/builtin-return-1.c -O2 -flto -flto-partition=none execution test
FAIL: gcc.dg/torture/stackalign/builtin-return-1.c -O2 -flto execution test
FAIL: gcc.dg/torture/stackalign/setjmp-1.c -O2 execution test
FAIL: gcc.dg/torture/stackalign/setjmp-1.c -O3 -fomit-frame-pointer execution test
FAIL: gcc.dg/torture/stackalign/setjmp-1.c -O3 -fomit-frame-pointer -funroll-loops execution test
FAIL: gcc.dg/torture/stackalign/setjmp-1.c -O3 -fomit-frame-pointer -funroll-all-loops -finline-functions execution test
FAIL: gcc.dg/torture/stackalign/setjmp-1.c -O3 -g execution test
FAIL: gcc.dg/torture/stackalign/setjmp-1.c -Os execution test
FAIL: gcc.dg/torture/stackalign/setjmp-1.c -O2 -flto -flto-partition=none execution test
FAIL: gcc.dg/torture/stackalign/setjmp-1.c -O2 -flto execution test
FAIL: gcc.dg/torture/stackalign/setjmp-3.c -O2 execution test
FAIL: gcc.dg/torture/stackalign/setjmp-3.c -O3 -fomit-frame-pointer execution test
FAIL: gcc.dg/torture/stackalign/setjmp-3.c -O3 -fomit-frame-pointer -funroll-loops execution test
FAIL: gcc.dg/torture/stackalign/setjmp-3.c -O3 -fomit-frame-pointer -funroll-all-loops -finline-functions execution test
FAIL: gcc.dg/torture/stackalign/setjmp-3.c -O3 -g execution test
FAIL: gcc.dg/torture/stackalign/setjmp-3.c -Os execution test
FAIL: gcc.dg/torture/stackalign/setjmp-3.c -O2 -flto -flto-partition=none execution test
FAIL: gcc.dg/torture/stackalign/setjmp-3.c -O2 -flto execution test
FAIL: gcc.dg/torture/stackalign/setjmp-4.c -O2 execution test
FAIL: gcc.dg/torture/stackalign/setjmp-4.c -O3 -fomit-frame-pointer execution test
FAIL: gcc.dg/torture/stackalign/setjmp-4.c -O3 -fomit-frame-pointer -funroll-loops execution test
FAIL: gcc.dg/torture/stackalign/setjmp-4.c -O3 -fomit-frame-pointer -funroll-all-loops -finline-functions execution test
FAIL: gcc.dg/torture/stackalign/setjmp-4.c -O3 -g execution test
FAIL: gcc.dg/torture/stackalign/setjmp-4.c -Os execution test
FAIL: gcc.dg/torture/stackalign/setjmp-4.c -O2 -flto -flto-partition=none execution test
FAIL: gcc.dg/torture/stackalign/setjmp-4.c -O2 -flto execution test
FAIL: gcc.dg/tree-ssa/ipa-cp-1.c scan-tree-dump-times optimized "very_long_function.constprop.0 \\\\(\\\\)" 3
FAIL: gcc.dg/tree-ssa/loop-1.c scan-assembler-times foo 5
FAIL: gcc.dg/tree-ssa/reassoc-20.c scan-tree-dump-times optimized "b.._. \\\\+ a.._." 1
FAIL: gcc.dg/tree-ssa/ssa-dom-thread-4.c scan-tree-dump-times dom1 "Threaded" 3
FAIL: gcc.dg/tree-ssa/vector-4.c scan-tree-dump-times gimple "VEC_PERM_EXPR <a, b, { 0, 4, 1, 5 }>;" 1
FAIL: gcc.dg/tree-ssa/vrp47.c scan-tree-dump-times vrp1 "[xy][^ ]* !=" 0
FAIL: gcc.dg/tree-ssa/vrp47.c scan-tree-dump-times dom2 "x[^ ]* & y" 1
FAIL: gcc.dg/tree-ssa/vrp47.c scan-tree-dump-times vrp1 "x[^ ]* [|] y" 1
FAIL: gcc.dg/weak/typeof-2.c scan-assembler baz3.*baz3.*baz3.*baz3.*baz3.*baz3
=== gcc Summary ===
# of expected passes 74594
# of unexpected failures 384
# of unexpected successes 2
# of expected failures 100
# of unresolved testcases 66
# of unsupported tests 1340
/home/mstein/sim/trunk/mmix/build/gcc/xgcc version 4.8.0 20121013 (experimental) [trunk revision 192427] (GCC)
Compiler version: 4.8.0 20121013 (experimental) [trunk revision 192427] (GCC) gcc
Platform: mmix-knuth-mmixware
configure flags: --target=mmix --prefix=/home/mstein/cross-local/mmix --enable-languages=c --disable-nls --disable-build-warnings --with-sysroot=/home/mstein/cross-local/mmix --with-build-sysroot=/home/mstein/cross-local/mmix --with-ld=/home/mstein/cross-local/mmix/usr/bin/ld --with-as=/home/mstein/cross-local/mmix/usr/bin/as --disable-libssp --with-mpfr=/opt/cfarm/mpfr-2.4.1 --with-gmp=/opt/cfarm/gmp-4.2.4 --with-libelf=/opt/cfarm/libelf-0.8.12 --with-mpc=/opt/cfarm/mpc-0.8
More information about the Gcc-testresults
mailing list