Results for gcc testsuite on x86_64-unknown-linux-gnu
Kirill Yukhin [Intel64 Core i7 AVX]
i64corei7avx@ecsmtp.ims.intel.com
Mon Oct 8 23:36:00 GMT 2012
LAST_UPDATED: Mon Oct 8 20:40:13 UTC 2012 (revision 192222)
Native configuration is x86_64-unknown-linux-gnu
=== boehm-gc tests ===
Running target unix/-m32
FAIL: boehm-gc.c/gctest.c -O2 (test for excess errors)
WARNING: boehm-gc.c/gctest.c -O2 compilation failed to produce executable
FAIL: staticrootslib.lo -O2 (test for excess errors)
FAIL: boehm-gc.lib/staticrootstest.c -O2 (test for excess errors)
WARNING: boehm-gc.lib/staticrootstest.c -O2 compilation failed to produce executable
=== boehm-gc Summary for unix/-m32 ===
# of expected passes 1
# of unexpected failures 2
Running target unix
FAIL: staticrootslib.lo -O2 (test for excess errors)
FAIL: boehm-gc.lib/staticrootstest.c -O2 (test for excess errors)
WARNING: boehm-gc.lib/staticrootstest.c -O2 compilation failed to produce executable
=== boehm-gc Summary for unix ===
# of expected passes 1
# of unexpected failures 2
=== boehm-gc Summary ===
# of expected passes 16
# of unexpected failures 5
# of unsupported tests 2
=== libgomp tests ===
Running target unix/-m32
=== libjava tests ===
Running target unix/-m32
Compiler version: gcc
Platform: x86_64-unknown-linux-gnu
configure flags: --with-arch=corei7-avx --with-cpu=corei7-avx --prefix=/usr/local --enable-clocale=gnu --with-system-zlib --enable-shared --with-demangler-in-ld --enable-cloog-backend=isl --with-ppl-include=/opt/gnu/include --with-ppl-lib=/opt/gnu/lib64 --with-cloog-include=/opt/gnu/include --with-cloog-lib=/opt/gnu/lib64 --with-fpmath=sse --enable-languages=c,c++,fortran,java,lto,objc
More information about the Gcc-testresults
mailing list