Results for 4.7.2 (GCC) testsuite on hppa64-hp-hpux11.00
John David Anglin
dave@hiauly2.hia.nrc.ca
Sun Oct 7 15:16:00 GMT 2012
Native configuration is hppa64-hp-hpux11.00
=== g++ tests ===
Running target unix
FAIL: g++.dg/cpp0x/nullptr28.C -std=c++11 execution test
WARNING: program timed out.
=== g++ Summary ===
# of expected passes 44918
# of unexpected failures 1
# of expected failures 290
# of unsupported tests 896
/home/gnu/gcc/obj64dir/gcc/testsuite/g++/../../g++ version 4.7.2 (GCC)
=== gcc tests ===
Running target unix
WARNING: program timed out.
FAIL: gcc.c-torture/compile/limits-externdecl.c -O0 (test for excess errors)
WARNING: program timed out.
FAIL: gcc.c-torture/compile/limits-externdecl.c -O1 (test for excess errors)
WARNING: program timed out.
FAIL: gcc.c-torture/compile/limits-externdecl.c -O2 (test for excess errors)
WARNING: program timed out.
FAIL: gcc.c-torture/compile/limits-externdecl.c -O3 -fomit-frame-pointer (test for excess errors)
WARNING: program timed out.
FAIL: gcc.c-torture/compile/limits-externdecl.c -O3 -g (test for excess errors)
WARNING: program timed out.
FAIL: gcc.c-torture/compile/limits-externdecl.c -Os (test for excess errors)
WARNING: program timed out.
FAIL: gcc.c-torture/compile/limits-externdecl.c -O2 -flto -flto-partition=none (test for excess errors)
WARNING: program timed out.
FAIL: gcc.c-torture/compile/limits-externdecl.c -O2 -flto (test for excess errors)
WARNING: program timed out.
FAIL: gcc.c-torture/compile/limits-fndefn.c -O3 -g (test for excess errors)
WARNING: program timed out.
FAIL: gcc.c-torture/compile/limits-fndefn.c -O2 -flto (test for excess errors)
WARNING: program timed out.
FAIL: gcc.c-torture/compile/limits-structnest.c -O3 -g (test for excess errors)
WARNING: program timed out.
FAIL: gcc.c-torture/compile/limits-structnest.c -Os (test for excess errors)
FAIL: gcc.dg/20030711-1.c execution test
WARNING: program timed out.
FAIL: gcc.dg/c99-intconst-1.c (test for excess errors)
WARNING: program timed out.
=== gcc Summary ===
# of expected passes 71041
# of unexpected failures 14
# of expected failures 121
# of unsupported tests 1500
/home/gnu/gcc/obj64dir/gcc/xgcc version 4.7.2 (GCC)
=== gfortran tests ===
Running target unix
=== gfortran Summary ===
# of expected passes 39615
# of expected failures 42
# of unsupported tests 371
/home/gnu/gcc/obj64dir/gcc/testsuite/gfortran/../../gfortran version 4.7.2 (GCC)
=== obj-c++ tests ===
Running target unix
=== obj-c++ Summary ===
# of expected passes 1442
# of expected failures 10
# of unsupported tests 86
/home/gnu/gcc/obj64dir/gcc/testsuite/obj-c++/../../g++ version 4.7.2 (GCC)
=== objc tests ===
Running target unix
=== objc Summary ===
# of expected passes 2992
# of unsupported tests 75
/home/gnu/gcc/obj64dir/gcc/xgcc version 4.7.2 (GCC)
=== libgomp tests ===
Running target unix
=== libgomp Summary ===
# of expected passes 2910
# of unsupported tests 10
=== libstdc++ tests ===
Running target unix
=== libstdc++ Summary ===
# of expected passes 6383
# of expected failures 42
# of unsupported tests 643
Compiler version: 4.7.2 (GCC)
Platform: hppa64-hp-hpux11.00
configure flags:Test Run By dave on Thu Oct 4 15:57:22 2012
More information about the Gcc-testresults
mailing list