Results for 4.8.0 20121005 (experimental) [trunk revision 192137] (GCC) testsuite on x86_64-unknown-linux-gnu
Kirill Yukhin [Intel64 Core i7 AVX]
i64corei7avx@ecsmtp.ims.intel.com
Sat Oct 6 00:25:00 GMT 2012
LAST_UPDATED: Fri Oct 5 18:55:17 UTC 2012 (revision 192137)
Native configuration is x86_64-unknown-linux-gnu
=== g++ tests ===
Running target unix
=== g++ Summary for unix ===
# of expected passes 42745
# of expected failures 280
# of unsupported tests 418
Running target unix/-m32
=== g++ Summary for unix/-m32 ===
# of expected passes 41658
# of expected failures 280
# of unsupported tests 350
=== g++ Summary ===
# of expected passes 84403
# of expected failures 560
# of unsupported tests 768
/nightly/gcc.svn/test-intel64corei7avx/gcc-build-trunk/bld/gcc/testsuite/g++/../../g++ version 4.8.0 20121005 (experimental) [trunk revision 192137] (GCC)
=== gfortran tests ===
Running target unix
FAIL: gfortran.dg/lto/pr45586-2 f_lto_pr45586-2_0.o-f_lto_pr45586-2_0.o link, -O0 -flto -flto-partition=none (internal compiler error)
UNRESOLVED: gfortran.dg/lto/pr45586-2 f_lto_pr45586-2_0.o-f_lto_pr45586-2_0.o execute -O0 -flto -flto-partition=none
FAIL: gfortran.dg/lto/pr45586-2 f_lto_pr45586-2_0.o-f_lto_pr45586-2_0.o link, -O0 -flto -flto-partition=1to1 (internal compiler error)
UNRESOLVED: gfortran.dg/lto/pr45586-2 f_lto_pr45586-2_0.o-f_lto_pr45586-2_0.o execute -O0 -flto -flto-partition=1to1
FAIL: gfortran.dg/lto/pr45586-2 f_lto_pr45586-2_0.o-f_lto_pr45586-2_0.o link, -O0 -flto (internal compiler error)
UNRESOLVED: gfortran.dg/lto/pr45586-2 f_lto_pr45586-2_0.o-f_lto_pr45586-2_0.o execute -O0 -flto
FAIL: gfortran.dg/lto/pr45586 f_lto_pr45586_0.o-f_lto_pr45586_0.o link, -O0 -flto -flto-partition=none (internal compiler error)
UNRESOLVED: gfortran.dg/lto/pr45586 f_lto_pr45586_0.o-f_lto_pr45586_0.o execute -O0 -flto -flto-partition=none
FAIL: gfortran.dg/lto/pr45586 f_lto_pr45586_0.o-f_lto_pr45586_0.o link, -O0 -flto -flto-partition=1to1 (internal compiler error)
UNRESOLVED: gfortran.dg/lto/pr45586 f_lto_pr45586_0.o-f_lto_pr45586_0.o execute -O0 -flto -flto-partition=1to1
FAIL: gfortran.dg/lto/pr45586 f_lto_pr45586_0.o-f_lto_pr45586_0.o link, -O0 -flto (internal compiler error)
UNRESOLVED: gfortran.dg/lto/pr45586 f_lto_pr45586_0.o-f_lto_pr45586_0.o execute -O0 -flto
FAIL: gfortran.dg/vect/fast-math-mgrid-resid.f scan-tree-dump-times optimized "vect_var[^\\\\n]*\\\\+ " 13
=== gfortran Summary for unix ===
# of expected passes 40726
# of expected failures 39
# of unsupported tests 37
Running target unix/-m32
FAIL: gfortran.dg/lto/pr45586-2 f_lto_pr45586-2_0.o-f_lto_pr45586-2_0.o link, -O0 -flto -flto-partition=none (internal compiler error)
UNRESOLVED: gfortran.dg/lto/pr45586-2 f_lto_pr45586-2_0.o-f_lto_pr45586-2_0.o execute -O0 -flto -flto-partition=none
FAIL: gfortran.dg/lto/pr45586-2 f_lto_pr45586-2_0.o-f_lto_pr45586-2_0.o link, -O0 -flto -flto-partition=1to1 (internal compiler error)
UNRESOLVED: gfortran.dg/lto/pr45586-2 f_lto_pr45586-2_0.o-f_lto_pr45586-2_0.o execute -O0 -flto -flto-partition=1to1
FAIL: gfortran.dg/lto/pr45586-2 f_lto_pr45586-2_0.o-f_lto_pr45586-2_0.o link, -O0 -flto (internal compiler error)
UNRESOLVED: gfortran.dg/lto/pr45586-2 f_lto_pr45586-2_0.o-f_lto_pr45586-2_0.o execute -O0 -flto
FAIL: gfortran.dg/lto/pr45586 f_lto_pr45586_0.o-f_lto_pr45586_0.o link, -O0 -flto -flto-partition=none (internal compiler error)
UNRESOLVED: gfortran.dg/lto/pr45586 f_lto_pr45586_0.o-f_lto_pr45586_0.o execute -O0 -flto -flto-partition=none
FAIL: gfortran.dg/lto/pr45586 f_lto_pr45586_0.o-f_lto_pr45586_0.o link, -O0 -flto -flto-partition=1to1 (internal compiler error)
UNRESOLVED: gfortran.dg/lto/pr45586 f_lto_pr45586_0.o-f_lto_pr45586_0.o execute -O0 -flto -flto-partition=1to1
FAIL: gfortran.dg/lto/pr45586 f_lto_pr45586_0.o-f_lto_pr45586_0.o link, -O0 -flto (internal compiler error)
UNRESOLVED: gfortran.dg/lto/pr45586 f_lto_pr45586_0.o-f_lto_pr45586_0.o execute -O0 -flto
FAIL: gfortran.dg/vect/fast-math-mgrid-resid.f scan-tree-dump-times optimized "vect_var[^\\\\n]*\\\\+ " 13
=== gfortran Summary for unix/-m32 ===
# of expected passes 40420
# of expected failures 39
# of unsupported tests 186
=== gfortran Summary ===
# of expected passes 81146
# of expected failures 78
# of unsupported tests 223
/nightly/gcc.svn/test-intel64corei7avx/gcc-build-trunk/bld/gcc/testsuite/gfortran/../../gfortran version 4.8.0 20121005 (experimental) [trunk revision 192137] (GCC)
=== boehm-gc tests ===
Running target unix/-m32
FAIL: boehm-gc.c/gctest.c -O2 execution test
FAIL: staticrootslib.lo -O2 (test for excess errors)
FAIL: boehm-gc.lib/staticrootstest.c -O2 (test for excess errors)
WARNING: boehm-gc.lib/staticrootstest.c -O2 compilation failed to produce executable
=== boehm-gc Summary for unix/-m32 ===
# of expected passes 1
# of unexpected failures 2
Running target unix
FAIL: boehm-gc.c/gctest.c -O2 (test for excess errors)
FAIL: boehm-gc.c/gctest.c -O2 execution test
FAIL: staticrootslib.lo -O2 (test for excess errors)
FAIL: boehm-gc.lib/staticrootstest.c -O2 (test for excess errors)
WARNING: boehm-gc.lib/staticrootstest.c -O2 compilation failed to produce executable
=== boehm-gc Summary for unix ===
# of expected passes 1
# of unexpected failures 2
=== boehm-gc Summary ===
# of expected passes 15
# of unexpected failures 7
# of unsupported tests 2
=== libjava tests ===
Running target unix/-m32
FAIL: linking final_method
FAIL: linking findclass
FAIL: findclass2.c compilation
FAIL: iface.c compilation
FAIL: init.c compilation
FAIL: invoke.c compilation
FAIL: jniutf.c compilation
FAIL: martin.c compilation
FAIL: noclass.c compilation
FAIL: overload.c compilation
FAIL: pr11951.c compilation
FAIL: pr18278.c compilation
FAIL: pr23739.c compilation
FAIL: register.c compilation
FAIL: register2.c compilation
FAIL: simple_int.c compilation
FAIL: throwit.c compilation
FAIL: virtual.c compilation
FAIL: PR16923.c compilation
FAIL: pr29812.c compilation
FAIL: dummyagent.c compilation
FAIL: compiling dummy JVMTI agent
FAIL: natevents.cc compilation
FAIL: natgetallthreads.cc compilation
FAIL: natgeterrorname.cc compilation
FAIL: natgetmethodname.cc compilation
FAIL: ArrayStore compilation from source
FAIL: ArrayStore -findirect-dispatch compilation from source
FAIL: ArrayStore -O3 compilation from source
FAIL: ArrayStore -O3 -findirect-dispatch compilation from source
FAIL: ArrayStore2 compilation from source
FAIL: ArrayStore2 -findirect-dispatch compilation from source
FAIL: ArrayStore2 -O3 compilation from source
FAIL: ArrayStore2 -O3 -findirect-dispatch compilation from source
FAIL: Array_1 compilation from source
FAIL: Array_1 -findirect-dispatch compilation from source
FAIL: Array_1 -O3 compilation from source
FAIL: Array_1 -O3 -findirect-dispatch compilation from source
FAIL: Array_2 compilation from source
FAIL: Array_2 -findirect-dispatch compilation from source
FAIL: Array_2 -O3 compilation from source
FAIL: Array_2 -O3 -findirect-dispatch compilation from source
FAIL: Array_3 compilation from source
FAIL: Array_3 -findirect-dispatch compilation from source
FAIL: Array_3 -O3 compilation from source
FAIL: Array_3 -O3 -findirect-dispatch compilation from source
FAIL: Class_1 compilation from source
FAIL: Class_1 -findirect-dispatch compilation from source
FAIL: Class_1 -O3 compilation from source
FAIL: Class_1 -O3 -findirect-dispatch compilation from source
Compiler version: 4.8.0 20121005 (experimental) [trunk revision 192137] (GCC)
Platform: x86_64-unknown-linux-gnu
configure flags: --with-arch=corei7-avx --with-cpu=corei7-avx --prefix=/usr/local --enable-clocale=gnu --with-system-zlib --enable-shared --with-demangler-in-ld --enable-cloog-backend=isl --with-ppl-include=/opt/gnu/include --with-ppl-lib=/opt/gnu/lib64 --with-cloog-include=/opt/gnu/include --with-cloog-lib=/opt/gnu/lib64 --with-fpmath=sse --enable-languages=c,c++,fortran,java,lto,objc
More information about the Gcc-testresults
mailing list