Results for 4.7.3 20120928 (prerelease) [gcc-4_7-branch revision 191822] (GCC) testsuite on sparc-sun-solaris2.8
Rainer Orth
ro@CeBiTec.Uni-Bielefeld.DE
Thu Oct 4 10:49:00 GMT 2012
LAST_UPDATED: Fri Sep 28 11:09:20 UTC 2012 (revision 191822)
=== acats tests ===
=== acats Summary ===
# of expected passes 2320
# of unexpected failures 0
Native configuration is sparc-sun-solaris2.8
=== g++ tests ===
Running target unix
FAIL: g++.dg/bprob/g++-bprob-1.C execution, -g -fprofile-arcs
UNRESOLVED: g++.dg/bprob/g++-bprob-1.C compilation, -g -fbranch-probabilities
UNRESOLVED: g++.dg/bprob/g++-bprob-1.C execution, -g -fbranch-probabilities
FAIL: g++.dg/bprob/g++-bprob-1.C execution, -O0 -fprofile-arcs
UNRESOLVED: g++.dg/bprob/g++-bprob-1.C compilation, -O0 -fbranch-probabilities
UNRESOLVED: g++.dg/bprob/g++-bprob-1.C execution, -O0 -fbranch-probabilities
FAIL: g++.dg/bprob/g++-bprob-2.C execution, -g -fprofile-arcs
UNRESOLVED: g++.dg/bprob/g++-bprob-2.C compilation, -g -fbranch-probabilities
UNRESOLVED: g++.dg/bprob/g++-bprob-2.C execution, -g -fbranch-probabilities
FAIL: g++.dg/bprob/g++-bprob-2.C execution, -O0 -fprofile-arcs
UNRESOLVED: g++.dg/bprob/g++-bprob-2.C compilation, -O0 -fbranch-probabilities
UNRESOLVED: g++.dg/bprob/g++-bprob-2.C execution, -O0 -fbranch-probabilities
FAIL: g++.dg/other/profile1.C -std=gnu++98 execution test
FAIL: g++.dg/other/profile1.C -std=gnu++11 execution test
FAIL: g++.dg/gcov/gcov-1.C -std=gnu++98 execution test
FAIL: g++.dg/gcov/gcov-1.C -std=gnu++98 gcov failed: gcov-1.C.gov does not exist
FAIL: g++.dg/gcov/gcov-1.C -std=gnu++11 execution test
FAIL: g++.dg/gcov/gcov-1.C -std=gnu++11 gcov failed: gcov-1.C.gov does not exist
FAIL: g++.dg/gcov/gcov-10.C -std=gnu++98 execution test
FAIL: g++.dg/gcov/gcov-10.C -std=gnu++98 gcov failed: gcov-10.C.gov does not exist
FAIL: g++.dg/gcov/gcov-10.C -std=gnu++11 execution test
FAIL: g++.dg/gcov/gcov-10.C -std=gnu++11 gcov failed: gcov-10.C.gov does not exist
FAIL: g++.dg/gcov/gcov-11.C -std=gnu++98 execution test
FAIL: g++.dg/gcov/gcov-11.C -std=gnu++98 gcov failed: gcov-11.C.gov does not exist
FAIL: g++.dg/gcov/gcov-11.C -std=gnu++11 execution test
FAIL: g++.dg/gcov/gcov-11.C -std=gnu++11 gcov failed: gcov-11.C.gov does not exist
FAIL: g++.dg/gcov/gcov-12.C -std=gnu++98 execution test
FAIL: g++.dg/gcov/gcov-12.C -std=gnu++98 gcov failed: gcov-12.C.gov does not exist
FAIL: g++.dg/gcov/gcov-12.C -std=gnu++11 execution test
FAIL: g++.dg/gcov/gcov-12.C -std=gnu++11 gcov failed: gcov-12.C.gov does not exist
FAIL: g++.dg/gcov/gcov-13.C -std=gnu++98 execution test
FAIL: g++.dg/gcov/gcov-13.C -std=gnu++98 gcov failed: gcov-13.C.gov does not exist
FAIL: g++.dg/gcov/gcov-13.C -std=gnu++11 execution test
FAIL: g++.dg/gcov/gcov-13.C -std=gnu++11 gcov failed: gcov-13.C.gov does not exist
FAIL: g++.dg/gcov/gcov-2.C -std=gnu++98 execution test
FAIL: g++.dg/gcov/gcov-2.C -std=gnu++98 gcov failed: gcov-2.C.gov does not exist
FAIL: g++.dg/gcov/gcov-2.C -std=gnu++11 execution test
FAIL: g++.dg/gcov/gcov-2.C -std=gnu++11 gcov failed: gcov-2.C.gov does not exist
FAIL: g++.dg/gcov/gcov-3.C -std=gnu++98 execution test
FAIL: g++.dg/gcov/gcov-3.C -std=gnu++98 gcov failed: gcov-3.C.gov does not exist
FAIL: g++.dg/gcov/gcov-3.C -std=gnu++11 execution test
FAIL: g++.dg/gcov/gcov-3.C -std=gnu++11 gcov failed: gcov-3.C.gov does not exist
FAIL: g++.dg/gcov/gcov-4.C -std=gnu++98 execution test
FAIL: g++.dg/gcov/gcov-4.C -std=gnu++98 gcov failed: gcov-4.C.gov does not exist
FAIL: g++.dg/gcov/gcov-4.C -std=gnu++11 execution test
FAIL: g++.dg/gcov/gcov-4.C -std=gnu++11 gcov failed: gcov-4.C.gov does not exist
FAIL: g++.dg/gcov/gcov-5.C -std=gnu++98 execution test
FAIL: g++.dg/gcov/gcov-5.C -std=gnu++98 gcov failed: gcov-5.C.gov does not exist
FAIL: g++.dg/gcov/gcov-5.C -std=gnu++11 execution test
FAIL: g++.dg/gcov/gcov-5.C -std=gnu++11 gcov failed: gcov-5.C.gov does not exist
FAIL: g++.dg/gcov/gcov-7.C -std=gnu++98 execution test
FAIL: g++.dg/gcov/gcov-7.C -std=gnu++98 gcov failed: gcov-7.C.gov does not exist
FAIL: g++.dg/gcov/gcov-7.C -std=gnu++11 execution test
FAIL: g++.dg/gcov/gcov-7.C -std=gnu++11 gcov failed: gcov-7.C.gov does not exist
FAIL: g++.old-deja/g++.robertl/eb83.C -std=gnu++98 execution test
FAIL: g++.old-deja/g++.robertl/eb83.C -std=gnu++11 execution test
=== g++ Summary for unix ===
# of expected passes 46308
# of unexpected failures 48
# of expected failures 286
# of unresolved testcases 8
# of unsupported tests 720
Running target unix/-m64
FAIL: g++.dg/bprob/g++-bprob-1.C execution, -g -fprofile-arcs
UNRESOLVED: g++.dg/bprob/g++-bprob-1.C compilation, -g -fbranch-probabilities
UNRESOLVED: g++.dg/bprob/g++-bprob-1.C execution, -g -fbranch-probabilities
FAIL: g++.dg/bprob/g++-bprob-1.C execution, -O0 -fprofile-arcs
UNRESOLVED: g++.dg/bprob/g++-bprob-1.C compilation, -O0 -fbranch-probabilities
UNRESOLVED: g++.dg/bprob/g++-bprob-1.C execution, -O0 -fbranch-probabilities
FAIL: g++.dg/bprob/g++-bprob-2.C execution, -g -fprofile-arcs
UNRESOLVED: g++.dg/bprob/g++-bprob-2.C compilation, -g -fbranch-probabilities
UNRESOLVED: g++.dg/bprob/g++-bprob-2.C execution, -g -fbranch-probabilities
FAIL: g++.dg/bprob/g++-bprob-2.C execution, -O0 -fprofile-arcs
UNRESOLVED: g++.dg/bprob/g++-bprob-2.C compilation, -O0 -fbranch-probabilities
UNRESOLVED: g++.dg/bprob/g++-bprob-2.C execution, -O0 -fbranch-probabilities
FAIL: g++.dg/cpp0x/nullptr28.C -std=c++11 execution test
FAIL: g++.dg/other/profile1.C -std=gnu++98 execution test
FAIL: g++.dg/other/profile1.C -std=gnu++11 execution test
FAIL: g++.dg/gcov/gcov-1.C -std=gnu++98 execution test
FAIL: g++.dg/gcov/gcov-1.C -std=gnu++98 gcov failed: gcov-1.C.gov does not exist
FAIL: g++.dg/gcov/gcov-1.C -std=gnu++11 execution test
FAIL: g++.dg/gcov/gcov-1.C -std=gnu++11 gcov failed: gcov-1.C.gov does not exist
FAIL: g++.dg/gcov/gcov-10.C -std=gnu++98 execution test
FAIL: g++.dg/gcov/gcov-10.C -std=gnu++98 gcov failed: gcov-10.C.gov does not exist
FAIL: g++.dg/gcov/gcov-10.C -std=gnu++11 execution test
FAIL: g++.dg/gcov/gcov-10.C -std=gnu++11 gcov failed: gcov-10.C.gov does not exist
FAIL: g++.dg/gcov/gcov-11.C -std=gnu++98 execution test
FAIL: g++.dg/gcov/gcov-11.C -std=gnu++98 gcov failed: gcov-11.C.gov does not exist
FAIL: g++.dg/gcov/gcov-11.C -std=gnu++11 execution test
FAIL: g++.dg/gcov/gcov-11.C -std=gnu++11 gcov failed: gcov-11.C.gov does not exist
FAIL: g++.dg/gcov/gcov-12.C -std=gnu++98 execution test
FAIL: g++.dg/gcov/gcov-12.C -std=gnu++98 gcov failed: gcov-12.C.gov does not exist
FAIL: g++.dg/gcov/gcov-12.C -std=gnu++11 execution test
FAIL: g++.dg/gcov/gcov-12.C -std=gnu++11 gcov failed: gcov-12.C.gov does not exist
FAIL: g++.dg/gcov/gcov-13.C -std=gnu++98 execution test
FAIL: g++.dg/gcov/gcov-13.C -std=gnu++98 gcov failed: gcov-13.C.gov does not exist
FAIL: g++.dg/gcov/gcov-13.C -std=gnu++11 execution test
FAIL: g++.dg/gcov/gcov-13.C -std=gnu++11 gcov failed: gcov-13.C.gov does not exist
FAIL: g++.dg/gcov/gcov-2.C -std=gnu++98 execution test
FAIL: g++.dg/gcov/gcov-2.C -std=gnu++98 gcov failed: gcov-2.C.gov does not exist
FAIL: g++.dg/gcov/gcov-2.C -std=gnu++11 execution test
FAIL: g++.dg/gcov/gcov-2.C -std=gnu++11 gcov failed: gcov-2.C.gov does not exist
FAIL: g++.dg/gcov/gcov-3.C -std=gnu++98 execution test
FAIL: g++.dg/gcov/gcov-3.C -std=gnu++98 gcov failed: gcov-3.C.gov does not exist
FAIL: g++.dg/gcov/gcov-3.C -std=gnu++11 execution test
FAIL: g++.dg/gcov/gcov-3.C -std=gnu++11 gcov failed: gcov-3.C.gov does not exist
FAIL: g++.dg/gcov/gcov-4.C -std=gnu++98 execution test
FAIL: g++.dg/gcov/gcov-4.C -std=gnu++98 gcov failed: gcov-4.C.gov does not exist
FAIL: g++.dg/gcov/gcov-4.C -std=gnu++11 execution test
FAIL: g++.dg/gcov/gcov-4.C -std=gnu++11 gcov failed: gcov-4.C.gov does not exist
FAIL: g++.dg/gcov/gcov-5.C -std=gnu++98 execution test
FAIL: g++.dg/gcov/gcov-5.C -std=gnu++98 gcov failed: gcov-5.C.gov does not exist
FAIL: g++.dg/gcov/gcov-5.C -std=gnu++11 execution test
FAIL: g++.dg/gcov/gcov-5.C -std=gnu++11 gcov failed: gcov-5.C.gov does not exist
FAIL: g++.dg/gcov/gcov-7.C -std=gnu++98 execution test
FAIL: g++.dg/gcov/gcov-7.C -std=gnu++98 gcov failed: gcov-7.C.gov does not exist
FAIL: g++.dg/gcov/gcov-7.C -std=gnu++11 execution test
FAIL: g++.dg/gcov/gcov-7.C -std=gnu++11 gcov failed: gcov-7.C.gov does not exist
FAIL: g++.old-deja/g++.robertl/eb83.C -std=gnu++98 execution test
FAIL: g++.old-deja/g++.robertl/eb83.C -std=gnu++11 execution test
=== g++ Summary for unix/-m64 ===
# of expected passes 47544
# of unexpected failures 49
# of expected failures 286
# of unresolved testcases 8
# of unsupported tests 713
=== g++ Summary ===
# of expected passes 93852
# of unexpected failures 97
# of expected failures 572
# of unresolved testcases 16
# of unsupported tests 1433
/var/gcc/regression/gcc-4.7-branch/8-gcc-gas/build/gcc/testsuite/g++/../../g++ version 4.7.3 20120928 (prerelease) [gcc-4_7-branch revision 191822] (GCC)
=== gcc tests ===
Running target unix
FAIL: gcc.dg/20020201-1.c execution test
FAIL: gcc.dg/simulate-thread/atomic-other-int.c -O2 -g thread simulation test
FAIL: gcc.dg/simulate-thread/atomic-other-int.c -O3 -g thread simulation test
FAIL: gcc.dg/simulate-thread/atomic-other-short.c -O2 -g thread simulation test
FAIL: gcc.dg/simulate-thread/atomic-other-short.c -O3 -g thread simulation test
FAIL: gcc.dg/simulate-thread/speculative-store.c -O0 -g thread simulation test
FAIL: gcc.misc-tests/gcov-1.c execution test
FAIL: gcc.misc-tests/gcov-1.c gcov failed: gcov-1.c.gov does not exist
FAIL: gcc.misc-tests/gcov-10.c execution test
FAIL: gcc.misc-tests/gcov-10.c gcov failed: gcov-10.c.gov does not exist
FAIL: gcc.misc-tests/gcov-10b.c execution test
FAIL: gcc.misc-tests/gcov-10b.c gcov failed: gcov-10b.c.gov does not exist
FAIL: gcc.misc-tests/gcov-11.c execution test
FAIL: gcc.misc-tests/gcov-11.c gcov failed: gcov-11.c.gov does not exist
FAIL: gcc.misc-tests/gcov-12.c execution test
FAIL: gcc.misc-tests/gcov-12.c gcov failed: gcov-12.c.gov does not exist
FAIL: gcc.misc-tests/gcov-13.c execution test
FAIL: gcc.misc-tests/gcov-13.c gcov failed: gcovpart-13b.c.gov does not exist
FAIL: gcc.misc-tests/gcov-15.c execution test
FAIL: gcc.misc-tests/gcov-15.c gcov failed: gcov-15.c.gov does not exist
FAIL: gcc.misc-tests/gcov-2.c execution test
FAIL: gcc.misc-tests/gcov-2.c gcov failed: gcov-2.c.gov does not exist
FAIL: gcc.misc-tests/gcov-3.c execution test
FAIL: gcc.misc-tests/gcov-3.c gcov failed: gcov-3.c.gov does not exist
FAIL: gcc.misc-tests/gcov-4.c execution test
FAIL: gcc.misc-tests/gcov-4.c gcov failed: gcov-4.c.gov does not exist
FAIL: gcc.misc-tests/gcov-4b.c execution test
FAIL: gcc.misc-tests/gcov-4b.c gcov failed: gcov-4b.c.gov does not exist
FAIL: gcc.misc-tests/gcov-5b.c execution test
FAIL: gcc.misc-tests/gcov-5b.c gcov failed: gcov-5b.c.gov does not exist
FAIL: gcc.misc-tests/gcov-6.c execution test
FAIL: gcc.misc-tests/gcov-6.c gcov failed: gcov-6.c.gov does not exist
FAIL: gcc.misc-tests/gcov-7.c execution test
FAIL: gcc.misc-tests/gcov-7.c gcov failed: gcov-7.c.gov does not exist
FAIL: gcc.misc-tests/gcov-8.c execution test
FAIL: gcc.misc-tests/gcov-8.c gcov failed: gcov-8.c.gov does not exist
FAIL: gcc.misc-tests/gcov-9.c execution test
FAIL: gcc.misc-tests/gcov-9.c gcov failed: gcov-9.c.gov does not exist
=== gcc Summary for unix ===
# of expected passes 75558
# of unexpected failures 38
# of expected failures 318
# of unsupported tests 1588
Running target unix/-m64
FAIL: gcc.dg/20020201-1.c execution test
FAIL: gcc.misc-tests/gcov-1.c execution test
FAIL: gcc.misc-tests/gcov-1.c gcov failed: gcov-1.c.gov does not exist
FAIL: gcc.misc-tests/gcov-10.c execution test
FAIL: gcc.misc-tests/gcov-10.c gcov failed: gcov-10.c.gov does not exist
FAIL: gcc.misc-tests/gcov-10b.c execution test
FAIL: gcc.misc-tests/gcov-10b.c gcov failed: gcov-10b.c.gov does not exist
FAIL: gcc.misc-tests/gcov-11.c execution test
FAIL: gcc.misc-tests/gcov-11.c gcov failed: gcov-11.c.gov does not exist
FAIL: gcc.misc-tests/gcov-12.c execution test
FAIL: gcc.misc-tests/gcov-12.c gcov failed: gcov-12.c.gov does not exist
FAIL: gcc.misc-tests/gcov-13.c execution test
FAIL: gcc.misc-tests/gcov-13.c gcov failed: gcovpart-13b.c.gov does not exist
FAIL: gcc.misc-tests/gcov-15.c execution test
FAIL: gcc.misc-tests/gcov-15.c gcov failed: gcov-15.c.gov does not exist
FAIL: gcc.misc-tests/gcov-2.c execution test
FAIL: gcc.misc-tests/gcov-2.c gcov failed: gcov-2.c.gov does not exist
FAIL: gcc.misc-tests/gcov-3.c execution test
FAIL: gcc.misc-tests/gcov-3.c gcov failed: gcov-3.c.gov does not exist
FAIL: gcc.misc-tests/gcov-4.c execution test
FAIL: gcc.misc-tests/gcov-4.c gcov failed: gcov-4.c.gov does not exist
FAIL: gcc.misc-tests/gcov-4b.c execution test
FAIL: gcc.misc-tests/gcov-4b.c gcov failed: gcov-4b.c.gov does not exist
FAIL: gcc.misc-tests/gcov-5b.c execution test
FAIL: gcc.misc-tests/gcov-5b.c gcov failed: gcov-5b.c.gov does not exist
FAIL: gcc.misc-tests/gcov-6.c execution test
FAIL: gcc.misc-tests/gcov-6.c gcov failed: gcov-6.c.gov does not exist
FAIL: gcc.misc-tests/gcov-7.c execution test
FAIL: gcc.misc-tests/gcov-7.c gcov failed: gcov-7.c.gov does not exist
FAIL: gcc.misc-tests/gcov-8.c execution test
FAIL: gcc.misc-tests/gcov-8.c gcov failed: gcov-8.c.gov does not exist
FAIL: gcc.misc-tests/gcov-9.c execution test
FAIL: gcc.misc-tests/gcov-9.c gcov failed: gcov-9.c.gov does not exist
=== gcc Summary for unix/-m64 ===
# of expected passes 76238
# of unexpected failures 33
# of expected failures 305
# of unsupported tests 1572
=== gcc Summary ===
# of expected passes 151796
# of unexpected failures 71
# of expected failures 623
# of unsupported tests 3160
/var/gcc/regression/gcc-4.7-branch/8-gcc-gas/build/gcc/xgcc version 4.7.3 20120928 (prerelease) [gcc-4_7-branch revision 191822] (GCC)
=== gfortran tests ===
Running target unix
=== gfortran Summary for unix ===
# of expected passes 40226
# of expected failures 44
# of unsupported tests 405
Running target unix/-m64
=== gfortran Summary for unix/-m64 ===
# of expected passes 40505
# of expected failures 44
# of unsupported tests 268
=== gfortran Summary ===
# of expected passes 80731
# of expected failures 88
# of unsupported tests 673
/var/gcc/regression/gcc-4.7-branch/8-gcc-gas/build/gcc/testsuite/gfortran/../../gfortran version 4.7.3 20120928 (prerelease) [gcc-4_7-branch revision 191822] (GCC)
=== gnat tests ===
Running target unix
FAIL: gnat.dg/lto14.adb (test for excess errors)
=== gnat Summary for unix ===
# of expected passes 1095
# of unexpected failures 1
# of expected failures 14
# of unsupported tests 12
Running target unix/-m64
FAIL: gnat.dg/lto14.adb (test for excess errors)
=== gnat Summary for unix/-m64 ===
# of expected passes 1095
# of unexpected failures 1
# of expected failures 14
# of unsupported tests 12
=== gnat Summary ===
# of expected passes 2190
# of unexpected failures 2
# of expected failures 28
# of unsupported tests 24
/var/gcc/regression/gcc-4.7-branch/8-gcc-gas/build/gcc/gnatmake version 4.7.3 20120928 (prerelease) [gcc-4_7-branch revision 191822]
=== go tests ===
Running target unix
=== go Summary for unix ===
# of expected passes 3288
# of expected failures 4
# of untested testcases 7
Running target unix/-m64
=== go Summary for unix/-m64 ===
# of expected passes 3288
# of expected failures 4
# of untested testcases 7
=== go Summary ===
# of expected passes 6576
# of expected failures 8
# of untested testcases 14
/var/gcc/regression/gcc-4.7-branch/8-gcc-gas/build/gcc/testsuite/go/../../gccgo version 4.7.3 20120928 (prerelease) [gcc-4_7-branch revision 191822] (GCC)
=== obj-c++ tests ===
Running target unix
=== obj-c++ Summary for unix ===
# of expected passes 1450
# of expected failures 2
# of unsupported tests 86
Running target unix/-m64
=== obj-c++ Summary for unix/-m64 ===
# of expected passes 1442
# of expected failures 10
# of unsupported tests 86
=== obj-c++ Summary ===
# of expected passes 2892
# of expected failures 12
# of unsupported tests 172
/var/gcc/regression/gcc-4.7-branch/8-gcc-gas/build/gcc/testsuite/obj-c++/../../g++ version 4.7.3 20120928 (prerelease) [gcc-4_7-branch revision 191822] (GCC)
=== objc tests ===
Running target unix
=== objc Summary for unix ===
# of expected passes 2994
# of unsupported tests 74
Running target unix/-m64
=== objc Summary for unix/-m64 ===
# of expected passes 2994
# of unsupported tests 74
=== objc Summary ===
# of expected passes 5988
# of unsupported tests 148
/var/gcc/regression/gcc-4.7-branch/8-gcc-gas/build/gcc/xgcc version 4.7.3 20120928 (prerelease) [gcc-4_7-branch revision 191822] (GCC)
=== boehm-gc tests ===
Running target unix
=== boehm-gc Summary for unix ===
# of expected passes 12
# of unsupported tests 1
Running target unix/-m64
=== boehm-gc Summary for unix/-m64 ===
# of expected passes 12
# of unsupported tests 1
=== boehm-gc Summary ===
# of expected passes 24
# of unsupported tests 2
=== libffi tests ===
Running target unix
=== libffi Summary for unix ===
# of expected passes 1634
# of expected failures 10
# of unsupported tests 55
Running target unix/-m64
=== libffi Summary for unix/-m64 ===
# of expected passes 1634
# of expected failures 10
# of unsupported tests 55
=== libffi Summary ===
# of expected passes 3268
# of expected failures 20
# of unsupported tests 110
=== libgo tests ===
Running target unix
FAIL: runtime/pprof
=== libgo Summary for unix ===
# of expected passes 123
# of unexpected failures 1
Running target unix/-m64
FAIL: runtime/pprof
=== libgo Summary for unix/-m64 ===
# of expected passes 123
# of unexpected failures 1
=== libgo Summary ===
# of expected passes 246
# of unexpected failures 2
=== libgomp tests ===
Running target unix
=== libgomp Summary for unix ===
# of expected passes 2924
# of unsupported tests 3
Running target unix/-m64
=== libgomp Summary for unix/-m64 ===
# of expected passes 2924
# of unsupported tests 3
=== libgomp Summary ===
# of expected passes 5848
# of unsupported tests 6
=== libitm tests ===
Running target unix
=== libitm Summary for unix ===
# of expected passes 26
# of expected failures 3
# of unsupported tests 1
Running target unix/-m64
=== libitm Summary for unix/-m64 ===
# of expected passes 26
# of expected failures 3
# of unsupported tests 1
=== libitm Summary ===
# of expected passes 52
# of expected failures 6
# of unsupported tests 2
=== libjava tests ===
Running target unix
=== libjava Summary for unix ===
# of expected passes 2574
Running target unix/-m64
=== libjava Summary for unix/-m64 ===
# of expected passes 2574
=== libjava Summary ===
# of expected passes 5148
=== libstdc++ tests ===
Running target unix
=== libstdc++ Summary for unix ===
# of expected passes 7355
# of expected failures 45
# of unsupported tests 810
Running target unix/-m64
=== libstdc++ Summary for unix/-m64 ===
# of expected passes 7355
# of expected failures 45
# of unsupported tests 810
=== libstdc++ Summary ===
# of expected passes 14710
# of expected failures 90
# of unsupported tests 1620
Compiler version: 4.7.3 20120928 (prerelease) [gcc-4_7-branch revision 191822] (GCC)
Platform: sparc-sun-solaris2.8
configure flags: --prefix=/vol/gcc --target=sparc-sun-solaris2.8 --enable-obsolete --enable-objc-gc --with-host-libstdcxx='-L/vol/gcc-4.4/lib -Wl,-Bstatic -lstdc++ -Wl,-Bdynamic -lm' --with-boot-ldflags='-static-libstdc++ -static-libgcc -L/vol/gcc-4.4/lib' --with-as=/vol/gcc/bin/gas-2.22 --with-gnu-as --with-gmp-include=/vol/gcc/include --with-gmp-lib=/vol/gcc/lib --with-mpfr-include=/vol/gcc/include --with-mpfr-lib=/vol/gcc/lib --with-mpc-include=/vol/gcc/include --with-mpc-lib=/vol/gcc/lib --enable-languages=all,ada,obj-c++,go --without-ppl --without-isl --without-cloog
BOOT_CFLAGS=-g -O2
More information about the Gcc-testresults
mailing list