Results for 4.8.0 20121128 (experimental) [trunk revision 193889] (GCC) testsuite on hppa2.0w-hp-hpux11.11
John David Anglin
dave@hiauly3.hia.nrc.ca
Fri Nov 30 06:19:00 GMT 2012
=== acats tests ===
FAIL: c974013
=== acats Summary ===
# of expected passes 2319
# of unexpected failures 1
Native configuration is hppa2.0w-hp-hpux11.11
=== g++ tests ===
Running target unix
FAIL: g++.dg/bprob/g++-bprob-1.C execution, -Os -fprofile-arcs
UNRESOLVED: g++.dg/bprob/g++-bprob-1.C compilation, -Os -fbranch-probabilities
UNRESOLVED: g++.dg/bprob/g++-bprob-1.C execution, -Os -fbranch-probabilities
UNRESOLVED: g++.dg/ext/label13.C -std=gnu++98 compilation failed to produce executable
UNRESOLVED: g++.dg/ext/label13.C -std=gnu++11 compilation failed to produce executable
FAIL: g++.dg/pr48660.C -std=c++98 (internal compiler error)
FAIL: g++.dg/pr48660.C -std=c++98 (test for excess errors)
FAIL: g++.dg/pr48660.C -std=c++11 (internal compiler error)
FAIL: g++.dg/pr48660.C -std=c++11 (test for excess errors)
FAIL: g++.dg/gomp/tls-5.C -std=c++11 (test for excess errors)
WARNING: program timed out.
FAIL: g++.dg/pch/array-1.C -g assembly comparison
FAIL: g++.dg/pch/array-1.C -O2 -g assembly comparison
FAIL: g++.dg/pch/externc-1.C -g assembly comparison
FAIL: g++.dg/pch/externc-1.C -O2 -g assembly comparison
FAIL: g++.dg/pch/static-1.C -g assembly comparison
FAIL: g++.dg/pch/static-1.C -O2 -g assembly comparison
FAIL: g++.dg/pch/system-1.C -g assembly comparison
FAIL: g++.dg/pch/system-1.C -O2 -g assembly comparison
FAIL: g++.dg/pch/system-2.C -g assembly comparison
FAIL: g++.dg/pch/system-2.C -O2 -g assembly comparison
FAIL: g++.dg/pch/uninst.C -g assembly comparison
FAIL: g++.dg/pch/uninst.C -O2 -g assembly comparison
FAIL: g++.dg/pch/wchar-1.C -g assembly comparison
FAIL: g++.dg/pch/wchar-1.C -O2 -g assembly comparison
FAIL: c-c++-common/simulate-thread/bitfields-2.c -Os -g thread simulation test
FAIL: g++.dg/tls/thread_local-cse.C (test for excess errors)
UNRESOLVED: g++.dg/tls/thread_local-cse.C compilation failed to produce executable
FAIL: g++.dg/tls/thread_local-order2.C (test for excess errors)
UNRESOLVED: g++.dg/tls/thread_local-order2.C compilation failed to produce executable
FAIL: g++.dg/tls/thread_local2g.C (test for excess errors)
UNRESOLVED: g++.dg/tls/thread_local2g.C compilation failed to produce executable
FAIL: g++.dg/tls/thread_local3.C -std=gnu++11 (test for excess errors)
FAIL: g++.dg/tls/thread_local3.C -std=gnu++11 execution test
FAIL: g++.dg/tls/thread_local4.C -std=gnu++11 (test for excess errors)
FAIL: g++.dg/tls/thread_local4.C -std=gnu++11 execution test
FAIL: g++.dg/tls/thread_local5.C -std=gnu++11 (test for excess errors)
FAIL: g++.dg/tls/thread_local5.C -std=gnu++11 execution test
FAIL: g++.dg/tls/thread_local6.C (test for excess errors)
FAIL: g++.dg/tls/thread_local6.C execution test
FAIL: g++.dg/tls/thread_local7g.C (test for excess errors)
=== g++ Summary ===
# of expected passes 45085
# of unexpected failures 33
# of expected failures 291
# of unresolved testcases 7
# of unsupported tests 1122
/test/gnu/gcc/objdir/gcc/testsuite/g++/../../g++ version 4.8.0 20121128 (experimental) [trunk revision 193889] (GCC)
=== gcc tests ===
Running target unix
WARNING: program timed out.
FAIL: gcc.c-torture/compile/pr43186.c -O3 -g (test for excess errors)
FAIL: gcc.dg/builtin-object-size-8.c execution test
WARNING: program timed out.
FAIL: gcc.dg/ipa/iinline-4.c scan-ipa-dump inline "hooray4[^\\\\n]*inline copy in test4"
FAIL: gcc.dg/pch/decl-3.c -O0 -g assembly comparison
FAIL: gcc.dg/pch/decl-3.c -O3 -g assembly comparison
FAIL: gcc.dg/pch/decl-4.c -O0 -g assembly comparison
FAIL: gcc.dg/pch/decl-4.c -O3 -g assembly comparison
FAIL: gcc.dg/pch/struct-1.c -O0 -g assembly comparison
FAIL: gcc.dg/pch/struct-1.c -O3 -g assembly comparison
FAIL: gcc.dg/pch/system-1.c -O0 -g assembly comparison
FAIL: gcc.dg/pch/system-1.c -O3 -g assembly comparison
XPASS: gcc.dg/torture/pr52402.c -O0 execution test
XPASS: gcc.dg/torture/pr52402.c -O1 execution test
XPASS: gcc.dg/torture/pr52402.c -O2 execution test
XPASS: gcc.dg/torture/pr52402.c -O3 -fomit-frame-pointer execution test
XPASS: gcc.dg/torture/pr52402.c -O3 -g execution test
XPASS: gcc.dg/torture/pr52402.c -Os execution test
FAIL: gcc.dg/tree-prof/tracer-1.c scan-tree-dump-times tracer "c =" 2
FAIL: gcc.dg/tree-prof/val-prof-2.c scan-ipa-dump profile "Mod power of 2 transformation on insn"
FAIL: gcc.dg/tree-prof/val-prof-2.c scan-tree-dump optimized "n_[0-9]* \\\\+ (4294967295|0x0*ffffffff)"
FAIL: gcc.dg/tree-ssa/vector-4.c scan-tree-dump-times gimple "VEC_PERM_EXPR <a, b, { 0, 4, 1, 5 }>;" 1
=== gcc Summary ===
# of expected passes 64624
# of unexpected failures 15
# of unexpected successes 6
# of expected failures 114
# of unsupported tests 1413
/test/gnu/gcc/objdir/gcc/xgcc version 4.8.0 20121128 (experimental) [trunk revision 193889] (GCC)
=== gfortran tests ===
Running target unix
XPASS: gfortran.dg/do_1.f90 -O0 execution test
XPASS: gfortran.dg/do_1.f90 -O1 execution test
FAIL: gfortran.dg/pr45636.f90 -O scan-tree-dump-times forwprop2 "memset" 0
FAIL: gfortran.dg/reassoc_4.f -O scan-tree-dump-times reassoc1 "[0-9] \\\\* " 22
FAIL: gfortran.dg/g77/f90-intrinsic-bit.f -Os execution test
FAIL: gfortran.fortran-torture/execute/random_2.f90 execution, -O0
FAIL: gfortran.fortran-torture/execute/random_2.f90 execution, -O1
FAIL: gfortran.fortran-torture/execute/random_2.f90 execution, -O2
FAIL: gfortran.fortran-torture/execute/random_2.f90 execution, -O2 -fomit-frame-pointer -finline-functions
FAIL: gfortran.fortran-torture/execute/random_2.f90 execution, -O2 -fomit-frame-pointer -finline-functions -funroll-loops
FAIL: gfortran.fortran-torture/execute/random_2.f90 execution, -O2 -fbounds-check
FAIL: gfortran.fortran-torture/execute/random_2.f90 execution, -O3 -g
FAIL: gfortran.fortran-torture/execute/random_2.f90 execution, -Os
=== gfortran Summary ===
# of expected passes 40835
# of unexpected failures 11
# of unexpected successes 2
# of expected failures 48
# of unsupported tests 398
/test/gnu/gcc/objdir/gcc/testsuite/gfortran/../../gfortran version 4.8.0 20121128 (experimental) [trunk revision 193889] (GCC)
=== gnat tests ===
Running target unix
=== gnat Summary ===
# of expected passes 1124
# of expected failures 17
# of unsupported tests 12
/test/gnu/gcc/objdir/gcc/gnatmake version 4.8.0 20121128 (experimental) [trunk revision 193889]
=== obj-c++ tests ===
Running target unix
=== obj-c++ Summary ===
# of expected passes 1408
# of expected failures 2
# of unsupported tests 69
/test/gnu/gcc/objdir/gcc/testsuite/obj-c++/../../g++ version 4.8.0 20121128 (experimental) [trunk revision 193889] (GCC)
=== objc tests ===
Running target unix
FAIL: objc.dg/pch/interface-1.m -fgnu-runtime -O0 -g assembly comparison
FAIL: objc.dg/pch/interface-1.m -fgnu-runtime -O3 -g assembly comparison
=== objc Summary ===
# of expected passes 2918
# of unexpected failures 2
# of unsupported tests 65
/test/gnu/gcc/objdir/gcc/xgcc version 4.8.0 20121128 (experimental) [trunk revision 193889] (GCC)
=== boehm-gc tests ===
Running target unix
=== boehm-gc Summary ===
# of expected passes 12
# of unsupported tests 1
=== libatomic tests ===
Running target unix
=== libatomic Summary ===
# of expected passes 4
# of unsupported tests 25
=== libffi tests ===
Running target unix
=== libffi Summary ===
# of expected passes 1659
# of unsupported tests 55
=== libgomp tests ===
Running target unix
FAIL: libgomp.c++/pr24455.C -O0 (test for excess errors)
FAIL: libgomp.c++/pr24455.C -O0 execution test
FAIL: libgomp.c++/pr24455.C -O1 (test for excess errors)
FAIL: libgomp.c++/pr24455.C -O1 execution test
FAIL: libgomp.c++/pr24455.C -O2 (test for excess errors)
FAIL: libgomp.c++/pr24455.C -O2 execution test
FAIL: libgomp.c++/pr24455.C -O3 -fomit-frame-pointer (test for excess errors)
FAIL: libgomp.c++/pr24455.C -O3 -fomit-frame-pointer execution test
FAIL: libgomp.c++/pr24455.C -O3 -fomit-frame-pointer -funroll-loops (test for excess errors)
FAIL: libgomp.c++/pr24455.C -O3 -fomit-frame-pointer -funroll-loops execution test
FAIL: libgomp.c++/pr24455.C -O3 -fomit-frame-pointer -funroll-all-loops -finline-functions (test for excess errors)
FAIL: libgomp.c++/pr24455.C -O3 -fomit-frame-pointer -funroll-all-loops -finline-functions execution test
FAIL: libgomp.c++/pr24455.C -O3 -g (test for excess errors)
FAIL: libgomp.c++/pr24455.C -O3 -g execution test
FAIL: libgomp.c++/pr24455.C -Os (test for excess errors)
FAIL: libgomp.c++/pr24455.C -Os execution test
FAIL: libgomp.c++/tls-init1.C -O (test for excess errors)
UNRESOLVED: libgomp.c++/tls-init1.C -O compilation failed to produce executable
=== libgomp Summary ===
# of expected passes 2894
# of unexpected failures 17
# of unresolved testcases 1
# of unsupported tests 10
=== libjava tests ===
Running target unix
FAIL: LargeFile execution - source compiled test
FAIL: LargeFile -findirect-dispatch execution - source compiled test
FAIL: LargeFile -O3 execution - source compiled test
FAIL: LargeFile -O3 -findirect-dispatch execution - source compiled test
FAIL: PR141 -O3 -findirect-dispatch output - source compiled test
FAIL: sourcelocation output - source compiled test
FAIL: sourcelocation -findirect-dispatch output - source compiled test
FAIL: sourcelocation -O3 output - source compiled test
FAIL: sourcelocation -O3 -findirect-dispatch output - source compiled test
=== libjava Summary ===
# of expected passes 2573
# of unexpected failures 9
# of untested testcases 4
=== libstdc++ tests ===
Running target unix
UNRESOLVED: 20_util/enable_shared_from_this/cons/constexpr.cc scan-assembler _ZNKSt7complexIfE4realB5cxx11Ev
UNRESOLVED: 20_util/enable_shared_from_this/cons/constexpr.cc scan-assembler _ZNKSt7complexIdE4realB5cxx11Ev
UNRESOLVED: 20_util/enable_shared_from_this/cons/constexpr.cc scan-assembler _ZNKSt7complexI[eg]E4realB5cxx11Ev
UNRESOLVED: 20_util/enable_shared_from_this/cons/constexpr.cc scan-assembler _ZNKSt7complexIiE4realB5cxx11Ev
UNRESOLVED: 20_util/enable_shared_from_this/cons/constexpr.cc scan-assembler _ZNKSt7complexIfE4imagB5cxx11Ev
UNRESOLVED: 20_util/enable_shared_from_this/cons/constexpr.cc scan-assembler _ZNKSt7complexIdE4imagB5cxx11Ev
UNRESOLVED: 20_util/enable_shared_from_this/cons/constexpr.cc scan-assembler _ZNKSt7complexI[eg]E4imagB5cxx11Ev
UNRESOLVED: 20_util/enable_shared_from_this/cons/constexpr.cc scan-assembler _ZNKSt7complexIiE4imagB5cxx11Ev
=== libstdc++ Summary ===
# of expected passes 7558
# of expected failures 43
# of unresolved testcases 8
# of unsupported tests 886
Compiler version: 4.8.0 20121128 (experimental) [trunk revision 193889] (GCC)
Platform: hppa2.0w-hp-hpux11.11
configure flags:Test Run By dave on Wed Nov 28 21:40:30 EST 2012
More information about the Gcc-testresults
mailing list