Results for 4.8.0 20121129 (experimental) (GCC) testsuite on spu-unknown-elf
Werner
ken@linux.vnet.ibm.com
Thu Nov 29 21:01:00 GMT 2012
GCC Version: 4.8.0, SVN revision: 193921
svn co -r 193921 svn://gcc.gnu.org/svn/gcc/trunk
Newlib Version: 2012-11-29 05:01 UTC
cvs -z 9 -d :pserver:anoncvs@sourceware.org:/cvs/src co -D '2012-11-29 05:01 UTC' newlib
Binutils Version: 2012-11-29 05:01 UTC
cvs -z 9 -d :pserver:anoncvs@sourceware.org:/cvs/src co -D '2012-11-29 05:01 UTC' binutils
GDB Version: 2012-11-29 05:01 UTC
cvs -d :pserver:anoncvs@sourceware.org:/cvs/src co -D '2012-11-29 05:01 UTC' gdb
build host info:
$ uname -s -r -m -p -i -o
Linux 2.6.18-308.16.1.el5 ppc64 ppc64 ppc64 GNU/Linux
$ gcc -v
Using built-in specs.
Target: ppc64-redhat-linux
Configured with: ../configure --prefix=/usr --mandir=/usr/share/man --infodir=/usr/share/info --enable-shared --enable-threads=posix --enable-checking=release --with-system-zlib --enable-__cxa_atexit --disable-libunwind-exceptions --enable-libgcj-multifile --enable-languages=c,c++,objc,obj-c++,java,fortran --enable-java-awt=gtk --disable-dssi --disable-plugin --with-java-home=/usr/lib/jvm/java-1.4.2-gcj-1.4.2.0/jre --enable-secureplt --with-long-double-128 --host=ppc64-redhat-linux --build=ppc64-redhat-linux --target=ppc64-redhat-linux --with-cpu=default32
Thread model: posix
gcc version 4.1.2 20080704 (Red Hat 4.1.2-52)
$ ld -v
GNU ld version 2.17.50.0.6-20.el5_8.3 20061020
############################################################
# GCC test suite results #
############################################################
Target is spu-unknown-elf
=== g++ tests ===
Running target cell-native
FAIL: g++.dg/init/new40.C -std=c++98 execution test
FAIL: g++.dg/init/new40.C -std=c++11 execution test
FAIL: g++.dg/torture/pr35634.C -O0 execution test
FAIL: g++.dg/torture/pr35634.C -O1 execution test
FAIL: g++.dg/torture/pr35634.C -O2 execution test
FAIL: g++.dg/torture/pr35634.C -O3 -fomit-frame-pointer execution test
FAIL: g++.dg/torture/pr35634.C -O3 -fomit-frame-pointer -funroll-loops execution test
FAIL: g++.dg/torture/pr35634.C -O3 -fomit-frame-pointer -funroll-all-loops -finline-functions execution test
FAIL: g++.dg/torture/pr35634.C -O3 -g execution test
FAIL: g++.dg/torture/pr35634.C -Os execution test
FAIL: g++.dg/torture/pr35634.C -O2 -flto -fno-use-linker-plugin -flto-partition=none execution test
FAIL: g++.dg/torture/pr35634.C -O2 -flto -fuse-linker-plugin -fno-fat-lto-objects execution test
FAIL: g++.dg/tree-prof/indir-call-prof-2.C execution, -fprofile-generate
UNRESOLVED: g++.dg/tree-prof/indir-call-prof-2.C compilation, -fprofile-use
UNRESOLVED: g++.dg/tree-prof/indir-call-prof-2.C execution, -fprofile-use
FAIL: g++.old-deja/g++.eh/catch11.C -std=c++98 execution test
FAIL: g++.old-deja/g++.eh/catch11.C -std=c++11 execution test
FAIL: g++.old-deja/g++.eh/catch12.C -std=c++98 execution test
FAIL: g++.old-deja/g++.eh/catch12.C -std=c++11 execution test
FAIL: g++.old-deja/g++.eh/catch3.C -std=gnu++98 execution test
FAIL: g++.old-deja/g++.eh/catch3.C -std=gnu++11 execution test
FAIL: g++.old-deja/g++.eh/catch3p.C -std=gnu++98 execution test
FAIL: g++.old-deja/g++.eh/catch3p.C -std=gnu++11 execution test
FAIL: g++.old-deja/g++.eh/catch4.C -std=gnu++98 execution test
FAIL: g++.old-deja/g++.eh/catch4.C -std=gnu++11 execution test
FAIL: g++.old-deja/g++.eh/catch4p.C -std=gnu++98 execution test
FAIL: g++.old-deja/g++.eh/catch4p.C -std=gnu++11 execution test
FAIL: g++.old-deja/g++.eh/catch5.C -std=gnu++98 execution test
FAIL: g++.old-deja/g++.eh/catch5.C -std=gnu++11 execution test
FAIL: g++.old-deja/g++.eh/catch5p.C -std=gnu++98 execution test
FAIL: g++.old-deja/g++.eh/catch5p.C -std=gnu++11 execution test
FAIL: g++.old-deja/g++.eh/catch6.C -std=gnu++98 execution test
FAIL: g++.old-deja/g++.eh/catch6.C -std=gnu++11 execution test
FAIL: g++.old-deja/g++.eh/catch6p.C -std=gnu++98 execution test
FAIL: g++.old-deja/g++.eh/catch6p.C -std=gnu++11 execution test
FAIL: g++.old-deja/g++.eh/catch7.C -std=gnu++98 execution test
FAIL: g++.old-deja/g++.eh/catch7.C -std=gnu++11 execution test
FAIL: g++.old-deja/g++.eh/catch7p.C -std=gnu++98 execution test
FAIL: g++.old-deja/g++.eh/catch7p.C -std=gnu++11 execution test
FAIL: g++.old-deja/g++.eh/catch8.C -std=gnu++98 execution test
FAIL: g++.old-deja/g++.eh/catch8.C -std=gnu++11 execution test
FAIL: g++.old-deja/g++.eh/catch8p.C -std=gnu++98 execution test
FAIL: g++.old-deja/g++.eh/catch8p.C -std=gnu++11 execution test
FAIL: g++.old-deja/g++.eh/catch9.C -std=gnu++98 execution test
FAIL: g++.old-deja/g++.eh/catch9.C -std=gnu++11 execution test
FAIL: g++.old-deja/g++.eh/catch9p.C -std=gnu++98 execution test
FAIL: g++.old-deja/g++.eh/catch9p.C -std=gnu++11 execution test
FAIL: g++.old-deja/g++.eh/rethrow1.C -std=c++98 execution test
FAIL: g++.old-deja/g++.eh/rethrow1.C -std=c++11 execution test
FAIL: g++.old-deja/g++.eh/rethrow2.C -std=c++98 execution test
FAIL: g++.old-deja/g++.eh/rethrow2.C -std=c++11 execution test
FAIL: g++.old-deja/g++.eh/rethrow4.C -std=c++98 execution test
FAIL: g++.old-deja/g++.eh/rethrow4.C -std=c++11 execution test
FAIL: g++.old-deja/g++.eh/rethrow5.C -std=c++98 execution test
FAIL: g++.old-deja/g++.eh/rethrow5.C -std=c++11 execution test
FAIL: g++.old-deja/g++.robertl/eh990323-2.C -std=c++98 execution test
FAIL: g++.old-deja/g++.robertl/eh990323-2.C -std=c++11 execution test
FAIL: g++.old-deja/g++.robertl/eh990323-4.C -std=c++98 execution test
FAIL: g++.old-deja/g++.robertl/eh990323-4.C -std=c++11 execution test
FAIL: g++.old-deja/g++.robertl/ice990323-2.C -std=c++98 execution test
FAIL: g++.old-deja/g++.robertl/ice990323-2.C -std=c++11 execution test
=== g++ Summary ===
# of expected passes 48932
# of unexpected failures 59
# of expected failures 282
# of unresolved testcases 2
# of unsupported tests 1012
/home/kwerner/dailybuild/spu-tc-2012-11-29/gcc-build/gcc/testsuite/g++/../../xg++ version 4.8.0 20121129 (experimental) (GCC)
=== gcc tests ===
Running target cell-native
FAIL: tmpdir-gcc.dg-struct-layout-1/t028 c_compat_x_tst.o-c_compat_y_tst.o link
UNRESOLVED: tmpdir-gcc.dg-struct-layout-1/t028 c_compat_x_tst.o-c_compat_y_tst.o execute
FAIL: gcc.dg/attr-weakref-1.c (test for excess errors)
WARNING: gcc.dg/attr-weakref-1.c compilation failed to produce executable
FAIL: gcc.dg/builtin-object-size-8.c execution test
FAIL: gcc.dg/builtins-1.c inf (test for warnings, line 147)
FAIL: gcc.dg/builtins-1.c (test for excess errors)
FAIL: gcc.dg/pr48335-2.c (internal compiler error)
FAIL: gcc.dg/pr48335-2.c (test for excess errors)
FAIL: gcc.dg/pr48335-3.c (internal compiler error)
FAIL: gcc.dg/pr48335-3.c (test for excess errors)
FAIL: gcc.dg/sms-1.c execution test
FAIL: gcc.dg/sms-10.c execution test
FAIL: gcc.dg/sms-3.c execution test
FAIL: gcc.dg/sms-4.c scan-rtl-dump-times sms "SMS succeeded" 1
FAIL: gcc.dg/sms-5.c execution test
FAIL: gcc.dg/sms-6.c execution test
FAIL: gcc.dg/sms-6.c scan-rtl-dump-times sms "SMS succeeded" 1
FAIL: gcc.dg/sms-7.c scan-rtl-dump-times sms "SMS succeeded" 1
FAIL: gcc.dg/sms-9.c execution test
FAIL: gcc.dg/lto/pr54709 c_lto_pr54709_0.o-c_lto_pr54709_1.o link, -fPIC -fvisibility=hidden -flto
UNRESOLVED: gcc.dg/lto/pr54709 c_lto_pr54709_0.o-c_lto_pr54709_1.o execute -fPIC -fvisibility=hidden -flto
FAIL: gcc.dg/torture/builtin-attr-1.c -O0 INF unsupported (test for warnings, line 342)
FAIL: gcc.dg/torture/builtin-attr-1.c -O0 (test for excess errors)
FAIL: gcc.dg/torture/builtin-attr-1.c -O1 INF unsupported (test for warnings, line 342)
FAIL: gcc.dg/torture/builtin-attr-1.c -O1 (test for excess errors)
FAIL: gcc.dg/torture/builtin-attr-1.c -O2 INF unsupported (test for warnings, line 342)
FAIL: gcc.dg/torture/builtin-attr-1.c -O2 (test for excess errors)
FAIL: gcc.dg/torture/builtin-attr-1.c -O3 -fomit-frame-pointer INF unsupported (test for warnings, line 342)
FAIL: gcc.dg/torture/builtin-attr-1.c -O3 -fomit-frame-pointer (test for excess errors)
FAIL: gcc.dg/torture/builtin-attr-1.c -O3 -g INF unsupported (test for warnings, line 342)
FAIL: gcc.dg/torture/builtin-attr-1.c -O3 -g (test for excess errors)
FAIL: gcc.dg/torture/builtin-attr-1.c -Os INF unsupported (test for warnings, line 342)
FAIL: gcc.dg/torture/builtin-attr-1.c -Os (test for excess errors)
FAIL: gcc.dg/torture/builtin-attr-1.c -O2 -flto -fno-use-linker-plugin -flto-partition=none INF unsupported (test for warnings, line 342)
FAIL: gcc.dg/torture/builtin-attr-1.c -O2 -flto -fno-use-linker-plugin -flto-partition=none (test for excess errors)
FAIL: gcc.dg/torture/builtin-attr-1.c -O2 -flto -fuse-linker-plugin -fno-fat-lto-objects INF unsupported (test for warnings, line 342)
FAIL: gcc.dg/torture/builtin-attr-1.c -O2 -flto -fuse-linker-plugin -fno-fat-lto-objects (test for excess errors)
FAIL: gcc.dg/torture/pr35634.c -O0 execution test
FAIL: gcc.dg/torture/pr35634.c -O1 execution test
FAIL: gcc.dg/torture/pr35634.c -O2 execution test
FAIL: gcc.dg/torture/pr35634.c -O3 -fomit-frame-pointer execution test
FAIL: gcc.dg/torture/pr35634.c -O3 -fomit-frame-pointer -funroll-loops execution test
FAIL: gcc.dg/torture/pr35634.c -O3 -fomit-frame-pointer -funroll-all-loops -finline-functions execution test
FAIL: gcc.dg/torture/pr35634.c -O3 -g execution test
FAIL: gcc.dg/torture/pr35634.c -Os execution test
FAIL: gcc.dg/torture/pr35634.c -O2 -flto -fno-use-linker-plugin -flto-partition=none execution test
FAIL: gcc.dg/torture/pr35634.c -O2 -flto -fuse-linker-plugin -fno-fat-lto-objects execution test
FAIL: gcc.dg/tree-ssa/cunroll-5.c scan-tree-dump cunroll "Unrolled loop 1 completely .duplicated 5 times.."
FAIL: gcc.dg/tree-ssa/cunroll-5.c scan-tree-dump cunroll "Exit condition of peeled iterations was eliminated."
FAIL: gcc.dg/tree-ssa/ivopts-lt.c scan-tree-dump-times ivopts "PHI <p_" 1
FAIL: gcc.dg/tree-ssa/ivopts-lt.c scan-tree-dump-times ivopts "p_[0-9]* <" 1
FAIL: gcc.dg/tree-ssa/slsr-13.c scan-tree-dump-times optimized " \\\\* 4" 2
FAIL: gcc.dg/tree-ssa/slsr-13.c scan-tree-dump-times optimized " \\\\* 5" 0
FAIL: gcc.dg/vect/slp-10.c scan-tree-dump-times vect "vectorized 2 loops" 1
FAIL: gcc.dg/vect/slp-10.c scan-tree-dump-times vect "vectorizing stmts using SLP" 2
FAIL: gcc.dg/vect/slp-11c.c scan-tree-dump-times vect "vectorized 0 loops" 1
FAIL: gcc.dg/vect/slp-33.c scan-tree-dump-times vect "vectorized 2 loops" 1
FAIL: gcc.dg/vect/slp-33.c scan-tree-dump-times vect "vectorizing stmts using SLP" 2
FAIL: gcc.dg/vect/slp-widen-mult-half.c execution test
FAIL: gcc.dg/vect/slp-10.c -flto scan-tree-dump-times vect "vectorized 2 loops" 1
FAIL: gcc.dg/vect/slp-10.c -flto scan-tree-dump-times vect "vectorizing stmts using SLP" 2
FAIL: gcc.dg/vect/slp-11c.c -flto scan-tree-dump-times vect "vectorized 0 loops" 1
FAIL: gcc.dg/vect/slp-33.c -flto scan-tree-dump-times vect "vectorized 2 loops" 1
FAIL: gcc.dg/vect/slp-33.c -flto scan-tree-dump-times vect "vectorizing stmts using SLP" 2
FAIL: gcc.dg/vect/slp-widen-mult-half.c -flto execution test
=== gcc Summary ===
# of expected passes 81532
# of unexpected failures 63
# of expected failures 242
# of unresolved testcases 2
# of unsupported tests 1496
/home/kwerner/dailybuild/spu-tc-2012-11-29/gcc-build/gcc/xgcc version 4.8.0 20121129 (experimental) (GCC)
=== gfortran tests ===
Running target cell-native
FAIL: gfortran.dg/bind_c_array_params_2.f90 -O scan-assembler-times myBindC 1
FAIL: gfortran.dg/class_array_3.f03 -O3 -fomit-frame-pointer execution test
FAIL: gfortran.dg/class_array_3.f03 -O3 -fomit-frame-pointer -funroll-all-loops -finline-functions execution test
FAIL: gfortran.dg/class_array_3.f03 -O3 -g execution test
XPASS: gfortran.dg/do_1.f90 -O0 execution test
XPASS: gfortran.dg/do_1.f90 -O1 execution test
FAIL: gfortran.dg/reassoc_4.f -O scan-tree-dump-times reassoc1 "[0-9] \\\\* " 22
FAIL: gfortran.dg/sms-1.f90 -O0 execution test
FAIL: gfortran.dg/sms-1.f90 -O1 execution test
FAIL: gfortran.dg/sms-1.f90 -O2 execution test
FAIL: gfortran.dg/sms-1.f90 -O3 -fomit-frame-pointer execution test
FAIL: gfortran.dg/sms-1.f90 -O3 -fomit-frame-pointer -funroll-loops execution test
FAIL: gfortran.dg/sms-1.f90 -O3 -fomit-frame-pointer -funroll-all-loops -finline-functions execution test
FAIL: gfortran.dg/sms-1.f90 -O3 -g execution test
FAIL: gfortran.dg/sms-1.f90 -Os execution test
FAIL: gfortran.dg/sms-2.f90 -O0 execution test
FAIL: gfortran.dg/sms-2.f90 -O1 execution test
FAIL: gfortran.dg/sms-2.f90 -O2 execution test
FAIL: gfortran.dg/sms-2.f90 -O3 -fomit-frame-pointer execution test
FAIL: gfortran.dg/sms-2.f90 -O3 -fomit-frame-pointer -funroll-loops execution test
FAIL: gfortran.dg/sms-2.f90 -O3 -fomit-frame-pointer -funroll-all-loops -finline-functions execution test
FAIL: gfortran.dg/sms-2.f90 -O3 -g execution test
FAIL: gfortran.dg/sms-2.f90 -Os execution test
WARNING: program timed out.
WARNING: program timed out.
WARNING: program timed out.
WARNING: program timed out.
WARNING: program timed out.
FAIL: gfortran.dg/lto/pr45586-2 f_lto_pr45586-2_0.o-f_lto_pr45586-2_0.o link, -O0 -flto -flto-partition=none -fuse-linker-plugin (internal compiler error)
UNRESOLVED: gfortran.dg/lto/pr45586-2 f_lto_pr45586-2_0.o-f_lto_pr45586-2_0.o execute -O0 -flto -flto-partition=none -fuse-linker-plugin
FAIL: gfortran.dg/lto/pr45586-2 f_lto_pr45586-2_0.o-f_lto_pr45586-2_0.o link, -O0 -flto -flto-partition=1to1 -fno-use-linker-plugin (internal compiler error)
UNRESOLVED: gfortran.dg/lto/pr45586-2 f_lto_pr45586-2_0.o-f_lto_pr45586-2_0.o execute -O0 -flto -flto-partition=1to1 -fno-use-linker-plugin
FAIL: gfortran.dg/lto/pr45586-2 f_lto_pr45586-2_0.o-f_lto_pr45586-2_0.o link, -O0 -flto -fuse-linker-plugin -fno-fat-lto-objects (internal compiler error)
UNRESOLVED: gfortran.dg/lto/pr45586-2 f_lto_pr45586-2_0.o-f_lto_pr45586-2_0.o execute -O0 -flto -fuse-linker-plugin -fno-fat-lto-objects
FAIL: gfortran.dg/lto/pr45586 f_lto_pr45586_0.o-f_lto_pr45586_0.o link, -O0 -flto -flto-partition=none -fuse-linker-plugin (internal compiler error)
UNRESOLVED: gfortran.dg/lto/pr45586 f_lto_pr45586_0.o-f_lto_pr45586_0.o execute -O0 -flto -flto-partition=none -fuse-linker-plugin
FAIL: gfortran.dg/lto/pr45586 f_lto_pr45586_0.o-f_lto_pr45586_0.o link, -O0 -flto -flto-partition=1to1 -fno-use-linker-plugin (internal compiler error)
UNRESOLVED: gfortran.dg/lto/pr45586 f_lto_pr45586_0.o-f_lto_pr45586_0.o execute -O0 -flto -flto-partition=1to1 -fno-use-linker-plugin
FAIL: gfortran.dg/lto/pr45586 f_lto_pr45586_0.o-f_lto_pr45586_0.o link, -O0 -flto -fuse-linker-plugin -fno-fat-lto-objects (internal compiler error)
UNRESOLVED: gfortran.dg/lto/pr45586 f_lto_pr45586_0.o-f_lto_pr45586_0.o execute -O0 -flto -fuse-linker-plugin -fno-fat-lto-objects
FAIL: gfortran.dg/vect/vect-8.f90 -O scan-tree-dump-times vect "vectorized 19 loops" 1
FAIL: gfortran.dg/vect/pr32380.f -O scan-tree-dump-times vect "vectorized 6 loops" 1
FAIL: gfortran.dg/vect/fast-math-rnflow-trs2a2.f90 scan-tree-dump-times vect "vectorized 1 loops" 1
=== gfortran Summary ===
# of expected passes 40794
# of unexpected failures 30
# of unexpected successes 2
# of expected failures 109
# of unresolved testcases 6
# of unsupported tests 546
/home/kwerner/dailybuild/spu-tc-2012-11-29/gcc-build/gcc/testsuite/gfortran/../../gfortran version 4.8.0 20121129 (experimental) (GCC)
Compiler version: 4.8.0 20121129 (experimental) (GCC)
Platform: spu-unknown-elf
configure flags: --target=spu --disable-nls --enable-languages=c,c++,fortran --with-newlib --with-headers --enable-version-specific-runtime-libs --with-gmp=/home/kwerner/dailybuild/prereqs/install --with-mpfr=/home/kwerner/dailybuild/prereqs/install --with-mpc=/home/kwerner/dailybuild/prereqs/install --prefix=/home/kwerner/dailybuild/spu-tc-2012-11-29/spu-toolchain
############################################################
# Binutils test suite results #
############################################################
Target is spu-unknown-elf
Host is powerpc64-unknown-linux-gnu
=== binutils tests ===
Running target unix
WARNING: Assuming target board is the local machine (which is probably wrong).
=== binutils Summary ===
# of expected passes 85
# of unsupported tests 6
Host is powerpc64-unknown-linux-gnu
=== gas tests ===
Running target unix
WARNING: Assuming target board is the local machine (which is probably wrong).
=== gas Summary ===
# of expected passes 127
Host is powerpc64-unknown-linux-gnu
=== ld tests ===
Running target unix
WARNING: Assuming target board is the local machine (which is probably wrong).
FAIL: Build libindirect1c.so
FAIL: Build libindirect3c.so
FAIL: Build libindirect4c.so
FAIL: Indirect symbol 1a: : local symbol \`foo' in tmpdir/indirect1b.o is referenced by DSO
FAIL: Indirect symbol 1a: : final link failed: Bad value
FAIL: Indirect symbol 1b: : local symbol \`foo' in tmpdir/indirect1b.o is referenced by DSO
FAIL: Indirect symbol 1b: : final link failed: Bad value
FAIL: Indirect symbol 2: : No symbol version section for versioned symbol \`foo@FOO'
FAIL: Indirect symbol 2: : final link failed: Nonrepresentable section on output
FAIL: --gc-sections with --defsym
=== ld Summary ===
# of expected passes 210
# of unexpected failures 10
# of expected failures 9
# of untested testcases 1
# of unsupported tests 3
Platform: spu-unknown-elf
configure flags: --target=spu --prefix=/home/kwerner/dailybuild/spu-tc-2012-11-29/spu-toolchain
############################################################
# GDB test suite results #
############################################################
Native configuration is powerpc64-unknown-linux-gnu
=== gdb tests ===
Running target cell-native/-m32
FAIL: gdb.base/callfuncs.exp: p t_float_complex_values(fc1, fc2)
FAIL: gdb.base/callfuncs.exp: p t_float_complex_many_args(fc1, fc2, fc3, fc4, fc1, fc2, fc3, fc4, fc1, fc2, fc3, fc4, fc1, fc2, fc3, fc4)
FAIL: gdb.base/callfuncs.exp: p t_double_complex_values(dc1, dc2)
FAIL: gdb.base/callfuncs.exp: p t_double_complex_many_args(dc1, dc2, dc3, dc4, dc1, dc2, dc3, dc4, dc1, dc2, dc3, dc4, dc1, dc2, dc3, dc4)
FAIL: gdb.base/callfuncs.exp: p t_long_double_complex_values(ldc1, ldc2)
FAIL: gdb.base/callfuncs.exp: p t_long_double_complex_many_args(ldc1, ldc2, ldc3, ldc4, ldc1, ldc2, ldc3, ldc4, ldc1, ldc2, ldc3, ldc4, ldc1, ldc2, ldc3, ldc4)
FAIL: gdb.base/callfuncs.exp: call inferior func with struct - returns double _Complex
FAIL: gdb.base/gdb1555.exp: Step into shared lib function
FAIL: gdb.base/gdb1555.exp: Next while in a shared lib function
ERROR: (DejaGnu) proc "lassign {nm {-D /home/kwerner/dailybuild/spu-tc-2012-11-29/gdb-build/gdb/testsuite/gdb.base/gnu-debugdata --format=posix --defined-only}} program arguments input output" does not exist.
=== gdb Summary ===
# of expected passes 6108
# of unexpected failures 9
# of expected failures 3
# of known failures 1
# of untested testcases 7
# of unsupported tests 79
/home/kwerner/dailybuild/spu-tc-2012-11-29/gdb-build/gdb/testsuite/../../gdb/gdb version 7.5.50.20121129-cvs -nw -nx -data-directory /home/kwerner/dailybuild/spu-tc-2012-11-29/gdb-build/gdb/testsuite/../data-directory
Platform: powerpc64-unknown-linux-gnu
configure flags: --enable-targets=spu --with-expat --disable-nls --disable-install-libbfd --prefix=/home/kwerner/dailybuild/spu-tc-2012-11-29/spu-toolchain
More information about the Gcc-testresults
mailing list