Results for 4.8.0 20121116 (experimental) [trunk revision 193562] (Debian 20121116-1) testsuite on arm-unknown-linux-gnueabihf
Matthias Klose
doko@debian.org
Tue Nov 20 19:59:00 GMT 2012
LAST_UPDATED: Fri Nov 16 15:31:00 UTC 2012 (revision 193562)
Native configuration is arm-unknown-linux-gnueabihf
=== boehm-gc tests ===
Running target unix
=== boehm-gc Summary ===
# of expected passes 12
# of unsupported tests 1
=== libatomic tests ===
Running target unix
=== libatomic Summary ===
# of expected passes 44
# of unsupported tests 5
=== libffi tests ===
Running target unix
XPASS: libffi.call/cls_longdouble.c -O0 -W -Wall execution test
XPASS: libffi.call/cls_longdouble.c -O2 execution test
XPASS: libffi.call/cls_longdouble.c -O3 execution test
XPASS: libffi.call/cls_longdouble.c -Os execution test
XPASS: libffi.call/cls_longdouble.c -O2 -fomit-frame-pointer execution test
=== libffi Summary ===
# of expected passes 1654
# of unexpected successes 5
# of unsupported tests 55
=== libgo tests ===
Running target unix
FAIL: fmt
FAIL: log
FAIL: reflect
FAIL: sync
FAIL: time
FAIL: encoding/gob
FAIL: encoding/json
FAIL: html/template
FAIL: math/big
FAIL: net/http
FAIL: net/rpc
FAIL: old/regexp
FAIL: old/template
FAIL: text/template
FAIL: text/template/parse
=== libgo Summary ===
# of expected passes 114
# of unexpected failures 15
/build/buildd-gcc-snapshot_20121116-1-armhf-PHUdiH/gcc-snapshot-20121116/build/./gcc/gccgo version 4.8.0 20121116 (experimental) [trunk revision 193562] (Debian 20121116-1)
=== libgomp tests ===
Running target unix
=== libgomp Summary ===
# of expected passes 2979
# of unsupported tests 1
=== libjava tests ===
Running target unix
FAIL: pr29812 execution - gij test
FAIL: ExtraClassLoader execution - source compiled test
FAIL: ExtraClassLoader -findirect-dispatch execution - source compiled test
FAIL: ExtraClassLoader -O3 execution - source compiled test
FAIL: ExtraClassLoader -O3 -findirect-dispatch execution - source compiled test
FAIL: InvokeInterface execution - source compiled test
FAIL: InvokeInterface -findirect-dispatch execution - source compiled test
FAIL: InvokeInterface -O3 execution - source compiled test
FAIL: InvokeInterface -O3 -findirect-dispatch execution - source compiled test
FAIL: StackTrace2 execution - source compiled test
FAIL: StackTrace2 -findirect-dispatch execution - source compiled test
FAIL: StackTrace2 -O3 execution - source compiled test
FAIL: StackTrace2 -O3 -findirect-dispatch execution - source compiled test
FAIL: Throw_2 execution - source compiled test
FAIL: Throw_2 -findirect-dispatch execution - source compiled test
FAIL: Throw_2 -O3 execution - source compiled test
FAIL: Throw_2 -O3 -findirect-dispatch execution - source compiled test
FAIL: Throw_3 execution - source compiled test
FAIL: Throw_3 -findirect-dispatch execution - source compiled test
FAIL: Throw_3 -O3 execution - source compiled test
FAIL: Throw_3 -O3 -findirect-dispatch execution - source compiled test
FAIL: WalkerTest output - source compiled test
FAIL: WalkerTest -findirect-dispatch output - source compiled test
FAIL: WalkerTest -O3 output - source compiled test
FAIL: WalkerTest -O3 -findirect-dispatch output - source compiled test
FAIL: pr21785 execution - source compiled test
FAIL: pr21785 -findirect-dispatch execution - source compiled test
FAIL: pr21785 -O3 execution - source compiled test
FAIL: pr21785 -O3 -findirect-dispatch execution - source compiled test
FAIL: sourcelocation execution - source compiled test
FAIL: sourcelocation -findirect-dispatch execution - source compiled test
FAIL: sourcelocation -O3 execution - source compiled test
FAIL: sourcelocation -O3 -findirect-dispatch execution - source compiled test
FAIL: stacktrace output - source compiled test
FAIL: stacktrace -findirect-dispatch output - source compiled test
FAIL: stacktrace -O3 output - source compiled test
FAIL: stacktrace -O3 -findirect-dispatch output - source compiled test
=== libjava Summary ===
# of expected passes 2520
# of unexpected failures 37
# of untested testcases 29
=== libmudflap tests ===
Running target unix
FAIL: libmudflap.c/fail37-frag.c (-O2) crash test
FAIL: libmudflap.c/fail37-frag.c (-O2) output pattern test
FAIL: libmudflap.c/fail37-frag.c (-O3) crash test
FAIL: libmudflap.c/fail37-frag.c (-O3) output pattern test
FAIL: libmudflap.c++/pass41-frag.cxx (-static) execution test
FAIL: libmudflap.c++/pass55-frag.cxx (-static) execution test
FAIL: libmudflap.c++/pass41-frag.cxx ( -O) execution test
FAIL: libmudflap.c++/pass55-frag.cxx ( -O) execution test
FAIL: libmudflap.c++/pass41-frag.cxx (-O2) execution test
FAIL: libmudflap.c++/pass55-frag.cxx (-O2) execution test
FAIL: libmudflap.c++/pass41-frag.cxx (-O3) execution test
FAIL: libmudflap.c++/pass55-frag.cxx (-O3) execution test
=== libmudflap Summary ===
# of expected passes 1894
# of unexpected failures 12
=== libstdc++ tests ===
Running target unix
FAIL: 22_locale/time_get/get_date/wchar_t/4.cc execution test
FAIL: 23_containers/map/init-list.cc (test for excess errors)
UNRESOLVED: 23_containers/map/init-list.cc compilation failed to produce executable
FAIL: 23_containers/map/requirements/explicit_instantiation/1_c++0x.cc (test for excess errors)
FAIL: 23_containers/unordered_map/insert/array_syntax.cc (test for excess errors)
UNRESOLVED: 23_containers/unordered_map/insert/array_syntax.cc compilation failed to produce executable
FAIL: 23_containers/unordered_map/insert/array_syntax_move.cc (test for excess errors)
UNRESOLVED: 23_containers/unordered_map/insert/array_syntax_move.cc compilation failed to produce executable
FAIL: 23_containers/unordered_map/insert/map_range.cc (test for excess errors)
UNRESOLVED: 23_containers/unordered_map/insert/map_range.cc compilation failed to produce executable
FAIL: 23_containers/unordered_map/operators/2.cc (test for excess errors)
UNRESOLVED: 23_containers/unordered_map/operators/2.cc compilation failed to produce executable
FAIL: 25_algorithms/stable_sort/49559.cc (test for excess errors)
UNRESOLVED: 25_algorithms/stable_sort/49559.cc compilation failed to produce executable
UNRESOLVED: 20_util/enable_shared_from_this/cons/constexpr.cc scan-assembler _ZNKSt7complexIfE4realB5cxx11Ev
UNRESOLVED: 20_util/enable_shared_from_this/cons/constexpr.cc scan-assembler _ZNKSt7complexIdE4realB5cxx11Ev
UNRESOLVED: 20_util/enable_shared_from_this/cons/constexpr.cc scan-assembler _ZNKSt7complexI[eg]E4realB5cxx11Ev
UNRESOLVED: 20_util/enable_shared_from_this/cons/constexpr.cc scan-assembler _ZNKSt7complexIiE4realB5cxx11Ev
UNRESOLVED: 20_util/enable_shared_from_this/cons/constexpr.cc scan-assembler _ZNKSt7complexIfE4imagB5cxx11Ev
UNRESOLVED: 20_util/enable_shared_from_this/cons/constexpr.cc scan-assembler _ZNKSt7complexIdE4imagB5cxx11Ev
UNRESOLVED: 20_util/enable_shared_from_this/cons/constexpr.cc scan-assembler _ZNKSt7complexI[eg]E4imagB5cxx11Ev
UNRESOLVED: 20_util/enable_shared_from_this/cons/constexpr.cc scan-assembler _ZNKSt7complexIiE4imagB5cxx11Ev
=== libstdc++ Summary ===
# of expected passes 8887
# of unexpected failures 8
# of expected failures 43
# of unresolved testcases 14
# of unsupported tests 234
Target: arm-linux-gnueabihf
gcc version 4.8.0 20121116 (experimental) [trunk revision 193562] (Debian 20121116-1)
=== g++ tests ===
Running target unix
FAIL: g++.dg/debug/dwarf2/non-virtual-thunk.C -std=gnu++98 scan-assembler thunk.C:30
FAIL: g++.dg/debug/dwarf2/non-virtual-thunk.C -std=gnu++11 scan-assembler thunk.C:30
FAIL: g++.dg/pr48660.C -std=c++98 (internal compiler error)
FAIL: g++.dg/pr48660.C -std=c++98 (test for excess errors)
FAIL: g++.dg/pr48660.C -std=c++11 (internal compiler error)
FAIL: g++.dg/pr48660.C -std=c++11 (test for excess errors)
FAIL: g++.dg/plugin/attribute_plugin.c compilation
FAIL: g++.dg/plugin/pragma_plugin.c compilation
FAIL: g++.dg/plugin/selfassign.c compilation
FAIL: g++.dg/plugin/dumb_plugin.c compilation
FAIL: g++.dg/plugin/header_plugin.c compilation
FAIL: g++.dg/plugin/decl_plugin.c compilation
FAIL: g++.dg/tm/pr51516.C -std=gnu++98 scan-tree-dump-times optimized ";; Function C::C" 1
FAIL: g++.dg/tm/pr51516.C -std=gnu++11 scan-tree-dump-times optimized ";; Function C::C" 1
=== g++ Summary ===
# of expected passes 49577
# of unexpected failures 14
# of expected failures 289
# of unsupported tests 791
/build/buildd-gcc-snapshot_20121116-1-armhf-PHUdiH/gcc-snapshot-20121116/build/gcc/testsuite/g++/../../g++ version 4.8.0 20121116 (experimental) [trunk revision 193562] (Debian 20121116-1)
=== gcc tests ===
Running target unix
FAIL: gcc.c-torture/compile/pr32349.c -O3 -fomit-frame-pointer -funroll-loops (internal compiler error)
FAIL: gcc.c-torture/compile/pr32349.c -O3 -fomit-frame-pointer -funroll-loops (test for excess errors)
FAIL: gcc.c-torture/compile/pr32349.c -O3 -fomit-frame-pointer -funroll-all-loops -finline-functions (internal compiler error)
FAIL: gcc.c-torture/compile/pr32349.c -O3 -fomit-frame-pointer -funroll-all-loops -finline-functions (test for excess errors)
WARNING: program timed out.
FAIL: gcc.c-torture/compile/pr43186.c -O3 -fomit-frame-pointer (test for excess errors)
WARNING: program timed out.
FAIL: gcc.c-torture/compile/pr43186.c -O3 -fomit-frame-pointer -funroll-loops (test for excess errors)
WARNING: program timed out.
FAIL: gcc.c-torture/compile/pr43186.c -O3 -fomit-frame-pointer -funroll-all-loops -finline-functions (test for excess errors)
WARNING: program timed out.
FAIL: gcc.c-torture/compile/pr43186.c -O3 -g (test for excess errors)
FAIL: gcc.dg/debug/pr42244.c -gdwarf-2 -g1 (internal compiler error)
FAIL: gcc.dg/debug/pr42244.c -gdwarf-2 -g1 (test for excess errors)
FAIL: gcc.dg/debug/pr42244.c -gdwarf-2 -g1 -O (internal compiler error)
FAIL: gcc.dg/debug/pr42244.c -gdwarf-2 -g1 -O (test for excess errors)
FAIL: gcc.dg/debug/pr42244.c -gdwarf-2 -g1 -O3 (internal compiler error)
FAIL: gcc.dg/debug/pr42244.c -gdwarf-2 -g1 -O3 (test for excess errors)
FAIL: gcc.dg/debug/pr42244.c -gdwarf-2 (internal compiler error)
FAIL: gcc.dg/debug/pr42244.c -gdwarf-2 (test for excess errors)
FAIL: gcc.dg/debug/pr42244.c -gdwarf-2 -O (internal compiler error)
FAIL: gcc.dg/debug/pr42244.c -gdwarf-2 -O (test for excess errors)
FAIL: gcc.dg/debug/pr42244.c -gdwarf-2 -O3 (internal compiler error)
FAIL: gcc.dg/debug/pr42244.c -gdwarf-2 -O3 (test for excess errors)
FAIL: gcc.dg/debug/pr42244.c -gdwarf-2 -g3 (internal compiler error)
FAIL: gcc.dg/debug/pr42244.c -gdwarf-2 -g3 (test for excess errors)
FAIL: gcc.dg/debug/pr42244.c -gdwarf-2 -g3 -O (internal compiler error)
FAIL: gcc.dg/debug/pr42244.c -gdwarf-2 -g3 -O (test for excess errors)
FAIL: gcc.dg/debug/pr42244.c -gdwarf-2 -g3 -O3 (internal compiler error)
FAIL: gcc.dg/debug/pr42244.c -gdwarf-2 -g3 -O3 (test for excess errors)
FAIL: gcc.dg/debug/pr42244.c -gstabs1 (internal compiler error)
FAIL: gcc.dg/debug/pr42244.c -gstabs1 (test for excess errors)
FAIL: gcc.dg/debug/pr42244.c -gstabs1 -O (internal compiler error)
FAIL: gcc.dg/debug/pr42244.c -gstabs1 -O (test for excess errors)
FAIL: gcc.dg/debug/pr42244.c -gstabs1 -O3 (internal compiler error)
FAIL: gcc.dg/debug/pr42244.c -gstabs1 -O3 (test for excess errors)
FAIL: gcc.dg/debug/pr42244.c -gstabs (internal compiler error)
FAIL: gcc.dg/debug/pr42244.c -gstabs (test for excess errors)
FAIL: gcc.dg/debug/pr42244.c -gstabs -O (internal compiler error)
FAIL: gcc.dg/debug/pr42244.c -gstabs -O (test for excess errors)
FAIL: gcc.dg/debug/pr42244.c -gstabs -O3 (internal compiler error)
FAIL: gcc.dg/debug/pr42244.c -gstabs -O3 (test for excess errors)
FAIL: gcc.dg/debug/pr42244.c -gstabs3 (internal compiler error)
FAIL: gcc.dg/debug/pr42244.c -gstabs3 (test for excess errors)
FAIL: gcc.dg/debug/pr42244.c -gstabs3 -O (internal compiler error)
FAIL: gcc.dg/debug/pr42244.c -gstabs3 -O (test for excess errors)
FAIL: gcc.dg/debug/pr42244.c -gstabs3 -O3 (internal compiler error)
FAIL: gcc.dg/debug/pr42244.c -gstabs3 -O3 (test for excess errors)
FAIL: gcc.dg/debug/pr42244.c -gstabs+1 (internal compiler error)
FAIL: gcc.dg/debug/pr42244.c -gstabs+1 (test for excess errors)
FAIL: gcc.dg/debug/pr42244.c -gstabs+1 -O (internal compiler error)
FAIL: gcc.dg/debug/pr42244.c -gstabs+1 -O (test for excess errors)
FAIL: gcc.dg/debug/pr42244.c -gstabs+1 -O3 (internal compiler error)
FAIL: gcc.dg/debug/pr42244.c -gstabs+1 -O3 (test for excess errors)
FAIL: gcc.dg/debug/pr42244.c -gstabs+ (internal compiler error)
FAIL: gcc.dg/debug/pr42244.c -gstabs+ (test for excess errors)
FAIL: gcc.dg/debug/pr42244.c -gstabs+ -O (internal compiler error)
FAIL: gcc.dg/debug/pr42244.c -gstabs+ -O (test for excess errors)
FAIL: gcc.dg/debug/pr42244.c -gstabs+ -O3 (internal compiler error)
FAIL: gcc.dg/debug/pr42244.c -gstabs+ -O3 (test for excess errors)
FAIL: gcc.dg/debug/pr42244.c -gstabs+3 (internal compiler error)
FAIL: gcc.dg/debug/pr42244.c -gstabs+3 (test for excess errors)
FAIL: gcc.dg/debug/pr42244.c -gstabs+3 -O (internal compiler error)
FAIL: gcc.dg/debug/pr42244.c -gstabs+3 -O (test for excess errors)
FAIL: gcc.dg/debug/pr42244.c -gstabs+3 -O3 (internal compiler error)
FAIL: gcc.dg/debug/pr42244.c -gstabs+3 -O3 (test for excess errors)
FAIL: gcc.dg/attr-weakref-1.c (test for excess errors)
UNRESOLVED: gcc.dg/attr-weakref-1.c compilation failed to produce executable
FAIL: gcc.dg/builtin-apply2.c execution test
FAIL: gcc.dg/builtin-object-size-8.c execution test
FAIL: gcc.dg/c99-stdint-1.c (test for excess errors)
FAIL: gcc.dg/c99-stdint-7.c (test for excess errors)
FAIL: gcc.dg/fshort-wchar.c (test for excess errors)
FAIL: gcc.dg/sms-11.c (internal compiler error)
FAIL: gcc.dg/sms-11.c (test for excess errors)
UNRESOLVED: gcc.dg/sms-11.c compilation failed to produce executable
FAIL: gcc.dg/sms-4.c (internal compiler error)
FAIL: gcc.dg/sms-4.c (test for excess errors)
UNRESOLVED: gcc.dg/sms-4.c compilation failed to produce executable
FAIL: gcc.dg/sms-5.c execution test
FAIL: gcc.dg/sms-6.c (internal compiler error)
FAIL: gcc.dg/sms-6.c (test for excess errors)
UNRESOLVED: gcc.dg/sms-6.c compilation failed to produce executable
FAIL: gcc.dg/sms-7.c execution test
FAIL: gcc.dg/sms-9.c execution test
FAIL: gcc.dg/fixed-point/unary.c execution test
FAIL: gcc.dg/graphite/pr42521.c (internal compiler error)
FAIL: gcc.dg/graphite/pr42521.c (test for excess errors)
FAIL: gcc.dg/graphite/pr42771.c (internal compiler error)
FAIL: gcc.dg/graphite/pr42771.c (test for excess errors)
FAIL: gcc.dg/plugin/selfassign.c compilation
FAIL: gcc.dg/plugin/ggcplug.c compilation
FAIL: gcc.dg/plugin/one_time_plugin.c compilation
FAIL: gcc.dg/plugin/start_unit_plugin.c compilation
FAIL: gcc.dg/plugin/finish_unit_plugin.c compilation
FAIL: gcc.dg/tls/pr42894.c (test for excess errors)
FAIL: gcc.dg/torture/pr24626-4.c -O2 (internal compiler error)
FAIL: gcc.dg/torture/pr24626-4.c -O2 (test for excess errors)
FAIL: gcc.dg/torture/pr24626-4.c -O3 -fomit-frame-pointer (internal compiler error)
FAIL: gcc.dg/torture/pr24626-4.c -O3 -fomit-frame-pointer (test for excess errors)
FAIL: gcc.dg/torture/pr24626-4.c -O3 -fomit-frame-pointer -funroll-loops (internal compiler error)
FAIL: gcc.dg/torture/pr24626-4.c -O3 -fomit-frame-pointer -funroll-loops (test for excess errors)
FAIL: gcc.dg/torture/pr24626-4.c -O3 -fomit-frame-pointer -funroll-all-loops -finline-functions (internal compiler error)
FAIL: gcc.dg/torture/pr24626-4.c -O3 -fomit-frame-pointer -funroll-all-loops -finline-functions (test for excess errors)
FAIL: gcc.dg/torture/pr24626-4.c -O3 -g (internal compiler error)
FAIL: gcc.dg/torture/pr24626-4.c -O3 -g (test for excess errors)
FAIL: gcc.dg/torture/pr24626-4.c -O2 -flto -fno-use-linker-plugin -flto-partition=none (internal compiler error)
FAIL: gcc.dg/torture/pr24626-4.c -O2 -flto -fno-use-linker-plugin -flto-partition=none (test for excess errors)
FAIL: gcc.dg/torture/pr51106-2.c -O0 (internal compiler error)
FAIL: gcc.dg/torture/pr51106-2.c -O0 (test for excess errors)
FAIL: gcc.dg/torture/pr51106-2.c -O1 (internal compiler error)
FAIL: gcc.dg/torture/pr51106-2.c -O1 (test for excess errors)
FAIL: gcc.dg/torture/pr51106-2.c -O2 (internal compiler error)
FAIL: gcc.dg/torture/pr51106-2.c -O2 (test for excess errors)
FAIL: gcc.dg/torture/pr51106-2.c -O3 -fomit-frame-pointer (internal compiler error)
FAIL: gcc.dg/torture/pr51106-2.c -O3 -fomit-frame-pointer (test for excess errors)
FAIL: gcc.dg/torture/pr51106-2.c -O3 -g (internal compiler error)
FAIL: gcc.dg/torture/pr51106-2.c -O3 -g (test for excess errors)
FAIL: gcc.dg/torture/pr51106-2.c -Os (internal compiler error)
FAIL: gcc.dg/torture/pr51106-2.c -Os (test for excess errors)
FAIL: gcc.dg/torture/pr51106-2.c -O2 -flto -fno-use-linker-plugin -flto-partition=none (internal compiler error)
FAIL: gcc.dg/torture/pr51106-2.c -O2 -flto -fno-use-linker-plugin -flto-partition=none (test for excess errors)
FAIL: gcc.dg/tree-ssa/pr37508.c scan-tree-dump-times vrp1 "Folding" 3
FAIL: gcc.dg/tree-ssa/sra-12.c scan-tree-dump-times release_ssa "l;" 0
FAIL: gcc.dg/vect/vect-over-widen-2-big-array.c execution test
FAIL: gcc.dg/vect/vect-over-widen-2.c execution test
FAIL: gcc.dg/vect/vect-widen-shift-s8.c execution test
FAIL: gcc.dg/vect/vect-widen-shift-u8.c execution test
FAIL: gcc.dg/vect/slp-perm-8.c scan-tree-dump-times vect "vectorized 1 loops" 2
FAIL: gcc.dg/vect/slp-perm-8.c scan-tree-dump-times vect "vectorizing stmts using SLP" 1
FAIL: gcc.dg/vect/slp-perm-9.c scan-tree-dump-times vect "permutation requires at least three vectors" 1
FAIL: gcc.dg/vect/vect-over-widen-2-big-array.c -flto execution test
FAIL: gcc.dg/vect/vect-over-widen-2.c -flto execution test
FAIL: gcc.dg/vect/vect-widen-shift-s8.c -flto execution test
FAIL: gcc.dg/vect/vect-widen-shift-u8.c -flto execution test
FAIL: gcc.dg/vect/slp-perm-8.c -flto scan-tree-dump-times vect "vectorized 1 loops" 2
FAIL: gcc.dg/vect/slp-perm-8.c -flto scan-tree-dump-times vect "vectorizing stmts using SLP" 1
FAIL: gcc.dg/vect/slp-perm-9.c -flto scan-tree-dump-times vect "permutation requires at least three vectors" 1
FAIL: gcc.dg/vect/aligned-section-anchors-nest-1.c scan-ipa-dump-times increase_alignment "Increasing alignment of decl" 3
FAIL: gcc.target/arm/builtin-bswap-1.c (test for excess errors)
UNRESOLVED: gcc.target/arm/builtin-bswap-1.c scan-assembler-not orr[ \\t]
UNRESOLVED: gcc.target/arm/builtin-bswap-1.c scan-assembler-times revsh\\\\t 2
UNRESOLVED: gcc.target/arm/builtin-bswap-1.c scan-assembler-times rev16\\\\t 2
UNRESOLVED: gcc.target/arm/builtin-bswap-1.c scan-assembler-times rev\\\\t 4
FAIL: gcc.target/arm/builtin-bswap16-1.c (test for excess errors)
UNRESOLVED: gcc.target/arm/builtin-bswap16-1.c scan-assembler-not orr[ \\t]
FAIL: gcc.target/arm/g2.c (test for excess errors)
UNRESOLVED: gcc.target/arm/g2.c scan-assembler mla[ \\t].*
FAIL: gcc.target/arm/pr40887.c (test for excess errors)
UNRESOLVED: gcc.target/arm/pr40887.c scan-assembler blx
FAIL: gcc.target/arm/scd42-1.c (test for excess errors)
UNRESOLVED: gcc.target/arm/scd42-1.c scan-assembler mov[ \\t].*17
FAIL: gcc.target/arm/scd42-2.c (test for excess errors)
UNRESOLVED: gcc.target/arm/scd42-2.c scan-assembler mov[ \\t].*272
FAIL: gcc.target/arm/scd42-3.c (test for excess errors)
UNRESOLVED: gcc.target/arm/scd42-3.c scan-assembler ldr[ \\t].*
FAIL: gcc.target/arm/thumb-ltu.c (test for excess errors)
UNRESOLVED: gcc.target/arm/thumb-ltu.c scan-assembler-not uxtb
FAIL: gcc.target/arm/unsigned-extend-1.c scan-assembler-not uxtb
FAIL: gcc.target/arm/xor-and.c (test for excess errors)
UNRESOLVED: gcc.target/arm/xor-and.c scan-assembler orr
UNRESOLVED: gcc.target/arm/xor-and.c scan-assembler-not mvn
UNRESOLVED: gcc.target/arm/xor-and.c scan-assembler-not uxth
=== gcc Summary ===
# of expected passes 88512
# of unexpected failures 141
# of expected failures 258
# of unresolved testcases 18
# of unsupported tests 1197
/build/buildd-gcc-snapshot_20121116-1-armhf-PHUdiH/gcc-snapshot-20121116/build/gcc/xgcc version 4.8.0 20121116 (experimental) [trunk revision 193562] (Debian 20121116-1)
=== gfortran tests ===
Running target unix
XPASS: gfortran.dg/do_1.f90 -O0 execution test
XPASS: gfortran.dg/do_1.f90 -O1 execution test
FAIL: gfortran.dg/ret_array_1.f90 -O1 (internal compiler error)
FAIL: gfortran.dg/ret_array_1.f90 -O1 (test for excess errors)
UNRESOLVED: gfortran.dg/ret_array_1.f90 -O1 compilation failed to produce executable
FAIL: gfortran.dg/sms-1.f90 -O0 execution test
FAIL: gfortran.dg/sms-1.f90 -O1 execution test
FAIL: gfortran.dg/sms-1.f90 -O2 execution test
FAIL: gfortran.dg/sms-1.f90 -O3 -fomit-frame-pointer execution test
FAIL: gfortran.dg/sms-1.f90 -O3 -g execution test
FAIL: gfortran.dg/sms-1.f90 -Os execution test
FAIL: gfortran.dg/lto/pr45586-2 f_lto_pr45586-2_0.o-f_lto_pr45586-2_0.o link, -O0 -flto -flto-partition=none -fuse-linker-plugin (internal compiler error)
UNRESOLVED: gfortran.dg/lto/pr45586-2 f_lto_pr45586-2_0.o-f_lto_pr45586-2_0.o execute -O0 -flto -flto-partition=none -fuse-linker-plugin
FAIL: gfortran.dg/lto/pr45586-2 f_lto_pr45586-2_0.o-f_lto_pr45586-2_0.o link, -O0 -flto -flto-partition=1to1 -fno-use-linker-plugin (internal compiler error)
UNRESOLVED: gfortran.dg/lto/pr45586-2 f_lto_pr45586-2_0.o-f_lto_pr45586-2_0.o execute -O0 -flto -flto-partition=1to1 -fno-use-linker-plugin
FAIL: gfortran.dg/lto/pr45586-2 f_lto_pr45586-2_0.o-f_lto_pr45586-2_0.o link, -O0 -flto -fuse-linker-plugin -fno-fat-lto-objects (internal compiler error)
UNRESOLVED: gfortran.dg/lto/pr45586-2 f_lto_pr45586-2_0.o-f_lto_pr45586-2_0.o execute -O0 -flto -fuse-linker-plugin -fno-fat-lto-objects
FAIL: gfortran.dg/lto/pr45586 f_lto_pr45586_0.o-f_lto_pr45586_0.o link, -O0 -flto -flto-partition=none -fuse-linker-plugin (internal compiler error)
UNRESOLVED: gfortran.dg/lto/pr45586 f_lto_pr45586_0.o-f_lto_pr45586_0.o execute -O0 -flto -flto-partition=none -fuse-linker-plugin
FAIL: gfortran.dg/lto/pr45586 f_lto_pr45586_0.o-f_lto_pr45586_0.o link, -O0 -flto -flto-partition=1to1 -fno-use-linker-plugin (internal compiler error)
UNRESOLVED: gfortran.dg/lto/pr45586 f_lto_pr45586_0.o-f_lto_pr45586_0.o execute -O0 -flto -flto-partition=1to1 -fno-use-linker-plugin
FAIL: gfortran.dg/lto/pr45586 f_lto_pr45586_0.o-f_lto_pr45586_0.o link, -O0 -flto -fuse-linker-plugin -fno-fat-lto-objects (internal compiler error)
UNRESOLVED: gfortran.dg/lto/pr45586 f_lto_pr45586_0.o-f_lto_pr45586_0.o execute -O0 -flto -fuse-linker-plugin -fno-fat-lto-objects
FAIL: gfortran.dg/vect/pr32380.f -O scan-tree-dump-times vect "vectorized 6 loops" 1
=== gfortran Summary ===
# of expected passes 41260
# of unexpected failures 15
# of unexpected successes 2
# of expected failures 63
# of unresolved testcases 7
# of unsupported tests 407
/build/buildd-gcc-snapshot_20121116-1-armhf-PHUdiH/gcc-snapshot-20121116/build/gcc/testsuite/gfortran/../../gfortran version 4.8.0 20121116 (experimental) [trunk revision 193562] (Debian 20121116-1)
=== go tests ===
Running target unix
FAIL: go.test/test/chan/select3.go execution, -O2 -g
FAIL: go.test/test/closedchan.go execution, -O2 -g
FAIL: go.test/test/cmp.go execution, -O2 -g
FAIL: go.test/test/fixedbugs/bug113.go execution, -O2 -g
FAIL: go.test/test/fixedbugs/bug148.go execution, -O2 -g
FAIL: go.test/test/fixedbugs/bug266.go execution, -O2 -g
FAIL: go.test/test/fixedbugs/bug272.go execution, -O2 -g
FAIL: go.test/test/fixedbugs/bug273.go execution, -O2 -g
FAIL: go.test/test/fixedbugs/bug324.go
FAIL: go.test/test/fixedbugs/bug347.go execution, -O0 -g
FAIL: go.test/test/fixedbugs/bug348.go execution, -O0 -g
FAIL: go.test/test/fixedbugs/bug444.go execution, -O2 -g
FAIL: ./index0-out.go execution, -O0 -g -fno-var-tracking-assignments
FAIL: go.test/test/interface/fail.go execution, -O2 -g
FAIL: go.test/test/interface/noeq.go execution, -O2 -g
FAIL: go.test/test/interface/returntype.go execution, -O2 -g
FAIL: go.test/test/nil.go execution, -O2 -g
FAIL: go.test/test/nilptr.go execution, -O2 -g
FAIL: go.test/test/recover.go execution, -O2 -g
FAIL: go.test/test/recover1.go execution, -O2 -g
FAIL: go.test/test/recover2.go execution, -O2 -g
FAIL: go.test/test/recover3.go execution, -O2 -g
FAIL: go.test/test/reorder.go execution, -O2 -g
=== go Summary ===
# of expected passes 5060
# of unexpected failures 23
# of expected failures 1
# of untested testcases 5
/build/buildd-gcc-snapshot_20121116-1-armhf-PHUdiH/gcc-snapshot-20121116/build/gcc/testsuite/go/../../gccgo version 4.8.0 20121116 (experimental) [trunk revision 193562] (Debian 20121116-1)
=== obj-c++ tests ===
Running target unix
=== obj-c++ Summary ===
# of expected passes 1450
# of expected failures 2
# of unsupported tests 86
/build/buildd-gcc-snapshot_20121116-1-armhf-PHUdiH/gcc-snapshot-20121116/build/gcc/testsuite/obj-c++/../../g++ version 4.8.0 20121116 (experimental) [trunk revision 193562] (Debian 20121116-1)
=== objc tests ===
Running target unix
=== objc Summary ===
# of expected passes 2994
# of unsupported tests 74
/build/buildd-gcc-snapshot_20121116-1-armhf-PHUdiH/gcc-snapshot-20121116/build/gcc/xgcc version 4.8.0 20121116 (experimental) [trunk revision 193562] (Debian 20121116-1)
Compiler version: 4.8.0 20121116 (experimental) [trunk revision 193562] (Debian 20121116-1)
Platform: arm-unknown-linux-gnueabihf
configure flags: -v --with-pkgversion='Debian 20121116-1' --with-bugurl=file:///usr/share/doc/gcc-snapshot/README.Bugs --enable-languages=c,c++,java,go,fortran,objc,obj-c++ --prefix=/usr/lib/gcc-snapshot --enable-shared --enable-linker-build-id --with-system-zlib --disable-nls --with-sysroot=/ --enable-clocale=gnu --enable-libstdcxx-debug --enable-libstdcxx-time=yes --enable-gnu-unique-object --disable-libitm --enable-plugin --disable-browser-plugin --enable-java-awt=gtk --enable-gtk-cairo --with-java-home=/usr/lib/jvm/java-1.5.0-gcj-4.8-snap/jre --enable-java-home --with-jvm-root-dir=/usr/lib/jvm/java-1.5.0-gcj-4.8-snap --with-jvm-jar-dir=/usr/lib/jvm-exports/java-1.5.0-gcj-4.8-snap --with-arch-directory=arm --with-ecj-jar=/usr/share/java/eclipse-ecj.jar --enable-objc-gc --disable-sjlj-exceptions --with-arch=armv7-a --with-fpu=vfpv3-d16 --with-float=hard --with-mode=thumb --disable-werror --enable-checking=yes --build=arm-linux-gnueabihf --host=arm-linux-gnueabihf --target=arm-linux-gnueabihf
BOOT_CFLAGS=
Build Dependencies:
Desired=Unknown/Install/Remove/Purge/Hold
| Status=Not/Inst/Conf-files/Unpacked/halF-conf/Half-inst/trig-aWait/Trig-pend
|/ Err?=(none)/Reinst-required (Status,Err: uppercase=bad)
||/ Name Version Architecture Description
+++-==================================-======================-============-===============================================================================
ii binutils 2.22-7.1 armhf GNU assembler, linker and binary utilities
ii g++-4.6 4.6.3-12 armhf GNU C++ compiler
ii libc6:armhf 2.13-36 armhf Embedded GNU C Library: Shared libraries
ii libgmp-dev:armhf 2:5.0.5+dfsg-2 armhf Multiprecision arithmetic library developers tools
ii libmpc-dev:armhf 0.9-4+b1 armhf multiple precision complex floating-point library development package
ii libmpfr-dev:armhf 3.1.0-5 armhf multiple precision floating-point computation developers tools
gcc-sysroot-trunk:
libgo-mksysinfo:
libgo: Fix TIOCNOTTY and TIOCSCTTY definitions
arm-multilib-defaults:
Set MULTILIB_DEFAULTS for ARM multilib builds
gcc-ice-hack:
Retry the build on an ice, save the calling options and preprocessed
source when the ice is reproducible.
gcc-ice-apport:
Report an ICE to apport (if apport is available
and the environment variable GCC_NOAPPORT is not set)
libjava-fixed-symlinks:
Remove unneed '..' elements from symlinks in JAVA_HOME
libstdc++-arm-wno-abi:
Temporary work around:
On arm-linux-gnueabi run the libstdc++v3 testsuite with -Wno-abi
ada-mips:
Improve support for mips.
libffi-ro-eh_frame_sect:
PR libffi/47248, force a read only eh frame section.
gcc-multiarch-trunk:
Add multiarch support to GCC.
Convert the multilib option to a target triplet,
add multiarch include directories and libraries path:
/usr/local/include/<arch>-linux-gnu
/usr/include/<arch>-linux-gnu
/usr/lib/<arch>-linux-gnu
to the system paths.
libjava-nobiarch-check:
For biarch builds, disable the testsuite for the non-default architecture
for runtime libraries, which are not built by default (libjava).
config-ml:
- Disable some biarch libraries for biarch builds.
- Fix multilib builds on kernels which don't support all multilibs.
gcc-powerpc-undef:
Undefine LINK_EH_SPEC before redefining it
http://gcc.gnu.org/ml/gcc-patches/2011-02/msg01082.html
gcc-no-add-needed:
On linux targets pass --no-add-needed to the linker.
mips-fix-loongson2f-nop:
On mips, pass -mfix-loongson2f-nop to as, if -mno-fix-loongson2f-nop
is not passed.
libgomp-kfreebsd-testsuite:
Disable lock-2.c test on kfreebsd-*
Counting all warnings,
there are 0 warnings in stage3 of this bootstrap.
Number of warnings per file:
Number of warning types:
More information about the Gcc-testresults
mailing list