Results for 4.6.4 20121109 (prerelease) [gcc-4_6-branch revision 193345] (GCC) testsuite on sparc-sun-solaris2.11
Rainer Orth
ro@CeBiTec.Uni-Bielefeld.DE
Mon Nov 12 12:25:00 GMT 2012
LAST_UPDATED: Fri Nov 9 15:28:30 UTC 2012 (revision 193345)
=== acats tests ===
=== acats Summary ===
# of expected passes 2321
# of unexpected failures 0
Native configuration is sparc-sun-solaris2.11
=== g++ tests ===
Running target unix
XPASS: g++.dg/uninit-pred-3_b.C (test for excess errors)
FAIL: g++.dg/lto/20091219 cp_lto_20091219_0.o-cp_lto_20091219_0.o link, -O3 -flto
UNRESOLVED: g++.dg/lto/20091219 cp_lto_20091219_0.o-cp_lto_20091219_0.o execute -O3 -flto
=== g++ Summary for unix ===
# of expected passes 26619
# of unexpected failures 1
# of unexpected successes 1
# of expected failures 169
# of unresolved testcases 1
# of unsupported tests 440
Running target unix/-m64
FAIL: g++.dg/cpp0x/nullptr28.C execution test
XPASS: g++.dg/uninit-pred-3_b.C (test for excess errors)
FAIL: g++.dg/lto/20091219 cp_lto_20091219_0.o-cp_lto_20091219_0.o link, -O3 -flto
UNRESOLVED: g++.dg/lto/20091219 cp_lto_20091219_0.o-cp_lto_20091219_0.o execute -O3 -flto
WARNING: program timed out.
FAIL: c-c++-common/torture/complex-sign-mul.c -O2 (test for excess errors)
=== g++ Summary for unix/-m64 ===
# of expected passes 27229
# of unexpected failures 3
# of unexpected successes 1
# of expected failures 169
# of unresolved testcases 1
# of unsupported tests 437
=== g++ Summary ===
# of expected passes 53848
# of unexpected failures 4
# of unexpected successes 2
# of expected failures 338
# of unresolved testcases 2
# of unsupported tests 877
/var/gcc/regression/gcc-4.6-branch/11-gcc/build/gcc/testsuite/g++/../../g++ version 4.6.4 20121109 (prerelease) [gcc-4_6-branch revision 193345] (GCC)
=== gcc tests ===
Running target unix
WARNING: program timed out.
FAIL: gcc.c-torture/compile/pr44707.c -O2 (test for excess errors)
FAIL: gcc.dg/lto/20110201-1 c_lto_20110201-1_0.o-c_lto_20110201-1_0.o link, -O0 -flto
UNRESOLVED: gcc.dg/lto/20110201-1 c_lto_20110201-1_0.o-c_lto_20110201-1_0.o execute -O0 -flto
=== gcc Summary for unix ===
# of expected passes 70786
# of unexpected failures 2
# of expected failures 239
# of unresolved testcases 1
# of unsupported tests 1178
Running target unix/-m64
FAIL: gcc.c-torture/execute/20071202-1.c compilation, -O3 -fomit-frame-pointer
UNRESOLVED: gcc.c-torture/execute/20071202-1.c execution, -O3 -fomit-frame-pointer
FAIL: gcc.c-torture/execute/931002-1.c compilation, -O2 -flto
UNRESOLVED: gcc.c-torture/execute/931002-1.c execution, -O2 -flto
WARNING: program timed out.
WARNING: program timed out.
WARNING: program timed out.
FAIL: gcc.dg/torture/ssa-pta-fn-1.c -Os (test for excess errors)
=== gcc Summary for unix/-m64 ===
# of expected passes 71370
# of unexpected failures 3
# of expected failures 231
# of unresolved testcases 2
# of unsupported tests 1181
=== gcc Summary ===
# of expected passes 142156
# of unexpected failures 5
# of expected failures 470
# of unresolved testcases 3
# of unsupported tests 2359
/var/gcc/regression/gcc-4.6-branch/11-gcc/build/gcc/xgcc version 4.6.4 20121109 (prerelease) [gcc-4_6-branch revision 193345] (GCC)
=== gfortran tests ===
Running target unix
=== gfortran Summary for unix ===
# of expected passes 38754
# of expected failures 43
# of unsupported tests 258
Running target unix/-m64
FAIL: gfortran.dg/char_length_5.f90 -O3 -fomit-frame-pointer (test for excess errors)
FAIL: gfortran.dg/func_result_1.f90 -O3 -fomit-frame-pointer -funroll-loops (test for excess errors)
FAIL: gfortran.dg/pr16861.f90 -O3 -fomit-frame-pointer (test for excess errors)
WARNING: program timed out.
WARNING: program timed out.
WARNING: program timed out.
=== gfortran Summary for unix/-m64 ===
# of expected passes 39085
# of unexpected failures 3
# of expected failures 43
# of unsupported tests 90
=== gfortran Summary ===
# of expected passes 77839
# of unexpected failures 3
# of expected failures 86
# of unsupported tests 348
/var/gcc/regression/gcc-4.6-branch/11-gcc/build/gcc/testsuite/gfortran/../../gfortran version 4.6.4 20121109 (prerelease) [gcc-4_6-branch revision 193345] (GCC)
=== gnat tests ===
Running target unix
=== gnat Summary for unix ===
# of expected passes 875
# of expected failures 10
# of unsupported tests 4
Running target unix/-m64
=== gnat Summary for unix/-m64 ===
# of expected passes 875
# of expected failures 10
# of unsupported tests 4
=== gnat Summary ===
# of expected passes 1750
# of expected failures 20
# of unsupported tests 8
/var/gcc/regression/gcc-4.6-branch/11-gcc/build/gcc/gnatmake version 4.6.4 20121109 (prerelease) [gcc-4_6-branch revision 193345]
=== objc tests ===
Running target unix
=== objc Summary for unix ===
# of expected passes 2916
# of expected failures 10
# of unsupported tests 74
Running target unix/-m64
=== objc Summary for unix/-m64 ===
# of expected passes 2916
# of expected failures 10
# of unsupported tests 74
=== objc Summary ===
# of expected passes 5832
# of expected failures 20
# of unsupported tests 148
/var/gcc/regression/gcc-4.6-branch/11-gcc/build/gcc/xgcc version 4.6.4 20121109 (prerelease) [gcc-4_6-branch revision 193345] (GCC)
=== libffi tests ===
Running target unix
=== libffi Summary for unix ===
# of expected passes 1634
# of expected failures 10
# of unsupported tests 15
Running target unix/-m64
=== libffi Summary for unix/-m64 ===
# of expected passes 1634
# of expected failures 10
# of unsupported tests 15
=== libffi Summary ===
# of expected passes 3268
# of expected failures 20
# of unsupported tests 30
=== libgomp tests ===
Running target unix
=== libgomp Summary for unix ===
# of expected passes 2614
# of unsupported tests 10
Running target unix/-m64
=== libgomp Summary for unix/-m64 ===
# of expected passes 2614
# of unsupported tests 10
=== libgomp Summary ===
# of expected passes 5228
# of unsupported tests 20
=== libjava tests ===
Running target unix
=== libjava Summary for unix ===
# of expected passes 2574
Running target unix/-m64
WARNING: program timed out.
FAIL: pr8415 -findirect-dispatch compilation from source
=== libjava Summary for unix/-m64 ===
# of expected passes 2571
# of unexpected failures 1
# of untested testcases 2
=== libjava Summary ===
# of expected passes 5145
# of unexpected failures 1
# of untested testcases 2
=== libstdc++ tests ===
Running target unix
=== libstdc++ Summary for unix ===
# of expected passes 7432
# of expected failures 82
# of unsupported tests 462
Running target unix/-m64
FAIL: 25_algorithms/stable_sort/1.cc (test for excess errors)
WARNING: program timed out.
WARNING: program timed out.
=== libstdc++ Summary for unix/-m64 ===
# of expected passes 7429
# of unexpected failures 1
# of expected failures 82
# of unsupported tests 463
=== libstdc++ Summary ===
# of expected passes 14861
# of unexpected failures 1
# of expected failures 164
# of unsupported tests 925
Compiler version: 4.6.4 20121109 (prerelease) [gcc-4_6-branch revision 193345] (GCC)
Platform: sparc-sun-solaris2.11
configure flags: --prefix=/vol/gcc --target=sparc-sun-solaris2.11 --with-gmp-include=/vol/gcc/include --with-gmp-lib=/vol/gcc/lib --with-mpfr-include=/vol/gcc/include --with-mpfr-lib=/vol/gcc/lib --with-mpc-include=/vol/gcc/include --with-mpc-lib=/vol/gcc/lib --enable-languages=all,ada --without-ppl --without-isl --without-cloog
BOOT_CFLAGS=-g -O2
More information about the Gcc-testresults
mailing list