Results for 4.8.0 20120531 (experimental) (GCC) testsuite on x86_64-w64-mingw32
nightstrike@gcc14.fsffrance.org
nightstrike@gcc14.fsffrance.org
Thu May 31 20:36:00 GMT 2012
Target is x86_64-w64-mingw32
=== g++ tests ===
Running target unix
FAIL: g++.dg/abi/rtti1.C scan-assembler-dem-not \\\\ntypeinfo for A[: \\\\t\\\\n]
FAIL: g++.dg/abi/rtti1.C scan-assembler-dem-not \\\\ntypeinfo for A[: \\\\t\\\\n]
FAIL: g++.dg/abi/thunk5.C scan-assembler weak.*ZTv
FAIL: g++.dg/abi/thunk5.C scan-assembler weak.*ZTv
FAIL: g++.dg/cpp0x/constexpr-52672.C (test for excess errors)
FAIL: g++.dg/cpp0x/lambda/lambda-template4.C -std=c++11 execution test
FAIL: g++.dg/eh/delayslot1.C -std=gnu++98 execution test
FAIL: g++.dg/eh/delayslot1.C -std=gnu++11 execution test
FAIL: g++.dg/eh/elide1.C -std=c++98 execution test
FAIL: g++.dg/eh/elide1.C -std=c++11 execution test
FAIL: g++.dg/eh/elide2.C -std=c++98 execution test
FAIL: g++.dg/eh/elide2.C -std=c++11 execution test
FAIL: g++.dg/eh/spec7.C -std=gnu++98 execution test
FAIL: g++.dg/eh/spec7.C -std=gnu++11 execution test
FAIL: g++.dg/ext/dllexport2.C -std=gnu++98 (test for excess errors)
FAIL: g++.dg/ext/dllexport2.C -std=gnu++11 (test for excess errors)
XPASS: g++.dg/ext/dllexport4.C -std=gnu++98 (test for excess errors)
XPASS: g++.dg/ext/dllexport4.C -std=gnu++11 (test for excess errors)
FAIL: g++.dg/ext/dllexport5.C -std=gnu++98 (test for excess errors)
FAIL: g++.dg/ext/dllexport5.C -std=gnu++11 (test for excess errors)
FAIL: g++.dg/init/cleanup3.C scan-assembler-not _tcf
FAIL: g++.dg/init/cleanup3.C scan-assembler-not _tcf
FAIL: g++.dg/init/ref9.C -std=c++98 execution test
FAIL: g++.dg/init/ref9.C -std=c++11 execution test
FAIL: g++.dg/opt/pr23478.C -std=gnu++98 execution test
FAIL: g++.dg/opt/pr23478.C -std=gnu++11 execution test
FAIL: g++.dg/other/i386-9.C -std=gnu++98 (test for excess errors)
UNRESOLVED: g++.dg/other/i386-9.C -std=gnu++98 compilation failed to produce executable
FAIL: g++.dg/other/i386-9.C -std=gnu++11 (test for excess errors)
UNRESOLVED: g++.dg/other/i386-9.C -std=gnu++11 compilation failed to produce executable
FAIL: g++.dg/tree-ssa/tmmti-2.C -std=gnu++98 scan-tree-dump optimized "b\\[.*i.*\\].x"
FAIL: g++.dg/tree-ssa/tmmti-2.C -std=gnu++11 scan-tree-dump optimized "b\\[.*i.*\\].x"
FAIL: g++.dg/warn/format1.C -std=gnu++98 (test for excess errors)
FAIL: g++.dg/warn/format1.C -std=gnu++11 (test for excess errors)
WARNING: Assuming target board is the local machine (which is probably wrong).
FAIL: g++.dg/tm/pr46941.C scan-assembler _ZGTtnw[mj]
FAIL: g++.dg/tm/pr46941.C scan-assembler _ZGTtna[mj]
FAIL: g++.dg/tm/pr46941.C scan-assembler _ZGTtnw[mj]
FAIL: g++.dg/tm/pr46941.C scan-assembler _ZGTtna[mj]
WARNING: Assuming target board is the local machine (which is probably wrong).
FAIL: g++.old-deja/g++.abi/ptrflags.C -std=c++98 execution test
FAIL: g++.old-deja/g++.abi/ptrflags.C -std=c++11 execution test
FAIL: g++.old-deja/g++.eh/catchptr1.C -std=c++98 execution test
FAIL: g++.old-deja/g++.eh/catchptr1.C -std=c++11 execution test
FAIL: g++.old-deja/g++.eh/spec1.C -std=c++98 execution test
FAIL: g++.old-deja/g++.eh/spec1.C -std=c++11 execution test
FAIL: g++.old-deja/g++.eh/spec2.C -std=c++98 execution test
FAIL: g++.old-deja/g++.eh/spec2.C -std=c++11 execution test
FAIL: g++.old-deja/g++.eh/spec3.C -std=c++98 execution test
FAIL: g++.old-deja/g++.eh/spec3.C -std=c++11 execution test
FAIL: g++.old-deja/g++.eh/spec4.C -std=c++98 execution test
FAIL: g++.old-deja/g++.eh/spec4.C -std=c++11 execution test
FAIL: g++.old-deja/g++.eh/vbase1.C -std=c++98 execution test
FAIL: g++.old-deja/g++.eh/vbase1.C -std=c++11 execution test
FAIL: g++.old-deja/g++.eh/vbase2.C -std=c++98 execution test
FAIL: g++.old-deja/g++.eh/vbase2.C -std=c++11 execution test
FAIL: g++.old-deja/g++.martin/new1.C -std=c++98 execution test
FAIL: g++.old-deja/g++.martin/new1.C -std=c++11 execution test
FAIL: g++.old-deja/g++.mike/eh44.C -std=gnu++98 execution test
FAIL: g++.old-deja/g++.mike/eh44.C -std=gnu++11 execution test
FAIL: g++.old-deja/g++.other/init18.C -std=c++98 (test for excess errors)
FAIL: g++.old-deja/g++.other/init18.C -std=c++11 (test for excess errors)
WARNING: Assuming target board is the local machine (which is probably wrong).
=== g++ Summary ===
# of expected passes 47187
# of unexpected failures 56
# of unexpected successes 2
# of expected failures 280
# of unresolved testcases 2
# of unsupported tests 744
/opt/x/gcc/_/gcc/testsuite/g++/../../g++ version 4.8.0 20120531 (experimental) (GCC)
=== gcc tests ===
Running target unix
WARNING: Assuming target board is the local machine (which is probably wrong).
WARNING: Assuming target board is the local machine (which is probably wrong).
WARNING: Assuming target board is the local machine (which is probably wrong).
WARNING: Assuming target board is the local machine (which is probably wrong).
WARNING: Assuming target board is the local machine (which is probably wrong).
XPASS: gcc.dg/Wstrict-overflow-18.c (test for bogus messages, line 20)
FAIL: gcc.dg/attr-weakref-1.c (test for excess errors)
UNRESOLVED: gcc.dg/attr-weakref-1.c compilation failed to produce executable
XPASS: gcc.dg/dll-10.c (test for excess errors)
XPASS: gcc.dg/dll-9.c (test for excess errors)
FAIL: gcc.dg/pr14092-1.c (test for excess errors)
FAIL: gcc.dg/pr31490.c (test for excess errors)
FAIL: gcc.dg/pr43419.c execution test
FAIL: gcc.dg/pr52549.c (test for excess errors)
WARNING: Assuming target board is the local machine (which is probably wrong).
FAIL: gcc.dg/tm/pub-safety-1.c scan-tree-dump-times lim1 "Cannot hoist.*DATA_DATA because it is in a transaction" 1
FAIL: gcc.dg/torture/pr51071-2.c -O0 (test for excess errors)
FAIL: gcc.dg/torture/pr51071-2.c -O1 (test for excess errors)
FAIL: gcc.dg/torture/pr51071-2.c -O2 (test for excess errors)
FAIL: gcc.dg/torture/pr51071-2.c -O3 -fomit-frame-pointer (test for excess errors)
FAIL: gcc.dg/torture/pr51071-2.c -O3 -g (test for excess errors)
FAIL: gcc.dg/torture/pr51071-2.c -Os (test for excess errors)
FAIL: gcc.dg/torture/pr51106-2.c -O0 (internal compiler error)
FAIL: gcc.dg/torture/pr51106-2.c -O0 (test for excess errors)
FAIL: gcc.dg/torture/pr51106-2.c -O1 (internal compiler error)
FAIL: gcc.dg/torture/pr51106-2.c -O1 (test for excess errors)
FAIL: gcc.dg/torture/pr51106-2.c -O2 (internal compiler error)
FAIL: gcc.dg/torture/pr51106-2.c -O2 (test for excess errors)
FAIL: gcc.dg/torture/pr51106-2.c -O3 -fomit-frame-pointer (internal compiler error)
FAIL: gcc.dg/torture/pr51106-2.c -O3 -fomit-frame-pointer (test for excess errors)
FAIL: gcc.dg/torture/pr51106-2.c -O3 -g (internal compiler error)
FAIL: gcc.dg/torture/pr51106-2.c -O3 -g (test for excess errors)
FAIL: gcc.dg/torture/pr51106-2.c -Os (internal compiler error)
FAIL: gcc.dg/torture/pr51106-2.c -Os (test for excess errors)
WARNING: Assuming target board is the local machine (which is probably wrong).
FAIL: gcc.dg/torture/tls/tls-test.c -O0 (test for excess errors)
UNRESOLVED: gcc.dg/torture/tls/tls-test.c -O0 compilation failed to produce executable
FAIL: gcc.dg/torture/tls/tls-test.c -O1 (test for excess errors)
UNRESOLVED: gcc.dg/torture/tls/tls-test.c -O1 compilation failed to produce executable
FAIL: gcc.dg/torture/tls/tls-test.c -O2 (test for excess errors)
UNRESOLVED: gcc.dg/torture/tls/tls-test.c -O2 compilation failed to produce executable
FAIL: gcc.dg/torture/tls/tls-test.c -O3 -fomit-frame-pointer (test for excess errors)
UNRESOLVED: gcc.dg/torture/tls/tls-test.c -O3 -fomit-frame-pointer compilation failed to produce executable
FAIL: gcc.dg/torture/tls/tls-test.c -O3 -g (test for excess errors)
UNRESOLVED: gcc.dg/torture/tls/tls-test.c -O3 -g compilation failed to produce executable
FAIL: gcc.dg/torture/tls/tls-test.c -Os (test for excess errors)
UNRESOLVED: gcc.dg/torture/tls/tls-test.c -Os compilation failed to produce executable
FAIL: gcc.dg/torture/tls/tls-test.c -O0 -fpic (test for excess errors)
UNRESOLVED: gcc.dg/torture/tls/tls-test.c -O0 -fpic compilation failed to produce executable
FAIL: gcc.dg/torture/tls/tls-test.c -O1 -fpic (test for excess errors)
UNRESOLVED: gcc.dg/torture/tls/tls-test.c -O1 -fpic compilation failed to produce executable
FAIL: gcc.dg/torture/tls/tls-test.c -O2 -fpic (test for excess errors)
UNRESOLVED: gcc.dg/torture/tls/tls-test.c -O2 -fpic compilation failed to produce executable
FAIL: gcc.dg/torture/tls/tls-test.c -O3 -fomit-frame-pointer -fpic (test for excess errors)
UNRESOLVED: gcc.dg/torture/tls/tls-test.c -O3 -fomit-frame-pointer -fpic compilation failed to produce executable
FAIL: gcc.dg/torture/tls/tls-test.c -O3 -g -fpic (test for excess errors)
UNRESOLVED: gcc.dg/torture/tls/tls-test.c -O3 -g -fpic compilation failed to produce executable
FAIL: gcc.dg/torture/tls/tls-test.c -Os -fpic (test for excess errors)
UNRESOLVED: gcc.dg/torture/tls/tls-test.c -Os -fpic compilation failed to produce executable
FAIL: gcc.dg/torture/tls/tls-test.c -O0 -fPIC (test for excess errors)
UNRESOLVED: gcc.dg/torture/tls/tls-test.c -O0 -fPIC compilation failed to produce executable
FAIL: gcc.dg/torture/tls/tls-test.c -O1 -fPIC (test for excess errors)
UNRESOLVED: gcc.dg/torture/tls/tls-test.c -O1 -fPIC compilation failed to produce executable
FAIL: gcc.dg/torture/tls/tls-test.c -O2 -fPIC (test for excess errors)
UNRESOLVED: gcc.dg/torture/tls/tls-test.c -O2 -fPIC compilation failed to produce executable
FAIL: gcc.dg/torture/tls/tls-test.c -O3 -fomit-frame-pointer -fPIC (test for excess errors)
UNRESOLVED: gcc.dg/torture/tls/tls-test.c -O3 -fomit-frame-pointer -fPIC compilation failed to produce executable
FAIL: gcc.dg/torture/tls/tls-test.c -O3 -g -fPIC (test for excess errors)
UNRESOLVED: gcc.dg/torture/tls/tls-test.c -O3 -g -fPIC compilation failed to produce executable
FAIL: gcc.dg/torture/tls/tls-test.c -Os -fPIC (test for excess errors)
UNRESOLVED: gcc.dg/torture/tls/tls-test.c -Os -fPIC compilation failed to produce executable
FAIL: gcc.dg/tree-ssa/scev-3.c scan-tree-dump-times optimized "&a" 1
FAIL: gcc.dg/tree-ssa/scev-4.c scan-tree-dump-times optimized "&a" 1
XPASS: gcc.dg/tree-ssa/ssa-store-ccp-2.c scan-tree-dump-times optimized "conststaticvariable" 1
WARNING: Assuming target board is the local machine (which is probably wrong).
FAIL: gcc.target/i386/pr23943.c (test for excess errors)
FAIL: gcc.target/i386/pr34256.c scan-assembler-times mov 4
FAIL: gcc.target/i386/pr37248-2.c scan-tree-dump optimized "& (3758096391|0x0e0000007);"
FAIL: gcc.target/i386/pr37248-2.c scan-tree-dump optimized "== (3758096391|0x0e0000007);"
FAIL: gcc.target/i386/pr53425-1.c (test for warnings, line 13)
FAIL: gcc.target/i386/pr53425-2.c (test for warnings, line 13)
WARNING: Assuming target board is the local machine (which is probably wrong).
=== gcc Summary ===
# of expected passes 71412
# of unexpected failures 50
# of unexpected successes 4
# of expected failures 190
# of unresolved testcases 19
# of unsupported tests 1120
/opt/x/gcc/_/gcc/xgcc version 4.8.0 20120531 (experimental) (GCC)
=== gfortran tests ===
Running target unix
WARNING: program timed out.
FAIL: gfortran.dg/coarray/alloc_comp_1.f90 -fcoarray=single -O2 execution test
WARNING: Assuming target board is the local machine (which is probably wrong).
WARNING: Assuming target board is the local machine (which is probably wrong).
WARNING: Assuming target board is the local machine (which is probably wrong).
WARNING: Assuming target board is the local machine (which is probably wrong).
WARNING: Assuming target board is the local machine (which is probably wrong).
WARNING: program timed out.
FAIL: gfortran.fortran-torture/execute/equiv_5.f execution, -O2 -fomit-frame-pointer -finline-functions
WARNING: Assuming target board is the local machine (which is probably wrong).
=== gfortran Summary ===
# of expected passes 41152
# of unexpected failures 2
# of expected failures 51
# of unsupported tests 111
/opt/x/gcc/_/gcc/testsuite/gfortran/../../gfortran version 4.8.0 20120531 (experimental) (GCC)
Host is x86_64-unknown-linux-gnu
=== obj-c++ tests ===
Running target unix
WARNING: Assuming target board is the local machine (which is probably wrong).
FAIL: obj-c++.dg/bitfield-1.mm -fgnu-runtime PR23610 (test for bogus messages, line 45)
FAIL: obj-c++.dg/bitfield-1.mm -fgnu-runtime PR23610 (test for bogus messages, line 59)
FAIL: obj-c++.dg/bitfield-1.mm -fgnu-runtime PR23610 (test for bogus messages, line 62)
FAIL: obj-c++.dg/bitfield-1.mm -fgnu-runtime PR23610 (test for bogus messages, line 77)
FAIL: obj-c++.dg/bitfield-1.mm -fgnu-runtime PR23610 (test for bogus messages, line 78)
FAIL: obj-c++.dg/bitfield-1.mm -fgnu-runtime execution test
FAIL: obj-c++.dg/bitfield-4.mm -fgnu-runtime PR23610 (test for bogus messages, line 34)
FAIL: obj-c++.dg/proto-lossage-4.mm -fgnu-runtime (test for excess errors)
=== obj-c++ Summary ===
# of expected passes 1402
# of unexpected failures 8
# of expected failures 2
# of unsupported tests 68
/opt/x/gcc/_/gcc/testsuite/obj-c++/../../g++ version 4.8.0 20120531 (experimental) (GCC)
=== objc tests ===
Running target unix
FAIL: objc.dg/bitfield-3.m -fgnu-runtime (test for warnings, line 27)
FAIL: objc.dg/bitfield-5.m -fgnu-runtime (test for warnings, line 40)
FAIL: objc.dg/bitfield-5.m -fgnu-runtime execution test
WARNING: Assuming target board is the local machine (which is probably wrong).
WARNING: Assuming target board is the local machine (which is probably wrong).
FAIL: objc/execute/bf-10.m execution, -O0 -fgnu-runtime
FAIL: objc/execute/bf-10.m execution, -O1 -fgnu-runtime
FAIL: objc/execute/bf-10.m execution, -O2 -fgnu-runtime
FAIL: objc/execute/bf-10.m execution, -O3 -fomit-frame-pointer -fgnu-runtime
FAIL: objc/execute/bf-10.m execution, -O3 -g -fgnu-runtime
FAIL: objc/execute/bf-10.m execution, -Os -fgnu-runtime
WARNING: Assuming target board is the local machine (which is probably wrong).
=== objc Summary ===
# of expected passes 2911
# of unexpected failures 9
# of expected failures 6
# of unsupported tests 62
/opt/x/gcc/_/gcc/xgcc version 4.8.0 20120531 (experimental) (GCC)
Compiler version: 4.8.0 20120531 (experimental) (GCC)
Platform: x86_64-w64-mingw32
configure flags: --target=x86_64-w64-mingw32 --with-sysroot=/opt/x/root --prefix=/opt/x/root --disable-multilib --disable-lto --enable-fully-dynamic-string --enable-languages=all,obj-c++
More information about the Gcc-testresults
mailing list