Results for 4.7.1 20120525 (prerelease) [gcc-4_7-branch revision 187877] (GCC) testsuite on i386-pc-solaris2.11
Rainer Orth
ro@CeBiTec.Uni-Bielefeld.DE
Tue May 29 09:26:00 GMT 2012
LAST_UPDATED: Fri May 25 13:52:25 UTC 2012 (revision 187877)
=== acats tests ===
=== acats Summary ===
# of expected passes 2320
# of unexpected failures 0
Native configuration is i386-pc-solaris2.11
=== g++ tests ===
Running target unix
=== g++ Summary for unix ===
# of expected passes 47164
# of expected failures 288
# of unsupported tests 386
Running target unix/-m64
=== g++ Summary for unix/-m64 ===
# of expected passes 47945
# of expected failures 288
# of unsupported tests 626
=== g++ Summary ===
# of expected passes 95109
# of expected failures 576
# of unsupported tests 1012
/var/gcc/regression/gcc-4.7-branch/11-gcc-gas/build/gcc/testsuite/g++/../../g++ version 4.7.1 20120525 (prerelease) [gcc-4_7-branch revision 187877] (GCC)
=== gcc tests ===
Running target unix
=== gcc Summary for unix ===
# of expected passes 84098
# of expected failures 260
# of unsupported tests 1032
Running target unix/-m64
=== gcc Summary for unix/-m64 ===
# of expected passes 84360
# of expected failures 260
# of unsupported tests 1391
=== gcc Summary ===
# of expected passes 168458
# of expected failures 520
# of unsupported tests 2423
/var/gcc/regression/gcc-4.7-branch/11-gcc-gas/build/gcc/xgcc version 4.7.1 20120525 (prerelease) [gcc-4_7-branch revision 187877] (GCC)
=== gfortran tests ===
Running target unix
=== gfortran Summary for unix ===
# of expected passes 40678
# of expected failures 56
# of unsupported tests 227
Running target unix/-m64
=== gfortran Summary for unix/-m64 ===
# of expected passes 40981
# of expected failures 56
# of unsupported tests 81
=== gfortran Summary ===
# of expected passes 81659
# of expected failures 112
# of unsupported tests 308
/var/gcc/regression/gcc-4.7-branch/11-gcc-gas/build/gcc/testsuite/gfortran/../../gfortran version 4.7.1 20120525 (prerelease) [gcc-4_7-branch revision 187877] (GCC)
=== gnat tests ===
Running target unix
FAIL: gnat.dg/lto14.adb (test for excess errors)
=== gnat Summary for unix ===
# of expected passes 1087
# of unexpected failures 1
# of expected failures 14
# of unsupported tests 5
Running target unix/-m64
FAIL: gnat.dg/lto14.adb (test for excess errors)
=== gnat Summary for unix/-m64 ===
# of expected passes 1087
# of unexpected failures 1
# of expected failures 14
# of unsupported tests 5
=== gnat Summary ===
# of expected passes 2174
# of unexpected failures 2
# of expected failures 28
# of unsupported tests 10
/var/gcc/regression/gcc-4.7-branch/11-gcc-gas/build/gcc/gnatmake version 4.7.1 20120525 (prerelease) [gcc-4_7-branch revision 187877]
=== go tests ===
Running target unix
=== go Summary for unix ===
# of expected passes 3292
# of expected failures 4
# of untested testcases 6
Running target unix/-m64
FAIL: go.test/test/chan/powser1.go execution, -O2 -g
FAIL: go.test/test/chan/powser2.go execution, -O2 -g
=== go Summary for unix/-m64 ===
# of expected passes 3290
# of unexpected failures 2
# of expected failures 4
# of untested testcases 6
=== go Summary ===
# of expected passes 6582
# of unexpected failures 2
# of expected failures 8
# of untested testcases 12
/var/gcc/regression/gcc-4.7-branch/11-gcc-gas/build/gcc/testsuite/go/../../gccgo version 4.7.1 20120525 (prerelease) [gcc-4_7-branch revision 187877] (GCC)
=== obj-c++ tests ===
Running target unix
=== obj-c++ Summary for unix ===
# of expected passes 1450
# of expected failures 2
# of unsupported tests 86
Running target unix/-m64
=== obj-c++ Summary for unix/-m64 ===
# of expected passes 1442
# of expected failures 10
# of unsupported tests 86
=== obj-c++ Summary ===
# of expected passes 2892
# of expected failures 12
# of unsupported tests 172
/var/gcc/regression/gcc-4.7-branch/11-gcc-gas/build/gcc/testsuite/obj-c++/../../g++ version 4.7.1 20120525 (prerelease) [gcc-4_7-branch revision 187877] (GCC)
=== objc tests ===
Running target unix
=== objc Summary for unix ===
# of expected passes 2988
# of expected failures 6
# of unsupported tests 74
Running target unix/-m64
=== objc Summary for unix/-m64 ===
# of expected passes 2988
# of expected failures 6
# of unsupported tests 74
=== objc Summary ===
# of expected passes 5976
# of expected failures 12
# of unsupported tests 148
/var/gcc/regression/gcc-4.7-branch/11-gcc-gas/build/gcc/xgcc version 4.7.1 20120525 (prerelease) [gcc-4_7-branch revision 187877] (GCC)
=== boehm-gc tests ===
Running target unix
=== boehm-gc Summary for unix ===
# of expected passes 12
# of unsupported tests 1
Running target unix/-m64
=== boehm-gc Summary for unix/-m64 ===
# of expected passes 12
# of unsupported tests 1
=== boehm-gc Summary ===
# of expected passes 24
# of unsupported tests 2
=== libffi tests ===
Running target unix
=== libffi Summary for unix ===
# of expected passes 1634
# of expected failures 10
# of unsupported tests 55
Running target unix/-m64
=== libffi Summary for unix/-m64 ===
# of expected passes 1634
# of expected failures 10
# of unsupported tests 55
=== libffi Summary ===
# of expected passes 3268
# of expected failures 20
# of unsupported tests 110
=== libgo tests ===
Running target unix
=== libgo Summary for unix ===
# of expected passes 113
Running target unix/-m64
FAIL: compress/flate
FAIL: crypto/aes
FAIL: debug/pe
FAIL: io/ioutil
FAIL: net/http
FAIL: net/http/httputil
FAIL: net/rpc
FAIL: old/netchan
=== libgo Summary for unix/-m64 ===
# of expected passes 105
# of unexpected failures 8
=== libgo Summary ===
# of expected passes 218
# of unexpected failures 8
/var/gcc/regression/gcc-4.7-branch/11-gcc-gas/build/./gcc/gccgo version 4.7.1 20120525 (prerelease) [gcc-4_7-branch revision 187877] (GCC)
=== libgomp tests ===
Running target unix
=== libgomp Summary for unix ===
# of expected passes 2992
# of unsupported tests 3
Running target unix/-m64
=== libgomp Summary for unix/-m64 ===
# of expected passes 2992
# of unsupported tests 3
=== libgomp Summary ===
# of expected passes 5984
# of unsupported tests 6
=== libitm tests ===
Running target unix
=== libitm Summary for unix ===
# of expected passes 26
# of expected failures 3
# of unsupported tests 1
Running target unix/-m64
=== libitm Summary for unix/-m64 ===
# of expected passes 26
# of expected failures 3
# of unsupported tests 1
=== libitm Summary ===
# of expected passes 52
# of expected failures 6
# of unsupported tests 2
=== libjava tests ===
Running target unix
=== libjava Summary for unix ===
# of expected passes 2574
Running target unix/-m64
=== libjava Summary for unix/-m64 ===
# of expected passes 2574
=== libjava Summary ===
# of expected passes 5148
=== libmudflap tests ===
Running target unix
=== libmudflap Summary for unix ===
# of expected passes 1442
Running target unix/-m64
FAIL: libmudflap.c++/pass55-frag.cxx ( -O) execution test
=== libmudflap Summary for unix/-m64 ===
# of expected passes 1441
# of unexpected failures 1
=== libmudflap Summary ===
# of expected passes 2883
# of unexpected failures 1
=== libstdc++ tests ===
Running target unix
=== libstdc++ Summary for unix ===
# of expected passes 7942
# of expected failures 43
# of unsupported tests 503
Running target unix/-m64
=== libstdc++ Summary for unix/-m64 ===
# of expected passes 7942
# of expected failures 43
# of unsupported tests 503
=== libstdc++ Summary ===
# of expected passes 15884
# of expected failures 86
# of unsupported tests 1006
Compiler version: 4.7.1 20120525 (prerelease) [gcc-4_7-branch revision 187877] (GCC)
Platform: i386-pc-solaris2.11
configure flags: --prefix=/vol/gcc --target=i386-pc-solaris2.11 --enable-objc-gc --enable-libmudflap --with-host-libstdcxx='-L/vol/gcc-4.4/lib -Wl,-Bstatic -lstdc++ -Wl,-Bdynamic -lm' --with-boot-ldflags='-static-libstdc++ -static-libgcc -L/vol/gcc-4.4/lib' --with-as=/vol/gcc/bin/gas-2.22 --with-gnu-as --with-gmp-include=/vol/gcc/include --with-gmp-lib=/vol/gcc/lib --with-mpfr-include=/vol/gcc/include --with-mpfr-lib=/vol/gcc/lib --with-mpc-include=/vol/gcc/include --with-mpc-lib=/vol/gcc/lib --enable-languages=all,ada,obj-c++,go --with-ppl-include=/vol/gcc/include --with-ppl-lib=/vol/gcc/lib --with-cloog-include=/vol/gcc/include --with-cloog-lib=/vol/gcc/lib --enable-cloog-backend=ppl
BOOT_CFLAGS=-g -O2
More information about the Gcc-testresults
mailing list