Results for 4.8.0 20120521 (experimental) [trunk revision 187703] (GCC) testsuite on hppa2.0w-hp-hpux11.11
John David Anglin
dave@hiauly3.hia.nrc.ca
Wed May 23 00:07:00 GMT 2012
=== acats tests ===
FAIL: c974013
=== acats Summary ===
# of expected passes 2319
# of unexpected failures 1
Native configuration is hppa2.0w-hp-hpux11.11
=== g++ tests ===
Running target unix
UNRESOLVED: g++.dg/ext/label13.C -std=gnu++98 compilation failed to produce executable
UNRESOLVED: g++.dg/ext/label13.C -std=gnu++11 compilation failed to produce executable
WARNING: program timed out.
FAIL: c-c++-common/simulate-thread/bitfields-2.c -Os -g thread simulation test
=== g++ Summary ===
# of expected passes 42728
# of unexpected failures 1
# of expected failures 288
# of unresolved testcases 2
# of unsupported tests 963
/test/gnu/gcc/objdir/gcc/testsuite/g++/../../g++ version 4.8.0 20120521 (experimental) [trunk revision 187703] (GCC)
=== gcc tests ===
Running target unix
XPASS: gcc.dg/Wstrict-overflow-18.c (test for bogus messages, line 20)
FAIL: gcc.dg/lower-subreg-1.c scan-rtl-dump subreg1 "Splitting reg"
WARNING: program timed out.
FAIL: gcc.dg/torture/pr51106-2.c -O0 (internal compiler error)
FAIL: gcc.dg/torture/pr51106-2.c -O0 (test for excess errors)
FAIL: gcc.dg/torture/pr51106-2.c -O1 (internal compiler error)
FAIL: gcc.dg/torture/pr51106-2.c -O1 (test for excess errors)
FAIL: gcc.dg/torture/pr51106-2.c -O2 (internal compiler error)
FAIL: gcc.dg/torture/pr51106-2.c -O2 (test for excess errors)
FAIL: gcc.dg/torture/pr51106-2.c -O3 -fomit-frame-pointer (internal compiler error)
FAIL: gcc.dg/torture/pr51106-2.c -O3 -fomit-frame-pointer (test for excess errors)
FAIL: gcc.dg/torture/pr51106-2.c -O3 -g (internal compiler error)
FAIL: gcc.dg/torture/pr51106-2.c -O3 -g (test for excess errors)
FAIL: gcc.dg/torture/pr51106-2.c -Os (internal compiler error)
FAIL: gcc.dg/torture/pr51106-2.c -Os (test for excess errors)
XPASS: gcc.dg/torture/pr52402.c -O0 execution test
XPASS: gcc.dg/torture/pr52402.c -O1 execution test
XPASS: gcc.dg/torture/pr52402.c -O2 execution test
XPASS: gcc.dg/torture/pr52402.c -O3 -fomit-frame-pointer execution test
XPASS: gcc.dg/torture/pr52402.c -O3 -g execution test
XPASS: gcc.dg/torture/pr52402.c -Os execution test
=== gcc Summary ===
# of expected passes 59501
# of unexpected failures 13
# of unexpected successes 7
# of expected failures 113
# of unsupported tests 1391
/test/gnu/gcc/objdir/gcc/xgcc version 4.8.0 20120521 (experimental) [trunk revision 187703] (GCC)
=== gfortran tests ===
Running target unix
FAIL: gfortran.dg/pr45636.f90 -O scan-tree-dump-times forwprop2 "memset" 0
=== gfortran Summary ===
# of expected passes 39879
# of unexpected failures 1
# of expected failures 42
# of unsupported tests 397
/test/gnu/gcc/objdir/gcc/testsuite/gfortran/../../gfortran version 4.8.0 20120521 (experimental) [trunk revision 187703] (GCC)
=== gnat tests ===
Running target unix
FAIL: gnat.dg/array11.adb (test for warnings, line 12)
FAIL: gnat.dg/object_overflow.adb (test for warnings, line 8)
FAIL: gnat.dg/renaming5.adb scan-tree-dump-times optimized "goto" 2
=== gnat Summary ===
# of expected passes 1088
# of unexpected failures 3
# of expected failures 17
# of unsupported tests 11
/test/gnu/gcc/objdir/gcc/gnatmake version 4.8.0 20120521 (experimental) [trunk revision 187703]
=== obj-c++ tests ===
Running target unix
FAIL: obj-c++.dg/ivar-invalid-type-1.mm -fgnu-runtime (internal compiler error)
FAIL: obj-c++.dg/ivar-invalid-type-1.mm -fgnu-runtime (test for errors, line 17)
FAIL: obj-c++.dg/ivar-invalid-type-1.mm -fgnu-runtime (test for excess errors)
=== obj-c++ Summary ===
# of expected passes 1406
# of unexpected failures 3
# of expected failures 2
# of unsupported tests 69
/test/gnu/gcc/objdir/gcc/testsuite/obj-c++/../../g++ version 4.8.0 20120521 (experimental) [trunk revision 187703] (GCC)
=== objc tests ===
Running target unix
=== objc Summary ===
# of expected passes 2920
# of unsupported tests 65
/test/gnu/gcc/objdir/gcc/xgcc version 4.8.0 20120521 (experimental) [trunk revision 187703] (GCC)
=== boehm-gc tests ===
Running target unix
=== boehm-gc Summary ===
# of expected passes 12
# of unsupported tests 1
=== libatomic tests ===
Running target unix
=== libatomic Summary ===
# of expected passes 4
# of unsupported tests 25
=== libffi tests ===
Running target unix
=== libffi Summary ===
# of expected passes 1659
# of unsupported tests 55
=== libgomp tests ===
Running target unix
=== libgomp Summary ===
# of expected passes 2932
# of unsupported tests 10
=== libjava tests ===
Running target unix
FAIL: LargeFile execution - source compiled test
FAIL: LargeFile -findirect-dispatch execution - source compiled test
FAIL: LargeFile -O3 execution - source compiled test
FAIL: LargeFile -O3 -findirect-dispatch execution - source compiled test
=== libjava Summary ===
# of expected passes 2566
# of unexpected failures 4
# of untested testcases 4
=== libstdc++ tests ===
Running target unix
=== libstdc++ Summary ===
# of expected passes 7338
# of expected failures 43
# of unsupported tests 830
Compiler version: 4.8.0 20120521 (experimental) [trunk revision 187703] (GCC)
Platform: hppa2.0w-hp-hpux11.11
configure flags:Test Run By dave on Mon May 21 13:52:56 EDT 2012
More information about the Gcc-testresults
mailing list