Results for 4.8.0 20120510 (experimental) (GCC) testsuite on x86_64-unknown-linux-gnu
H.J. Lu
hjl@gnu-hsw-1.sc.intel.com
Fri May 11 00:56:00 GMT 2012
Native configuration is x86_64-unknown-linux-gnu
=== gcc tests ===
Running target unix
FAIL: gcc.c-torture/execute/builtin-bitops-1.c execution, -O0
FAIL: gcc.c-torture/execute/builtin-bitops-1.c execution, -O1
FAIL: gcc.c-torture/execute/builtin-bitops-1.c execution, -O2
FAIL: gcc.c-torture/execute/builtin-bitops-1.c execution, -O3 -fomit-frame-pointer
FAIL: gcc.c-torture/execute/builtin-bitops-1.c execution, -O3 -fomit-frame-pointer -funroll-loops
FAIL: gcc.c-torture/execute/builtin-bitops-1.c execution, -O3 -fomit-frame-pointer -funroll-all-loops -finline-functions
FAIL: gcc.c-torture/execute/builtin-bitops-1.c execution, -O3 -g
FAIL: gcc.c-torture/execute/builtin-bitops-1.c execution, -Os
FAIL: gcc.c-torture/execute/builtin-bitops-1.c execution, -O2 -flto -fno-use-linker-plugin -flto-partition=none
FAIL: gcc.c-torture/execute/builtin-bitops-1.c execution, -O2 -flto -fuse-linker-plugin -fno-fat-lto-objects
FAIL: gcc.c-torture/execute/ffs-1.c execution, -O0
FAIL: gcc.c-torture/execute/ffs-1.c execution, -O1
FAIL: gcc.c-torture/execute/ffs-1.c execution, -O2
FAIL: gcc.c-torture/execute/ffs-1.c execution, -O3 -fomit-frame-pointer
FAIL: gcc.c-torture/execute/ffs-1.c execution, -O3 -g
FAIL: gcc.c-torture/execute/ffs-1.c execution, -Os
FAIL: gcc.c-torture/execute/ffs-1.c execution, -O2 -flto -fno-use-linker-plugin -flto-partition=none
FAIL: gcc.c-torture/execute/ffs-1.c execution, -O2 -flto -fuse-linker-plugin -fno-fat-lto-objects
FAIL: gcc.c-torture/execute/ffs-2.c execution, -O0
FAIL: gcc.c-torture/execute/ffs-2.c execution, -O1
FAIL: gcc.c-torture/execute/ffs-2.c execution, -O2
FAIL: gcc.c-torture/execute/ffs-2.c execution, -O3 -fomit-frame-pointer
FAIL: gcc.c-torture/execute/ffs-2.c execution, -O3 -fomit-frame-pointer -funroll-loops
FAIL: gcc.c-torture/execute/ffs-2.c execution, -O3 -fomit-frame-pointer -funroll-all-loops -finline-functions
FAIL: gcc.c-torture/execute/ffs-2.c execution, -O3 -g
FAIL: gcc.c-torture/execute/ffs-2.c execution, -Os
FAIL: gcc.c-torture/execute/ffs-2.c execution, -O2 -flto -fno-use-linker-plugin -flto-partition=none
FAIL: gcc.c-torture/execute/ffs-2.c execution, -O2 -flto -fuse-linker-plugin -fno-fat-lto-objects
FAIL: gcc.c-torture/execute/vshuf-v4df.c execution, -O0
FAIL: gcc.c-torture/execute/vshuf-v4df.c execution, -O1
FAIL: gcc.c-torture/execute/vshuf-v4df.c execution, -O2
FAIL: gcc.c-torture/execute/vshuf-v4df.c execution, -O3 -fomit-frame-pointer
FAIL: gcc.c-torture/execute/vshuf-v4df.c execution, -O3 -g
FAIL: gcc.c-torture/execute/vshuf-v4df.c execution, -Os
FAIL: gcc.c-torture/execute/vshuf-v4df.c execution, -O2 -flto -fno-use-linker-plugin -flto-partition=none
FAIL: gcc.c-torture/execute/vshuf-v4df.c execution, -O2 -flto -fuse-linker-plugin -fno-fat-lto-objects
FAIL: gcc.c-torture/execute/vshuf-v4di.c execution, -O0
FAIL: gcc.c-torture/execute/vshuf-v4di.c execution, -O1
FAIL: gcc.c-torture/execute/vshuf-v4di.c execution, -O2
FAIL: gcc.c-torture/execute/vshuf-v4di.c execution, -O3 -fomit-frame-pointer
FAIL: gcc.c-torture/execute/vshuf-v4di.c execution, -O3 -g
FAIL: gcc.c-torture/execute/vshuf-v4di.c execution, -Os
FAIL: gcc.c-torture/execute/vshuf-v4di.c execution, -O2 -flto -fno-use-linker-plugin -flto-partition=none
FAIL: gcc.c-torture/execute/vshuf-v4di.c execution, -O2 -flto -fuse-linker-plugin -fno-fat-lto-objects
FAIL: gcc.c-torture/execute/vshuf-v4sf.c compilation, -O0 (internal compiler error)
UNRESOLVED: gcc.c-torture/execute/vshuf-v4sf.c execution, -O0
FAIL: gcc.c-torture/execute/vshuf-v4sf.c compilation, -O1 (internal compiler error)
UNRESOLVED: gcc.c-torture/execute/vshuf-v4sf.c execution, -O1
FAIL: gcc.c-torture/execute/vshuf-v4sf.c compilation, -O2 (internal compiler error)
UNRESOLVED: gcc.c-torture/execute/vshuf-v4sf.c execution, -O2
FAIL: gcc.c-torture/execute/vshuf-v4sf.c compilation, -O3 -fomit-frame-pointer (internal compiler error)
UNRESOLVED: gcc.c-torture/execute/vshuf-v4sf.c execution, -O3 -fomit-frame-pointer
FAIL: gcc.c-torture/execute/vshuf-v4sf.c compilation, -O3 -g (internal compiler error)
UNRESOLVED: gcc.c-torture/execute/vshuf-v4sf.c execution, -O3 -g
FAIL: gcc.c-torture/execute/vshuf-v4sf.c compilation, -Os (internal compiler error)
UNRESOLVED: gcc.c-torture/execute/vshuf-v4sf.c execution, -Os
FAIL: gcc.c-torture/execute/vshuf-v4sf.c compilation, -O2 -flto -fno-use-linker-plugin -flto-partition=none (internal compiler error)
UNRESOLVED: gcc.c-torture/execute/vshuf-v4sf.c execution, -O2 -flto -fno-use-linker-plugin -flto-partition=none
FAIL: gcc.c-torture/execute/vshuf-v4sf.c compilation, -O2 -flto -fuse-linker-plugin -fno-fat-lto-objects (internal compiler error)
UNRESOLVED: gcc.c-torture/execute/vshuf-v4sf.c execution, -O2 -flto -fuse-linker-plugin -fno-fat-lto-objects
FAIL: gcc.c-torture/execute/vshuf-v8si.c execution, -O0
FAIL: gcc.c-torture/execute/vshuf-v8si.c execution, -O1
FAIL: gcc.c-torture/execute/vshuf-v8si.c execution, -O2
FAIL: gcc.c-torture/execute/vshuf-v8si.c execution, -O3 -fomit-frame-pointer
FAIL: gcc.c-torture/execute/vshuf-v8si.c execution, -O3 -g
FAIL: gcc.c-torture/execute/vshuf-v8si.c execution, -Os
FAIL: gcc.c-torture/execute/vshuf-v8si.c execution, -O2 -flto -fno-use-linker-plugin -flto-partition=none
FAIL: gcc.c-torture/execute/vshuf-v8si.c execution, -O2 -flto -fuse-linker-plugin -fno-fat-lto-objects
XPASS: gcc.dg/Wstrict-overflow-18.c (test for bogus messages, line 20)
XPASS: gcc.dg/inline_3.c (test for excess errors)
XPASS: gcc.dg/inline_4.c (test for excess errors)
XPASS: gcc.dg/unroll_2.c (test for excess errors)
XPASS: gcc.dg/unroll_3.c (test for excess errors)
XPASS: gcc.dg/unroll_4.c (test for excess errors)
XPASS: gcc.dg/guality/example.c -O0 execution test
XPASS: gcc.dg/guality/example.c -O1 execution test
XPASS: gcc.dg/guality/example.c -O2 execution test
XPASS: gcc.dg/guality/example.c -Os execution test
XPASS: gcc.dg/guality/example.c -O2 -flto -fno-use-linker-plugin -flto-partition=none execution test
XPASS: gcc.dg/guality/guality.c -O0 execution test
XPASS: gcc.dg/guality/guality.c -O1 execution test
XPASS: gcc.dg/guality/guality.c -O2 execution test
XPASS: gcc.dg/guality/guality.c -O3 -fomit-frame-pointer execution test
XPASS: gcc.dg/guality/guality.c -O3 -g execution test
XPASS: gcc.dg/guality/guality.c -Os execution test
XPASS: gcc.dg/guality/guality.c -O2 -flto -fno-use-linker-plugin -flto-partition=none execution test
XPASS: gcc.dg/guality/guality.c -O2 -flto -fuse-linker-plugin -fno-fat-lto-objects execution test
XPASS: gcc.dg/guality/inline-params.c -O2 execution test
XPASS: gcc.dg/guality/inline-params.c -O3 -fomit-frame-pointer execution test
XPASS: gcc.dg/guality/inline-params.c -O3 -g execution test
XPASS: gcc.dg/guality/inline-params.c -Os execution test
XPASS: gcc.dg/guality/inline-params.c -O2 -flto -fno-use-linker-plugin -flto-partition=none execution test
XPASS: gcc.dg/guality/inline-params.c -O2 -flto -fuse-linker-plugin -fno-fat-lto-objects execution test
XPASS: gcc.dg/guality/pr41353-1.c -O0 line 28 j == 28 + 37
XPASS: gcc.dg/guality/pr41353-1.c -O1 line 28 j == 28 + 37
XPASS: gcc.dg/guality/pr41353-1.c -O2 line 28 j == 28 + 37
XPASS: gcc.dg/guality/pr41353-1.c -O3 -fomit-frame-pointer line 28 j == 28 + 37
XPASS: gcc.dg/guality/pr41353-1.c -O3 -g line 28 j == 28 + 37
XPASS: gcc.dg/guality/pr41353-1.c -Os line 28 j == 28 + 37
XPASS: gcc.dg/guality/pr41353-1.c -O2 -flto -fno-use-linker-plugin -flto-partition=none line 28 j == 28 + 37
XPASS: gcc.dg/guality/pr41353-1.c -O2 -flto -fuse-linker-plugin -fno-fat-lto-objects line 28 j == 28 + 37
XPASS: gcc.dg/guality/pr41447-1.c -O0 execution test
XPASS: gcc.dg/guality/pr41447-1.c -O1 execution test
XPASS: gcc.dg/guality/pr41447-1.c -O2 execution test
XPASS: gcc.dg/guality/pr41447-1.c -O3 -fomit-frame-pointer execution test
XPASS: gcc.dg/guality/pr41447-1.c -O3 -g execution test
XPASS: gcc.dg/guality/pr41447-1.c -Os execution test
XPASS: gcc.dg/guality/pr41447-1.c -O2 -flto -fno-use-linker-plugin -flto-partition=none execution test
XPASS: gcc.dg/guality/pr41447-1.c -O2 -flto -fuse-linker-plugin -fno-fat-lto-objects execution test
XPASS: gcc.dg/guality/pr41616-1.c -O0 execution test
XPASS: gcc.dg/guality/pr41616-1.c -O1 execution test
XPASS: gcc.dg/guality/pr41616-1.c -O2 execution test
XPASS: gcc.dg/guality/pr41616-1.c -O3 -fomit-frame-pointer execution test
XPASS: gcc.dg/guality/pr41616-1.c -O3 -g execution test
XPASS: gcc.dg/guality/pr41616-1.c -Os execution test
XPASS: gcc.dg/guality/pr41616-1.c -O2 -flto -fno-use-linker-plugin -flto-partition=none execution test
FAIL: gcc.dg/guality/sra-1.c -O1 line 43 a.i == 4
FAIL: gcc.dg/guality/sra-1.c -O1 line 43 a.j == 14
FAIL: gcc.dg/torture/pr45720.c -O1 (internal compiler error)
FAIL: gcc.dg/torture/pr45720.c -O1 (test for excess errors)
WARNING: gcc.dg/torture/pr45720.c -O1 compilation failed to produce executable
FAIL: gcc.dg/torture/pr45720.c -O2 (internal compiler error)
FAIL: gcc.dg/torture/pr45720.c -O2 (test for excess errors)
WARNING: gcc.dg/torture/pr45720.c -O2 compilation failed to produce executable
FAIL: gcc.dg/torture/pr45720.c -O3 -fomit-frame-pointer (internal compiler error)
FAIL: gcc.dg/torture/pr45720.c -O3 -fomit-frame-pointer (test for excess errors)
WARNING: gcc.dg/torture/pr45720.c -O3 -fomit-frame-pointer compilation failed to produce executable
FAIL: gcc.dg/torture/pr45720.c -O3 -fomit-frame-pointer -funroll-loops (internal compiler error)
FAIL: gcc.dg/torture/pr45720.c -O3 -fomit-frame-pointer -funroll-loops (test for excess errors)
WARNING: gcc.dg/torture/pr45720.c -O3 -fomit-frame-pointer -funroll-loops compilation failed to produce executable
FAIL: gcc.dg/torture/pr45720.c -O3 -fomit-frame-pointer -funroll-all-loops -finline-functions (internal compiler error)
FAIL: gcc.dg/torture/pr45720.c -O3 -fomit-frame-pointer -funroll-all-loops -finline-functions (test for excess errors)
WARNING: gcc.dg/torture/pr45720.c -O3 -fomit-frame-pointer -funroll-all-loops -finline-functions compilation failed to produce executable
FAIL: gcc.dg/torture/pr45720.c -O3 -g (internal compiler error)
FAIL: gcc.dg/torture/pr45720.c -O3 -g (test for excess errors)
WARNING: gcc.dg/torture/pr45720.c -O3 -g compilation failed to produce executable
FAIL: gcc.dg/torture/pr45720.c -O2 -flto -fno-use-linker-plugin -flto-partition=none (internal compiler error)
FAIL: gcc.dg/torture/pr45720.c -O2 -flto -fno-use-linker-plugin -flto-partition=none (test for excess errors)
WARNING: gcc.dg/torture/pr45720.c -O2 -flto -fno-use-linker-plugin -flto-partition=none compilation failed to produce executable
FAIL: gcc.dg/torture/pr51106-2.c -O0 (internal compiler error)
FAIL: gcc.dg/torture/pr51106-2.c -O0 (test for excess errors)
FAIL: gcc.dg/torture/pr51106-2.c -O1 (internal compiler error)
FAIL: gcc.dg/torture/pr51106-2.c -O1 (test for excess errors)
FAIL: gcc.dg/torture/pr51106-2.c -O2 (internal compiler error)
FAIL: gcc.dg/torture/pr51106-2.c -O2 (test for excess errors)
FAIL: gcc.dg/torture/pr51106-2.c -O3 -fomit-frame-pointer (internal compiler error)
FAIL: gcc.dg/torture/pr51106-2.c -O3 -fomit-frame-pointer (test for excess errors)
FAIL: gcc.dg/torture/pr51106-2.c -O3 -g (internal compiler error)
FAIL: gcc.dg/torture/pr51106-2.c -O3 -g (test for excess errors)
FAIL: gcc.dg/torture/pr51106-2.c -Os (internal compiler error)
FAIL: gcc.dg/torture/pr51106-2.c -Os (test for excess errors)
FAIL: gcc.dg/torture/pr51106-2.c -O2 -flto -fno-use-linker-plugin -flto-partition=none (internal compiler error)
FAIL: gcc.dg/torture/pr51106-2.c -O2 -flto -fno-use-linker-plugin -flto-partition=none (test for excess errors)
FAIL: gcc.dg/torture/vshuf-v8sf.c -O2 (internal compiler error)
FAIL: gcc.dg/torture/vshuf-v8sf.c -O2 (test for excess errors)
WARNING: gcc.dg/torture/vshuf-v8sf.c -O2 compilation failed to produce executable
FAIL: gcc.dg/vect/pr43432.c (internal compiler error)
FAIL: gcc.dg/vect/pr43432.c (test for excess errors)
FAIL: gcc.dg/vect/vect-114.c (internal compiler error)
FAIL: gcc.dg/vect/vect-114.c (test for excess errors)
WARNING: gcc.dg/vect/vect-114.c compilation failed to produce executable
FAIL: gcc.dg/vect/bb-slp-pattern-1.c scan-tree-dump-times slp "vect_recog_widen_mult_pattern: detected" 8
FAIL: gcc.dg/vect/bb-slp-pattern-1.c scan-tree-dump-times slp "pattern recognized" 8
FAIL: gcc.dg/vect/pr43432.c -flto (internal compiler error)
FAIL: gcc.dg/vect/pr43432.c -flto (test for excess errors)
FAIL: gcc.dg/vect/vect-114.c -flto (internal compiler error)
FAIL: gcc.dg/vect/vect-114.c -flto (test for excess errors)
WARNING: gcc.dg/vect/vect-114.c -flto compilation failed to produce executable
FAIL: gcc.dg/vect/bb-slp-pattern-1.c -flto scan-tree-dump-times slp "vect_recog_widen_mult_pattern: detected" 8
FAIL: gcc.dg/vect/bb-slp-pattern-1.c -flto scan-tree-dump-times slp "pattern recognized" 8
FAIL: gcc.target/i386/pr46051.c (internal compiler error)
FAIL: gcc.target/i386/pr46051.c (test for excess errors)
FAIL: gcc.target/i386/xop-imul32widen-vector.c scan-assembler vpmacsdqh
FAIL: gcc.target/i386/xop-imul64-vector.c scan-assembler vpmulld
FAIL: gcc.target/i386/xop-imul64-vector.c scan-assembler vphadddq
FAIL: gcc.target/i386/xop-imul64-vector.c scan-assembler vpmacsdql
FAIL: gcc.target/i386/xop-shift1-vector.c scan-assembler vpshad
FAIL: gcc.target/i386/xop-shift2-vector.c scan-assembler vpshad
FAIL: gcc.target/i386/xop-shift3-vector.c scan-assembler vpshld
=== gcc Summary for unix ===
# of expected passes 93074
# of unexpected failures 115
# of unexpected successes 6
# of expected failures 358
# of unresolved testcases 8
# of unsupported tests 1548
Running target unix/-m32
FAIL: gcc.c-torture/execute/builtin-bitops-1.c execution, -O0
FAIL: gcc.c-torture/execute/builtin-bitops-1.c execution, -O1
FAIL: gcc.c-torture/execute/builtin-bitops-1.c execution, -O2
FAIL: gcc.c-torture/execute/builtin-bitops-1.c execution, -O3 -fomit-frame-pointer
FAIL: gcc.c-torture/execute/builtin-bitops-1.c execution, -O3 -fomit-frame-pointer -funroll-loops
FAIL: gcc.c-torture/execute/builtin-bitops-1.c execution, -O3 -fomit-frame-pointer -funroll-all-loops -finline-functions
FAIL: gcc.c-torture/execute/builtin-bitops-1.c execution, -O3 -g
FAIL: gcc.c-torture/execute/builtin-bitops-1.c execution, -Os
FAIL: gcc.c-torture/execute/builtin-bitops-1.c execution, -O2 -flto -fno-use-linker-plugin -flto-partition=none
FAIL: gcc.c-torture/execute/builtin-bitops-1.c execution, -O2 -flto -fuse-linker-plugin -fno-fat-lto-objects
FAIL: gcc.c-torture/execute/ffs-1.c execution, -O0
FAIL: gcc.c-torture/execute/ffs-1.c execution, -O1
FAIL: gcc.c-torture/execute/ffs-1.c execution, -O2
FAIL: gcc.c-torture/execute/ffs-1.c execution, -O3 -fomit-frame-pointer
FAIL: gcc.c-torture/execute/ffs-1.c execution, -O3 -g
FAIL: gcc.c-torture/execute/ffs-1.c execution, -Os
FAIL: gcc.c-torture/execute/ffs-1.c execution, -O2 -flto -fno-use-linker-plugin -flto-partition=none
FAIL: gcc.c-torture/execute/ffs-1.c execution, -O2 -flto -fuse-linker-plugin -fno-fat-lto-objects
FAIL: gcc.c-torture/execute/ffs-2.c execution, -O0
FAIL: gcc.c-torture/execute/ffs-2.c execution, -O1
FAIL: gcc.c-torture/execute/ffs-2.c execution, -O2
FAIL: gcc.c-torture/execute/ffs-2.c execution, -O3 -fomit-frame-pointer
FAIL: gcc.c-torture/execute/ffs-2.c execution, -O3 -fomit-frame-pointer -funroll-loops
FAIL: gcc.c-torture/execute/ffs-2.c execution, -O3 -fomit-frame-pointer -funroll-all-loops -finline-functions
FAIL: gcc.c-torture/execute/ffs-2.c execution, -O3 -g
FAIL: gcc.c-torture/execute/ffs-2.c execution, -Os
FAIL: gcc.c-torture/execute/ffs-2.c execution, -O2 -flto -fno-use-linker-plugin -flto-partition=none
FAIL: gcc.c-torture/execute/ffs-2.c execution, -O2 -flto -fuse-linker-plugin -fno-fat-lto-objects
FAIL: gcc.c-torture/execute/vshuf-v4df.c execution, -O0
FAIL: gcc.c-torture/execute/vshuf-v4df.c execution, -O1
FAIL: gcc.c-torture/execute/vshuf-v4df.c execution, -O2
FAIL: gcc.c-torture/execute/vshuf-v4df.c execution, -O3 -fomit-frame-pointer
FAIL: gcc.c-torture/execute/vshuf-v4df.c execution, -O3 -g
FAIL: gcc.c-torture/execute/vshuf-v4df.c execution, -Os
FAIL: gcc.c-torture/execute/vshuf-v4df.c execution, -O2 -flto -fno-use-linker-plugin -flto-partition=none
FAIL: gcc.c-torture/execute/vshuf-v4df.c execution, -O2 -flto -fuse-linker-plugin -fno-fat-lto-objects
FAIL: gcc.c-torture/execute/vshuf-v4di.c execution, -O0
FAIL: gcc.c-torture/execute/vshuf-v4di.c execution, -O1
FAIL: gcc.c-torture/execute/vshuf-v4di.c execution, -O2
FAIL: gcc.c-torture/execute/vshuf-v4di.c execution, -O3 -fomit-frame-pointer
FAIL: gcc.c-torture/execute/vshuf-v4di.c execution, -O3 -g
FAIL: gcc.c-torture/execute/vshuf-v4di.c execution, -Os
FAIL: gcc.c-torture/execute/vshuf-v4di.c execution, -O2 -flto -fno-use-linker-plugin -flto-partition=none
FAIL: gcc.c-torture/execute/vshuf-v4di.c execution, -O2 -flto -fuse-linker-plugin -fno-fat-lto-objects
FAIL: gcc.c-torture/execute/vshuf-v4sf.c compilation, -O0 (internal compiler error)
UNRESOLVED: gcc.c-torture/execute/vshuf-v4sf.c execution, -O0
FAIL: gcc.c-torture/execute/vshuf-v4sf.c compilation, -O1 (internal compiler error)
UNRESOLVED: gcc.c-torture/execute/vshuf-v4sf.c execution, -O1
FAIL: gcc.c-torture/execute/vshuf-v4sf.c compilation, -O2 (internal compiler error)
UNRESOLVED: gcc.c-torture/execute/vshuf-v4sf.c execution, -O2
FAIL: gcc.c-torture/execute/vshuf-v4sf.c compilation, -O3 -fomit-frame-pointer (internal compiler error)
UNRESOLVED: gcc.c-torture/execute/vshuf-v4sf.c execution, -O3 -fomit-frame-pointer
FAIL: gcc.c-torture/execute/vshuf-v4sf.c compilation, -O3 -g (internal compiler error)
UNRESOLVED: gcc.c-torture/execute/vshuf-v4sf.c execution, -O3 -g
FAIL: gcc.c-torture/execute/vshuf-v4sf.c compilation, -Os (internal compiler error)
UNRESOLVED: gcc.c-torture/execute/vshuf-v4sf.c execution, -Os
FAIL: gcc.c-torture/execute/vshuf-v4sf.c compilation, -O2 -flto -fno-use-linker-plugin -flto-partition=none (internal compiler error)
UNRESOLVED: gcc.c-torture/execute/vshuf-v4sf.c execution, -O2 -flto -fno-use-linker-plugin -flto-partition=none
FAIL: gcc.c-torture/execute/vshuf-v4sf.c compilation, -O2 -flto -fuse-linker-plugin -fno-fat-lto-objects (internal compiler error)
UNRESOLVED: gcc.c-torture/execute/vshuf-v4sf.c execution, -O2 -flto -fuse-linker-plugin -fno-fat-lto-objects
FAIL: gcc.c-torture/execute/vshuf-v8si.c execution, -O0
FAIL: gcc.c-torture/execute/vshuf-v8si.c execution, -O1
FAIL: gcc.c-torture/execute/vshuf-v8si.c execution, -O2
FAIL: gcc.c-torture/execute/vshuf-v8si.c execution, -O3 -fomit-frame-pointer
FAIL: gcc.c-torture/execute/vshuf-v8si.c execution, -O3 -g
FAIL: gcc.c-torture/execute/vshuf-v8si.c execution, -Os
FAIL: gcc.c-torture/execute/vshuf-v8si.c execution, -O2 -flto -fno-use-linker-plugin -flto-partition=none
FAIL: gcc.c-torture/execute/vshuf-v8si.c execution, -O2 -flto -fuse-linker-plugin -fno-fat-lto-objects
XPASS: gcc.dg/Wstrict-overflow-18.c (test for bogus messages, line 20)
XPASS: gcc.dg/inline_3.c (test for excess errors)
XPASS: gcc.dg/inline_4.c (test for excess errors)
XPASS: gcc.dg/unroll_2.c (test for excess errors)
XPASS: gcc.dg/unroll_3.c (test for excess errors)
XPASS: gcc.dg/unroll_4.c (test for excess errors)
XPASS: gcc.dg/guality/example.c -O0 execution test
XPASS: gcc.dg/guality/example.c -O1 execution test
XPASS: gcc.dg/guality/example.c -O2 execution test
XPASS: gcc.dg/guality/example.c -Os execution test
XPASS: gcc.dg/guality/example.c -O2 -flto -fno-use-linker-plugin -flto-partition=none execution test
XPASS: gcc.dg/guality/guality.c -O0 execution test
XPASS: gcc.dg/guality/guality.c -O1 execution test
XPASS: gcc.dg/guality/guality.c -O2 execution test
XPASS: gcc.dg/guality/guality.c -O3 -fomit-frame-pointer execution test
XPASS: gcc.dg/guality/guality.c -O3 -g execution test
XPASS: gcc.dg/guality/guality.c -Os execution test
XPASS: gcc.dg/guality/guality.c -O2 -flto -fno-use-linker-plugin -flto-partition=none execution test
XPASS: gcc.dg/guality/guality.c -O2 -flto -fuse-linker-plugin -fno-fat-lto-objects execution test
XPASS: gcc.dg/guality/inline-params.c -O2 execution test
XPASS: gcc.dg/guality/inline-params.c -O3 -fomit-frame-pointer execution test
XPASS: gcc.dg/guality/inline-params.c -O3 -g execution test
XPASS: gcc.dg/guality/inline-params.c -Os execution test
XPASS: gcc.dg/guality/inline-params.c -O2 -flto -fno-use-linker-plugin -flto-partition=none execution test
XPASS: gcc.dg/guality/inline-params.c -O2 -flto -fuse-linker-plugin -fno-fat-lto-objects execution test
FAIL: gcc.dg/guality/pr36728-1.c -O2 -flto -fuse-linker-plugin -fno-fat-lto-objects line 12 arg1 == 1
FAIL: gcc.dg/guality/pr36728-1.c -O2 -flto -fuse-linker-plugin -fno-fat-lto-objects line 14 arg1 == 1
XPASS: gcc.dg/guality/pr41353-1.c -O0 line 28 j == 28 + 37
XPASS: gcc.dg/guality/pr41353-1.c -O1 line 28 j == 28 + 37
XPASS: gcc.dg/guality/pr41353-1.c -O2 line 28 j == 28 + 37
XPASS: gcc.dg/guality/pr41353-1.c -O3 -fomit-frame-pointer line 28 j == 28 + 37
XPASS: gcc.dg/guality/pr41353-1.c -O3 -g line 28 j == 28 + 37
XPASS: gcc.dg/guality/pr41353-1.c -Os line 28 j == 28 + 37
XPASS: gcc.dg/guality/pr41353-1.c -O2 -flto -fno-use-linker-plugin -flto-partition=none line 28 j == 28 + 37
XPASS: gcc.dg/guality/pr41353-1.c -O2 -flto -fuse-linker-plugin -fno-fat-lto-objects line 28 j == 28 + 37
XPASS: gcc.dg/guality/pr41447-1.c -O0 execution test
XPASS: gcc.dg/guality/pr41447-1.c -O1 execution test
XPASS: gcc.dg/guality/pr41447-1.c -Os execution test
XPASS: gcc.dg/guality/pr41447-1.c -O2 -flto -fuse-linker-plugin -fno-fat-lto-objects execution test
XPASS: gcc.dg/guality/pr41616-1.c -O0 execution test
XPASS: gcc.dg/guality/pr41616-1.c -O1 execution test
XPASS: gcc.dg/guality/pr41616-1.c -O2 execution test
XPASS: gcc.dg/guality/pr41616-1.c -O3 -fomit-frame-pointer execution test
XPASS: gcc.dg/guality/pr41616-1.c -O3 -g execution test
XPASS: gcc.dg/guality/pr41616-1.c -Os execution test
XPASS: gcc.dg/guality/pr41616-1.c -O2 -flto -fno-use-linker-plugin -flto-partition=none execution test
FAIL: gcc.dg/pch/save-temps-1.c -O0 -g assembly comparison
FAIL: gcc.dg/pch/save-temps-1.c -O3 -g assembly comparison
FAIL: gcc.dg/torture/pr45720.c -O1 (internal compiler error)
FAIL: gcc.dg/torture/pr45720.c -O1 (test for excess errors)
WARNING: gcc.dg/torture/pr45720.c -O1 compilation failed to produce executable
FAIL: gcc.dg/torture/pr45720.c -O2 (internal compiler error)
FAIL: gcc.dg/torture/pr45720.c -O2 (test for excess errors)
WARNING: gcc.dg/torture/pr45720.c -O2 compilation failed to produce executable
FAIL: gcc.dg/torture/pr45720.c -O3 -fomit-frame-pointer (internal compiler error)
FAIL: gcc.dg/torture/pr45720.c -O3 -fomit-frame-pointer (test for excess errors)
WARNING: gcc.dg/torture/pr45720.c -O3 -fomit-frame-pointer compilation failed to produce executable
FAIL: gcc.dg/torture/pr45720.c -O3 -fomit-frame-pointer -funroll-loops (internal compiler error)
FAIL: gcc.dg/torture/pr45720.c -O3 -fomit-frame-pointer -funroll-loops (test for excess errors)
WARNING: gcc.dg/torture/pr45720.c -O3 -fomit-frame-pointer -funroll-loops compilation failed to produce executable
FAIL: gcc.dg/torture/pr45720.c -O3 -fomit-frame-pointer -funroll-all-loops -finline-functions (internal compiler error)
FAIL: gcc.dg/torture/pr45720.c -O3 -fomit-frame-pointer -funroll-all-loops -finline-functions (test for excess errors)
WARNING: gcc.dg/torture/pr45720.c -O3 -fomit-frame-pointer -funroll-all-loops -finline-functions compilation failed to produce executable
FAIL: gcc.dg/torture/pr45720.c -O3 -g (internal compiler error)
FAIL: gcc.dg/torture/pr45720.c -O3 -g (test for excess errors)
WARNING: gcc.dg/torture/pr45720.c -O3 -g compilation failed to produce executable
FAIL: gcc.dg/torture/pr45720.c -O2 -flto -fno-use-linker-plugin -flto-partition=none (internal compiler error)
FAIL: gcc.dg/torture/pr45720.c -O2 -flto -fno-use-linker-plugin -flto-partition=none (test for excess errors)
WARNING: gcc.dg/torture/pr45720.c -O2 -flto -fno-use-linker-plugin -flto-partition=none compilation failed to produce executable
FAIL: gcc.dg/torture/pr51106-2.c -O0 (internal compiler error)
FAIL: gcc.dg/torture/pr51106-2.c -O0 (test for excess errors)
FAIL: gcc.dg/torture/pr51106-2.c -O1 (internal compiler error)
FAIL: gcc.dg/torture/pr51106-2.c -O1 (test for excess errors)
FAIL: gcc.dg/torture/pr51106-2.c -O2 (internal compiler error)
FAIL: gcc.dg/torture/pr51106-2.c -O2 (test for excess errors)
FAIL: gcc.dg/torture/pr51106-2.c -O3 -fomit-frame-pointer (internal compiler error)
FAIL: gcc.dg/torture/pr51106-2.c -O3 -fomit-frame-pointer (test for excess errors)
FAIL: gcc.dg/torture/pr51106-2.c -O3 -g (internal compiler error)
FAIL: gcc.dg/torture/pr51106-2.c -O3 -g (test for excess errors)
FAIL: gcc.dg/torture/pr51106-2.c -Os (internal compiler error)
FAIL: gcc.dg/torture/pr51106-2.c -Os (test for excess errors)
FAIL: gcc.dg/torture/pr51106-2.c -O2 -flto -fno-use-linker-plugin -flto-partition=none (internal compiler error)
FAIL: gcc.dg/torture/pr51106-2.c -O2 -flto -fno-use-linker-plugin -flto-partition=none (test for excess errors)
FAIL: gcc.dg/torture/vshuf-v8sf.c -O2 (internal compiler error)
FAIL: gcc.dg/torture/vshuf-v8sf.c -O2 (test for excess errors)
WARNING: gcc.dg/torture/vshuf-v8sf.c -O2 compilation failed to produce executable
FAIL: gcc.dg/vect/pr43432.c (internal compiler error)
FAIL: gcc.dg/vect/pr43432.c (test for excess errors)
FAIL: gcc.dg/vect/vect-114.c (internal compiler error)
FAIL: gcc.dg/vect/vect-114.c (test for excess errors)
WARNING: gcc.dg/vect/vect-114.c compilation failed to produce executable
FAIL: gcc.dg/vect/bb-slp-pattern-1.c scan-tree-dump-times slp "vect_recog_widen_mult_pattern: detected" 8
FAIL: gcc.dg/vect/bb-slp-pattern-1.c scan-tree-dump-times slp "pattern recognized" 8
FAIL: gcc.dg/vect/pr43432.c -flto (internal compiler error)
FAIL: gcc.dg/vect/pr43432.c -flto (test for excess errors)
FAIL: gcc.dg/vect/vect-114.c -flto (internal compiler error)
FAIL: gcc.dg/vect/vect-114.c -flto (test for excess errors)
WARNING: gcc.dg/vect/vect-114.c -flto compilation failed to produce executable
FAIL: gcc.dg/vect/bb-slp-pattern-1.c -flto scan-tree-dump-times slp "vect_recog_widen_mult_pattern: detected" 8
FAIL: gcc.dg/vect/bb-slp-pattern-1.c -flto scan-tree-dump-times slp "pattern recognized" 8
FAIL: gcc.target/i386/pr46051.c (internal compiler error)
FAIL: gcc.target/i386/pr46051.c (test for excess errors)
=== gcc Summary for unix/-m32 ===
# of expected passes 41259
# of unexpected failures 102
# of unexpected successes 6
# of expected failures 238
# of unresolved testcases 8
# of unsupported tests 534
=== gcc Summary ===
# of expected passes 134333
# of unexpected failures 217
# of unexpected successes 12
# of expected failures 596
# of unresolved testcases 16
# of unsupported tests 2082
/export/build/gnu/gcc-native/build-x86_64-linux/gcc/xgcc version 4.8.0 20120510 (experimental) (GCC)
=== gfortran tests ===
Running target unix
FAIL: gfortran.dg/bessel_7.f90 -O0 execution test
FAIL: gfortran.dg/bessel_7.f90 -O1 execution test
FAIL: gfortran.dg/bessel_7.f90 -O2 execution test
FAIL: gfortran.dg/bessel_7.f90 -O3 -fomit-frame-pointer execution test
FAIL: gfortran.dg/bessel_7.f90 -O3 -fomit-frame-pointer -funroll-loops execution test
FAIL: gfortran.dg/bessel_7.f90 -O3 -fomit-frame-pointer -funroll-all-loops -finline-functions execution test
FAIL: gfortran.dg/bessel_7.f90 -O3 -g execution test
FAIL: gfortran.dg/bessel_7.f90 -Os execution test
FAIL: gfortran.dg/lto/pr45586-2 f_lto_pr45586-2_0.o-f_lto_pr45586-2_0.o link, -O0 -flto -flto-partition=none -fuse-linker-plugin (internal compiler error)
UNRESOLVED: gfortran.dg/lto/pr45586-2 f_lto_pr45586-2_0.o-f_lto_pr45586-2_0.o execute -O0 -flto -flto-partition=none -fuse-linker-plugin
FAIL: gfortran.dg/lto/pr45586-2 f_lto_pr45586-2_0.o-f_lto_pr45586-2_0.o link, -O0 -flto -flto-partition=1to1 -fno-use-linker-plugin (internal compiler error)
UNRESOLVED: gfortran.dg/lto/pr45586-2 f_lto_pr45586-2_0.o-f_lto_pr45586-2_0.o execute -O0 -flto -flto-partition=1to1 -fno-use-linker-plugin
FAIL: gfortran.dg/lto/pr45586-2 f_lto_pr45586-2_0.o-f_lto_pr45586-2_0.o link, -O0 -flto -fuse-linker-plugin -fno-fat-lto-objects (internal compiler error)
UNRESOLVED: gfortran.dg/lto/pr45586-2 f_lto_pr45586-2_0.o-f_lto_pr45586-2_0.o execute -O0 -flto -fuse-linker-plugin -fno-fat-lto-objects
FAIL: gfortran.dg/lto/pr45586 f_lto_pr45586_0.o-f_lto_pr45586_0.o link, -O0 -flto -flto-partition=none -fuse-linker-plugin (internal compiler error)
UNRESOLVED: gfortran.dg/lto/pr45586 f_lto_pr45586_0.o-f_lto_pr45586_0.o execute -O0 -flto -flto-partition=none -fuse-linker-plugin
FAIL: gfortran.dg/lto/pr45586 f_lto_pr45586_0.o-f_lto_pr45586_0.o link, -O0 -flto -flto-partition=1to1 -fno-use-linker-plugin (internal compiler error)
UNRESOLVED: gfortran.dg/lto/pr45586 f_lto_pr45586_0.o-f_lto_pr45586_0.o execute -O0 -flto -flto-partition=1to1 -fno-use-linker-plugin
FAIL: gfortran.dg/lto/pr45586 f_lto_pr45586_0.o-f_lto_pr45586_0.o link, -O0 -flto -fuse-linker-plugin -fno-fat-lto-objects (internal compiler error)
UNRESOLVED: gfortran.dg/lto/pr45586 f_lto_pr45586_0.o-f_lto_pr45586_0.o execute -O0 -flto -fuse-linker-plugin -fno-fat-lto-objects
FAIL: gfortran.dg/vect/fast-math-mgrid-resid.f scan-tree-dump-times optimized "vect_var[^\\n]*\\+ " 13
=== gfortran Summary for unix ===
# of expected passes 39885
# of unexpected failures 8
# of expected failures 39
# of unsupported tests 37
Running target unix/-m32
FAIL: gfortran.dg/lto/pr45586-2 f_lto_pr45586-2_0.o-f_lto_pr45586-2_0.o link, -O0 -flto -flto-partition=none -fuse-linker-plugin (internal compiler error)
UNRESOLVED: gfortran.dg/lto/pr45586-2 f_lto_pr45586-2_0.o-f_lto_pr45586-2_0.o execute -O0 -flto -flto-partition=none -fuse-linker-plugin
FAIL: gfortran.dg/lto/pr45586-2 f_lto_pr45586-2_0.o-f_lto_pr45586-2_0.o link, -O0 -flto -flto-partition=1to1 -fno-use-linker-plugin (internal compiler error)
UNRESOLVED: gfortran.dg/lto/pr45586-2 f_lto_pr45586-2_0.o-f_lto_pr45586-2_0.o execute -O0 -flto -flto-partition=1to1 -fno-use-linker-plugin
FAIL: gfortran.dg/lto/pr45586-2 f_lto_pr45586-2_0.o-f_lto_pr45586-2_0.o link, -O0 -flto -fuse-linker-plugin -fno-fat-lto-objects (internal compiler error)
UNRESOLVED: gfortran.dg/lto/pr45586-2 f_lto_pr45586-2_0.o-f_lto_pr45586-2_0.o execute -O0 -flto -fuse-linker-plugin -fno-fat-lto-objects
FAIL: gfortran.dg/lto/pr45586 f_lto_pr45586_0.o-f_lto_pr45586_0.o link, -O0 -flto -flto-partition=none -fuse-linker-plugin (internal compiler error)
UNRESOLVED: gfortran.dg/lto/pr45586 f_lto_pr45586_0.o-f_lto_pr45586_0.o execute -O0 -flto -flto-partition=none -fuse-linker-plugin
FAIL: gfortran.dg/lto/pr45586 f_lto_pr45586_0.o-f_lto_pr45586_0.o link, -O0 -flto -flto-partition=1to1 -fno-use-linker-plugin (internal compiler error)
UNRESOLVED: gfortran.dg/lto/pr45586 f_lto_pr45586_0.o-f_lto_pr45586_0.o execute -O0 -flto -flto-partition=1to1 -fno-use-linker-plugin
FAIL: gfortran.dg/lto/pr45586 f_lto_pr45586_0.o-f_lto_pr45586_0.o link, -O0 -flto -fuse-linker-plugin -fno-fat-lto-objects (internal compiler error)
UNRESOLVED: gfortran.dg/lto/pr45586 f_lto_pr45586_0.o-f_lto_pr45586_0.o execute -O0 -flto -fuse-linker-plugin -fno-fat-lto-objects
FAIL: gfortran.dg/vect/fast-math-mgrid-resid.f scan-tree-dump-times optimized "vect_var[^\\n]*\\+ " 13
=== gfortran Summary for unix/-m32 ===
# of expected passes 39603
# of expected failures 39
# of unsupported tests 178
=== gfortran Summary ===
# of expected passes 79488
# of unexpected failures 8
# of expected failures 78
# of unsupported tests 215
/export/build/gnu/gcc-native/build-x86_64-linux/gcc/testsuite/gfortran/../../gfortran version 4.8.0 20120510 (experimental) (GCC)
=== g++ tests ===
Running target unix
=== g++ Summary for unix ===
# of expected passes 41768
# of expected failures 280
# of unsupported tests 367
Running target unix/-m32
=== g++ Summary for unix/-m32 ===
# of expected passes 40683
# of expected failures 280
# of unsupported tests 297
=== g++ Summary ===
# of expected passes 82451
# of expected failures 560
# of unsupported tests 664
/export/build/gnu/gcc-native/build-x86_64-linux/gcc/testsuite/g++/../../g++ version 4.8.0 20120510 (experimental) (GCC)
=== objc tests ===
Running target unix
=== objc Summary for unix ===
# of expected passes 1304
# of expected failures 6
Running target unix/-m32
=== objc Summary for unix/-m32 ===
# of expected passes 1304
# of expected failures 6
=== objc Summary ===
# of expected passes 2608
# of expected failures 12
/export/build/gnu/gcc-native/build-x86_64-linux/gcc/xgcc version 4.8.0 20120510 (experimental) (GCC)
=== boehm-gc tests ===
Running target unix/-m32
=== boehm-gc Summary for unix/-m32 ===
# of expected passes 4
Running target unix
=== boehm-gc Summary for unix ===
# of expected passes 4
=== boehm-gc Summary ===
# of expected passes 24
# of unsupported tests 2
=== libatomic tests ===
Running target unix/-m32
=== libatomic Summary for unix/-m32 ===
# of expected passes 44
# of unsupported tests 5
Running target unix
=== libatomic Summary for unix ===
# of expected passes 54
=== libatomic Summary ===
# of expected passes 98
# of unsupported tests 5
=== libffi tests ===
Running target unix/-m32
=== libffi Summary for unix/-m32 ===
# of expected passes 24
Running target unix
=== libffi Summary for unix ===
# of expected passes 24
=== libffi Summary ===
# of expected passes 3318
# of unsupported tests 110
=== libgomp tests ===
Running target unix/-m32
=== libgomp Summary for unix/-m32 ===
# of expected passes 46
Running target unix
WARNING: program timed out.
FAIL: libgomp.graphite/force-parallel-6.c execution test
=== libgomp Summary for unix ===
# of expected passes 45
# of unexpected failures 1
=== libgomp Summary ===
# of expected passes 5995
# of unexpected failures 1
=== libitm tests ===
Running target unix/-m32
=== libitm Summary for unix/-m32 ===
# of expected passes 4
# of expected failures 1
# of unsupported tests 1
Running target unix
=== libitm Summary for unix ===
# of expected passes 4
# of expected failures 1
# of unsupported tests 1
=== libitm Summary ===
# of expected passes 52
# of expected failures 6
# of unsupported tests 2
=== libjava tests ===
Running target unix/-m32
=== libjava Summary for unix/-m32 ===
Running target unix
=== libjava Summary for unix ===
=== libjava Summary ===
# of expected passes 5148
=== libmudflap tests ===
Running target unix/-m32
=== libmudflap Summary for unix/-m32 ===
# of expected passes 264
Running target unix
FAIL: libmudflap.c++/pass55-frag.cxx execution test
FAIL: libmudflap.c++/pass55-frag.cxx ( -O) execution test
FAIL: libmudflap.c++/pass55-frag.cxx (-O2) execution test
FAIL: libmudflap.c++/pass55-frag.cxx (-O3) execution test
=== libmudflap Summary for unix ===
# of expected passes 264
=== libmudflap Summary ===
# of expected passes 2868
# of unexpected failures 4
=== libstdc++ tests ===
Running target unix
=== libstdc++ Summary for unix ===
# of expected passes 8939
# of expected failures 43
# of unsupported tests 172
Running target unix/-m32
FAIL: 20_util/function/cons/callable.cc (test for excess errors)
FAIL: 23_containers/map/requirements/exception/basic.cc (test for excess errors)
WARNING: 23_containers/map/requirements/exception/basic.cc compilation failed to produce executable
FAIL: 23_containers/map/requirements/exception/generation_prohibited.cc (test for excess errors)
WARNING: 23_containers/map/requirements/exception/generation_prohibited.cc compilation failed to produce executable
FAIL: 23_containers/map/requirements/exception/propagation_consistent.cc (test for excess errors)
WARNING: 23_containers/map/requirements/exception/propagation_consistent.cc compilation failed to produce executable
FAIL: 23_containers/multimap/requirements/exception/basic.cc (test for excess errors)
WARNING: 23_containers/multimap/requirements/exception/basic.cc compilation failed to produce executable
FAIL: 23_containers/multimap/requirements/exception/generation_prohibited.cc (test for excess errors)
WARNING: 23_containers/multimap/requirements/exception/generation_prohibited.cc compilation failed to produce executable
FAIL: 23_containers/multimap/requirements/exception/propagation_consistent.cc (test for excess errors)
WARNING: 23_containers/multimap/requirements/exception/propagation_consistent.cc compilation failed to produce executable
=== libstdc++ Summary for unix/-m32 ===
# of expected passes 8926
# of unexpected failures 7
# of expected failures 43
# of unsupported tests 172
=== libstdc++ Summary ===
# of expected passes 17865
# of unexpected failures 7
# of expected failures 86
# of unsupported tests 344
Compiler version: 4.8.0 20120510 (experimental) (GCC)
Platform: x86_64-unknown-linux-gnu
configure flags: --enable-clocale=gnu --with-system-zlib --with-demangler-in-ld --prefix=/usr/gcc-4.8.0-native --with-local-prefix=/usr/local --enable-gnu-indirect-function --with-arch=native --with-cpu=native --with-fpmath=sse
More information about the Gcc-testresults
mailing list